Build Information
Failed to build Monarch, reference main (9acee0), with Swift 6.1 for Android on 13 Oct 2026 14:16:33 UTC.
Build Command
bash -c docker run --pull=always --rm -v "checkouts-54344845-0":/host -w "$PWD" -e JAVA_HOME="/root/.sdkman/candidates/java/current" -e SPI_BUILD="1" -e SPI_PROCESSING="1" registry.gitlab.com/saguaro1/spi-images:android-6.1-latest swift build --swift-sdk aarch64-unknown-linux-android24 2>&1Build Log
========================================
RunAll
========================================
Builder version: 5.1.2
Interrupt handler set up.
========================================
Checkout
========================================
Clone URL: https://github.com/EmilioPelaez/Monarch.git
Reference: main
Initialized empty Git repository in /host/spi-builder-workspace/.git/
hint: Using 'master' as the name for the initial branch. This default branch name
hint: is subject to change. To configure the initial branch name to use in all
hint: of your new repositories, which will suppress this warning, call:
hint:
hint: git config --global init.defaultBranch <name>
hint:
hint: Names commonly chosen instead of 'master' are 'main', 'trunk' and
hint: 'development'. The just-created branch can be renamed via this command:
hint:
hint: git branch -m <name>
From https://github.com/EmilioPelaez/Monarch
* branch main -> FETCH_HEAD
* [new branch] main -> origin/main
HEAD is now at 9acee0d Update Networking Code
Cloned https://github.com/EmilioPelaez/Monarch.git
Revision (git rev-parse @):
9acee0dc310ec67aba60afe41180143af991d942
SUCCESS checkout https://github.com/EmilioPelaez/Monarch.git at main
========================================
Build
========================================
Selected platform: android
Swift version: 6.1
Building package at path: $PWD
https://github.com/EmilioPelaez/Monarch.git
https://github.com/EmilioPelaez/Monarch.git
WARNING: environment variable SUPPRESS_SWIFT_6_FLAGS is not set
Running build ...
bash -c docker run --pull=always --rm -v "checkouts-54344845-0":/host -w "$PWD" -e JAVA_HOME="/root/.sdkman/candidates/java/current" -e SPI_BUILD="1" -e SPI_PROCESSING="1" registry.gitlab.com/saguaro1/spi-images:android-6.1-latest swift build --swift-sdk aarch64-unknown-linux-android24 -Xswiftc -Xfrontend -Xswiftc -stats-output-dir -Xswiftc -Xfrontend -Xswiftc .stats -Xswiftc -strict-concurrency=complete -Xswiftc -enable-upcoming-feature -Xswiftc StrictConcurrency -Xswiftc -enable-upcoming-feature -Xswiftc DisableOutwardActorInference -Xswiftc -enable-upcoming-feature -Xswiftc GlobalActorIsolatedTypesUsability -Xswiftc -enable-upcoming-feature -Xswiftc InferSendableFromCaptures 2>&1
android-6.1-latest: Pulling from saguaro1/spi-images
Digest: sha256:396310cef4466ceb116ed5462b0b92d4deb353c0dad749b406b7fd226f6db9af
Status: Image is up to date for registry.gitlab.com/saguaro1/spi-images:android-6.1-latest
Fetching https://github.com/EmilioPelaez/HierarchyResponder
[1/743] Fetching hierarchyresponder
Fetched https://github.com/EmilioPelaez/HierarchyResponder from cache (0.70s)
Computing version for https://github.com/EmilioPelaez/HierarchyResponder
Computed https://github.com/EmilioPelaez/HierarchyResponder at 1.2.1 (0.94s)
Creating working copy for https://github.com/EmilioPelaez/HierarchyResponder
Working copy of https://github.com/EmilioPelaez/HierarchyResponder resolved at 1.2.1
Building for debugging...
[0/3] Write sources
[2/3] Write swift-version-24593BA9C3E375BF.txt
error: emit-module command failed with exit code 1 (use -v to see invocation)
[4/28] Emitting module HierarchyResponder
/host/spi-builder-workspace/.build/checkouts/HierarchyResponder/Sources/HierarchyResponder/Errors/ErrorEnvironmentValues.swift:5:8: error: no such module 'SwiftUI'
3 | //
4 |
5 | import SwiftUI
| `- error: no such module 'SwiftUI'
6 |
7 | /**
[5/31] Compiling HierarchyResponder ErrorSafetyModifier.swift
/host/spi-builder-workspace/.build/checkouts/HierarchyResponder/Sources/HierarchyResponder/Errors/ErrorEnvironmentValues.swift:5:8: error: no such module 'SwiftUI'
3 | //
4 |
5 | import SwiftUI
| `- error: no such module 'SwiftUI'
6 |
7 | /**
[6/31] Compiling HierarchyResponder EventHandlerViewModifier.swift
/host/spi-builder-workspace/.build/checkouts/HierarchyResponder/Sources/HierarchyResponder/Errors/ErrorEnvironmentValues.swift:5:8: error: no such module 'SwiftUI'
3 | //
4 |
5 | import SwiftUI
| `- error: no such module 'SwiftUI'
6 |
7 | /**
[7/31] Compiling HierarchyResponder EventSafetyModifier.swift
/host/spi-builder-workspace/.build/checkouts/HierarchyResponder/Sources/HierarchyResponder/Errors/ErrorEnvironmentValues.swift:5:8: error: no such module 'SwiftUI'
3 | //
4 |
5 | import SwiftUI
| `- error: no such module 'SwiftUI'
6 |
7 | /**
[8/31] Compiling HierarchyResponder AlertableError.swift
/host/spi-builder-workspace/.build/checkouts/HierarchyResponder/Sources/HierarchyResponder/Errors/ErrorEnvironmentValues.swift:5:8: error: no such module 'SwiftUI'
3 | //
4 |
5 | import SwiftUI
| `- error: no such module 'SwiftUI'
6 |
7 | /**
[9/31] Compiling HierarchyResponder ErrorEnvironmentValues.swift
/host/spi-builder-workspace/.build/checkouts/HierarchyResponder/Sources/HierarchyResponder/Errors/ErrorEnvironmentValues.swift:5:8: error: no such module 'SwiftUI'
3 | //
4 |
5 | import SwiftUI
| `- error: no such module 'SwiftUI'
6 |
7 | /**
[10/31] Compiling HierarchyResponder View+AlertableErrors.swift
/host/spi-builder-workspace/.build/checkouts/HierarchyResponder/Sources/HierarchyResponder/Errors/ErrorEnvironmentValues.swift:5:8: error: no such module 'SwiftUI'
3 | //
4 |
5 | import SwiftUI
| `- error: no such module 'SwiftUI'
6 |
7 | /**
[11/31] Compiling HierarchyResponder View+ErrorHandling.swift
/host/spi-builder-workspace/.build/checkouts/HierarchyResponder/Sources/HierarchyResponder/Errors/ErrorEnvironmentValues.swift:5:8: error: no such module 'SwiftUI'
3 | //
4 |
5 | import SwiftUI
| `- error: no such module 'SwiftUI'
6 |
7 | /**
[12/31] Compiling HierarchyResponder EventPublisher.swift
/host/spi-builder-workspace/.build/checkouts/HierarchyResponder/Sources/HierarchyResponder/Errors/ErrorEnvironmentValues.swift:5:8: error: no such module 'SwiftUI'
3 | //
4 |
5 | import SwiftUI
| `- error: no such module 'SwiftUI'
6 |
7 | /**
[13/31] Compiling HierarchyResponder View+EventHandling.swift
/host/spi-builder-workspace/.build/checkouts/HierarchyResponder/Sources/HierarchyResponder/Errors/ErrorEnvironmentValues.swift:5:8: error: no such module 'SwiftUI'
3 | //
4 |
5 | import SwiftUI
| `- error: no such module 'SwiftUI'
6 |
7 | /**
[14/31] Compiling HierarchyResponder View+EventPublishing.swift
/host/spi-builder-workspace/.build/checkouts/HierarchyResponder/Sources/HierarchyResponder/Errors/ErrorEnvironmentValues.swift:5:8: error: no such module 'SwiftUI'
3 | //
4 |
5 | import SwiftUI
| `- error: no such module 'SwiftUI'
6 |
7 | /**
[15/31] Compiling HierarchyResponder View+TapGestureEvent.swift
/host/spi-builder-workspace/.build/checkouts/HierarchyResponder/Sources/HierarchyResponder/Errors/ErrorEnvironmentValues.swift:5:8: error: no such module 'SwiftUI'
3 | //
4 |
5 | import SwiftUI
| `- error: no such module 'SwiftUI'
6 |
7 | /**
[16/31] Compiling HierarchyResponder View+ErrorRecovering.swift
/host/spi-builder-workspace/.build/checkouts/HierarchyResponder/Sources/HierarchyResponder/Errors/ErrorEnvironmentValues.swift:5:8: error: no such module 'SwiftUI'
3 | //
4 |
5 | import SwiftUI
| `- error: no such module 'SwiftUI'
6 |
7 | /**
[17/31] Compiling HierarchyResponder Event.swift
/host/spi-builder-workspace/.build/checkouts/HierarchyResponder/Sources/HierarchyResponder/Errors/ErrorEnvironmentValues.swift:5:8: error: no such module 'SwiftUI'
3 | //
4 |
5 | import SwiftUI
| `- error: no such module 'SwiftUI'
6 |
7 | /**
[18/31] Compiling HierarchyResponder EventButton.swift
/host/spi-builder-workspace/.build/checkouts/HierarchyResponder/Sources/HierarchyResponder/Errors/ErrorEnvironmentValues.swift:5:8: error: no such module 'SwiftUI'
3 | //
4 |
5 | import SwiftUI
| `- error: no such module 'SwiftUI'
6 |
7 | /**
[19/31] Compiling HierarchyResponder EventEnvironmentValues.swift
/host/spi-builder-workspace/.build/checkouts/HierarchyResponder/Sources/HierarchyResponder/Errors/ErrorEnvironmentValues.swift:5:8: error: no such module 'SwiftUI'
3 | //
4 |
5 | import SwiftUI
| `- error: no such module 'SwiftUI'
6 |
7 | /**
[20/31] Compiling HierarchyResponder Preferences.swift
/host/spi-builder-workspace/.build/checkouts/HierarchyResponder/Sources/HierarchyResponder/Errors/ErrorEnvironmentValues.swift:5:8: error: no such module 'SwiftUI'
3 | //
4 |
5 | import SwiftUI
| `- error: no such module 'SwiftUI'
6 |
7 | /**
[21/31] Compiling HierarchyResponder EventPublisherModifier.swift
/host/spi-builder-workspace/.build/checkouts/HierarchyResponder/Sources/HierarchyResponder/Errors/ErrorEnvironmentValues.swift:5:8: error: no such module 'SwiftUI'
3 | //
4 |
5 | import SwiftUI
| `- error: no such module 'SwiftUI'
6 |
7 | /**
[22/31] Compiling HierarchyResponder EventSubscriberModifier.swift
/host/spi-builder-workspace/.build/checkouts/HierarchyResponder/Sources/HierarchyResponder/Errors/ErrorEnvironmentValues.swift:5:8: error: no such module 'SwiftUI'
3 | //
4 |
5 | import SwiftUI
| `- error: no such module 'SwiftUI'
6 |
7 | /**
[23/31] Compiling HierarchyResponder View+CompatibleOnChange.swift
/host/spi-builder-workspace/.build/checkouts/HierarchyResponder/Sources/HierarchyResponder/Errors/ErrorEnvironmentValues.swift:5:8: error: no such module 'SwiftUI'
3 | //
4 |
5 | import SwiftUI
| `- error: no such module 'SwiftUI'
6 |
7 | /**
[24/31] Compiling HierarchyResponder View+Safety.swift
/host/spi-builder-workspace/.build/checkouts/HierarchyResponder/Sources/HierarchyResponder/Errors/ErrorEnvironmentValues.swift:5:8: error: no such module 'SwiftUI'
3 | //
4 |
5 | import SwiftUI
| `- error: no such module 'SwiftUI'
6 |
7 | /**
[25/31] Compiling HierarchyResponder Safety.swift
/host/spi-builder-workspace/.build/checkouts/HierarchyResponder/Sources/HierarchyResponder/Errors/ErrorEnvironmentValues.swift:5:8: error: no such module 'SwiftUI'
3 | //
4 |
5 | import SwiftUI
| `- error: no such module 'SwiftUI'
6 |
7 | /**
[26/31] Compiling HierarchyResponder AlertableErrorHandlerModifier.swift
/host/spi-builder-workspace/.build/checkouts/HierarchyResponder/Sources/HierarchyResponder/Errors/ErrorEnvironmentValues.swift:5:8: error: no such module 'SwiftUI'
3 | //
4 |
5 | import SwiftUI
| `- error: no such module 'SwiftUI'
6 |
7 | /**
[27/31] Compiling HierarchyResponder EnvironmentValues.swift
/host/spi-builder-workspace/.build/checkouts/HierarchyResponder/Sources/HierarchyResponder/Errors/ErrorEnvironmentValues.swift:5:8: error: no such module 'SwiftUI'
3 | //
4 |
5 | import SwiftUI
| `- error: no such module 'SwiftUI'
6 |
7 | /**
[28/31] Compiling HierarchyResponder ErrorHandlerViewModifier.swift
/host/spi-builder-workspace/.build/checkouts/HierarchyResponder/Sources/HierarchyResponder/Errors/ErrorEnvironmentValues.swift:5:8: error: no such module 'SwiftUI'
3 | //
4 |
5 | import SwiftUI
| `- error: no such module 'SwiftUI'
6 |
7 | /**
[29/31] Compiling HierarchyResponder EventSubscriptionRegistrar.swift
/host/spi-builder-workspace/.build/checkouts/HierarchyResponder/Sources/HierarchyResponder/Errors/ErrorEnvironmentValues.swift:5:8: error: no such module 'SwiftUI'
3 | //
4 |
5 | import SwiftUI
| `- error: no such module 'SwiftUI'
6 |
7 | /**
[30/31] Compiling HierarchyResponder PublisherRegistrarModifier.swift
/host/spi-builder-workspace/.build/checkouts/HierarchyResponder/Sources/HierarchyResponder/Errors/ErrorEnvironmentValues.swift:5:8: error: no such module 'SwiftUI'
3 | //
4 |
5 | import SwiftUI
| `- error: no such module 'SwiftUI'
6 |
7 | /**
[31/31] Compiling HierarchyResponder PublishersContainer.swift
/host/spi-builder-workspace/.build/checkouts/HierarchyResponder/Sources/HierarchyResponder/Errors/ErrorEnvironmentValues.swift:5:8: error: no such module 'SwiftUI'
3 | //
4 |
5 | import SwiftUI
| `- error: no such module 'SwiftUI'
6 |
7 | /**
Running build ...
bash -c docker run --pull=always --rm -v "checkouts-54344845-0":/host -w "$PWD" -e JAVA_HOME="/root/.sdkman/candidates/java/current" -e SPI_BUILD="1" -e SPI_PROCESSING="1" registry.gitlab.com/saguaro1/spi-images:android-6.1-latest swift build --swift-sdk aarch64-unknown-linux-android24 2>&1
android-6.1-latest: Pulling from saguaro1/spi-images
Digest: sha256:396310cef4466ceb116ed5462b0b92d4deb353c0dad749b406b7fd226f6db9af
Status: Image is up to date for registry.gitlab.com/saguaro1/spi-images:android-6.1-latest
[0/1] Planning build
Building for debugging...
[0/1] Write swift-version-24593BA9C3E375BF.txt
[2/26] Compiling HierarchyResponder View+ErrorRecovering.swift
/host/spi-builder-workspace/.build/checkouts/HierarchyResponder/Sources/HierarchyResponder/Errors/ErrorEnvironmentValues.swift:5:8: error: no such module 'SwiftUI'
3 | //
4 |
5 | import SwiftUI
| `- error: no such module 'SwiftUI'
6 |
7 | /**
[3/26] Compiling HierarchyResponder Event.swift
/host/spi-builder-workspace/.build/checkouts/HierarchyResponder/Sources/HierarchyResponder/Errors/ErrorEnvironmentValues.swift:5:8: error: no such module 'SwiftUI'
3 | //
4 |
5 | import SwiftUI
| `- error: no such module 'SwiftUI'
6 |
7 | /**
[4/26] Compiling HierarchyResponder EventButton.swift
/host/spi-builder-workspace/.build/checkouts/HierarchyResponder/Sources/HierarchyResponder/Errors/ErrorEnvironmentValues.swift:5:8: error: no such module 'SwiftUI'
3 | //
4 |
5 | import SwiftUI
| `- error: no such module 'SwiftUI'
6 |
7 | /**
[5/26] Compiling HierarchyResponder EventEnvironmentValues.swift
/host/spi-builder-workspace/.build/checkouts/HierarchyResponder/Sources/HierarchyResponder/Errors/ErrorEnvironmentValues.swift:5:8: error: no such module 'SwiftUI'
3 | //
4 |
5 | import SwiftUI
| `- error: no such module 'SwiftUI'
6 |
7 | /**
[6/29] Compiling HierarchyResponder ErrorSafetyModifier.swift
/host/spi-builder-workspace/.build/checkouts/HierarchyResponder/Sources/HierarchyResponder/Errors/ErrorEnvironmentValues.swift:5:8: error: no such module 'SwiftUI'
3 | //
4 |
5 | import SwiftUI
| `- error: no such module 'SwiftUI'
6 |
7 | /**
[7/29] Compiling HierarchyResponder EventHandlerViewModifier.swift
/host/spi-builder-workspace/.build/checkouts/HierarchyResponder/Sources/HierarchyResponder/Errors/ErrorEnvironmentValues.swift:5:8: error: no such module 'SwiftUI'
3 | //
4 |
5 | import SwiftUI
| `- error: no such module 'SwiftUI'
6 |
7 | /**
[8/29] Compiling HierarchyResponder EventSafetyModifier.swift
/host/spi-builder-workspace/.build/checkouts/HierarchyResponder/Sources/HierarchyResponder/Errors/ErrorEnvironmentValues.swift:5:8: error: no such module 'SwiftUI'
3 | //
4 |
5 | import SwiftUI
| `- error: no such module 'SwiftUI'
6 |
7 | /**
error: emit-module command failed with exit code 1 (use -v to see invocation)
[9/29] Emitting module HierarchyResponder
/host/spi-builder-workspace/.build/checkouts/HierarchyResponder/Sources/HierarchyResponder/Errors/ErrorEnvironmentValues.swift:5:8: error: no such module 'SwiftUI'
3 | //
4 |
5 | import SwiftUI
| `- error: no such module 'SwiftUI'
6 |
7 | /**
[10/29] Compiling HierarchyResponder AlertableError.swift
/host/spi-builder-workspace/.build/checkouts/HierarchyResponder/Sources/HierarchyResponder/Errors/ErrorEnvironmentValues.swift:5:8: error: no such module 'SwiftUI'
3 | //
4 |
5 | import SwiftUI
| `- error: no such module 'SwiftUI'
6 |
7 | /**
[11/29] Compiling HierarchyResponder ErrorEnvironmentValues.swift
/host/spi-builder-workspace/.build/checkouts/HierarchyResponder/Sources/HierarchyResponder/Errors/ErrorEnvironmentValues.swift:5:8: error: no such module 'SwiftUI'
3 | //
4 |
5 | import SwiftUI
| `- error: no such module 'SwiftUI'
6 |
7 | /**
[12/29] Compiling HierarchyResponder View+AlertableErrors.swift
/host/spi-builder-workspace/.build/checkouts/HierarchyResponder/Sources/HierarchyResponder/Errors/ErrorEnvironmentValues.swift:5:8: error: no such module 'SwiftUI'
3 | //
4 |
5 | import SwiftUI
| `- error: no such module 'SwiftUI'
6 |
7 | /**
[13/29] Compiling HierarchyResponder View+ErrorHandling.swift
/host/spi-builder-workspace/.build/checkouts/HierarchyResponder/Sources/HierarchyResponder/Errors/ErrorEnvironmentValues.swift:5:8: error: no such module 'SwiftUI'
3 | //
4 |
5 | import SwiftUI
| `- error: no such module 'SwiftUI'
6 |
7 | /**
[14/29] Compiling HierarchyResponder EventSubscriptionRegistrar.swift
/host/spi-builder-workspace/.build/checkouts/HierarchyResponder/Sources/HierarchyResponder/Errors/ErrorEnvironmentValues.swift:5:8: error: no such module 'SwiftUI'
3 | //
4 |
5 | import SwiftUI
| `- error: no such module 'SwiftUI'
6 |
7 | /**
[15/29] Compiling HierarchyResponder PublisherRegistrarModifier.swift
/host/spi-builder-workspace/.build/checkouts/HierarchyResponder/Sources/HierarchyResponder/Errors/ErrorEnvironmentValues.swift:5:8: error: no such module 'SwiftUI'
3 | //
4 |
5 | import SwiftUI
| `- error: no such module 'SwiftUI'
6 |
7 | /**
[16/29] Compiling HierarchyResponder PublishersContainer.swift
/host/spi-builder-workspace/.build/checkouts/HierarchyResponder/Sources/HierarchyResponder/Errors/ErrorEnvironmentValues.swift:5:8: error: no such module 'SwiftUI'
3 | //
4 |
5 | import SwiftUI
| `- error: no such module 'SwiftUI'
6 |
7 | /**
[17/29] Compiling HierarchyResponder Preferences.swift
/host/spi-builder-workspace/.build/checkouts/HierarchyResponder/Sources/HierarchyResponder/Errors/ErrorEnvironmentValues.swift:5:8: error: no such module 'SwiftUI'
3 | //
4 |
5 | import SwiftUI
| `- error: no such module 'SwiftUI'
6 |
7 | /**
[18/29] Compiling HierarchyResponder EventPublisherModifier.swift
/host/spi-builder-workspace/.build/checkouts/HierarchyResponder/Sources/HierarchyResponder/Errors/ErrorEnvironmentValues.swift:5:8: error: no such module 'SwiftUI'
3 | //
4 |
5 | import SwiftUI
| `- error: no such module 'SwiftUI'
6 |
7 | /**
[19/29] Compiling HierarchyResponder EventSubscriberModifier.swift
/host/spi-builder-workspace/.build/checkouts/HierarchyResponder/Sources/HierarchyResponder/Errors/ErrorEnvironmentValues.swift:5:8: error: no such module 'SwiftUI'
3 | //
4 |
5 | import SwiftUI
| `- error: no such module 'SwiftUI'
6 |
7 | /**
[20/29] Compiling HierarchyResponder AlertableErrorHandlerModifier.swift
/host/spi-builder-workspace/.build/checkouts/HierarchyResponder/Sources/HierarchyResponder/Errors/ErrorEnvironmentValues.swift:5:8: error: no such module 'SwiftUI'
3 | //
4 |
5 | import SwiftUI
| `- error: no such module 'SwiftUI'
6 |
7 | /**
[21/29] Compiling HierarchyResponder EnvironmentValues.swift
/host/spi-builder-workspace/.build/checkouts/HierarchyResponder/Sources/HierarchyResponder/Errors/ErrorEnvironmentValues.swift:5:8: error: no such module 'SwiftUI'
3 | //
4 |
5 | import SwiftUI
| `- error: no such module 'SwiftUI'
6 |
7 | /**
[22/29] Compiling HierarchyResponder ErrorHandlerViewModifier.swift
/host/spi-builder-workspace/.build/checkouts/HierarchyResponder/Sources/HierarchyResponder/Errors/ErrorEnvironmentValues.swift:5:8: error: no such module 'SwiftUI'
3 | //
4 |
5 | import SwiftUI
| `- error: no such module 'SwiftUI'
6 |
7 | /**
[23/29] Compiling HierarchyResponder EventPublisher.swift
/host/spi-builder-workspace/.build/checkouts/HierarchyResponder/Sources/HierarchyResponder/Errors/ErrorEnvironmentValues.swift:5:8: error: no such module 'SwiftUI'
3 | //
4 |
5 | import SwiftUI
| `- error: no such module 'SwiftUI'
6 |
7 | /**
[24/29] Compiling HierarchyResponder View+EventHandling.swift
/host/spi-builder-workspace/.build/checkouts/HierarchyResponder/Sources/HierarchyResponder/Errors/ErrorEnvironmentValues.swift:5:8: error: no such module 'SwiftUI'
3 | //
4 |
5 | import SwiftUI
| `- error: no such module 'SwiftUI'
6 |
7 | /**
[25/29] Compiling HierarchyResponder View+EventPublishing.swift
/host/spi-builder-workspace/.build/checkouts/HierarchyResponder/Sources/HierarchyResponder/Errors/ErrorEnvironmentValues.swift:5:8: error: no such module 'SwiftUI'
3 | //
4 |
5 | import SwiftUI
| `- error: no such module 'SwiftUI'
6 |
7 | /**
[26/29] Compiling HierarchyResponder View+TapGestureEvent.swift
/host/spi-builder-workspace/.build/checkouts/HierarchyResponder/Sources/HierarchyResponder/Errors/ErrorEnvironmentValues.swift:5:8: error: no such module 'SwiftUI'
3 | //
4 |
5 | import SwiftUI
| `- error: no such module 'SwiftUI'
6 |
7 | /**
[27/29] Compiling HierarchyResponder View+CompatibleOnChange.swift
/host/spi-builder-workspace/.build/checkouts/HierarchyResponder/Sources/HierarchyResponder/Errors/ErrorEnvironmentValues.swift:5:8: error: no such module 'SwiftUI'
3 | //
4 |
5 | import SwiftUI
| `- error: no such module 'SwiftUI'
6 |
7 | /**
[28/29] Compiling HierarchyResponder View+Safety.swift
/host/spi-builder-workspace/.build/checkouts/HierarchyResponder/Sources/HierarchyResponder/Errors/ErrorEnvironmentValues.swift:5:8: error: no such module 'SwiftUI'
3 | //
4 |
5 | import SwiftUI
| `- error: no such module 'SwiftUI'
6 |
7 | /**
[29/29] Compiling HierarchyResponder Safety.swift
/host/spi-builder-workspace/.build/checkouts/HierarchyResponder/Sources/HierarchyResponder/Errors/ErrorEnvironmentValues.swift:5:8: error: no such module 'SwiftUI'
3 | //
4 |
5 | import SwiftUI
| `- error: no such module 'SwiftUI'
6 |
7 | /**
BUILD FAILURE 6.1 android