The Swift Package Index logo.Swift Package Index

Build Information

Failed to build ZNSTextAttachment, reference main (91f718), with Swift 6.1 for Linux on 26 Jun 2026 21:52:27 UTC.

Build Command

bash -c docker run --pull=always --rm -v "checkouts-53886770-0":/host -w "$PWD" -e JAVA_HOME="/root/.sdkman/candidates/java/current" -e SPI_BUILD="1" -e SPI_PROCESSING="1" registry.gitlab.com/saguaro1/spi-images:basic-6.1-latest swift build --triple x86_64-unknown-linux-gnu 2>&1

Build Log

========================================
RunAll
========================================
Builder version: 0e64495ecc1688c3b3e031a5ef1348b5c05091ae
Interrupt handler set up.
========================================
Checkout
========================================
Clone URL: https://github.com/ZhgChgLi/ZNSTextAttachment.git
Reference: main
Initialized empty Git repository in /host/spi-builder-workspace/.git/
hint: Using 'master' as the name for the initial branch. This default branch name
hint: is subject to change. To configure the initial branch name to use in all
hint: of your new repositories, which will suppress this warning, call:
hint:
hint: 	git config --global init.defaultBranch <name>
hint:
hint: Names commonly chosen instead of 'master' are 'main', 'trunk' and
hint: 'development'. The just-created branch can be renamed via this command:
hint:
hint: 	git branch -m <name>
From https://github.com/ZhgChgLi/ZNSTextAttachment
 * branch            main       -> FETCH_HEAD
 * [new branch]      main       -> origin/main
HEAD is now at 91f718c Refactor internals, add cancel/error reporting/URLSession injection, bump to 1.2.0
Cloned https://github.com/ZhgChgLi/ZNSTextAttachment.git
Revision (git rev-parse @):
91f718caf50649d817f189eb17ad028f03fd632b
SUCCESS checkout https://github.com/ZhgChgLi/ZNSTextAttachment.git at main
========================================
Build
========================================
Selected platform:         linux
Swift version:             6.1
Building package at path:  $PWD
https://github.com/ZhgChgLi/ZNSTextAttachment.git
https://github.com/ZhgChgLi/ZNSTextAttachment.git
WARNING: environment variable SUPPRESS_SWIFT_6_FLAGS is not set
Running build ...
bash -c docker run --pull=always --rm -v "checkouts-53886770-0":/host -w "$PWD" -e JAVA_HOME="/root/.sdkman/candidates/java/current" -e SPI_BUILD="1" -e SPI_PROCESSING="1" registry.gitlab.com/saguaro1/spi-images:basic-6.1-latest swift build --triple x86_64-unknown-linux-gnu -Xswiftc -Xfrontend -Xswiftc -stats-output-dir -Xswiftc -Xfrontend -Xswiftc .stats -Xswiftc -strict-concurrency=complete -Xswiftc -enable-upcoming-feature -Xswiftc StrictConcurrency -Xswiftc -enable-upcoming-feature -Xswiftc DisableOutwardActorInference -Xswiftc -enable-upcoming-feature -Xswiftc GlobalActorIsolatedTypesUsability -Xswiftc -enable-upcoming-feature -Xswiftc InferSendableFromCaptures 2>&1
basic-6.1-latest: Pulling from saguaro1/spi-images
Digest: sha256:0f094b998e61bb35b7a666f42e392cfb12929ea8fa9160622b1badd8b73d5c87
Status: Image is up to date for registry.gitlab.com/saguaro1/spi-images:basic-6.1-latest
Building for debugging...
[0/2] Write sources
[1/2] Write swift-version-24593BA9C3E375BF.txt
[3/13] Compiling ZNSTextAttachment ZNSTextAttachmentHandler.swift
/host/spi-builder-workspace/Sources/ZNSTextAttachment/ZNSTextAttachment.swift:15:8: error: no such module 'UniformTypeIdentifiers'
 13 | #endif
 14 |
 15 | import UniformTypeIdentifiers
    |        `- error: no such module 'UniformTypeIdentifiers'
 16 |
 17 | /// `NSTextAttachment` subclass that asynchronously loads an image from a remote
[4/14] Compiling ZNSTextAttachment ZNSTextAttachmentable.swift
/host/spi-builder-workspace/Sources/ZNSTextAttachment/ZNSTextAttachment.swift:15:8: error: no such module 'UniformTypeIdentifiers'
 13 | #endif
 14 |
 15 | import UniformTypeIdentifiers
    |        `- error: no such module 'UniformTypeIdentifiers'
 16 |
 17 | /// `NSTextAttachment` subclass that asynchronously loads an image from a remote
[5/14] Compiling ZNSTextAttachment ZNSTextAttachmentDelegate.swift
/host/spi-builder-workspace/Sources/ZNSTextAttachment/ZNSTextAttachment.swift:15:8: error: no such module 'UniformTypeIdentifiers'
 13 | #endif
 14 |
 15 | import UniformTypeIdentifiers
    |        `- error: no such module 'UniformTypeIdentifiers'
 16 |
 17 | /// `NSTextAttachment` subclass that asynchronously loads an image from a remote
error: emit-module command failed with exit code 1 (use -v to see invocation)
[6/14] Emitting module ZNSTextAttachment
/host/spi-builder-workspace/Sources/ZNSTextAttachment/ZNSTextAttachment.swift:15:8: error: no such module 'UniformTypeIdentifiers'
 13 | #endif
 14 |
 15 | import UniformTypeIdentifiers
    |        `- error: no such module 'UniformTypeIdentifiers'
 16 |
 17 | /// `NSTextAttachment` subclass that asynchronously loads an image from a remote
[7/14] Compiling ZNSTextAttachment ZNSTextAttachmentDataSource.swift
/host/spi-builder-workspace/Sources/ZNSTextAttachment/ZNSTextAttachment.swift:15:8: error: no such module 'UniformTypeIdentifiers'
 13 | #endif
 14 |
 15 | import UniformTypeIdentifiers
    |        `- error: no such module 'UniformTypeIdentifiers'
 16 |
 17 | /// `NSTextAttachment` subclass that asynchronously loads an image from a remote
[8/14] Compiling ZNSTextAttachment WeakZNSTextAttachmentable.swift
/host/spi-builder-workspace/Sources/ZNSTextAttachment/ZNSTextAttachment.swift:15:8: error: no such module 'UniformTypeIdentifiers'
 13 | #endif
 14 |
 15 | import UniformTypeIdentifiers
    |        `- error: no such module 'UniformTypeIdentifiers'
 16 |
 17 | /// `NSTextAttachment` subclass that asynchronously loads an image from a remote
[9/14] Compiling ZNSTextAttachment ZNSTextAttachment.swift
/host/spi-builder-workspace/Sources/ZNSTextAttachment/ZNSTextAttachment.swift:15:8: error: no such module 'UniformTypeIdentifiers'
 13 | #endif
 14 |
 15 | import UniformTypeIdentifiers
    |        `- error: no such module 'UniformTypeIdentifiers'
 16 |
 17 | /// `NSTextAttachment` subclass that asynchronously loads an image from a remote
[10/14] Compiling ZNSTextAttachment UILabel+Extension.swift
/host/spi-builder-workspace/Sources/ZNSTextAttachment/ZNSTextAttachment.swift:15:8: error: no such module 'UniformTypeIdentifiers'
 13 | #endif
 14 |
 15 | import UniformTypeIdentifiers
    |        `- error: no such module 'UniformTypeIdentifiers'
 16 |
 17 | /// `NSTextAttachment` subclass that asynchronously loads an image from a remote
[11/14] Compiling ZNSTextAttachment ZNSTextAttachmentLabel.swift
/host/spi-builder-workspace/Sources/ZNSTextAttachment/ZNSTextAttachment.swift:15:8: error: no such module 'UniformTypeIdentifiers'
 13 | #endif
 14 |
 15 | import UniformTypeIdentifiers
    |        `- error: no such module 'UniformTypeIdentifiers'
 16 |
 17 | /// `NSTextAttachment` subclass that asynchronously loads an image from a remote
[12/14] Compiling ZNSTextAttachment AttachmentReplacer.swift
/host/spi-builder-workspace/Sources/ZNSTextAttachment/ZNSTextAttachment.swift:15:8: error: no such module 'UniformTypeIdentifiers'
 13 | #endif
 14 |
 15 | import UniformTypeIdentifiers
    |        `- error: no such module 'UniformTypeIdentifiers'
 16 |
 17 | /// `NSTextAttachment` subclass that asynchronously loads an image from a remote
[13/14] Compiling ZNSTextAttachment NSTextStorage+Extension.swift
/host/spi-builder-workspace/Sources/ZNSTextAttachment/ZNSTextAttachment.swift:15:8: error: no such module 'UniformTypeIdentifiers'
 13 | #endif
 14 |
 15 | import UniformTypeIdentifiers
    |        `- error: no such module 'UniformTypeIdentifiers'
 16 |
 17 | /// `NSTextAttachment` subclass that asynchronously loads an image from a remote
[14/14] Compiling ZNSTextAttachment ZResizableNSTextAttachment.swift
/host/spi-builder-workspace/Sources/ZNSTextAttachment/ZNSTextAttachment.swift:15:8: error: no such module 'UniformTypeIdentifiers'
 13 | #endif
 14 |
 15 | import UniformTypeIdentifiers
    |        `- error: no such module 'UniformTypeIdentifiers'
 16 |
 17 | /// `NSTextAttachment` subclass that asynchronously loads an image from a remote
Running build ...
bash -c docker run --pull=always --rm -v "checkouts-53886770-0":/host -w "$PWD" -e JAVA_HOME="/root/.sdkman/candidates/java/current" -e SPI_BUILD="1" -e SPI_PROCESSING="1" registry.gitlab.com/saguaro1/spi-images:basic-6.1-latest swift build --triple x86_64-unknown-linux-gnu 2>&1
basic-6.1-latest: Pulling from saguaro1/spi-images
Digest: sha256:0f094b998e61bb35b7a666f42e392cfb12929ea8fa9160622b1badd8b73d5c87
Status: Image is up to date for registry.gitlab.com/saguaro1/spi-images:basic-6.1-latest
[0/1] Planning build
Building for debugging...
[0/1] Write swift-version-24593BA9C3E375BF.txt
[2/12] Compiling ZNSTextAttachment ZNSTextAttachmentHandler.swift
/host/spi-builder-workspace/Sources/ZNSTextAttachment/ZNSTextAttachment.swift:15:8: error: no such module 'UniformTypeIdentifiers'
 13 | #endif
 14 |
 15 | import UniformTypeIdentifiers
    |        `- error: no such module 'UniformTypeIdentifiers'
 16 |
 17 | /// `NSTextAttachment` subclass that asynchronously loads an image from a remote
[3/12] Compiling ZNSTextAttachment ZNSTextAttachmentDelegate.swift
/host/spi-builder-workspace/Sources/ZNSTextAttachment/ZNSTextAttachment.swift:15:8: error: no such module 'UniformTypeIdentifiers'
 13 | #endif
 14 |
 15 | import UniformTypeIdentifiers
    |        `- error: no such module 'UniformTypeIdentifiers'
 16 |
 17 | /// `NSTextAttachment` subclass that asynchronously loads an image from a remote
[4/12] Compiling ZNSTextAttachment ZNSTextAttachmentable.swift
/host/spi-builder-workspace/Sources/ZNSTextAttachment/ZNSTextAttachment.swift:15:8: error: no such module 'UniformTypeIdentifiers'
 13 | #endif
 14 |
 15 | import UniformTypeIdentifiers
    |        `- error: no such module 'UniformTypeIdentifiers'
 16 |
 17 | /// `NSTextAttachment` subclass that asynchronously loads an image from a remote
[5/12] Compiling ZNSTextAttachment ZNSTextAttachmentDataSource.swift
/host/spi-builder-workspace/Sources/ZNSTextAttachment/ZNSTextAttachment.swift:15:8: error: no such module 'UniformTypeIdentifiers'
 13 | #endif
 14 |
 15 | import UniformTypeIdentifiers
    |        `- error: no such module 'UniformTypeIdentifiers'
 16 |
 17 | /// `NSTextAttachment` subclass that asynchronously loads an image from a remote
error: emit-module command failed with exit code 1 (use -v to see invocation)
[6/13] Emitting module ZNSTextAttachment
/host/spi-builder-workspace/Sources/ZNSTextAttachment/ZNSTextAttachment.swift:15:8: error: no such module 'UniformTypeIdentifiers'
 13 | #endif
 14 |
 15 | import UniformTypeIdentifiers
    |        `- error: no such module 'UniformTypeIdentifiers'
 16 |
 17 | /// `NSTextAttachment` subclass that asynchronously loads an image from a remote
[7/13] Compiling ZNSTextAttachment WeakZNSTextAttachmentable.swift
/host/spi-builder-workspace/Sources/ZNSTextAttachment/ZNSTextAttachment.swift:15:8: error: no such module 'UniformTypeIdentifiers'
 13 | #endif
 14 |
 15 | import UniformTypeIdentifiers
    |        `- error: no such module 'UniformTypeIdentifiers'
 16 |
 17 | /// `NSTextAttachment` subclass that asynchronously loads an image from a remote
[8/13] Compiling ZNSTextAttachment ZNSTextAttachment.swift
/host/spi-builder-workspace/Sources/ZNSTextAttachment/ZNSTextAttachment.swift:15:8: error: no such module 'UniformTypeIdentifiers'
 13 | #endif
 14 |
 15 | import UniformTypeIdentifiers
    |        `- error: no such module 'UniformTypeIdentifiers'
 16 |
 17 | /// `NSTextAttachment` subclass that asynchronously loads an image from a remote
[9/13] Compiling ZNSTextAttachment UILabel+Extension.swift
/host/spi-builder-workspace/Sources/ZNSTextAttachment/ZNSTextAttachment.swift:15:8: error: no such module 'UniformTypeIdentifiers'
 13 | #endif
 14 |
 15 | import UniformTypeIdentifiers
    |        `- error: no such module 'UniformTypeIdentifiers'
 16 |
 17 | /// `NSTextAttachment` subclass that asynchronously loads an image from a remote
[10/13] Compiling ZNSTextAttachment ZNSTextAttachmentLabel.swift
/host/spi-builder-workspace/Sources/ZNSTextAttachment/ZNSTextAttachment.swift:15:8: error: no such module 'UniformTypeIdentifiers'
 13 | #endif
 14 |
 15 | import UniformTypeIdentifiers
    |        `- error: no such module 'UniformTypeIdentifiers'
 16 |
 17 | /// `NSTextAttachment` subclass that asynchronously loads an image from a remote
[11/13] Compiling ZNSTextAttachment AttachmentReplacer.swift
/host/spi-builder-workspace/Sources/ZNSTextAttachment/ZNSTextAttachment.swift:15:8: error: no such module 'UniformTypeIdentifiers'
 13 | #endif
 14 |
 15 | import UniformTypeIdentifiers
    |        `- error: no such module 'UniformTypeIdentifiers'
 16 |
 17 | /// `NSTextAttachment` subclass that asynchronously loads an image from a remote
[12/13] Compiling ZNSTextAttachment NSTextStorage+Extension.swift
/host/spi-builder-workspace/Sources/ZNSTextAttachment/ZNSTextAttachment.swift:15:8: error: no such module 'UniformTypeIdentifiers'
 13 | #endif
 14 |
 15 | import UniformTypeIdentifiers
    |        `- error: no such module 'UniformTypeIdentifiers'
 16 |
 17 | /// `NSTextAttachment` subclass that asynchronously loads an image from a remote
[13/13] Compiling ZNSTextAttachment ZResizableNSTextAttachment.swift
/host/spi-builder-workspace/Sources/ZNSTextAttachment/ZNSTextAttachment.swift:15:8: error: no such module 'UniformTypeIdentifiers'
 13 | #endif
 14 |
 15 | import UniformTypeIdentifiers
    |        `- error: no such module 'UniformTypeIdentifiers'
 16 |
 17 | /// `NSTextAttachment` subclass that asynchronously loads an image from a remote
BUILD FAILURE 6.1 linux