The Swift Package Index logo.Swift Package Index

Build Information

Failed to build Eval, reference 1.5.0 (2070df), with Swift 6.4 for macOS (Xcode) using Xcode 27.0 on 16 Sep 2026 06:39:40 UTC.

Build Command

env DEVELOPER_DIR=/Applications/Xcode-27.0.0-Release.Candidate.app xcrun xcodebuild -IDEClonedSourcePackagesDirPathOverride=$PWD/.dependencies -skipMacroValidation -skipPackagePluginValidation -derivedDataPath $PWD/.derivedData build -scheme Eval-Package -destination platform=macOS,arch=arm64

Build Log

========================================
RunAll
========================================
Builder version: 5.1.0
Interrupt handler set up.
========================================
Checkout
========================================
Clone URL: https://github.com/tevelee/Eval.git
Reference: 1.5.0
Initialized empty Git repository in /Users/admin/builder/spi-builder-workspace/.git/
From https://github.com/tevelee/Eval
 * tag               1.5.0      -> FETCH_HEAD
HEAD is now at 2070dfb Version 1.5.0
Cloned https://github.com/tevelee/Eval.git
Revision (git rev-parse @):
2070dfb6f739a9665c81601162ac16ee8291fb30
SUCCESS checkout https://github.com/tevelee/Eval.git at 1.5.0
========================================
Build
========================================
Selected platform:         macosXcodebuild
Swift version:             6.4
Building package at path:  $PWD
https://github.com/tevelee/Eval.git
Command line invocation:
    /Applications/Xcode-27.0.0-Release.Candidate.app/Contents/Developer/usr/bin/xcodebuild -IDEClonedSourcePackagesDirPathOverride=/Users/admin/builder/spi-builder-workspace/.dependencies -resolvePackageDependencies
Resolve Package Graph
Fetching from https://github.com/xcodeswift/xcproj.git
Fetching from https://github.com/tadija/AEXML.git
Fetching from https://github.com/JohnSundell/ShellOut.git
Fetching from https://github.com/kylef/PathKit.git
Fetching from https://github.com/kylef/Spectre.git
Creating working copy of package ‘AEXML’
Checking out 4.7.0 of package ‘AEXML’
Creating working copy of package ‘PathKit’
Checking out 0.9.2 of package ‘PathKit’
Creating working copy of package ‘Spectre’
Checking out 0.9.2 of package ‘Spectre’
Creating working copy of package ‘xcproj’
Checking out 4.3.1 of package ‘xcproj’
Creating working copy of package ‘ShellOut’
Checking out 2.3.0 of package ‘ShellOut’
Resolved source packages:
  AEXML: https://github.com/tadija/AEXML.git @ 4.7.0
  Automation: /Users/admin/builder/spi-builder-workspace/Scripts
  xcproj: https://github.com/xcodeswift/xcproj.git @ 4.3.1
  ShellOut: https://github.com/JohnSundell/ShellOut.git @ 2.3.0
  PathKit: https://github.com/kylef/PathKit.git @ 0.9.2
  Spectre: https://github.com/kylef/Spectre.git @ 0.9.2
resolved source packages: AEXML, Automation, xcproj, ShellOut, PathKit, Spectre
{
  "dependencies" : [
  ],
  "manifest_display_name" : "Eval",
  "name" : "Eval",
  "path" : "/Users/admin/builder/spi-builder-workspace",
  "platforms" : [
  ],
  "products" : [
    {
      "name" : "Eval",
      "targets" : [
        "Eval"
      ],
      "type" : {
        "library" : [
          "automatic"
        ]
      }
    }
  ],
  "targets" : [
    {
      "c99name" : "EvalTests",
      "module_type" : "SwiftTarget",
      "name" : "EvalTests",
      "path" : "Tests/EvalTests",
      "sources" : [
        "IntegrationTests/InterpreterTests.swift",
        "IntegrationTests/TemplateTests.swift",
        "UnitTests/DataTypeTests.swift",
        "UnitTests/FunctionTests.swift",
        "UnitTests/InterpreterContextTests.swift",
        "UnitTests/KeywordTests.swift",
        "UnitTests/LiteralTests.swift",
        "UnitTests/MatchResultTests.swift",
        "UnitTests/MatchStatementTests.swift",
        "UnitTests/MatcherTests.swift",
        "UnitTests/PatternTests.swift",
        "UnitTests/TemplateInterpreterTests.swift",
        "UnitTests/TypedInterpreterTests.swift",
        "UnitTests/UtilTests.swift",
        "UnitTests/VariableProcessor.swift",
        "UnitTests/VariableTests.swift",
        "Utils.swift"
      ],
      "target_dependencies" : [
        "Eval"
      ],
      "type" : "test"
    },
    {
      "c99name" : "Eval",
      "module_type" : "SwiftTarget",
      "name" : "Eval",
      "path" : "Sources/Eval",
      "product_memberships" : [
        "Eval"
      ],
      "sources" : [
        "Common.swift",
        "Elements.swift",
        "TemplateInterpreter.swift",
        "TypedInterpreter.swift",
        "Utilities/MatchResult.swift",
        "Utilities/Matcher.swift",
        "Utilities/Pattern.swift",
        "Utilities/Utils.swift"
      ],
      "type" : "library"
    }
  ],
  "tools_version" : "5.0"
}
{
  "project" : {
    "configurations" : [
      "Debug",
      "Release"
    ],
    "name" : "Eval",
    "schemes" : [
      "Automation",
      "Eval-Package",
      "EvalPackageDescription",
      "EvalPackageTests"
    ],
    "targets" : [
      "Eval",
      "EvalPackageDescription",
      "EvalPackageTests",
      "EvalTests"
    ]
  }
}
Running build ...
env DEVELOPER_DIR=/Applications/Xcode-27.0.0-Release.Candidate.app xcrun xcodebuild -IDEClonedSourcePackagesDirPathOverride=$PWD/.dependencies -skipMacroValidation -skipPackagePluginValidation -derivedDataPath $PWD/.derivedData build -scheme Eval-Package -destination platform=macOS,arch=arm64
Command line invocation:
    /Applications/Xcode-27.0.0-Release.Candidate.app/Contents/Developer/usr/bin/xcodebuild -IDEClonedSourcePackagesDirPathOverride=/Users/admin/builder/spi-builder-workspace/.dependencies -skipMacroValidation -skipPackagePluginValidation -derivedDataPath /Users/admin/builder/spi-builder-workspace/.derivedData build -scheme Eval-Package -destination platform=macOS,arch=arm64
Resolve Package Graph
Resolved source packages:
  PathKit: https://github.com/kylef/PathKit.git @ 0.9.2
  Spectre: https://github.com/kylef/Spectre.git @ 0.9.2
  Automation: /Users/admin/builder/spi-builder-workspace/Scripts
  ShellOut: https://github.com/JohnSundell/ShellOut.git @ 2.3.0
  xcproj: https://github.com/xcodeswift/xcproj.git @ 4.3.1
  AEXML: https://github.com/tadija/AEXML.git @ 4.7.0
ComputePackagePrebuildTargetDependencyGraph
Prepare packages
CreateBuildRequest
SendProjectDescription
CreateBuildOperation
ComputeTargetDependencyGraph
note: Building targets in dependency order
note: Target dependency graph (1 target)
    Target 'Eval' in project 'Eval' (no dependencies)
GatherProvisioningInputs
CreateBuildDescription
ExecuteExternalTool /Applications/Xcode-27.0.0-Release.Candidate.app/Contents/Developer/Toolchains/XcodeDefault.xctoolchain/usr/bin/clang -v -E -dM -isysroot /Applications/Xcode-27.0.0-Release.Candidate.app/Contents/Developer/Platforms/MacOSX.platform/Developer/SDKs/MacOSX27.0.sdk -x c -c /dev/null
ExecuteExternalTool /Applications/Xcode-27.0.0-Release.Candidate.app/Contents/Developer/Toolchains/XcodeDefault.xctoolchain/usr/bin/swiftc --version
ExecuteExternalTool /Applications/Xcode-27.0.0-Release.Candidate.app/Contents/Developer/Toolchains/XcodeDefault.xctoolchain/usr/bin/ld -version_details
Build description signature: 1919b51676213d8153c8594532ac8413
Build description path: /Users/admin/builder/spi-builder-workspace/.derivedData/Build/Intermediates.noindex/XCBuildData/1919b51676213d8153c8594532ac8413.xcbuilddata
/Users/admin/builder/spi-builder-workspace/Eval.xcodeproj: error: The macOS deployment target 'MACOSX_DEPLOYMENT_TARGET' is set to 10.10, but the range of supported deployment target versions is 12.0 to 27.0.x. (in target 'Eval' from project 'Eval')
** BUILD FAILED **
The following build commands failed:
	Building project Eval with scheme Eval-Package
(1 failure)
Command line invocation:
    /Applications/Xcode-27.0.0-Release.Candidate.app/Contents/Developer/usr/bin/xcodebuild -IDEClonedSourcePackagesDirPathOverride=/Users/admin/builder/spi-builder-workspace/.dependencies -resolvePackageDependencies
Resolve Package Graph
Resolved source packages:
  xcproj: https://github.com/xcodeswift/xcproj.git @ 4.3.1
  Spectre: https://github.com/kylef/Spectre.git @ 0.9.2
  PathKit: https://github.com/kylef/PathKit.git @ 0.9.2
  AEXML: https://github.com/tadija/AEXML.git @ 4.7.0
  Automation: /Users/admin/builder/spi-builder-workspace/Scripts
  ShellOut: https://github.com/JohnSundell/ShellOut.git @ 2.3.0
resolved source packages: xcproj, Spectre, PathKit, AEXML, Automation, ShellOut
{
  "dependencies" : [
  ],
  "manifest_display_name" : "Eval",
  "name" : "Eval",
  "path" : "/Users/admin/builder/spi-builder-workspace",
  "platforms" : [
  ],
  "products" : [
    {
      "name" : "Eval",
      "targets" : [
        "Eval"
      ],
      "type" : {
        "library" : [
          "automatic"
        ]
      }
    }
  ],
  "targets" : [
    {
      "c99name" : "EvalTests",
      "module_type" : "SwiftTarget",
      "name" : "EvalTests",
      "path" : "Tests/EvalTests",
      "sources" : [
        "IntegrationTests/InterpreterTests.swift",
        "IntegrationTests/TemplateTests.swift",
        "UnitTests/DataTypeTests.swift",
        "UnitTests/FunctionTests.swift",
        "UnitTests/InterpreterContextTests.swift",
        "UnitTests/KeywordTests.swift",
        "UnitTests/LiteralTests.swift",
        "UnitTests/MatchResultTests.swift",
        "UnitTests/MatchStatementTests.swift",
        "UnitTests/MatcherTests.swift",
        "UnitTests/PatternTests.swift",
        "UnitTests/TemplateInterpreterTests.swift",
        "UnitTests/TypedInterpreterTests.swift",
        "UnitTests/UtilTests.swift",
        "UnitTests/VariableProcessor.swift",
        "UnitTests/VariableTests.swift",
        "Utils.swift"
      ],
      "target_dependencies" : [
        "Eval"
      ],
      "type" : "test"
    },
    {
      "c99name" : "Eval",
      "module_type" : "SwiftTarget",
      "name" : "Eval",
      "path" : "Sources/Eval",
      "product_memberships" : [
        "Eval"
      ],
      "sources" : [
        "Common.swift",
        "Elements.swift",
        "TemplateInterpreter.swift",
        "TypedInterpreter.swift",
        "Utilities/MatchResult.swift",
        "Utilities/Matcher.swift",
        "Utilities/Pattern.swift",
        "Utilities/Utils.swift"
      ],
      "type" : "library"
    }
  ],
  "tools_version" : "5.0"
}
{
  "project" : {
    "configurations" : [
      "Debug",
      "Release"
    ],
    "name" : "Eval",
    "schemes" : [
      "Automation",
      "Eval-Package",
      "EvalPackageDescription",
      "EvalPackageTests"
    ],
    "targets" : [
      "Eval",
      "EvalPackageDescription",
      "EvalPackageTests",
      "EvalTests"
    ]
  }
}
Running build ...
env DEVELOPER_DIR=/Applications/Xcode-27.0.0-Release.Candidate.app xcrun xcodebuild -IDEClonedSourcePackagesDirPathOverride=$PWD/.dependencies -skipMacroValidation -skipPackagePluginValidation -derivedDataPath $PWD/.derivedData build -scheme Eval-Package -destination platform=macOS,arch=arm64
Command line invocation:
    /Applications/Xcode-27.0.0-Release.Candidate.app/Contents/Developer/usr/bin/xcodebuild -IDEClonedSourcePackagesDirPathOverride=/Users/admin/builder/spi-builder-workspace/.dependencies -skipMacroValidation -skipPackagePluginValidation -derivedDataPath /Users/admin/builder/spi-builder-workspace/.derivedData build -scheme Eval-Package -destination platform=macOS,arch=arm64
Resolve Package Graph
Resolved source packages:
  Automation: /Users/admin/builder/spi-builder-workspace/Scripts
  AEXML: https://github.com/tadija/AEXML.git @ 4.7.0
  ShellOut: https://github.com/JohnSundell/ShellOut.git @ 2.3.0
  PathKit: https://github.com/kylef/PathKit.git @ 0.9.2
  xcproj: https://github.com/xcodeswift/xcproj.git @ 4.3.1
  Spectre: https://github.com/kylef/Spectre.git @ 0.9.2
ComputePackagePrebuildTargetDependencyGraph
Prepare packages
CreateBuildRequest
SendProjectDescription
CreateBuildOperation
ComputeTargetDependencyGraph
note: Building targets in dependency order
note: Target dependency graph (1 target)
    Target 'Eval' in project 'Eval' (no dependencies)
GatherProvisioningInputs
CreateBuildDescription
/Users/admin/builder/spi-builder-workspace/Eval.xcodeproj: error: The macOS deployment target 'MACOSX_DEPLOYMENT_TARGET' is set to 10.10, but the range of supported deployment target versions is 12.0 to 27.0.x. (in target 'Eval' from project 'Eval')
** BUILD FAILED **
The following build commands failed:
	Building project Eval with scheme Eval-Package
(1 failure)
BUILD FAILURE 6.4 macosXcodebuild