Build Information
Failed to build SwissEphemeris, reference 0.0.99 (9d9ac6), with Swift 6.4 for tvOS using Xcode 27.0 on 18 Sep 2026 21:26:51 UTC.
Build Command
env DEVELOPER_DIR=/Applications/Xcode-27.0.0-Release.Candidate.app xcrun xcodebuild -IDEClonedSourcePackagesDirPathOverride=$PWD/.dependencies -skipMacroValidation -skipPackagePluginValidation -derivedDataPath $PWD/.derivedData build -scheme SwissEphemeris -destination generic/platform=tvOSBuild Log
========================================
RunAll
========================================
Builder version: 5.1.0
Interrupt handler set up.
========================================
Checkout
========================================
Clone URL: https://github.com/vsmithers1087/SwissEphemeris.git
Reference: 0.0.99
Initialized empty Git repository in /Users/admin/builder/spi-builder-workspace/.git/
From https://github.com/vsmithers1087/SwissEphemeris
* tag 0.0.99 -> FETCH_HEAD
HEAD is now at 9d9ac62 Make ZodiacCoordinate init public (#18)
Cloned https://github.com/vsmithers1087/SwissEphemeris.git
Revision (git rev-parse @):
9d9ac62383eafa176e744af1130dcb0da17ca325
SUCCESS checkout https://github.com/vsmithers1087/SwissEphemeris.git at 0.0.99
========================================
Build
========================================
Selected platform: tvOS
Swift version: 6.4
Building package at path: $PWD
https://github.com/vsmithers1087/SwissEphemeris.git
Command line invocation:
/Applications/Xcode-27.0.0-Release.Candidate.app/Contents/Developer/usr/bin/xcodebuild -IDEClonedSourcePackagesDirPathOverride=/Users/admin/builder/spi-builder-workspace/.dependencies -resolvePackageDependencies
Resolve Package Graph
Resolve Package Graph
Resolved source packages:
SwissEphemeris: /Users/admin/builder/spi-builder-workspace
resolved source packages: SwissEphemeris
2026-09-18 17:26:01.412 xcodebuild[525:3014] [MT] IDERunDestination: Supported platforms for the buildables in the current scheme is empty.
2026-09-18 17:26:01.571 xcodebuild[525:3014] [MT] IDERunDestination: Supported platforms for the buildables in the current scheme is empty.
2026-09-18 17:26:03.242 xcodebuild[525:3014] [MT] IDERunDestination: Supported platforms for the buildables in the current scheme is empty.
{
"dependencies" : [
],
"manifest_display_name" : "SwissEphemeris",
"name" : "SwissEphemeris",
"path" : "/Users/admin/builder/spi-builder-workspace",
"platforms" : [
{
"name" : "macos",
"version" : "11.0"
},
{
"name" : "ios",
"version" : "14.0"
}
],
"products" : [
{
"name" : "SwissEphemeris",
"targets" : [
"SwissEphemeris"
],
"type" : {
"library" : [
"automatic"
]
}
}
],
"targets" : [
{
"c99name" : "SwissEphemerisTests",
"module_type" : "SwiftTarget",
"name" : "SwissEphemerisTests",
"path" : "Tests/SwissEphemerisTests",
"sources" : [
"CelestialBodyTests.swift",
"FixedStarsTests.swift",
"Mock.swift",
"PerformanceTests.swift",
"XCTestManifests.swift"
],
"target_dependencies" : [
"SwissEphemeris"
],
"type" : "test"
},
{
"c99name" : "SwissEphemeris",
"module_type" : "SwiftTarget",
"name" : "SwissEphemeris",
"path" : "Sources/SwissEphemeris",
"product_memberships" : [
"SwissEphemeris"
],
"resources" : [
{
"path" : "/Users/admin/builder/spi-builder-workspace/Sources/SwissEphemeris/JPL/ast_list.txt",
"rule" : {
"process" : {
}
}
},
{
"path" : "/Users/admin/builder/spi-builder-workspace/Sources/SwissEphemeris/JPL/seas_18.se1",
"rule" : {
"process" : {
}
}
},
{
"path" : "/Users/admin/builder/spi-builder-workspace/Sources/SwissEphemeris/JPL/sedeltat.txt.inactive",
"rule" : {
"process" : {
}
}
},
{
"path" : "/Users/admin/builder/spi-builder-workspace/Sources/SwissEphemeris/JPL/sefstars.txt",
"rule" : {
"process" : {
}
}
},
{
"path" : "/Users/admin/builder/spi-builder-workspace/Sources/SwissEphemeris/JPL/seleapsec.txt",
"rule" : {
"process" : {
}
}
},
{
"path" : "/Users/admin/builder/spi-builder-workspace/Sources/SwissEphemeris/JPL/semo_18.se1",
"rule" : {
"process" : {
}
}
},
{
"path" : "/Users/admin/builder/spi-builder-workspace/Sources/SwissEphemeris/JPL/seorbel.txt",
"rule" : {
"process" : {
}
}
},
{
"path" : "/Users/admin/builder/spi-builder-workspace/Sources/SwissEphemeris/JPL/sepl_18.se1",
"rule" : {
"process" : {
}
}
},
{
"path" : "/Users/admin/builder/spi-builder-workspace/Sources/SwissEphemeris/JPL/swedecl.txt",
"rule" : {
"process" : {
}
}
},
{
"path" : "/Users/admin/builder/spi-builder-workspace/Sources/SwissEphemeris/JPL/swedecl64.txt",
"rule" : {
"process" : {
}
}
},
{
"path" : "/Users/admin/builder/spi-builder-workspace/Sources/SwissEphemeris/JPL/sweph.sln",
"rule" : {
"process" : {
}
}
}
],
"sources" : [
"Aspect.swift",
"Asteroid.swift",
"Ayanamsha.swift",
"Coordinate.swift",
"Cusp.swift",
"Extensions/Date+JulianDate.swift",
"Extensions/Date+Strideable.swift",
"FixedStar.swift",
"HouseCusps.swift",
"HouseSystem.swift",
"LunarMansion.swift",
"LunarNorthNode.swift",
"LunarSouthNode.swift",
"Lunation.swift",
"Pair.swift",
"Planet.swift",
"PlanetPairs.swift",
"Protocols/BatchRequest.swift",
"Protocols/CelestialBody.swift",
"Protocols/ZodiacMappable.swift",
"RiseTime.swift",
"SetTime.swift",
"Station.swift",
"Utility/JPLFileManager.swift",
"Utility/PlanetsRequest.swift",
"Zodiac.swift",
"ZodiacCoordinate.swift"
],
"target_dependencies" : [
"CSwissEphemeris"
],
"type" : "library"
},
{
"c99name" : "CSwissEphemeris",
"module_type" : "ClangTarget",
"name" : "CSwissEphemeris",
"path" : "Sources/CSwissEphemeris",
"product_memberships" : [
"SwissEphemeris"
],
"sources" : [
"sweph/src/swecl.c",
"sweph/src/swedate.c",
"sweph/src/swehel.c",
"sweph/src/swehouse.c",
"sweph/src/swejpl.c",
"sweph/src/swemmoon.c",
"sweph/src/swemplan.c",
"sweph/src/sweph.c",
"sweph/src/swephlib.c"
],
"type" : "library"
}
],
"tools_version" : "5.3"
}
{
"workspace" : {
"name" : "SwissEphemeris",
"schemes" : [
"SwissEphemeris"
]
}
}
2026-09-18 17:26:43.767 xcodebuild[622:3927] [MT] IDERunDestination: Supported platforms for the buildables in the current scheme is empty.
2026-09-18 17:26:43.909 xcodebuild[622:3927] [MT] IDERunDestination: Supported platforms for the buildables in the current scheme is empty.
Running build ...
env DEVELOPER_DIR=/Applications/Xcode-27.0.0-Release.Candidate.app xcrun xcodebuild -IDEClonedSourcePackagesDirPathOverride=$PWD/.dependencies -skipMacroValidation -skipPackagePluginValidation -derivedDataPath $PWD/.derivedData build -scheme SwissEphemeris -destination generic/platform=tvOS
Command line invocation:
/Applications/Xcode-27.0.0-Release.Candidate.app/Contents/Developer/usr/bin/xcodebuild -IDEClonedSourcePackagesDirPathOverride=/Users/admin/builder/spi-builder-workspace/.dependencies -skipMacroValidation -skipPackagePluginValidation -derivedDataPath /Users/admin/builder/spi-builder-workspace/.derivedData build -scheme SwissEphemeris -destination generic/platform=tvOS
Resolve Package Graph
Resolved source packages:
SwissEphemeris: /Users/admin/builder/spi-builder-workspace
ComputePackagePrebuildTargetDependencyGraph
Prepare packages
CreateBuildRequest
SendProjectDescription
CreateBuildOperation
ComputeTargetDependencyGraph
note: Building targets in dependency order
note: Target dependency graph (5 targets)
Target 'SwissEphemerisTests-product' in project 'SwissEphemeris'
➜ Explicit dependency on target 'CSwissEphemeris' in project 'SwissEphemeris'
➜ Explicit dependency on target 'SwissEphemeris' in project 'SwissEphemeris'
Target 'SwissEphemeris-product' in project 'SwissEphemeris'
➜ Explicit dependency on target 'SwissEphemeris' in project 'SwissEphemeris'
➜ Explicit dependency on target 'SwissEphemeris_SwissEphemeris' in project 'SwissEphemeris'
➜ Explicit dependency on target 'CSwissEphemeris' in project 'SwissEphemeris'
Target 'SwissEphemeris' in project 'SwissEphemeris'
➜ Explicit dependency on target 'SwissEphemeris_SwissEphemeris' in project 'SwissEphemeris'
➜ Explicit dependency on target 'CSwissEphemeris' in project 'SwissEphemeris'
Target 'CSwissEphemeris' in project 'SwissEphemeris' (no dependencies)
Target 'SwissEphemeris_SwissEphemeris' in project 'SwissEphemeris' (no dependencies)
GatherProvisioningInputs
CreateBuildDescription
ExecuteExternalTool /Applications/Xcode-27.0.0-Release.Candidate.app/Contents/Developer/Toolchains/XcodeDefault.xctoolchain/usr/bin/clang -v -E -dM -arch arm64 -isysroot /Applications/Xcode-27.0.0-Release.Candidate.app/Contents/Developer/Platforms/AppleTVOS.platform/Developer/SDKs/AppleTVOS27.0.sdk -x c -c /dev/null
ExecuteExternalTool /Applications/Xcode-27.0.0-Release.Candidate.app/Contents/Developer/Toolchains/XcodeDefault.xctoolchain/usr/bin/clang -v -E -dM -isysroot /Applications/Xcode-27.0.0-Release.Candidate.app/Contents/Developer/Platforms/AppleTVOS.platform/Developer/SDKs/AppleTVOS27.0.sdk -x c -c /dev/null
ExecuteExternalTool /Applications/Xcode-27.0.0-Release.Candidate.app/Contents/Developer/Toolchains/XcodeDefault.xctoolchain/usr/bin/swiftc --version
ExecuteExternalTool /Applications/Xcode-27.0.0-Release.Candidate.app/Contents/Developer/Toolchains/XcodeDefault.xctoolchain/usr/bin/ld -version_details
Build description signature: 705df78882bd5ba4ed6121e25053cecc
Build description path: /Users/admin/builder/spi-builder-workspace/.derivedData/Build/Intermediates.noindex/XCBuildData/705df78882bd5ba4ed6121e25053cecc.xcbuilddata
CreateBuildDirectory /Users/admin/builder/spi-builder-workspace/.derivedData/SDKExplicitPrecompiledModules
cd /Users/admin/builder/spi-builder-workspace/.swiftpm/xcode
builtin-create-build-directory /Users/admin/builder/spi-builder-workspace/.derivedData/SDKExplicitPrecompiledModules
CreateBuildDirectory /Users/admin/builder/spi-builder-workspace/.derivedData/ModuleCache.noindex
cd /Users/admin/builder/spi-builder-workspace/.swiftpm/xcode
builtin-create-build-directory /Users/admin/builder/spi-builder-workspace/.derivedData/ModuleCache.noindex
CreateBuildDirectory /Users/admin/builder/spi-builder-workspace/.derivedData/CompilationCache.noindex
cd /Users/admin/builder/spi-builder-workspace/.swiftpm/xcode
builtin-create-build-directory /Users/admin/builder/spi-builder-workspace/.derivedData/CompilationCache.noindex
CreateBuildDirectory /Users/admin/builder/spi-builder-workspace/.derivedData/Build/Products
cd /Users/admin/builder/spi-builder-workspace/.swiftpm/xcode
builtin-create-build-directory /Users/admin/builder/spi-builder-workspace/.derivedData/Build/Products
ClangStatCache /Applications/Xcode-27.0.0-Release.Candidate.app/Contents/Developer/Toolchains/XcodeDefault.xctoolchain/usr/bin/clang-stat-cache /Applications/Xcode-27.0.0-Release.Candidate.app/Contents/Developer/Platforms/AppleTVOS.platform/Developer/SDKs/AppleTVOS27.0.sdk /Users/admin/builder/spi-builder-workspace/.derivedData/SDKStatCaches.noindex/appletvos27.0-24J360-e829b21a6f8c9b70876ba0858053c044b32bfd8d43560033f8d89884cdb90028.sdkstatcache
cd /Users/admin/builder/spi-builder-workspace/.swiftpm/xcode
/Applications/Xcode-27.0.0-Release.Candidate.app/Contents/Developer/Toolchains/XcodeDefault.xctoolchain/usr/bin/clang-stat-cache /Applications/Xcode-27.0.0-Release.Candidate.app/Contents/Developer/Platforms/AppleTVOS.platform/Developer/SDKs/AppleTVOS27.0.sdk -o /Users/admin/builder/spi-builder-workspace/.derivedData/SDKStatCaches.noindex/appletvos27.0-24J360-e829b21a6f8c9b70876ba0858053c044b32bfd8d43560033f8d89884cdb90028.sdkstatcache
CreateBuildDirectory /Users/admin/builder/spi-builder-workspace/.derivedData/Build/Intermediates.noindex
cd /Users/admin/builder/spi-builder-workspace/.swiftpm/xcode
builtin-create-build-directory /Users/admin/builder/spi-builder-workspace/.derivedData/Build/Intermediates.noindex
CreateBuildDirectory /Users/admin/builder/spi-builder-workspace/.derivedData/Build/Intermediates.noindex/SwiftExplicitPrecompiledModules
cd /Users/admin/builder/spi-builder-workspace/.swiftpm/xcode
builtin-create-build-directory /Users/admin/builder/spi-builder-workspace/.derivedData/Build/Intermediates.noindex/SwiftExplicitPrecompiledModules
CreateBuildDirectory /Users/admin/builder/spi-builder-workspace/.derivedData/Build/Intermediates.noindex/PrecompiledHeaders
cd /Users/admin/builder/spi-builder-workspace/.swiftpm/xcode
builtin-create-build-directory /Users/admin/builder/spi-builder-workspace/.derivedData/Build/Intermediates.noindex/PrecompiledHeaders
CreateBuildDirectory /Users/admin/builder/spi-builder-workspace/.derivedData/Build/Intermediates.noindex/ExplicitPrecompiledModules
cd /Users/admin/builder/spi-builder-workspace/.swiftpm/xcode
builtin-create-build-directory /Users/admin/builder/spi-builder-workspace/.derivedData/Build/Intermediates.noindex/ExplicitPrecompiledModules
CreateBuildDirectory /Users/admin/builder/spi-builder-workspace/.derivedData/Build/Intermediates.noindex/EagerLinkingTBDs/Debug-appletvos
cd /Users/admin/builder/spi-builder-workspace/.swiftpm/xcode
builtin-create-build-directory /Users/admin/builder/spi-builder-workspace/.derivedData/Build/Intermediates.noindex/EagerLinkingTBDs/Debug-appletvos
CreateBuildDirectory /Users/admin/builder/spi-builder-workspace/.derivedData/Build/Products/Debug-appletvos
cd /Users/admin/builder/spi-builder-workspace/.swiftpm/xcode
builtin-create-build-directory /Users/admin/builder/spi-builder-workspace/.derivedData/Build/Products/Debug-appletvos
CreateBuildDirectory /Users/admin/builder/spi-builder-workspace/.derivedData/Build/Products/Debug-appletvos/PackageFrameworks
cd /Users/admin/builder/spi-builder-workspace/.swiftpm/xcode
builtin-create-build-directory /Users/admin/builder/spi-builder-workspace/.derivedData/Build/Products/Debug-appletvos/PackageFrameworks
MkDir /Users/admin/builder/spi-builder-workspace/.derivedData/Build/Products/Debug-appletvos/SwissEphemeris_SwissEphemeris.bundle (in target 'SwissEphemeris_SwissEphemeris' from project 'SwissEphemeris')
cd /Users/admin/builder/spi-builder-workspace
/bin/mkdir -p /Users/admin/builder/spi-builder-workspace/.derivedData/Build/Products/Debug-appletvos/SwissEphemeris_SwissEphemeris.bundle
WriteAuxiliaryFile /Users/admin/builder/spi-builder-workspace/.derivedData/Build/Intermediates.noindex/SwissEphemeris.build/Debug-appletvos/SwissEphemeris_SwissEphemeris-b.build/SwissEphemeris_SwissEphemeris.DependencyStaticMetadataFileList (in target 'SwissEphemeris_SwissEphemeris' from project 'SwissEphemeris')
cd /Users/admin/builder/spi-builder-workspace
write-file /Users/admin/builder/spi-builder-workspace/.derivedData/Build/Intermediates.noindex/SwissEphemeris.build/Debug-appletvos/SwissEphemeris_SwissEphemeris-b.build/SwissEphemeris_SwissEphemeris.DependencyStaticMetadataFileList
WriteAuxiliaryFile /Users/admin/builder/spi-builder-workspace/.derivedData/Build/Intermediates.noindex/SwissEphemeris.build/Debug-appletvos/SwissEphemeris_SwissEphemeris-b.build/empty-SwissEphemeris_SwissEphemeris.plist (in target 'SwissEphemeris_SwissEphemeris' from project 'SwissEphemeris')
cd /Users/admin/builder/spi-builder-workspace
write-file /Users/admin/builder/spi-builder-workspace/.derivedData/Build/Intermediates.noindex/SwissEphemeris.build/Debug-appletvos/SwissEphemeris_SwissEphemeris-b.build/empty-SwissEphemeris_SwissEphemeris.plist
WriteAuxiliaryFile /Users/admin/builder/spi-builder-workspace/.derivedData/Build/Intermediates.noindex/SwissEphemeris.build/Debug-appletvos/SwissEphemeris_SwissEphemeris-b.build/SwissEphemeris_SwissEphemeris.DependencyMetadataFileList (in target 'SwissEphemeris_SwissEphemeris' from project 'SwissEphemeris')
cd /Users/admin/builder/spi-builder-workspace
write-file /Users/admin/builder/spi-builder-workspace/.derivedData/Build/Intermediates.noindex/SwissEphemeris.build/Debug-appletvos/SwissEphemeris_SwissEphemeris-b.build/SwissEphemeris_SwissEphemeris.DependencyMetadataFileList
WriteAuxiliaryFile /Users/admin/builder/spi-builder-workspace/.derivedData/Build/Intermediates.noindex/SwissEphemeris.build/Debug-appletvos/SwissEphemerisTests-p.build/SwissEphemerisTests.DependencyStaticMetadataFileList (in target 'SwissEphemerisTests-product' from project 'SwissEphemeris')
cd /Users/admin/builder/spi-builder-workspace
write-file /Users/admin/builder/spi-builder-workspace/.derivedData/Build/Intermediates.noindex/SwissEphemeris.build/Debug-appletvos/SwissEphemerisTests-p.build/SwissEphemerisTests.DependencyStaticMetadataFileList
WriteAuxiliaryFile /Users/admin/builder/spi-builder-workspace/.derivedData/Build/Intermediates.noindex/SwissEphemeris.build/Debug-appletvos/SwissEphemerisTests-p.build/empty-SwissEphemerisTests.plist (in target 'SwissEphemerisTests-product' from project 'SwissEphemeris')
cd /Users/admin/builder/spi-builder-workspace
write-file /Users/admin/builder/spi-builder-workspace/.derivedData/Build/Intermediates.noindex/SwissEphemeris.build/Debug-appletvos/SwissEphemerisTests-p.build/empty-SwissEphemerisTests.plist
WriteAuxiliaryFile /Users/admin/builder/spi-builder-workspace/.derivedData/Build/Intermediates.noindex/SwissEphemeris.build/Debug-appletvos/SwissEphemerisTests-p.build/SwissEphemerisTests.DependencyMetadataFileList (in target 'SwissEphemerisTests-product' from project 'SwissEphemeris')
cd /Users/admin/builder/spi-builder-workspace
write-file /Users/admin/builder/spi-builder-workspace/.derivedData/Build/Intermediates.noindex/SwissEphemeris.build/Debug-appletvos/SwissEphemerisTests-p.build/SwissEphemerisTests.DependencyMetadataFileList
WriteAuxiliaryFile /Users/admin/builder/spi-builder-workspace/.derivedData/Build/Intermediates.noindex/SwissEphemeris.build/Debug-appletvos/SwissEphemerisTests-p.build/Objects-normal/arm64/SwissEphemerisTests.SwiftFileList (in target 'SwissEphemerisTests-product' from project 'SwissEphemeris')
cd /Users/admin/builder/spi-builder-workspace
write-file /Users/admin/builder/spi-builder-workspace/.derivedData/Build/Intermediates.noindex/SwissEphemeris.build/Debug-appletvos/SwissEphemerisTests-p.build/Objects-normal/arm64/SwissEphemerisTests.SwiftFileList
WriteAuxiliaryFile /Users/admin/builder/spi-builder-workspace/.derivedData/Build/Intermediates.noindex/SwissEphemeris.build/Debug-appletvos/SwissEphemerisTests-p.build/Objects-normal/arm64/SwissEphemerisTests.SwiftConstValuesFileList (in target 'SwissEphemerisTests-product' from project 'SwissEphemeris')
cd /Users/admin/builder/spi-builder-workspace
write-file /Users/admin/builder/spi-builder-workspace/.derivedData/Build/Intermediates.noindex/SwissEphemeris.build/Debug-appletvos/SwissEphemerisTests-p.build/Objects-normal/arm64/SwissEphemerisTests.SwiftConstValuesFileList
WriteAuxiliaryFile /Users/admin/builder/spi-builder-workspace/.derivedData/Build/Intermediates.noindex/SwissEphemeris.build/Debug-appletvos/SwissEphemerisTests-p.build/Objects-normal/arm64/SwissEphemerisTests.LinkFileList (in target 'SwissEphemerisTests-product' from project 'SwissEphemeris')
cd /Users/admin/builder/spi-builder-workspace
write-file /Users/admin/builder/spi-builder-workspace/.derivedData/Build/Intermediates.noindex/SwissEphemeris.build/Debug-appletvos/SwissEphemerisTests-p.build/Objects-normal/arm64/SwissEphemerisTests.LinkFileList
WriteAuxiliaryFile /Users/admin/builder/spi-builder-workspace/.derivedData/Build/Intermediates.noindex/SwissEphemeris.build/Debug-appletvos/SwissEphemeris-t.build/SwissEphemeris.modulemap (in target 'SwissEphemeris' from project 'SwissEphemeris')
cd /Users/admin/builder/spi-builder-workspace
write-file /Users/admin/builder/spi-builder-workspace/.derivedData/Build/Intermediates.noindex/SwissEphemeris.build/Debug-appletvos/SwissEphemeris-t.build/SwissEphemeris.modulemap
WriteAuxiliaryFile /Users/admin/builder/spi-builder-workspace/.derivedData/Build/Intermediates.noindex/SwissEphemeris.build/Debug-appletvos/SwissEphemeris-t.build/SwissEphemeris.DependencyStaticMetadataFileList (in target 'SwissEphemeris' from project 'SwissEphemeris')
cd /Users/admin/builder/spi-builder-workspace
write-file /Users/admin/builder/spi-builder-workspace/.derivedData/Build/Intermediates.noindex/SwissEphemeris.build/Debug-appletvos/SwissEphemeris-t.build/SwissEphemeris.DependencyStaticMetadataFileList
WriteAuxiliaryFile /Users/admin/builder/spi-builder-workspace/.derivedData/Build/Intermediates.noindex/SwissEphemeris.build/Debug-appletvos/SwissEphemeris-t.build/SwissEphemeris.DependencyMetadataFileList (in target 'SwissEphemeris' from project 'SwissEphemeris')
cd /Users/admin/builder/spi-builder-workspace
write-file /Users/admin/builder/spi-builder-workspace/.derivedData/Build/Intermediates.noindex/SwissEphemeris.build/Debug-appletvos/SwissEphemeris-t.build/SwissEphemeris.DependencyMetadataFileList
WriteAuxiliaryFile /Users/admin/builder/spi-builder-workspace/.derivedData/Build/Intermediates.noindex/SwissEphemeris.build/Debug-appletvos/SwissEphemerisTests-p.build/Objects-normal-tsan/arm64/SwissEphemerisTests_const_extract_protocols.json (in target 'SwissEphemerisTests-product' from project 'SwissEphemeris')
cd /Users/admin/builder/spi-builder-workspace
write-file /Users/admin/builder/spi-builder-workspace/.derivedData/Build/Intermediates.noindex/SwissEphemeris.build/Debug-appletvos/SwissEphemerisTests-p.build/Objects-normal-tsan/arm64/SwissEphemerisTests_const_extract_protocols.json
WriteAuxiliaryFile /Users/admin/builder/spi-builder-workspace/.derivedData/Build/Intermediates.noindex/SwissEphemeris.build/Debug-appletvos/SwissEphemerisTests-p.build/Objects-normal-tsan/arm64/SwissEphemerisTests-OutputFileMap.json (in target 'SwissEphemerisTests-product' from project 'SwissEphemeris')
cd /Users/admin/builder/spi-builder-workspace
write-file /Users/admin/builder/spi-builder-workspace/.derivedData/Build/Intermediates.noindex/SwissEphemeris.build/Debug-appletvos/SwissEphemerisTests-p.build/Objects-normal-tsan/arm64/SwissEphemerisTests-OutputFileMap.json
WriteAuxiliaryFile /Users/admin/builder/spi-builder-workspace/.derivedData/Build/Intermediates.noindex/SwissEphemeris.build/Debug-appletvos/SwissEphemeris-t.build/Objects-normal/arm64/SwissEphemeris.SwiftFileList (in target 'SwissEphemeris' from project 'SwissEphemeris')
cd /Users/admin/builder/spi-builder-workspace
write-file /Users/admin/builder/spi-builder-workspace/.derivedData/Build/Intermediates.noindex/SwissEphemeris.build/Debug-appletvos/SwissEphemeris-t.build/Objects-normal/arm64/SwissEphemeris.SwiftFileList
WriteAuxiliaryFile /Users/admin/builder/spi-builder-workspace/.derivedData/Build/Intermediates.noindex/SwissEphemeris.build/Debug-appletvos/SwissEphemeris-t.build/Objects-normal/arm64/SwissEphemeris.SwiftConstValuesFileList (in target 'SwissEphemeris' from project 'SwissEphemeris')
cd /Users/admin/builder/spi-builder-workspace
write-file /Users/admin/builder/spi-builder-workspace/.derivedData/Build/Intermediates.noindex/SwissEphemeris.build/Debug-appletvos/SwissEphemeris-t.build/Objects-normal/arm64/SwissEphemeris.SwiftConstValuesFileList
WriteAuxiliaryFile /Users/admin/builder/spi-builder-workspace/.derivedData/Build/Intermediates.noindex/SwissEphemeris.build/Debug-appletvos/SwissEphemeris-t.build/Objects-normal/arm64/SwissEphemeris.LinkFileList (in target 'SwissEphemeris' from project 'SwissEphemeris')
cd /Users/admin/builder/spi-builder-workspace
write-file /Users/admin/builder/spi-builder-workspace/.derivedData/Build/Intermediates.noindex/SwissEphemeris.build/Debug-appletvos/SwissEphemeris-t.build/Objects-normal/arm64/SwissEphemeris.LinkFileList
WriteAuxiliaryFile /Users/admin/builder/spi-builder-workspace/.derivedData/Build/Intermediates.noindex/SwissEphemeris.build/Debug-appletvos/SwissEphemeris-t.build/Objects-normal-tsan/arm64/SwissEphemeris_const_extract_protocols.json (in target 'SwissEphemeris' from project 'SwissEphemeris')
cd /Users/admin/builder/spi-builder-workspace
write-file /Users/admin/builder/spi-builder-workspace/.derivedData/Build/Intermediates.noindex/SwissEphemeris.build/Debug-appletvos/SwissEphemeris-t.build/Objects-normal-tsan/arm64/SwissEphemeris_const_extract_protocols.json
WriteAuxiliaryFile /Users/admin/builder/spi-builder-workspace/.derivedData/Build/Intermediates.noindex/SwissEphemeris.build/Debug-appletvos/SwissEphemeris-t.build/Objects-normal-tsan/arm64/SwissEphemeris-OutputFileMap.json (in target 'SwissEphemeris' from project 'SwissEphemeris')
cd /Users/admin/builder/spi-builder-workspace
write-file /Users/admin/builder/spi-builder-workspace/.derivedData/Build/Intermediates.noindex/SwissEphemeris.build/Debug-appletvos/SwissEphemeris-t.build/Objects-normal-tsan/arm64/SwissEphemeris-OutputFileMap.json
WriteAuxiliaryFile /Users/admin/builder/spi-builder-workspace/.derivedData/Build/Intermediates.noindex/SwissEphemeris.build/Debug-appletvos/SwissEphemeris-t.build/DerivedSources/resource_bundle_accessor.swift (in target 'SwissEphemeris' from project 'SwissEphemeris')
cd /Users/admin/builder/spi-builder-workspace
write-file /Users/admin/builder/spi-builder-workspace/.derivedData/Build/Intermediates.noindex/SwissEphemeris.build/Debug-appletvos/SwissEphemeris-t.build/DerivedSources/resource_bundle_accessor.swift
WriteAuxiliaryFile /Users/admin/builder/spi-builder-workspace/.derivedData/Build/Intermediates.noindex/SwissEphemeris.build/Debug-appletvos/CSwissEphemeris-t.build/CSwissEphemeris.DependencyMetadataFileList (in target 'CSwissEphemeris' from project 'SwissEphemeris')
cd /Users/admin/builder/spi-builder-workspace
write-file /Users/admin/builder/spi-builder-workspace/.derivedData/Build/Intermediates.noindex/SwissEphemeris.build/Debug-appletvos/CSwissEphemeris-t.build/CSwissEphemeris.DependencyMetadataFileList
WriteAuxiliaryFile /Users/admin/builder/spi-builder-workspace/.derivedData/Build/Intermediates.noindex/SwissEphemeris.build/Debug-appletvos/CSwissEphemeris-t.build/CSwissEphemeris.DependencyStaticMetadataFileList (in target 'CSwissEphemeris' from project 'SwissEphemeris')
cd /Users/admin/builder/spi-builder-workspace
write-file /Users/admin/builder/spi-builder-workspace/.derivedData/Build/Intermediates.noindex/SwissEphemeris.build/Debug-appletvos/CSwissEphemeris-t.build/CSwissEphemeris.DependencyStaticMetadataFileList
WriteAuxiliaryFile /Users/admin/builder/spi-builder-workspace/.derivedData/Build/Intermediates.noindex/SwissEphemeris.build/Debug-appletvos/CSwissEphemeris-t.build/Objects-normal-tsan/arm64/7187679823f38a2a940e0043cdf9d637-common-args.resp (in target 'CSwissEphemeris' from project 'SwissEphemeris')
cd /Users/admin/builder/spi-builder-workspace
write-file /Users/admin/builder/spi-builder-workspace/.derivedData/Build/Intermediates.noindex/SwissEphemeris.build/Debug-appletvos/CSwissEphemeris-t.build/Objects-normal-tsan/arm64/7187679823f38a2a940e0043cdf9d637-common-args.resp
-fmodules -gmodules '-fmodules-cache-path=/Users/admin/builder/spi-builder-workspace/.derivedData/ModuleCache.noindex' '-fmodule-name=CSwissEphemeris' -fpascal-strings -O0 -DSWIFT_PACKAGE '-DDEBUG=1' -g -fprofile-instr-generate -fcoverage-mapping '-fsanitize=thread' -I/Users/admin/builder/spi-builder-workspace/.derivedData/Build/Products/Debug-appletvos/include -I/Users/admin/builder/spi-builder-workspace/Sources/CSwissEphemeris/include -I/Users/admin/builder/spi-builder-workspace/.derivedData/Build/Intermediates.noindex/SwissEphemeris.build/Debug-appletvos/CSwissEphemeris-t.build/DerivedSources-normal/arm64 -I/Users/admin/builder/spi-builder-workspace/.derivedData/Build/Intermediates.noindex/SwissEphemeris.build/Debug-appletvos/CSwissEphemeris-t.build/DerivedSources/arm64 -I/Users/admin/builder/spi-builder-workspace/.derivedData/Build/Intermediates.noindex/SwissEphemeris.build/Debug-appletvos/CSwissEphemeris-t.build/DerivedSources -F/Users/admin/builder/spi-builder-workspace/.derivedData/Build/Products/Debug-appletvos -iframework /Applications/Xcode-27.0.0-Release.Candidate.app/Contents/Developer/Platforms/AppleTVOS.platform/Developer/Library/Frameworks -iframework /Applications/Xcode-27.0.0-Release.Candidate.app/Contents/Developer/Platforms/AppleTVOS.platform/Developer/SDKs/AppleTVOS27.0.sdk/Developer/Library/Frameworks -DXcode
WriteAuxiliaryFile /Users/admin/builder/spi-builder-workspace/.derivedData/Build/Intermediates.noindex/SwissEphemeris.build/Debug-appletvos/CSwissEphemeris-t.build/Objects-normal/arm64/CSwissEphemeris.LinkFileList (in target 'CSwissEphemeris' from project 'SwissEphemeris')
cd /Users/admin/builder/spi-builder-workspace
write-file /Users/admin/builder/spi-builder-workspace/.derivedData/Build/Intermediates.noindex/SwissEphemeris.build/Debug-appletvos/CSwissEphemeris-t.build/Objects-normal/arm64/CSwissEphemeris.LinkFileList
Copy /Users/admin/builder/spi-builder-workspace/.derivedData/Build/Intermediates.noindex/GeneratedModuleMaps-appletvos/SwissEphemeris.modulemap /Users/admin/builder/spi-builder-workspace/.derivedData/Build/Intermediates.noindex/SwissEphemeris.build/Debug-appletvos/SwissEphemeris-t.build/SwissEphemeris.modulemap (in target 'SwissEphemeris' from project 'SwissEphemeris')
cd /Users/admin/builder/spi-builder-workspace
builtin-copy -exclude .DS_Store -exclude CVS -exclude .svn -exclude .git -exclude .hg -resolve-src-symlinks /Users/admin/builder/spi-builder-workspace/.derivedData/Build/Intermediates.noindex/SwissEphemeris.build/Debug-appletvos/SwissEphemeris-t.build/SwissEphemeris.modulemap /Users/admin/builder/spi-builder-workspace/.derivedData/Build/Intermediates.noindex/GeneratedModuleMaps-appletvos
MkDir /Users/admin/builder/spi-builder-workspace/.derivedData/Build/Products/Debug-appletvos/SwissEphemerisTests.xctest (in target 'SwissEphemerisTests-product' from project 'SwissEphemeris')
cd /Users/admin/builder/spi-builder-workspace
/bin/mkdir -p /Users/admin/builder/spi-builder-workspace/.derivedData/Build/Products/Debug-appletvos/SwissEphemerisTests.xctest
ProcessInfoPlistFile /Users/admin/builder/spi-builder-workspace/.derivedData/Build/Products/Debug-appletvos/SwissEphemeris_SwissEphemeris.bundle/Info.plist /Users/admin/builder/spi-builder-workspace/.derivedData/Build/Intermediates.noindex/SwissEphemeris.build/Debug-appletvos/SwissEphemeris_SwissEphemeris-b.build/empty-SwissEphemeris_SwissEphemeris.plist (in target 'SwissEphemeris_SwissEphemeris' from project 'SwissEphemeris')
cd /Users/admin/builder/spi-builder-workspace
builtin-infoPlistUtility /Users/admin/builder/spi-builder-workspace/.derivedData/Build/Intermediates.noindex/SwissEphemeris.build/Debug-appletvos/SwissEphemeris_SwissEphemeris-b.build/empty-SwissEphemeris_SwissEphemeris.plist -producttype com.apple.product-type.bundle -expandbuildsettings -format binary -platform appletvos -o /Users/admin/builder/spi-builder-workspace/.derivedData/Build/Products/Debug-appletvos/SwissEphemeris_SwissEphemeris.bundle/Info.plist
CpResource /Users/admin/builder/spi-builder-workspace/.derivedData/Build/Products/Debug-appletvos/SwissEphemeris_SwissEphemeris.bundle/sweph.sln /Users/admin/builder/spi-builder-workspace/Sources/SwissEphemeris/JPL/sweph.sln (in target 'SwissEphemeris_SwissEphemeris' from project 'SwissEphemeris')
cd /Users/admin/builder/spi-builder-workspace
builtin-copy -exclude .DS_Store -exclude CVS -exclude .svn -exclude .git -exclude .hg -resolve-src-symlinks /Users/admin/builder/spi-builder-workspace/Sources/SwissEphemeris/JPL/sweph.sln /Users/admin/builder/spi-builder-workspace/.derivedData/Build/Products/Debug-appletvos/SwissEphemeris_SwissEphemeris.bundle
CpResource /Users/admin/builder/spi-builder-workspace/.derivedData/Build/Products/Debug-appletvos/SwissEphemeris_SwissEphemeris.bundle/swedecl64.txt /Users/admin/builder/spi-builder-workspace/Sources/SwissEphemeris/JPL/swedecl64.txt (in target 'SwissEphemeris_SwissEphemeris' from project 'SwissEphemeris')
cd /Users/admin/builder/spi-builder-workspace
builtin-copy -exclude .DS_Store -exclude CVS -exclude .svn -exclude .git -exclude .hg -resolve-src-symlinks /Users/admin/builder/spi-builder-workspace/Sources/SwissEphemeris/JPL/swedecl64.txt /Users/admin/builder/spi-builder-workspace/.derivedData/Build/Products/Debug-appletvos/SwissEphemeris_SwissEphemeris.bundle
CpResource /Users/admin/builder/spi-builder-workspace/.derivedData/Build/Products/Debug-appletvos/SwissEphemeris_SwissEphemeris.bundle/swedecl.txt /Users/admin/builder/spi-builder-workspace/Sources/SwissEphemeris/JPL/swedecl.txt (in target 'SwissEphemeris_SwissEphemeris' from project 'SwissEphemeris')
cd /Users/admin/builder/spi-builder-workspace
builtin-copy -exclude .DS_Store -exclude CVS -exclude .svn -exclude .git -exclude .hg -resolve-src-symlinks /Users/admin/builder/spi-builder-workspace/Sources/SwissEphemeris/JPL/swedecl.txt /Users/admin/builder/spi-builder-workspace/.derivedData/Build/Products/Debug-appletvos/SwissEphemeris_SwissEphemeris.bundle
CpResource /Users/admin/builder/spi-builder-workspace/.derivedData/Build/Products/Debug-appletvos/SwissEphemeris_SwissEphemeris.bundle/sepl_18.se1 /Users/admin/builder/spi-builder-workspace/Sources/SwissEphemeris/JPL/sepl_18.se1 (in target 'SwissEphemeris_SwissEphemeris' from project 'SwissEphemeris')
cd /Users/admin/builder/spi-builder-workspace
builtin-copy -exclude .DS_Store -exclude CVS -exclude .svn -exclude .git -exclude .hg -resolve-src-symlinks /Users/admin/builder/spi-builder-workspace/Sources/SwissEphemeris/JPL/sepl_18.se1 /Users/admin/builder/spi-builder-workspace/.derivedData/Build/Products/Debug-appletvos/SwissEphemeris_SwissEphemeris.bundle
CpResource /Users/admin/builder/spi-builder-workspace/.derivedData/Build/Products/Debug-appletvos/SwissEphemeris_SwissEphemeris.bundle/seorbel.txt /Users/admin/builder/spi-builder-workspace/Sources/SwissEphemeris/JPL/seorbel.txt (in target 'SwissEphemeris_SwissEphemeris' from project 'SwissEphemeris')
cd /Users/admin/builder/spi-builder-workspace
builtin-copy -exclude .DS_Store -exclude CVS -exclude .svn -exclude .git -exclude .hg -resolve-src-symlinks /Users/admin/builder/spi-builder-workspace/Sources/SwissEphemeris/JPL/seorbel.txt /Users/admin/builder/spi-builder-workspace/.derivedData/Build/Products/Debug-appletvos/SwissEphemeris_SwissEphemeris.bundle
CpResource /Users/admin/builder/spi-builder-workspace/.derivedData/Build/Products/Debug-appletvos/SwissEphemeris_SwissEphemeris.bundle/semo_18.se1 /Users/admin/builder/spi-builder-workspace/Sources/SwissEphemeris/JPL/semo_18.se1 (in target 'SwissEphemeris_SwissEphemeris' from project 'SwissEphemeris')
cd /Users/admin/builder/spi-builder-workspace
builtin-copy -exclude .DS_Store -exclude CVS -exclude .svn -exclude .git -exclude .hg -resolve-src-symlinks /Users/admin/builder/spi-builder-workspace/Sources/SwissEphemeris/JPL/semo_18.se1 /Users/admin/builder/spi-builder-workspace/.derivedData/Build/Products/Debug-appletvos/SwissEphemeris_SwissEphemeris.bundle
CpResource /Users/admin/builder/spi-builder-workspace/.derivedData/Build/Products/Debug-appletvos/SwissEphemeris_SwissEphemeris.bundle/seleapsec.txt /Users/admin/builder/spi-builder-workspace/Sources/SwissEphemeris/JPL/seleapsec.txt (in target 'SwissEphemeris_SwissEphemeris' from project 'SwissEphemeris')
cd /Users/admin/builder/spi-builder-workspace
builtin-copy -exclude .DS_Store -exclude CVS -exclude .svn -exclude .git -exclude .hg -resolve-src-symlinks /Users/admin/builder/spi-builder-workspace/Sources/SwissEphemeris/JPL/seleapsec.txt /Users/admin/builder/spi-builder-workspace/.derivedData/Build/Products/Debug-appletvos/SwissEphemeris_SwissEphemeris.bundle
CpResource /Users/admin/builder/spi-builder-workspace/.derivedData/Build/Products/Debug-appletvos/SwissEphemeris_SwissEphemeris.bundle/sefstars.txt /Users/admin/builder/spi-builder-workspace/Sources/SwissEphemeris/JPL/sefstars.txt (in target 'SwissEphemeris_SwissEphemeris' from project 'SwissEphemeris')
cd /Users/admin/builder/spi-builder-workspace
builtin-copy -exclude .DS_Store -exclude CVS -exclude .svn -exclude .git -exclude .hg -resolve-src-symlinks /Users/admin/builder/spi-builder-workspace/Sources/SwissEphemeris/JPL/sefstars.txt /Users/admin/builder/spi-builder-workspace/.derivedData/Build/Products/Debug-appletvos/SwissEphemeris_SwissEphemeris.bundle
CpResource /Users/admin/builder/spi-builder-workspace/.derivedData/Build/Products/Debug-appletvos/SwissEphemeris_SwissEphemeris.bundle/sedeltat.txt.inactive /Users/admin/builder/spi-builder-workspace/Sources/SwissEphemeris/JPL/sedeltat.txt.inactive (in target 'SwissEphemeris_SwissEphemeris' from project 'SwissEphemeris')
cd /Users/admin/builder/spi-builder-workspace
builtin-copy -exclude .DS_Store -exclude CVS -exclude .svn -exclude .git -exclude .hg -resolve-src-symlinks /Users/admin/builder/spi-builder-workspace/Sources/SwissEphemeris/JPL/sedeltat.txt.inactive /Users/admin/builder/spi-builder-workspace/.derivedData/Build/Products/Debug-appletvos/SwissEphemeris_SwissEphemeris.bundle
CpResource /Users/admin/builder/spi-builder-workspace/.derivedData/Build/Products/Debug-appletvos/SwissEphemeris_SwissEphemeris.bundle/seas_18.se1 /Users/admin/builder/spi-builder-workspace/Sources/SwissEphemeris/JPL/seas_18.se1 (in target 'SwissEphemeris_SwissEphemeris' from project 'SwissEphemeris')
cd /Users/admin/builder/spi-builder-workspace
builtin-copy -exclude .DS_Store -exclude CVS -exclude .svn -exclude .git -exclude .hg -resolve-src-symlinks /Users/admin/builder/spi-builder-workspace/Sources/SwissEphemeris/JPL/seas_18.se1 /Users/admin/builder/spi-builder-workspace/.derivedData/Build/Products/Debug-appletvos/SwissEphemeris_SwissEphemeris.bundle
CpResource /Users/admin/builder/spi-builder-workspace/.derivedData/Build/Products/Debug-appletvos/SwissEphemeris_SwissEphemeris.bundle/ast_list.txt /Users/admin/builder/spi-builder-workspace/Sources/SwissEphemeris/JPL/ast_list.txt (in target 'SwissEphemeris_SwissEphemeris' from project 'SwissEphemeris')
cd /Users/admin/builder/spi-builder-workspace
builtin-copy -exclude .DS_Store -exclude CVS -exclude .svn -exclude .git -exclude .hg -resolve-src-symlinks /Users/admin/builder/spi-builder-workspace/Sources/SwissEphemeris/JPL/ast_list.txt /Users/admin/builder/spi-builder-workspace/.derivedData/Build/Products/Debug-appletvos/SwissEphemeris_SwissEphemeris.bundle
RegisterExecutionPolicyException /Users/admin/builder/spi-builder-workspace/.derivedData/Build/Products/Debug-appletvos/SwissEphemeris_SwissEphemeris.bundle (in target 'SwissEphemeris_SwissEphemeris' from project 'SwissEphemeris')
cd /Users/admin/builder/spi-builder-workspace
builtin-RegisterExecutionPolicyException /Users/admin/builder/spi-builder-workspace/.derivedData/Build/Products/Debug-appletvos/SwissEphemeris_SwissEphemeris.bundle
Touch /Users/admin/builder/spi-builder-workspace/.derivedData/Build/Products/Debug-appletvos/SwissEphemeris_SwissEphemeris.bundle (in target 'SwissEphemeris_SwissEphemeris' from project 'SwissEphemeris')
cd /Users/admin/builder/spi-builder-workspace
/usr/bin/touch -c /Users/admin/builder/spi-builder-workspace/.derivedData/Build/Products/Debug-appletvos/SwissEphemeris_SwissEphemeris.bundle
ScanDependencies /Users/admin/builder/spi-builder-workspace/.derivedData/Build/Intermediates.noindex/SwissEphemeris.build/Debug-appletvos/CSwissEphemeris-t.build/Objects-normal-tsan/arm64/sweph.o /Users/admin/builder/spi-builder-workspace/Sources/CSwissEphemeris/sweph/src/sweph.c normal arm64 c com.apple.compilers.llvm.clang.1_0.compiler (in target 'CSwissEphemeris' from project 'SwissEphemeris')
cd /Users/admin/builder/spi-builder-workspace/.swiftpm/xcode
Using response file: /Users/admin/builder/spi-builder-workspace/.derivedData/Build/Intermediates.noindex/SwissEphemeris.build/Debug-appletvos/CSwissEphemeris-t.build/Objects-normal-tsan/arm64/7187679823f38a2a940e0043cdf9d637-common-args.resp
builtin-ScanDependencies -o /Users/admin/builder/spi-builder-workspace/.derivedData/Build/Intermediates.noindex/SwissEphemeris.build/Debug-appletvos/CSwissEphemeris-t.build/Objects-normal-tsan/arm64/sweph.o.scan -- /Applications/Xcode-27.0.0-Release.Candidate.app/Contents/Developer/Toolchains/XcodeDefault.xctoolchain/usr/bin/clang -x c -ivfsstatcache /Users/admin/builder/spi-builder-workspace/.derivedData/SDKStatCaches.noindex/appletvos27.0-24J360-e829b21a6f8c9b70876ba0858053c044b32bfd8d43560033f8d89884cdb90028.sdkstatcache -target arm64-apple-tvos15.0 -fmessage-length\=0 -fdiagnostics-show-note-include-stack -fmacro-backtrace-limit\=0 -fno-color-diagnostics -fmodules-prune-interval\=86400 -fmodules-prune-after\=345600 -fbuild-session-file\=/Users/admin/builder/spi-builder-workspace/.derivedData/ModuleCache.noindex/Session.modulevalidation -fmodules-validate-once-per-build-session -Wnon-modular-include-in-framework-module -Werror\=non-modular-include-in-framework-module -Wno-trigraphs -Wno-missing-field-initializers -Wno-missing-prototypes -Wno-return-type -Wno-missing-braces -Wparentheses -Wswitch -Wno-unused-function -Wno-unused-label -Wno-unused-parameter -Wno-unused-variable -Wunused-value -Wno-empty-body -Wno-uninitialized -Wno-unknown-pragmas -Wno-shadow -Wno-four-char-constants -Wno-conversion -Wno-constant-conversion -Wno-int-conversion -Wno-bool-conversion -Wno-enum-conversion -Wno-float-conversion -Wno-non-literal-null-conversion -Wno-objc-literal-conversion -Wshorten-64-to-32 -Wpointer-sign -Wno-newline-eof -Wno-implicit-fallthrough -isysroot /Applications/Xcode-27.0.0-Release.Candidate.app/Contents/Developer/Platforms/AppleTVOS.platform/Developer/SDKs/AppleTVOS27.0.sdk -fstrict-aliasing -Wdeprecated-declarations -Wno-sign-conversion -Wno-infinite-recursion -Wno-comma -Wno-block-capture-autoreleasing -Wno-strict-prototypes -Wno-semicolon-before-method-body -index-store-path /Users/admin/builder/spi-builder-workspace/.derivedData/Index.noindex/DataStore @/Users/admin/builder/spi-builder-workspace/.derivedData/Build/Intermediates.noindex/SwissEphemeris.build/Debug-appletvos/CSwissEphemeris-t.build/Objects-normal-tsan/arm64/7187679823f38a2a940e0043cdf9d637-common-args.resp -MMD -MT dependencies -MF /Users/admin/builder/spi-builder-workspace/.derivedData/Build/Intermediates.noindex/SwissEphemeris.build/Debug-appletvos/CSwissEphemeris-t.build/Objects-normal-tsan/arm64/sweph.d --serialize-diagnostics /Users/admin/builder/spi-builder-workspace/.derivedData/Build/Intermediates.noindex/SwissEphemeris.build/Debug-appletvos/CSwissEphemeris-t.build/Objects-normal-tsan/arm64/sweph.dia -c /Users/admin/builder/spi-builder-workspace/Sources/CSwissEphemeris/sweph/src/sweph.c -o /Users/admin/builder/spi-builder-workspace/.derivedData/Build/Intermediates.noindex/SwissEphemeris.build/Debug-appletvos/CSwissEphemeris-t.build/Objects-normal-tsan/arm64/sweph.o -index-unit-output-path /SwissEphemeris.build/Debug-appletvos/CSwissEphemeris-t.build/Objects-normal-tsan/arm64/sweph.o
error: unsupported option '-fsanitize=thread' for target 'arm64-apple-tvos15.0' (in target 'CSwissEphemeris' from project 'SwissEphemeris')
ScanDependencies /Users/admin/builder/spi-builder-workspace/.derivedData/Build/Intermediates.noindex/SwissEphemeris.build/Debug-appletvos/CSwissEphemeris-t.build/Objects-normal-tsan/arm64/swephlib.o /Users/admin/builder/spi-builder-workspace/Sources/CSwissEphemeris/sweph/src/swephlib.c normal arm64 c com.apple.compilers.llvm.clang.1_0.compiler (in target 'CSwissEphemeris' from project 'SwissEphemeris')
cd /Users/admin/builder/spi-builder-workspace/.swiftpm/xcode
Using response file: /Users/admin/builder/spi-builder-workspace/.derivedData/Build/Intermediates.noindex/SwissEphemeris.build/Debug-appletvos/CSwissEphemeris-t.build/Objects-normal-tsan/arm64/7187679823f38a2a940e0043cdf9d637-common-args.resp
builtin-ScanDependencies -o /Users/admin/builder/spi-builder-workspace/.derivedData/Build/Intermediates.noindex/SwissEphemeris.build/Debug-appletvos/CSwissEphemeris-t.build/Objects-normal-tsan/arm64/swephlib.o.scan -- /Applications/Xcode-27.0.0-Release.Candidate.app/Contents/Developer/Toolchains/XcodeDefault.xctoolchain/usr/bin/clang -x c -ivfsstatcache /Users/admin/builder/spi-builder-workspace/.derivedData/SDKStatCaches.noindex/appletvos27.0-24J360-e829b21a6f8c9b70876ba0858053c044b32bfd8d43560033f8d89884cdb90028.sdkstatcache -target arm64-apple-tvos15.0 -fmessage-length\=0 -fdiagnostics-show-note-include-stack -fmacro-backtrace-limit\=0 -fno-color-diagnostics -fmodules-prune-interval\=86400 -fmodules-prune-after\=345600 -fbuild-session-file\=/Users/admin/builder/spi-builder-workspace/.derivedData/ModuleCache.noindex/Session.modulevalidation -fmodules-validate-once-per-build-session -Wnon-modular-include-in-framework-module -Werror\=non-modular-include-in-framework-module -Wno-trigraphs -Wno-missing-field-initializers -Wno-missing-prototypes -Wno-return-type -Wno-missing-braces -Wparentheses -Wswitch -Wno-unused-function -Wno-unused-label -Wno-unused-parameter -Wno-unused-variable -Wunused-value -Wno-empty-body -Wno-uninitialized -Wno-unknown-pragmas -Wno-shadow -Wno-four-char-constants -Wno-conversion -Wno-constant-conversion -Wno-int-conversion -Wno-bool-conversion -Wno-enum-conversion -Wno-float-conversion -Wno-non-literal-null-conversion -Wno-objc-literal-conversion -Wshorten-64-to-32 -Wpointer-sign -Wno-newline-eof -Wno-implicit-fallthrough -isysroot /Applications/Xcode-27.0.0-Release.Candidate.app/Contents/Developer/Platforms/AppleTVOS.platform/Developer/SDKs/AppleTVOS27.0.sdk -fstrict-aliasing -Wdeprecated-declarations -Wno-sign-conversion -Wno-infinite-recursion -Wno-comma -Wno-block-capture-autoreleasing -Wno-strict-prototypes -Wno-semicolon-before-method-body -index-store-path /Users/admin/builder/spi-builder-workspace/.derivedData/Index.noindex/DataStore @/Users/admin/builder/spi-builder-workspace/.derivedData/Build/Intermediates.noindex/SwissEphemeris.build/Debug-appletvos/CSwissEphemeris-t.build/Objects-normal-tsan/arm64/7187679823f38a2a940e0043cdf9d637-common-args.resp -MMD -MT dependencies -MF /Users/admin/builder/spi-builder-workspace/.derivedData/Build/Intermediates.noindex/SwissEphemeris.build/Debug-appletvos/CSwissEphemeris-t.build/Objects-normal-tsan/arm64/swephlib.d --serialize-diagnostics /Users/admin/builder/spi-builder-workspace/.derivedData/Build/Intermediates.noindex/SwissEphemeris.build/Debug-appletvos/CSwissEphemeris-t.build/Objects-normal-tsan/arm64/swephlib.dia -c /Users/admin/builder/spi-builder-workspace/Sources/CSwissEphemeris/sweph/src/swephlib.c -o /Users/admin/builder/spi-builder-workspace/.derivedData/Build/Intermediates.noindex/SwissEphemeris.build/Debug-appletvos/CSwissEphemeris-t.build/Objects-normal-tsan/arm64/swephlib.o -index-unit-output-path /SwissEphemeris.build/Debug-appletvos/CSwissEphemeris-t.build/Objects-normal-tsan/arm64/swephlib.o
error: unsupported option '-fsanitize=thread' for target 'arm64-apple-tvos15.0' (in target 'CSwissEphemeris' from project 'SwissEphemeris')
ScanDependencies /Users/admin/builder/spi-builder-workspace/.derivedData/Build/Intermediates.noindex/SwissEphemeris.build/Debug-appletvos/CSwissEphemeris-t.build/Objects-normal-tsan/arm64/swemplan.o /Users/admin/builder/spi-builder-workspace/Sources/CSwissEphemeris/sweph/src/swemplan.c normal arm64 c com.apple.compilers.llvm.clang.1_0.compiler (in target 'CSwissEphemeris' from project 'SwissEphemeris')
cd /Users/admin/builder/spi-builder-workspace/.swiftpm/xcode
Using response file: /Users/admin/builder/spi-builder-workspace/.derivedData/Build/Intermediates.noindex/SwissEphemeris.build/Debug-appletvos/CSwissEphemeris-t.build/Objects-normal-tsan/arm64/7187679823f38a2a940e0043cdf9d637-common-args.resp
builtin-ScanDependencies -o /Users/admin/builder/spi-builder-workspace/.derivedData/Build/Intermediates.noindex/SwissEphemeris.build/Debug-appletvos/CSwissEphemeris-t.build/Objects-normal-tsan/arm64/swemplan.o.scan -- /Applications/Xcode-27.0.0-Release.Candidate.app/Contents/Developer/Toolchains/XcodeDefault.xctoolchain/usr/bin/clang -x c -ivfsstatcache /Users/admin/builder/spi-builder-workspace/.derivedData/SDKStatCaches.noindex/appletvos27.0-24J360-e829b21a6f8c9b70876ba0858053c044b32bfd8d43560033f8d89884cdb90028.sdkstatcache -target arm64-apple-tvos15.0 -fmessage-length\=0 -fdiagnostics-show-note-include-stack -fmacro-backtrace-limit\=0 -fno-color-diagnostics -fmodules-prune-interval\=86400 -fmodules-prune-after\=345600 -fbuild-session-file\=/Users/admin/builder/spi-builder-workspace/.derivedData/ModuleCache.noindex/Session.modulevalidation -fmodules-validate-once-per-build-session -Wnon-modular-include-in-framework-module -Werror\=non-modular-include-in-framework-module -Wno-trigraphs -Wno-missing-field-initializers -Wno-missing-prototypes -Wno-return-type -Wno-missing-braces -Wparentheses -Wswitch -Wno-unused-function -Wno-unused-label -Wno-unused-parameter -Wno-unused-variable -Wunused-value -Wno-empty-body -Wno-uninitialized -Wno-unknown-pragmas -Wno-shadow -Wno-four-char-constants -Wno-conversion -Wno-constant-conversion -Wno-int-conversion -Wno-bool-conversion -Wno-enum-conversion -Wno-float-conversion -Wno-non-literal-null-conversion -Wno-objc-literal-conversion -Wshorten-64-to-32 -Wpointer-sign -Wno-newline-eof -Wno-implicit-fallthrough -isysroot /Applications/Xcode-27.0.0-Release.Candidate.app/Contents/Developer/Platforms/AppleTVOS.platform/Developer/SDKs/AppleTVOS27.0.sdk -fstrict-aliasing -Wdeprecated-declarations -Wno-sign-conversion -Wno-infinite-recursion -Wno-comma -Wno-block-capture-autoreleasing -Wno-strict-prototypes -Wno-semicolon-before-method-body -index-store-path /Users/admin/builder/spi-builder-workspace/.derivedData/Index.noindex/DataStore @/Users/admin/builder/spi-builder-workspace/.derivedData/Build/Intermediates.noindex/SwissEphemeris.build/Debug-appletvos/CSwissEphemeris-t.build/Objects-normal-tsan/arm64/7187679823f38a2a940e0043cdf9d637-common-args.resp -MMD -MT dependencies -MF /Users/admin/builder/spi-builder-workspace/.derivedData/Build/Intermediates.noindex/SwissEphemeris.build/Debug-appletvos/CSwissEphemeris-t.build/Objects-normal-tsan/arm64/swemplan.d --serialize-diagnostics /Users/admin/builder/spi-builder-workspace/.derivedData/Build/Intermediates.noindex/SwissEphemeris.build/Debug-appletvos/CSwissEphemeris-t.build/Objects-normal-tsan/arm64/swemplan.dia -c /Users/admin/builder/spi-builder-workspace/Sources/CSwissEphemeris/sweph/src/swemplan.c -o /Users/admin/builder/spi-builder-workspace/.derivedData/Build/Intermediates.noindex/SwissEphemeris.build/Debug-appletvos/CSwissEphemeris-t.build/Objects-normal-tsan/arm64/swemplan.o -index-unit-output-path /SwissEphemeris.build/Debug-appletvos/CSwissEphemeris-t.build/Objects-normal-tsan/arm64/swemplan.o
error: unsupported option '-fsanitize=thread' for target 'arm64-apple-tvos15.0' (in target 'CSwissEphemeris' from project 'SwissEphemeris')
ScanDependencies /Users/admin/builder/spi-builder-workspace/.derivedData/Build/Intermediates.noindex/SwissEphemeris.build/Debug-appletvos/CSwissEphemeris-t.build/Objects-normal-tsan/arm64/swemmoon.o /Users/admin/builder/spi-builder-workspace/Sources/CSwissEphemeris/sweph/src/swemmoon.c normal arm64 c com.apple.compilers.llvm.clang.1_0.compiler (in target 'CSwissEphemeris' from project 'SwissEphemeris')
cd /Users/admin/builder/spi-builder-workspace/.swiftpm/xcode
Using response file: /Users/admin/builder/spi-builder-workspace/.derivedData/Build/Intermediates.noindex/SwissEphemeris.build/Debug-appletvos/CSwissEphemeris-t.build/Objects-normal-tsan/arm64/7187679823f38a2a940e0043cdf9d637-common-args.resp
builtin-ScanDependencies -o /Users/admin/builder/spi-builder-workspace/.derivedData/Build/Intermediates.noindex/SwissEphemeris.build/Debug-appletvos/CSwissEphemeris-t.build/Objects-normal-tsan/arm64/swemmoon.o.scan -- /Applications/Xcode-27.0.0-Release.Candidate.app/Contents/Developer/Toolchains/XcodeDefault.xctoolchain/usr/bin/clang -x c -ivfsstatcache /Users/admin/builder/spi-builder-workspace/.derivedData/SDKStatCaches.noindex/appletvos27.0-24J360-e829b21a6f8c9b70876ba0858053c044b32bfd8d43560033f8d89884cdb90028.sdkstatcache -target arm64-apple-tvos15.0 -fmessage-length\=0 -fdiagnostics-show-note-include-stack -fmacro-backtrace-limit\=0 -fno-color-diagnostics -fmodules-prune-interval\=86400 -fmodules-prune-after\=345600 -fbuild-session-file\=/Users/admin/builder/spi-builder-workspace/.derivedData/ModuleCache.noindex/Session.modulevalidation -fmodules-validate-once-per-build-session -Wnon-modular-include-in-framework-module -Werror\=non-modular-include-in-framework-module -Wno-trigraphs -Wno-missing-field-initializers -Wno-missing-prototypes -Wno-return-type -Wno-missing-braces -Wparentheses -Wswitch -Wno-unused-function -Wno-unused-label -Wno-unused-parameter -Wno-unused-variable -Wunused-value -Wno-empty-body -Wno-uninitialized -Wno-unknown-pragmas -Wno-shadow -Wno-four-char-constants -Wno-conversion -Wno-constant-conversion -Wno-int-conversion -Wno-bool-conversion -Wno-enum-conversion -Wno-float-conversion -Wno-non-literal-null-conversion -Wno-objc-literal-conversion -Wshorten-64-to-32 -Wpointer-sign -Wno-newline-eof -Wno-implicit-fallthrough -isysroot /Applications/Xcode-27.0.0-Release.Candidate.app/Contents/Developer/Platforms/AppleTVOS.platform/Developer/SDKs/AppleTVOS27.0.sdk -fstrict-aliasing -Wdeprecated-declarations -Wno-sign-conversion -Wno-infinite-recursion -Wno-comma -Wno-block-capture-autoreleasing -Wno-strict-prototypes -Wno-semicolon-before-method-body -index-store-path /Users/admin/builder/spi-builder-workspace/.derivedData/Index.noindex/DataStore @/Users/admin/builder/spi-builder-workspace/.derivedData/Build/Intermediates.noindex/SwissEphemeris.build/Debug-appletvos/CSwissEphemeris-t.build/Objects-normal-tsan/arm64/7187679823f38a2a940e0043cdf9d637-common-args.resp -MMD -MT dependencies -MF /Users/admin/builder/spi-builder-workspace/.derivedData/Build/Intermediates.noindex/SwissEphemeris.build/Debug-appletvos/CSwissEphemeris-t.build/Objects-normal-tsan/arm64/swemmoon.d --serialize-diagnostics /Users/admin/builder/spi-builder-workspace/.derivedData/Build/Intermediates.noindex/SwissEphemeris.build/Debug-appletvos/CSwissEphemeris-t.build/Objects-normal-tsan/arm64/swemmoon.dia -c /Users/admin/builder/spi-builder-workspace/Sources/CSwissEphemeris/sweph/src/swemmoon.c -o /Users/admin/builder/spi-builder-workspace/.derivedData/Build/Intermediates.noindex/SwissEphemeris.build/Debug-appletvos/CSwissEphemeris-t.build/Objects-normal-tsan/arm64/swemmoon.o -index-unit-output-path /SwissEphemeris.build/Debug-appletvos/CSwissEphemeris-t.build/Objects-normal-tsan/arm64/swemmoon.o
error: unsupported option '-fsanitize=thread' for target 'arm64-apple-tvos15.0' (in target 'CSwissEphemeris' from project 'SwissEphemeris')
ScanDependencies /Users/admin/builder/spi-builder-workspace/.derivedData/Build/Intermediates.noindex/SwissEphemeris.build/Debug-appletvos/CSwissEphemeris-t.build/Objects-normal-tsan/arm64/swejpl.o /Users/admin/builder/spi-builder-workspace/Sources/CSwissEphemeris/sweph/src/swejpl.c normal arm64 c com.apple.compilers.llvm.clang.1_0.compiler (in target 'CSwissEphemeris' from project 'SwissEphemeris')
cd /Users/admin/builder/spi-builder-workspace/.swiftpm/xcode
Using response file: /Users/admin/builder/spi-builder-workspace/.derivedData/Build/Intermediates.noindex/SwissEphemeris.build/Debug-appletvos/CSwissEphemeris-t.build/Objects-normal-tsan/arm64/7187679823f38a2a940e0043cdf9d637-common-args.resp
builtin-ScanDependencies -o /Users/admin/builder/spi-builder-workspace/.derivedData/Build/Intermediates.noindex/SwissEphemeris.build/Debug-appletvos/CSwissEphemeris-t.build/Objects-normal-tsan/arm64/swejpl.o.scan -- /Applications/Xcode-27.0.0-Release.Candidate.app/Contents/Developer/Toolchains/XcodeDefault.xctoolchain/usr/bin/clang -x c -ivfsstatcache /Users/admin/builder/spi-builder-workspace/.derivedData/SDKStatCaches.noindex/appletvos27.0-24J360-e829b21a6f8c9b70876ba0858053c044b32bfd8d43560033f8d89884cdb90028.sdkstatcache -target arm64-apple-tvos15.0 -fmessage-length\=0 -fdiagnostics-show-note-include-stack -fmacro-backtrace-limit\=0 -fno-color-diagnostics -fmodules-prune-interval\=86400 -fmodules-prune-after\=345600 -fbuild-session-file\=/Users/admin/builder/spi-builder-workspace/.derivedData/ModuleCache.noindex/Session.modulevalidation -fmodules-validate-once-per-build-session -Wnon-modular-include-in-framework-module -Werror\=non-modular-include-in-framework-module -Wno-trigraphs -Wno-missing-field-initializers -Wno-missing-prototypes -Wno-return-type -Wno-missing-braces -Wparentheses -Wswitch -Wno-unused-function -Wno-unused-label -Wno-unused-parameter -Wno-unused-variable -Wunused-value -Wno-empty-body -Wno-uninitialized -Wno-unknown-pragmas -Wno-shadow -Wno-four-char-constants -Wno-conversion -Wno-constant-conversion -Wno-int-conversion -Wno-bool-conversion -Wno-enum-conversion -Wno-float-conversion -Wno-non-literal-null-conversion -Wno-objc-literal-conversion -Wshorten-64-to-32 -Wpointer-sign -Wno-newline-eof -Wno-implicit-fallthrough -isysroot /Applications/Xcode-27.0.0-Release.Candidate.app/Contents/Developer/Platforms/AppleTVOS.platform/Developer/SDKs/AppleTVOS27.0.sdk -fstrict-aliasing -Wdeprecated-declarations -Wno-sign-conversion -Wno-infinite-recursion -Wno-comma -Wno-block-capture-autoreleasing -Wno-strict-prototypes -Wno-semicolon-before-method-body -index-store-path /Users/admin/builder/spi-builder-workspace/.derivedData/Index.noindex/DataStore @/Users/admin/builder/spi-builder-workspace/.derivedData/Build/Intermediates.noindex/SwissEphemeris.build/Debug-appletvos/CSwissEphemeris-t.build/Objects-normal-tsan/arm64/7187679823f38a2a940e0043cdf9d637-common-args.resp -MMD -MT dependencies -MF /Users/admin/builder/spi-builder-workspace/.derivedData/Build/Intermediates.noindex/SwissEphemeris.build/Debug-appletvos/CSwissEphemeris-t.build/Objects-normal-tsan/arm64/swejpl.d --serialize-diagnostics /Users/admin/builder/spi-builder-workspace/.derivedData/Build/Intermediates.noindex/SwissEphemeris.build/Debug-appletvos/CSwissEphemeris-t.build/Objects-normal-tsan/arm64/swejpl.dia -c /Users/admin/builder/spi-builder-workspace/Sources/CSwissEphemeris/sweph/src/swejpl.c -o /Users/admin/builder/spi-builder-workspace/.derivedData/Build/Intermediates.noindex/SwissEphemeris.build/Debug-appletvos/CSwissEphemeris-t.build/Objects-normal-tsan/arm64/swejpl.o -index-unit-output-path /SwissEphemeris.build/Debug-appletvos/CSwissEphemeris-t.build/Objects-normal-tsan/arm64/swejpl.o
error: unsupported option '-fsanitize=thread' for target 'arm64-apple-tvos15.0' (in target 'CSwissEphemeris' from project 'SwissEphemeris')
ScanDependencies /Users/admin/builder/spi-builder-workspace/.derivedData/Build/Intermediates.noindex/SwissEphemeris.build/Debug-appletvos/CSwissEphemeris-t.build/Objects-normal-tsan/arm64/swehouse.o /Users/admin/builder/spi-builder-workspace/Sources/CSwissEphemeris/sweph/src/swehouse.c normal arm64 c com.apple.compilers.llvm.clang.1_0.compiler (in target 'CSwissEphemeris' from project 'SwissEphemeris')
cd /Users/admin/builder/spi-builder-workspace/.swiftpm/xcode
Using response file: /Users/admin/builder/spi-builder-workspace/.derivedData/Build/Intermediates.noindex/SwissEphemeris.build/Debug-appletvos/CSwissEphemeris-t.build/Objects-normal-tsan/arm64/7187679823f38a2a940e0043cdf9d637-common-args.resp
builtin-ScanDependencies -o /Users/admin/builder/spi-builder-workspace/.derivedData/Build/Intermediates.noindex/SwissEphemeris.build/Debug-appletvos/CSwissEphemeris-t.build/Objects-normal-tsan/arm64/swehouse.o.scan -- /Applications/Xcode-27.0.0-Release.Candidate.app/Contents/Developer/Toolchains/XcodeDefault.xctoolchain/usr/bin/clang -x c -ivfsstatcache /Users/admin/builder/spi-builder-workspace/.derivedData/SDKStatCaches.noindex/appletvos27.0-24J360-e829b21a6f8c9b70876ba0858053c044b32bfd8d43560033f8d89884cdb90028.sdkstatcache -target arm64-apple-tvos15.0 -fmessage-length\=0 -fdiagnostics-show-note-include-stack -fmacro-backtrace-limit\=0 -fno-color-diagnostics -fmodules-prune-interval\=86400 -fmodules-prune-after\=345600 -fbuild-session-file\=/Users/admin/builder/spi-builder-workspace/.derivedData/ModuleCache.noindex/Session.modulevalidation -fmodules-validate-once-per-build-session -Wnon-modular-include-in-framework-module -Werror\=non-modular-include-in-framework-module -Wno-trigraphs -Wno-missing-field-initializers -Wno-missing-prototypes -Wno-return-type -Wno-missing-braces -Wparentheses -Wswitch -Wno-unused-function -Wno-unused-label -Wno-unused-parameter -Wno-unused-variable -Wunused-value -Wno-empty-body -Wno-uninitialized -Wno-unknown-pragmas -Wno-shadow -Wno-four-char-constants -Wno-conversion -Wno-constant-conversion -Wno-int-conversion -Wno-bool-conversion -Wno-enum-conversion -Wno-float-conversion -Wno-non-literal-null-conversion -Wno-objc-literal-conversion -Wshorten-64-to-32 -Wpointer-sign -Wno-newline-eof -Wno-implicit-fallthrough -isysroot /Applications/Xcode-27.0.0-Release.Candidate.app/Contents/Developer/Platforms/AppleTVOS.platform/Developer/SDKs/AppleTVOS27.0.sdk -fstrict-aliasing -Wdeprecated-declarations -Wno-sign-conversion -Wno-infinite-recursion -Wno-comma -Wno-block-capture-autoreleasing -Wno-strict-prototypes -Wno-semicolon-before-method-body -index-store-path /Users/admin/builder/spi-builder-workspace/.derivedData/Index.noindex/DataStore @/Users/admin/builder/spi-builder-workspace/.derivedData/Build/Intermediates.noindex/SwissEphemeris.build/Debug-appletvos/CSwissEphemeris-t.build/Objects-normal-tsan/arm64/7187679823f38a2a940e0043cdf9d637-common-args.resp -MMD -MT dependencies -MF /Users/admin/builder/spi-builder-workspace/.derivedData/Build/Intermediates.noindex/SwissEphemeris.build/Debug-appletvos/CSwissEphemeris-t.build/Objects-normal-tsan/arm64/swehouse.d --serialize-diagnostics /Users/admin/builder/spi-builder-workspace/.derivedData/Build/Intermediates.noindex/SwissEphemeris.build/Debug-appletvos/CSwissEphemeris-t.build/Objects-normal-tsan/arm64/swehouse.dia -c /Users/admin/builder/spi-builder-workspace/Sources/CSwissEphemeris/sweph/src/swehouse.c -o /Users/admin/builder/spi-builder-workspace/.derivedData/Build/Intermediates.noindex/SwissEphemeris.build/Debug-appletvos/CSwissEphemeris-t.build/Objects-normal-tsan/arm64/swehouse.o -index-unit-output-path /SwissEphemeris.build/Debug-appletvos/CSwissEphemeris-t.build/Objects-normal-tsan/arm64/swehouse.o
error: unsupported option '-fsanitize=thread' for target 'arm64-apple-tvos15.0' (in target 'CSwissEphemeris' from project 'SwissEphemeris')
ScanDependencies /Users/admin/builder/spi-builder-workspace/.derivedData/Build/Intermediates.noindex/SwissEphemeris.build/Debug-appletvos/CSwissEphemeris-t.build/Objects-normal-tsan/arm64/swehel.o /Users/admin/builder/spi-builder-workspace/Sources/CSwissEphemeris/sweph/src/swehel.c normal arm64 c com.apple.compilers.llvm.clang.1_0.compiler (in target 'CSwissEphemeris' from project 'SwissEphemeris')
cd /Users/admin/builder/spi-builder-workspace/.swiftpm/xcode
Using response file: /Users/admin/builder/spi-builder-workspace/.derivedData/Build/Intermediates.noindex/SwissEphemeris.build/Debug-appletvos/CSwissEphemeris-t.build/Objects-normal-tsan/arm64/7187679823f38a2a940e0043cdf9d637-common-args.resp
builtin-ScanDependencies -o /Users/admin/builder/spi-builder-workspace/.derivedData/Build/Intermediates.noindex/SwissEphemeris.build/Debug-appletvos/CSwissEphemeris-t.build/Objects-normal-tsan/arm64/swehel.o.scan -- /Applications/Xcode-27.0.0-Release.Candidate.app/Contents/Developer/Toolchains/XcodeDefault.xctoolchain/usr/bin/clang -x c -ivfsstatcache /Users/admin/builder/spi-builder-workspace/.derivedData/SDKStatCaches.noindex/appletvos27.0-24J360-e829b21a6f8c9b70876ba0858053c044b32bfd8d43560033f8d89884cdb90028.sdkstatcache -target arm64-apple-tvos15.0 -fmessage-length\=0 -fdiagnostics-show-note-include-stack -fmacro-backtrace-limit\=0 -fno-color-diagnostics -fmodules-prune-interval\=86400 -fmodules-prune-after\=345600 -fbuild-session-file\=/Users/admin/builder/spi-builder-workspace/.derivedData/ModuleCache.noindex/Session.modulevalidation -fmodules-validate-once-per-build-session -Wnon-modular-include-in-framework-module -Werror\=non-modular-include-in-framework-module -Wno-trigraphs -Wno-missing-field-initializers -Wno-missing-prototypes -Wno-return-type -Wno-missing-braces -Wparentheses -Wswitch -Wno-unused-function -Wno-unused-label -Wno-unused-parameter -Wno-unused-variable -Wunused-value -Wno-empty-body -Wno-uninitialized -Wno-unknown-pragmas -Wno-shadow -Wno-four-char-constants -Wno-conversion -Wno-constant-conversion -Wno-int-conversion -Wno-bool-conversion -Wno-enum-conversion -Wno-float-conversion -Wno-non-literal-null-conversion -Wno-objc-literal-conversion -Wshorten-64-to-32 -Wpointer-sign -Wno-newline-eof -Wno-implicit-fallthrough -isysroot /Applications/Xcode-27.0.0-Release.Candidate.app/Contents/Developer/Platforms/AppleTVOS.platform/Developer/SDKs/AppleTVOS27.0.sdk -fstrict-aliasing -Wdeprecated-declarations -Wno-sign-conversion -Wno-infinite-recursion -Wno-comma -Wno-block-capture-autoreleasing -Wno-strict-prototypes -Wno-semicolon-before-method-body -index-store-path /Users/admin/builder/spi-builder-workspace/.derivedData/Index.noindex/DataStore @/Users/admin/builder/spi-builder-workspace/.derivedData/Build/Intermediates.noindex/SwissEphemeris.build/Debug-appletvos/CSwissEphemeris-t.build/Objects-normal-tsan/arm64/7187679823f38a2a940e0043cdf9d637-common-args.resp -MMD -MT dependencies -MF /Users/admin/builder/spi-builder-workspace/.derivedData/Build/Intermediates.noindex/SwissEphemeris.build/Debug-appletvos/CSwissEphemeris-t.build/Objects-normal-tsan/arm64/swehel.d --serialize-diagnostics /Users/admin/builder/spi-builder-workspace/.derivedData/Build/Intermediates.noindex/SwissEphemeris.build/Debug-appletvos/CSwissEphemeris-t.build/Objects-normal-tsan/arm64/swehel.dia -c /Users/admin/builder/spi-builder-workspace/Sources/CSwissEphemeris/sweph/src/swehel.c -o /Users/admin/builder/spi-builder-workspace/.derivedData/Build/Intermediates.noindex/SwissEphemeris.build/Debug-appletvos/CSwissEphemeris-t.build/Objects-normal-tsan/arm64/swehel.o -index-unit-output-path /SwissEphemeris.build/Debug-appletvos/CSwissEphemeris-t.build/Objects-normal-tsan/arm64/swehel.o
error: unsupported option '-fsanitize=thread' for target 'arm64-apple-tvos15.0' (in target 'CSwissEphemeris' from project 'SwissEphemeris')
ScanDependencies /Users/admin/builder/spi-builder-workspace/.derivedData/Build/Intermediates.noindex/SwissEphemeris.build/Debug-appletvos/CSwissEphemeris-t.build/Objects-normal-tsan/arm64/swecl.o /Users/admin/builder/spi-builder-workspace/Sources/CSwissEphemeris/sweph/src/swecl.c normal arm64 c com.apple.compilers.llvm.clang.1_0.compiler (in target 'CSwissEphemeris' from project 'SwissEphemeris')
cd /Users/admin/builder/spi-builder-workspace/.swiftpm/xcode
Using response file: /Users/admin/builder/spi-builder-workspace/.derivedData/Build/Intermediates.noindex/SwissEphemeris.build/Debug-appletvos/CSwissEphemeris-t.build/Objects-normal-tsan/arm64/7187679823f38a2a940e0043cdf9d637-common-args.resp
builtin-ScanDependencies -o /Users/admin/builder/spi-builder-workspace/.derivedData/Build/Intermediates.noindex/SwissEphemeris.build/Debug-appletvos/CSwissEphemeris-t.build/Objects-normal-tsan/arm64/swecl.o.scan -- /Applications/Xcode-27.0.0-Release.Candidate.app/Contents/Developer/Toolchains/XcodeDefault.xctoolchain/usr/bin/clang -x c -ivfsstatcache /Users/admin/builder/spi-builder-workspace/.derivedData/SDKStatCaches.noindex/appletvos27.0-24J360-e829b21a6f8c9b70876ba0858053c044b32bfd8d43560033f8d89884cdb90028.sdkstatcache -target arm64-apple-tvos15.0 -fmessage-length\=0 -fdiagnostics-show-note-include-stack -fmacro-backtrace-limit\=0 -fno-color-diagnostics -fmodules-prune-interval\=86400 -fmodules-prune-after\=345600 -fbuild-session-file\=/Users/admin/builder/spi-builder-workspace/.derivedData/ModuleCache.noindex/Session.modulevalidation -fmodules-validate-once-per-build-session -Wnon-modular-include-in-framework-module -Werror\=non-modular-include-in-framework-module -Wno-trigraphs -Wno-missing-field-initializers -Wno-missing-prototypes -Wno-return-type -Wno-missing-braces -Wparentheses -Wswitch -Wno-unused-function -Wno-unused-label -Wno-unused-parameter -Wno-unused-variable -Wunused-value -Wno-empty-body -Wno-uninitialized -Wno-unknown-pragmas -Wno-shadow -Wno-four-char-constants -Wno-conversion -Wno-constant-conversion -Wno-int-conversion -Wno-bool-conversion -Wno-enum-conversion -Wno-float-conversion -Wno-non-literal-null-conversion -Wno-objc-literal-conversion -Wshorten-64-to-32 -Wpointer-sign -Wno-newline-eof -Wno-implicit-fallthrough -isysroot /Applications/Xcode-27.0.0-Release.Candidate.app/Contents/Developer/Platforms/AppleTVOS.platform/Developer/SDKs/AppleTVOS27.0.sdk -fstrict-aliasing -Wdeprecated-declarations -Wno-sign-conversion -Wno-infinite-recursion -Wno-comma -Wno-block-capture-autoreleasing -Wno-strict-prototypes -Wno-semicolon-before-method-body -index-store-path /Users/admin/builder/spi-builder-workspace/.derivedData/Index.noindex/DataStore @/Users/admin/builder/spi-builder-workspace/.derivedData/Build/Intermediates.noindex/SwissEphemeris.build/Debug-appletvos/CSwissEphemeris-t.build/Objects-normal-tsan/arm64/7187679823f38a2a940e0043cdf9d637-common-args.resp -MMD -MT dependencies -MF /Users/admin/builder/spi-builder-workspace/.derivedData/Build/Intermediates.noindex/SwissEphemeris.build/Debug-appletvos/CSwissEphemeris-t.build/Objects-normal-tsan/arm64/swecl.d --serialize-diagnostics /Users/admin/builder/spi-builder-workspace/.derivedData/Build/Intermediates.noindex/SwissEphemeris.build/Debug-appletvos/CSwissEphemeris-t.build/Objects-normal-tsan/arm64/swecl.dia -c /Users/admin/builder/spi-builder-workspace/Sources/CSwissEphemeris/sweph/src/swecl.c -o /Users/admin/builder/spi-builder-workspace/.derivedData/Build/Intermediates.noindex/SwissEphemeris.build/Debug-appletvos/CSwissEphemeris-t.build/Objects-normal-tsan/arm64/swecl.o -index-unit-output-path /SwissEphemeris.build/Debug-appletvos/CSwissEphemeris-t.build/Objects-normal-tsan/arm64/swecl.o
error: unsupported option '-fsanitize=thread' for target 'arm64-apple-tvos15.0' (in target 'CSwissEphemeris' from project 'SwissEphemeris')
SwiftDriver SwissEphemeris normal arm64 com.apple.xcode.tools.swift.compiler (in target 'SwissEphemeris' from project 'SwissEphemeris')
cd /Users/admin/builder/spi-builder-workspace/.swiftpm/xcode
builtin-SwiftDriver -- /Applications/Xcode-27.0.0-Release.Candidate.app/Contents/Developer/Toolchains/XcodeDefault.xctoolchain/usr/bin/swiftc -parse-as-library -module-name SwissEphemeris -Onone @/Users/admin/builder/spi-builder-workspace/.derivedData/Build/Intermediates.noindex/SwissEphemeris.build/Debug-appletvos/SwissEphemeris-t.build/Objects-normal/arm64/SwissEphemeris.SwiftFileList -DSWIFT_PACKAGE -DDEBUG -DSWIFT_MODULE_RESOURCE_BUNDLE_AVAILABLE -Xcc -fmodule-map-file\=/Users/admin/builder/spi-builder-workspace/Sources/CSwissEphemeris/include/module.modulemap -DXcode -plugin-path /Applications/Xcode-27.0.0-Release.Candidate.app/Contents/Developer/Toolchains/XcodeDefault.xctoolchain/usr/lib/swift/host/plugins/testing -enable-experimental-feature DebugDescriptionMacro -sdk /Applications/Xcode-27.0.0-Release.Candidate.app/Contents/Developer/Platforms/AppleTVOS.platform/Developer/SDKs/AppleTVOS27.0.sdk -target arm64-apple-tvos15.0 -g -module-cache-path /Users/admin/builder/spi-builder-workspace/.derivedData/ModuleCache.noindex -Xfrontend -serialize-debugging-options -profile-coverage-mapping -profile-generate -sanitize\=thread -enable-testing -index-store-path /Users/admin/builder/spi-builder-workspace/.derivedData/Index.noindex/DataStore -Xcc -D_LIBCPP_HARDENING_MODE\=_LIBCPP_HARDENING_MODE_DEBUG -swift-version 5 -I /Users/admin/builder/spi-builder-workspace/.derivedData/Build/Products/Debug-appletvos -Isystem /Applications/Xcode-27.0.0-Release.Candidate.app/Contents/Developer/Platforms/AppleTVOS.platform/Developer/usr/lib -F /Users/admin/builder/spi-builder-workspace/.derivedData/Build/Products/Debug-appletvos/PackageFrameworks -F /Users/admin/builder/spi-builder-workspace/.derivedData/Build/Products/Debug-appletvos -F /Applications/Xcode-27.0.0-Release.Candidate.app/Contents/Developer/Platforms/AppleTVOS.platform/Developer/Library/Frameworks -F /Applications/Xcode-27.0.0-Release.Candidate.app/Contents/Developer/Platforms/AppleTVOS.platform/Developer/SDKs/AppleTVOS27.0.sdk/Developer/Library/Frameworks -c -j10 -enable-batch-mode -incremental -Xcc -ivfsstatcache -Xcc /Users/admin/builder/spi-builder-workspace/.derivedData/SDKStatCaches.noindex/appletvos27.0-24J360-e829b21a6f8c9b70876ba0858053c044b32bfd8d43560033f8d89884cdb90028.sdkstatcache -output-file-map /Users/admin/builder/spi-builder-workspace/.derivedData/Build/Intermediates.noindex/SwissEphemeris.build/Debug-appletvos/SwissEphemeris-t.build/Objects-normal-tsan/arm64/SwissEphemeris-OutputFileMap.json -save-temps -no-color-diagnostics -explicit-module-build -module-cache-path /Users/admin/builder/spi-builder-workspace/.derivedData/Build/Intermediates.noindex/SwiftExplicitPrecompiledModules -clang-scanner-module-cache-path /Users/admin/builder/spi-builder-workspace/.derivedData/ModuleCache.noindex -sdk-module-cache-path /Users/admin/builder/spi-builder-workspace/.derivedData/SDKExplicitPrecompiledModules -emit-dependencies -emit-module -emit-module-path /Users/admin/builder/spi-builder-workspace/.derivedData/Build/Intermediates.noindex/SwissEphemeris.build/Debug-appletvos/SwissEphemeris-t.build/Objects-normal-tsan/arm64/SwissEphemeris.swiftmodule -serialize-diagnostics -dependency-scan-serialize-diagnostics-path /Users/admin/builder/spi-builder-workspace/.derivedData/Build/Intermediates.noindex/SwissEphemeris.build/Debug-appletvos/SwissEphemeris-t.build/Objects-normal-tsan/arm64/SwissEphemeris-dependency-scan.dia -validate-clang-modules-once -clang-build-session-file /Users/admin/builder/spi-builder-workspace/.derivedData/ModuleCache.noindex/Session.modulevalidation -Xcc -fmodules-prune-interval\=86400 -Xcc -fmodules-prune-after\=345600 -emit-const-values -const-gather-protocols-list /Users/admin/builder/spi-builder-workspace/.derivedData/Build/Intermediates.noindex/SwissEphemeris.build/Debug-appletvos/SwissEphemeris-t.build/Objects-normal-tsan/arm64/SwissEphemeris_const_extract_protocols.json -Xcc -I/Users/admin/builder/spi-builder-workspace/Sources/CSwissEphemeris/include -Xcc -I/Users/admin/builder/spi-builder-workspace/.derivedData/Build/Products/Debug-appletvos/include -Xcc -I/Users/admin/builder/spi-builder-workspace/.derivedData/Build/Intermediates.noindex/SwissEphemeris.build/Debug-appletvos/SwissEphemeris-t.build/DerivedSources-normal/arm64 -Xcc -I/Users/admin/builder/spi-builder-workspace/.derivedData/Build/Intermediates.noindex/SwissEphemeris.build/Debug-appletvos/SwissEphemeris-t.build/DerivedSources/arm64 -Xcc -I/Users/admin/builder/spi-builder-workspace/.derivedData/Build/Intermediates.noindex/SwissEphemeris.build/Debug-appletvos/SwissEphemeris-t.build/DerivedSources -Xcc -DSWIFT_PACKAGE -Xcc -DDEBUG\=1 -emit-objc-header -emit-objc-header-path /Users/admin/builder/spi-builder-workspace/.derivedData/Build/Intermediates.noindex/SwissEphemeris.build/Debug-appletvos/SwissEphemeris-t.build/Objects-normal-tsan/arm64/SwissEphemeris-Swift.h -working-directory /Users/admin/builder/spi-builder-workspace/.swiftpm/xcode -experimental-emit-module-separately -disable-cmo
/Users/admin/builder/spi-builder-workspace/Sources/SwissEphemeris/PlanetPairs.swift:14:19: warning: Extraneous whitespace between attribute name and '('; this is an error in the Swift 6 language mode (in target 'SwissEphemeris' from project 'SwissEphemeris')
error: Unsupported option '-sanitize=thread' for target 'arm64-apple-tvos15.0' (in target 'SwissEphemeris' from project 'SwissEphemeris')
ScanDependencies /Users/admin/builder/spi-builder-workspace/.derivedData/Build/Intermediates.noindex/SwissEphemeris.build/Debug-appletvos/CSwissEphemeris-t.build/Objects-normal-tsan/arm64/swedate.o /Users/admin/builder/spi-builder-workspace/Sources/CSwissEphemeris/sweph/src/swedate.c normal arm64 c com.apple.compilers.llvm.clang.1_0.compiler (in target 'CSwissEphemeris' from project 'SwissEphemeris')
cd /Users/admin/builder/spi-builder-workspace/.swiftpm/xcode
Using response file: /Users/admin/builder/spi-builder-workspace/.derivedData/Build/Intermediates.noindex/SwissEphemeris.build/Debug-appletvos/CSwissEphemeris-t.build/Objects-normal-tsan/arm64/7187679823f38a2a940e0043cdf9d637-common-args.resp
builtin-ScanDependencies -o /Users/admin/builder/spi-builder-workspace/.derivedData/Build/Intermediates.noindex/SwissEphemeris.build/Debug-appletvos/CSwissEphemeris-t.build/Objects-normal-tsan/arm64/swedate.o.scan -- /Applications/Xcode-27.0.0-Release.Candidate.app/Contents/Developer/Toolchains/XcodeDefault.xctoolchain/usr/bin/clang -x c -ivfsstatcache /Users/admin/builder/spi-builder-workspace/.derivedData/SDKStatCaches.noindex/appletvos27.0-24J360-e829b21a6f8c9b70876ba0858053c044b32bfd8d43560033f8d89884cdb90028.sdkstatcache -target arm64-apple-tvos15.0 -fmessage-length\=0 -fdiagnostics-show-note-include-stack -fmacro-backtrace-limit\=0 -fno-color-diagnostics -fmodules-prune-interval\=86400 -fmodules-prune-after\=345600 -fbuild-session-file\=/Users/admin/builder/spi-builder-workspace/.derivedData/ModuleCache.noindex/Session.modulevalidation -fmodules-validate-once-per-build-session -Wnon-modular-include-in-framework-module -Werror\=non-modular-include-in-framework-module -Wno-trigraphs -Wno-missing-field-initializers -Wno-missing-prototypes -Wno-return-type -Wno-missing-braces -Wparentheses -Wswitch -Wno-unused-function -Wno-unused-label -Wno-unused-parameter -Wno-unused-variable -Wunused-value -Wno-empty-body -Wno-uninitialized -Wno-unknown-pragmas -Wno-shadow -Wno-four-char-constants -Wno-conversion -Wno-constant-conversion -Wno-int-conversion -Wno-bool-conversion -Wno-enum-conversion -Wno-float-conversion -Wno-non-literal-null-conversion -Wno-objc-literal-conversion -Wshorten-64-to-32 -Wpointer-sign -Wno-newline-eof -Wno-implicit-fallthrough -isysroot /Applications/Xcode-27.0.0-Release.Candidate.app/Contents/Developer/Platforms/AppleTVOS.platform/Developer/SDKs/AppleTVOS27.0.sdk -fstrict-aliasing -Wdeprecated-declarations -Wno-sign-conversion -Wno-infinite-recursion -Wno-comma -Wno-block-capture-autoreleasing -Wno-strict-prototypes -Wno-semicolon-before-method-body -index-store-path /Users/admin/builder/spi-builder-workspace/.derivedData/Index.noindex/DataStore @/Users/admin/builder/spi-builder-workspace/.derivedData/Build/Intermediates.noindex/SwissEphemeris.build/Debug-appletvos/CSwissEphemeris-t.build/Objects-normal-tsan/arm64/7187679823f38a2a940e0043cdf9d637-common-args.resp -MMD -MT dependencies -MF /Users/admin/builder/spi-builder-workspace/.derivedData/Build/Intermediates.noindex/SwissEphemeris.build/Debug-appletvos/CSwissEphemeris-t.build/Objects-normal-tsan/arm64/swedate.d --serialize-diagnostics /Users/admin/builder/spi-builder-workspace/.derivedData/Build/Intermediates.noindex/SwissEphemeris.build/Debug-appletvos/CSwissEphemeris-t.build/Objects-normal-tsan/arm64/swedate.dia -c /Users/admin/builder/spi-builder-workspace/Sources/CSwissEphemeris/sweph/src/swedate.c -o /Users/admin/builder/spi-builder-workspace/.derivedData/Build/Intermediates.noindex/SwissEphemeris.build/Debug-appletvos/CSwissEphemeris-t.build/Objects-normal-tsan/arm64/swedate.o -index-unit-output-path /SwissEphemeris.build/Debug-appletvos/CSwissEphemeris-t.build/Objects-normal-tsan/arm64/swedate.o
error: unsupported option '-fsanitize=thread' for target 'arm64-apple-tvos15.0' (in target 'CSwissEphemeris' from project 'SwissEphemeris')
PruneExplicitPrecompiledModules /Users/admin/builder/spi-builder-workspace/.derivedData/Build/Intermediates.noindex/ExplicitPrecompiledModules
PruneExplicitPrecompiledModules /Users/admin/builder/spi-builder-workspace/.derivedData/Build/Intermediates.noindex/SwiftExplicitPrecompiledModules
PruneExplicitPrecompiledModules /Users/admin/builder/spi-builder-workspace/.derivedData/SDKExplicitPrecompiledModules
2026-09-18 17:26:44.726 xcodebuild[623:3972] [MT] IDERunDestination: Supported platforms for the buildables in the current scheme is empty.
2026-09-18 17:26:44.843 xcodebuild[623:3972] [MT] IDERunDestination: Supported platforms for the buildables in the current scheme is empty.
** BUILD FAILED **
The following build commands failed:
ScanDependencies /Users/admin/builder/spi-builder-workspace/.derivedData/Build/Intermediates.noindex/SwissEphemeris.build/Debug-appletvos/CSwissEphemeris-t.build/Objects-normal-tsan/arm64/sweph.o /Users/admin/builder/spi-builder-workspace/Sources/CSwissEphemeris/sweph/src/sweph.c normal arm64 c com.apple.compilers.llvm.clang.1_0.compiler (in target 'CSwissEphemeris' from project 'SwissEphemeris')
ScanDependencies /Users/admin/builder/spi-builder-workspace/.derivedData/Build/Intermediates.noindex/SwissEphemeris.build/Debug-appletvos/CSwissEphemeris-t.build/Objects-normal-tsan/arm64/swephlib.o /Users/admin/builder/spi-builder-workspace/Sources/CSwissEphemeris/sweph/src/swephlib.c normal arm64 c com.apple.compilers.llvm.clang.1_0.compiler (in target 'CSwissEphemeris' from project 'SwissEphemeris')
ScanDependencies /Users/admin/builder/spi-builder-workspace/.derivedData/Build/Intermediates.noindex/SwissEphemeris.build/Debug-appletvos/CSwissEphemeris-t.build/Objects-normal-tsan/arm64/swemplan.o /Users/admin/builder/spi-builder-workspace/Sources/CSwissEphemeris/sweph/src/swemplan.c normal arm64 c com.apple.compilers.llvm.clang.1_0.compiler (in target 'CSwissEphemeris' from project 'SwissEphemeris')
ScanDependencies /Users/admin/builder/spi-builder-workspace/.derivedData/Build/Intermediates.noindex/SwissEphemeris.build/Debug-appletvos/CSwissEphemeris-t.build/Objects-normal-tsan/arm64/swemmoon.o /Users/admin/builder/spi-builder-workspace/Sources/CSwissEphemeris/sweph/src/swemmoon.c normal arm64 c com.apple.compilers.llvm.clang.1_0.compiler (in target 'CSwissEphemeris' from project 'SwissEphemeris')
ScanDependencies /Users/admin/builder/spi-builder-workspace/.derivedData/Build/Intermediates.noindex/SwissEphemeris.build/Debug-appletvos/CSwissEphemeris-t.build/Objects-normal-tsan/arm64/swejpl.o /Users/admin/builder/spi-builder-workspace/Sources/CSwissEphemeris/sweph/src/swejpl.c normal arm64 c com.apple.compilers.llvm.clang.1_0.compiler (in target 'CSwissEphemeris' from project 'SwissEphemeris')
ScanDependencies /Users/admin/builder/spi-builder-workspace/.derivedData/Build/Intermediates.noindex/SwissEphemeris.build/Debug-appletvos/CSwissEphemeris-t.build/Objects-normal-tsan/arm64/swehouse.o /Users/admin/builder/spi-builder-workspace/Sources/CSwissEphemeris/sweph/src/swehouse.c normal arm64 c com.apple.compilers.llvm.clang.1_0.compiler (in target 'CSwissEphemeris' from project 'SwissEphemeris')
ScanDependencies /Users/admin/builder/spi-builder-workspace/.derivedData/Build/Intermediates.noindex/SwissEphemeris.build/Debug-appletvos/CSwissEphemeris-t.build/Objects-normal-tsan/arm64/swehel.o /Users/admin/builder/spi-builder-workspace/Sources/CSwissEphemeris/sweph/src/swehel.c normal arm64 c com.apple.compilers.llvm.clang.1_0.compiler (in target 'CSwissEphemeris' from project 'SwissEphemeris')
ScanDependencies /Users/admin/builder/spi-builder-workspace/.derivedData/Build/Intermediates.noindex/SwissEphemeris.build/Debug-appletvos/CSwissEphemeris-t.build/Objects-normal-tsan/arm64/swecl.o /Users/admin/builder/spi-builder-workspace/Sources/CSwissEphemeris/sweph/src/swecl.c normal arm64 c com.apple.compilers.llvm.clang.1_0.compiler (in target 'CSwissEphemeris' from project 'SwissEphemeris')
SwiftDriver SwissEphemeris normal arm64 com.apple.xcode.tools.swift.compiler (in target 'SwissEphemeris' from project 'SwissEphemeris')
ScanDependencies /Users/admin/builder/spi-builder-workspace/.derivedData/Build/Intermediates.noindex/SwissEphemeris.build/Debug-appletvos/CSwissEphemeris-t.build/Objects-normal-tsan/arm64/swedate.o /Users/admin/builder/spi-builder-workspace/Sources/CSwissEphemeris/sweph/src/swedate.c normal arm64 c com.apple.compilers.llvm.clang.1_0.compiler (in target 'CSwissEphemeris' from project 'SwissEphemeris')
Building workspace SwissEphemeris with scheme SwissEphemeris
(11 failures)
Command line invocation:
/Applications/Xcode-27.0.0-Release.Candidate.app/Contents/Developer/usr/bin/xcodebuild -IDEClonedSourcePackagesDirPathOverride=/Users/admin/builder/spi-builder-workspace/.dependencies -resolvePackageDependencies
Resolve Package Graph
Resolved source packages:
SwissEphemeris: /Users/admin/builder/spi-builder-workspace
resolved source packages: SwissEphemeris
2026-09-18 17:26:48.300 xcodebuild[642:4166] [MT] IDERunDestination: Supported platforms for the buildables in the current scheme is empty.
2026-09-18 17:26:48.442 xcodebuild[642:4166] [MT] IDERunDestination: Supported platforms for the buildables in the current scheme is empty.
{
"dependencies" : [
],
"manifest_display_name" : "SwissEphemeris",
"name" : "SwissEphemeris",
"path" : "/Users/admin/builder/spi-builder-workspace",
"platforms" : [
{
"name" : "macos",
"version" : "11.0"
},
{
"name" : "ios",
"version" : "14.0"
}
],
"products" : [
{
"name" : "SwissEphemeris",
"targets" : [
"SwissEphemeris"
],
"type" : {
"library" : [
"automatic"
]
}
}
],
"targets" : [
{
"c99name" : "SwissEphemerisTests",
"module_type" : "SwiftTarget",
"name" : "SwissEphemerisTests",
"path" : "Tests/SwissEphemerisTests",
"sources" : [
"CelestialBodyTests.swift",
"FixedStarsTests.swift",
"Mock.swift",
"PerformanceTests.swift",
"XCTestManifests.swift"
],
"target_dependencies" : [
"SwissEphemeris"
],
"type" : "test"
},
{
"c99name" : "SwissEphemeris",
"module_type" : "SwiftTarget",
"name" : "SwissEphemeris",
"path" : "Sources/SwissEphemeris",
"product_memberships" : [
"SwissEphemeris"
],
"resources" : [
{
"path" : "/Users/admin/builder/spi-builder-workspace/Sources/SwissEphemeris/JPL/ast_list.txt",
"rule" : {
"process" : {
}
}
},
{
"path" : "/Users/admin/builder/spi-builder-workspace/Sources/SwissEphemeris/JPL/seas_18.se1",
"rule" : {
"process" : {
}
}
},
{
"path" : "/Users/admin/builder/spi-builder-workspace/Sources/SwissEphemeris/JPL/sedeltat.txt.inactive",
"rule" : {
"process" : {
}
}
},
{
"path" : "/Users/admin/builder/spi-builder-workspace/Sources/SwissEphemeris/JPL/sefstars.txt",
"rule" : {
"process" : {
}
}
},
{
"path" : "/Users/admin/builder/spi-builder-workspace/Sources/SwissEphemeris/JPL/seleapsec.txt",
"rule" : {
"process" : {
}
}
},
{
"path" : "/Users/admin/builder/spi-builder-workspace/Sources/SwissEphemeris/JPL/semo_18.se1",
"rule" : {
"process" : {
}
}
},
{
"path" : "/Users/admin/builder/spi-builder-workspace/Sources/SwissEphemeris/JPL/seorbel.txt",
"rule" : {
"process" : {
}
}
},
{
"path" : "/Users/admin/builder/spi-builder-workspace/Sources/SwissEphemeris/JPL/sepl_18.se1",
"rule" : {
"process" : {
}
}
},
{
"path" : "/Users/admin/builder/spi-builder-workspace/Sources/SwissEphemeris/JPL/swedecl.txt",
"rule" : {
"process" : {
}
}
},
{
"path" : "/Users/admin/builder/spi-builder-workspace/Sources/SwissEphemeris/JPL/swedecl64.txt",
"rule" : {
"process" : {
}
}
},
{
"path" : "/Users/admin/builder/spi-builder-workspace/Sources/SwissEphemeris/JPL/sweph.sln",
"rule" : {
"process" : {
}
}
}
],
"sources" : [
"Aspect.swift",
"Asteroid.swift",
"Ayanamsha.swift",
"Coordinate.swift",
"Cusp.swift",
"Extensions/Date+JulianDate.swift",
"Extensions/Date+Strideable.swift",
"FixedStar.swift",
"HouseCusps.swift",
"HouseSystem.swift",
"LunarMansion.swift",
"LunarNorthNode.swift",
"LunarSouthNode.swift",
"Lunation.swift",
"Pair.swift",
"Planet.swift",
"PlanetPairs.swift",
"Protocols/BatchRequest.swift",
"Protocols/CelestialBody.swift",
"Protocols/ZodiacMappable.swift",
"RiseTime.swift",
"SetTime.swift",
"Station.swift",
"Utility/JPLFileManager.swift",
"Utility/PlanetsRequest.swift",
"Zodiac.swift",
"ZodiacCoordinate.swift"
],
"target_dependencies" : [
"CSwissEphemeris"
],
"type" : "library"
},
{
"c99name" : "CSwissEphemeris",
"module_type" : "ClangTarget",
"name" : "CSwissEphemeris",
"path" : "Sources/CSwissEphemeris",
"product_memberships" : [
"SwissEphemeris"
],
"sources" : [
"sweph/src/swecl.c",
"sweph/src/swedate.c",
"sweph/src/swehel.c",
"sweph/src/swehouse.c",
"sweph/src/swejpl.c",
"sweph/src/swemmoon.c",
"sweph/src/swemplan.c",
"sweph/src/sweph.c",
"sweph/src/swephlib.c"
],
"type" : "library"
}
],
"tools_version" : "5.3"
}
{
"workspace" : {
"name" : "SwissEphemeris",
"schemes" : [
"SwissEphemeris"
]
}
}
2026-09-18 17:26:49.538 xcodebuild[672:4403] [MT] IDERunDestination: Supported platforms for the buildables in the current scheme is empty.
2026-09-18 17:26:49.679 xcodebuild[672:4403] [MT] IDERunDestination: Supported platforms for the buildables in the current scheme is empty.
Running build ...
env DEVELOPER_DIR=/Applications/Xcode-27.0.0-Release.Candidate.app xcrun xcodebuild -IDEClonedSourcePackagesDirPathOverride=$PWD/.dependencies -skipMacroValidation -skipPackagePluginValidation -derivedDataPath $PWD/.derivedData build -scheme SwissEphemeris -destination generic/platform=tvOS
Command line invocation:
/Applications/Xcode-27.0.0-Release.Candidate.app/Contents/Developer/usr/bin/xcodebuild -IDEClonedSourcePackagesDirPathOverride=/Users/admin/builder/spi-builder-workspace/.dependencies -skipMacroValidation -skipPackagePluginValidation -derivedDataPath /Users/admin/builder/spi-builder-workspace/.derivedData build -scheme SwissEphemeris -destination generic/platform=tvOS
Resolve Package Graph
Resolved source packages:
SwissEphemeris: /Users/admin/builder/spi-builder-workspace
ComputePackagePrebuildTargetDependencyGraph
Prepare packages
CreateBuildRequest
SendProjectDescription
CreateBuildOperation
ComputeTargetDependencyGraph
note: Building targets in dependency order
note: Target dependency graph (5 targets)
Target 'SwissEphemerisTests-product' in project 'SwissEphemeris'
➜ Explicit dependency on target 'CSwissEphemeris' in project 'SwissEphemeris'
➜ Explicit dependency on target 'SwissEphemeris' in project 'SwissEphemeris'
Target 'SwissEphemeris-product' in project 'SwissEphemeris'
➜ Explicit dependency on target 'SwissEphemeris' in project 'SwissEphemeris'
➜ Explicit dependency on target 'SwissEphemeris_SwissEphemeris' in project 'SwissEphemeris'
➜ Explicit dependency on target 'CSwissEphemeris' in project 'SwissEphemeris'
Target 'SwissEphemeris' in project 'SwissEphemeris'
➜ Explicit dependency on target 'SwissEphemeris_SwissEphemeris' in project 'SwissEphemeris'
➜ Explicit dependency on target 'CSwissEphemeris' in project 'SwissEphemeris'
Target 'CSwissEphemeris' in project 'SwissEphemeris' (no dependencies)
Target 'SwissEphemeris_SwissEphemeris' in project 'SwissEphemeris' (no dependencies)
GatherProvisioningInputs
CreateBuildDescription
ClangStatCache /Applications/Xcode-27.0.0-Release.Candidate.app/Contents/Developer/Toolchains/XcodeDefault.xctoolchain/usr/bin/clang-stat-cache /Applications/Xcode-27.0.0-Release.Candidate.app/Contents/Developer/Platforms/AppleTVOS.platform/Developer/SDKs/AppleTVOS27.0.sdk /Users/admin/builder/spi-builder-workspace/.derivedData/SDKStatCaches.noindex/appletvos27.0-24J360-e829b21a6f8c9b70876ba0858053c044b32bfd8d43560033f8d89884cdb90028.sdkstatcache
cd /Users/admin/builder/spi-builder-workspace/.swiftpm/xcode
/Applications/Xcode-27.0.0-Release.Candidate.app/Contents/Developer/Toolchains/XcodeDefault.xctoolchain/usr/bin/clang-stat-cache /Applications/Xcode-27.0.0-Release.Candidate.app/Contents/Developer/Platforms/AppleTVOS.platform/Developer/SDKs/AppleTVOS27.0.sdk -o /Users/admin/builder/spi-builder-workspace/.derivedData/SDKStatCaches.noindex/appletvos27.0-24J360-e829b21a6f8c9b70876ba0858053c044b32bfd8d43560033f8d89884cdb90028.sdkstatcache
ScanDependencies /Users/admin/builder/spi-builder-workspace/.derivedData/Build/Intermediates.noindex/SwissEphemeris.build/Debug-appletvos/CSwissEphemeris-t.build/Objects-normal-tsan/arm64/swephlib.o /Users/admin/builder/spi-builder-workspace/Sources/CSwissEphemeris/sweph/src/swephlib.c normal arm64 c com.apple.compilers.llvm.clang.1_0.compiler (in target 'CSwissEphemeris' from project 'SwissEphemeris')
cd /Users/admin/builder/spi-builder-workspace/.swiftpm/xcode
Using response file: /Users/admin/builder/spi-builder-workspace/.derivedData/Build/Intermediates.noindex/SwissEphemeris.build/Debug-appletvos/CSwissEphemeris-t.build/Objects-normal-tsan/arm64/7187679823f38a2a940e0043cdf9d637-common-args.resp
builtin-ScanDependencies -o /Users/admin/builder/spi-builder-workspace/.derivedData/Build/Intermediates.noindex/SwissEphemeris.build/Debug-appletvos/CSwissEphemeris-t.build/Objects-normal-tsan/arm64/swephlib.o.scan -- /Applications/Xcode-27.0.0-Release.Candidate.app/Contents/Developer/Toolchains/XcodeDefault.xctoolchain/usr/bin/clang -x c -ivfsstatcache /Users/admin/builder/spi-builder-workspace/.derivedData/SDKStatCaches.noindex/appletvos27.0-24J360-e829b21a6f8c9b70876ba0858053c044b32bfd8d43560033f8d89884cdb90028.sdkstatcache -target arm64-apple-tvos15.0 -fmessage-length\=0 -fdiagnostics-show-note-include-stack -fmacro-backtrace-limit\=0 -fno-color-diagnostics -fmodules-prune-interval\=86400 -fmodules-prune-after\=345600 -fbuild-session-file\=/Users/admin/builder/spi-builder-workspace/.derivedData/ModuleCache.noindex/Session.modulevalidation -fmodules-validate-once-per-build-session -Wnon-modular-include-in-framework-module -Werror\=non-modular-include-in-framework-module -Wno-trigraphs -Wno-missing-field-initializers -Wno-missing-prototypes -Wno-return-type -Wno-missing-braces -Wparentheses -Wswitch -Wno-unused-function -Wno-unused-label -Wno-unused-parameter -Wno-unused-variable -Wunused-value -Wno-empty-body -Wno-uninitialized -Wno-unknown-pragmas -Wno-shadow -Wno-four-char-constants -Wno-conversion -Wno-constant-conversion -Wno-int-conversion -Wno-bool-conversion -Wno-enum-conversion -Wno-float-conversion -Wno-non-literal-null-conversion -Wno-objc-literal-conversion -Wshorten-64-to-32 -Wpointer-sign -Wno-newline-eof -Wno-implicit-fallthrough -isysroot /Applications/Xcode-27.0.0-Release.Candidate.app/Contents/Developer/Platforms/AppleTVOS.platform/Developer/SDKs/AppleTVOS27.0.sdk -fstrict-aliasing -Wdeprecated-declarations -Wno-sign-conversion -Wno-infinite-recursion -Wno-comma -Wno-block-capture-autoreleasing -Wno-strict-prototypes -Wno-semicolon-before-method-body -index-store-path /Users/admin/builder/spi-builder-workspace/.derivedData/Index.noindex/DataStore @/Users/admin/builder/spi-builder-workspace/.derivedData/Build/Intermediates.noindex/SwissEphemeris.build/Debug-appletvos/CSwissEphemeris-t.build/Objects-normal-tsan/arm64/7187679823f38a2a940e0043cdf9d637-common-args.resp -MMD -MT dependencies -MF /Users/admin/builder/spi-builder-workspace/.derivedData/Build/Intermediates.noindex/SwissEphemeris.build/Debug-appletvos/CSwissEphemeris-t.build/Objects-normal-tsan/arm64/swephlib.d --serialize-diagnostics /Users/admin/builder/spi-builder-workspace/.derivedData/Build/Intermediates.noindex/SwissEphemeris.build/Debug-appletvos/CSwissEphemeris-t.build/Objects-normal-tsan/arm64/swephlib.dia -c /Users/admin/builder/spi-builder-workspace/Sources/CSwissEphemeris/sweph/src/swephlib.c -o /Users/admin/builder/spi-builder-workspace/.derivedData/Build/Intermediates.noindex/SwissEphemeris.build/Debug-appletvos/CSwissEphemeris-t.build/Objects-normal-tsan/arm64/swephlib.o -index-unit-output-path /SwissEphemeris.build/Debug-appletvos/CSwissEphemeris-t.build/Objects-normal-tsan/arm64/swephlib.o
error: unsupported option '-fsanitize=thread' for target 'arm64-apple-tvos15.0' (in target 'CSwissEphemeris' from project 'SwissEphemeris')
ScanDependencies /Users/admin/builder/spi-builder-workspace/.derivedData/Build/Intermediates.noindex/SwissEphemeris.build/Debug-appletvos/CSwissEphemeris-t.build/Objects-normal-tsan/arm64/swemplan.o /Users/admin/builder/spi-builder-workspace/Sources/CSwissEphemeris/sweph/src/swemplan.c normal arm64 c com.apple.compilers.llvm.clang.1_0.compiler (in target 'CSwissEphemeris' from project 'SwissEphemeris')
cd /Users/admin/builder/spi-builder-workspace/.swiftpm/xcode
Using response file: /Users/admin/builder/spi-builder-workspace/.derivedData/Build/Intermediates.noindex/SwissEphemeris.build/Debug-appletvos/CSwissEphemeris-t.build/Objects-normal-tsan/arm64/7187679823f38a2a940e0043cdf9d637-common-args.resp
builtin-ScanDependencies -o /Users/admin/builder/spi-builder-workspace/.derivedData/Build/Intermediates.noindex/SwissEphemeris.build/Debug-appletvos/CSwissEphemeris-t.build/Objects-normal-tsan/arm64/swemplan.o.scan -- /Applications/Xcode-27.0.0-Release.Candidate.app/Contents/Developer/Toolchains/XcodeDefault.xctoolchain/usr/bin/clang -x c -ivfsstatcache /Users/admin/builder/spi-builder-workspace/.derivedData/SDKStatCaches.noindex/appletvos27.0-24J360-e829b21a6f8c9b70876ba0858053c044b32bfd8d43560033f8d89884cdb90028.sdkstatcache -target arm64-apple-tvos15.0 -fmessage-length\=0 -fdiagnostics-show-note-include-stack -fmacro-backtrace-limit\=0 -fno-color-diagnostics -fmodules-prune-interval\=86400 -fmodules-prune-after\=345600 -fbuild-session-file\=/Users/admin/builder/spi-builder-workspace/.derivedData/ModuleCache.noindex/Session.modulevalidation -fmodules-validate-once-per-build-session -Wnon-modular-include-in-framework-module -Werror\=non-modular-include-in-framework-module -Wno-trigraphs -Wno-missing-field-initializers -Wno-missing-prototypes -Wno-return-type -Wno-missing-braces -Wparentheses -Wswitch -Wno-unused-function -Wno-unused-label -Wno-unused-parameter -Wno-unused-variable -Wunused-value -Wno-empty-body -Wno-uninitialized -Wno-unknown-pragmas -Wno-shadow -Wno-four-char-constants -Wno-conversion -Wno-constant-conversion -Wno-int-conversion -Wno-bool-conversion -Wno-enum-conversion -Wno-float-conversion -Wno-non-literal-null-conversion -Wno-objc-literal-conversion -Wshorten-64-to-32 -Wpointer-sign -Wno-newline-eof -Wno-implicit-fallthrough -isysroot /Applications/Xcode-27.0.0-Release.Candidate.app/Contents/Developer/Platforms/AppleTVOS.platform/Developer/SDKs/AppleTVOS27.0.sdk -fstrict-aliasing -Wdeprecated-declarations -Wno-sign-conversion -Wno-infinite-recursion -Wno-comma -Wno-block-capture-autoreleasing -Wno-strict-prototypes -Wno-semicolon-before-method-body -index-store-path /Users/admin/builder/spi-builder-workspace/.derivedData/Index.noindex/DataStore @/Users/admin/builder/spi-builder-workspace/.derivedData/Build/Intermediates.noindex/SwissEphemeris.build/Debug-appletvos/CSwissEphemeris-t.build/Objects-normal-tsan/arm64/7187679823f38a2a940e0043cdf9d637-common-args.resp -MMD -MT dependencies -MF /Users/admin/builder/spi-builder-workspace/.derivedData/Build/Intermediates.noindex/SwissEphemeris.build/Debug-appletvos/CSwissEphemeris-t.build/Objects-normal-tsan/arm64/swemplan.d --serialize-diagnostics /Users/admin/builder/spi-builder-workspace/.derivedData/Build/Intermediates.noindex/SwissEphemeris.build/Debug-appletvos/CSwissEphemeris-t.build/Objects-normal-tsan/arm64/swemplan.dia -c /Users/admin/builder/spi-builder-workspace/Sources/CSwissEphemeris/sweph/src/swemplan.c -o /Users/admin/builder/spi-builder-workspace/.derivedData/Build/Intermediates.noindex/SwissEphemeris.build/Debug-appletvos/CSwissEphemeris-t.build/Objects-normal-tsan/arm64/swemplan.o -index-unit-output-path /SwissEphemeris.build/Debug-appletvos/CSwissEphemeris-t.build/Objects-normal-tsan/arm64/swemplan.o
error: unsupported option '-fsanitize=thread' for target 'arm64-apple-tvos15.0' (in target 'CSwissEphemeris' from project 'SwissEphemeris')
ScanDependencies /Users/admin/builder/spi-builder-workspace/.derivedData/Build/Intermediates.noindex/SwissEphemeris.build/Debug-appletvos/CSwissEphemeris-t.build/Objects-normal-tsan/arm64/sweph.o /Users/admin/builder/spi-builder-workspace/Sources/CSwissEphemeris/sweph/src/sweph.c normal arm64 c com.apple.compilers.llvm.clang.1_0.compiler (in target 'CSwissEphemeris' from project 'SwissEphemeris')
cd /Users/admin/builder/spi-builder-workspace/.swiftpm/xcode
Using response file: /Users/admin/builder/spi-builder-workspace/.derivedData/Build/Intermediates.noindex/SwissEphemeris.build/Debug-appletvos/CSwissEphemeris-t.build/Objects-normal-tsan/arm64/7187679823f38a2a940e0043cdf9d637-common-args.resp
builtin-ScanDependencies -o /Users/admin/builder/spi-builder-workspace/.derivedData/Build/Intermediates.noindex/SwissEphemeris.build/Debug-appletvos/CSwissEphemeris-t.build/Objects-normal-tsan/arm64/sweph.o.scan -- /Applications/Xcode-27.0.0-Release.Candidate.app/Contents/Developer/Toolchains/XcodeDefault.xctoolchain/usr/bin/clang -x c -ivfsstatcache /Users/admin/builder/spi-builder-workspace/.derivedData/SDKStatCaches.noindex/appletvos27.0-24J360-e829b21a6f8c9b70876ba0858053c044b32bfd8d43560033f8d89884cdb90028.sdkstatcache -target arm64-apple-tvos15.0 -fmessage-length\=0 -fdiagnostics-show-note-include-stack -fmacro-backtrace-limit\=0 -fno-color-diagnostics -fmodules-prune-interval\=86400 -fmodules-prune-after\=345600 -fbuild-session-file\=/Users/admin/builder/spi-builder-workspace/.derivedData/ModuleCache.noindex/Session.modulevalidation -fmodules-validate-once-per-build-session -Wnon-modular-include-in-framework-module -Werror\=non-modular-include-in-framework-module -Wno-trigraphs -Wno-missing-field-initializers -Wno-missing-prototypes -Wno-return-type -Wno-missing-braces -Wparentheses -Wswitch -Wno-unused-function -Wno-unused-label -Wno-unused-parameter -Wno-unused-variable -Wunused-value -Wno-empty-body -Wno-uninitialized -Wno-unknown-pragmas -Wno-shadow -Wno-four-char-constants -Wno-conversion -Wno-constant-conversion -Wno-int-conversion -Wno-bool-conversion -Wno-enum-conversion -Wno-float-conversion -Wno-non-literal-null-conversion -Wno-objc-literal-conversion -Wshorten-64-to-32 -Wpointer-sign -Wno-newline-eof -Wno-implicit-fallthrough -isysroot /Applications/Xcode-27.0.0-Release.Candidate.app/Contents/Developer/Platforms/AppleTVOS.platform/Developer/SDKs/AppleTVOS27.0.sdk -fstrict-aliasing -Wdeprecated-declarations -Wno-sign-conversion -Wno-infinite-recursion -Wno-comma -Wno-block-capture-autoreleasing -Wno-strict-prototypes -Wno-semicolon-before-method-body -index-store-path /Users/admin/builder/spi-builder-workspace/.derivedData/Index.noindex/DataStore @/Users/admin/builder/spi-builder-workspace/.derivedData/Build/Intermediates.noindex/SwissEphemeris.build/Debug-appletvos/CSwissEphemeris-t.build/Objects-normal-tsan/arm64/7187679823f38a2a940e0043cdf9d637-common-args.resp -MMD -MT dependencies -MF /Users/admin/builder/spi-builder-workspace/.derivedData/Build/Intermediates.noindex/SwissEphemeris.build/Debug-appletvos/CSwissEphemeris-t.build/Objects-normal-tsan/arm64/sweph.d --serialize-diagnostics /Users/admin/builder/spi-builder-workspace/.derivedData/Build/Intermediates.noindex/SwissEphemeris.build/Debug-appletvos/CSwissEphemeris-t.build/Objects-normal-tsan/arm64/sweph.dia -c /Users/admin/builder/spi-builder-workspace/Sources/CSwissEphemeris/sweph/src/sweph.c -o /Users/admin/builder/spi-builder-workspace/.derivedData/Build/Intermediates.noindex/SwissEphemeris.build/Debug-appletvos/CSwissEphemeris-t.build/Objects-normal-tsan/arm64/sweph.o -index-unit-output-path /SwissEphemeris.build/Debug-appletvos/CSwissEphemeris-t.build/Objects-normal-tsan/arm64/sweph.o
error: unsupported option '-fsanitize=thread' for target 'arm64-apple-tvos15.0' (in target 'CSwissEphemeris' from project 'SwissEphemeris')
ScanDependencies /Users/admin/builder/spi-builder-workspace/.derivedData/Build/Intermediates.noindex/SwissEphemeris.build/Debug-appletvos/CSwissEphemeris-t.build/Objects-normal-tsan/arm64/swemmoon.o /Users/admin/builder/spi-builder-workspace/Sources/CSwissEphemeris/sweph/src/swemmoon.c normal arm64 c com.apple.compilers.llvm.clang.1_0.compiler (in target 'CSwissEphemeris' from project 'SwissEphemeris')
cd /Users/admin/builder/spi-builder-workspace/.swiftpm/xcode
Using response file: /Users/admin/builder/spi-builder-workspace/.derivedData/Build/Intermediates.noindex/SwissEphemeris.build/Debug-appletvos/CSwissEphemeris-t.build/Objects-normal-tsan/arm64/7187679823f38a2a940e0043cdf9d637-common-args.resp
builtin-ScanDependencies -o /Users/admin/builder/spi-builder-workspace/.derivedData/Build/Intermediates.noindex/SwissEphemeris.build/Debug-appletvos/CSwissEphemeris-t.build/Objects-normal-tsan/arm64/swemmoon.o.scan -- /Applications/Xcode-27.0.0-Release.Candidate.app/Contents/Developer/Toolchains/XcodeDefault.xctoolchain/usr/bin/clang -x c -ivfsstatcache /Users/admin/builder/spi-builder-workspace/.derivedData/SDKStatCaches.noindex/appletvos27.0-24J360-e829b21a6f8c9b70876ba0858053c044b32bfd8d43560033f8d89884cdb90028.sdkstatcache -target arm64-apple-tvos15.0 -fmessage-length\=0 -fdiagnostics-show-note-include-stack -fmacro-backtrace-limit\=0 -fno-color-diagnostics -fmodules-prune-interval\=86400 -fmodules-prune-after\=345600 -fbuild-session-file\=/Users/admin/builder/spi-builder-workspace/.derivedData/ModuleCache.noindex/Session.modulevalidation -fmodules-validate-once-per-build-session -Wnon-modular-include-in-framework-module -Werror\=non-modular-include-in-framework-module -Wno-trigraphs -Wno-missing-field-initializers -Wno-missing-prototypes -Wno-return-type -Wno-missing-braces -Wparentheses -Wswitch -Wno-unused-function -Wno-unused-label -Wno-unused-parameter -Wno-unused-variable -Wunused-value -Wno-empty-body -Wno-uninitialized -Wno-unknown-pragmas -Wno-shadow -Wno-four-char-constants -Wno-conversion -Wno-constant-conversion -Wno-int-conversion -Wno-bool-conversion -Wno-enum-conversion -Wno-float-conversion -Wno-non-literal-null-conversion -Wno-objc-literal-conversion -Wshorten-64-to-32 -Wpointer-sign -Wno-newline-eof -Wno-implicit-fallthrough -isysroot /Applications/Xcode-27.0.0-Release.Candidate.app/Contents/Developer/Platforms/AppleTVOS.platform/Developer/SDKs/AppleTVOS27.0.sdk -fstrict-aliasing -Wdeprecated-declarations -Wno-sign-conversion -Wno-infinite-recursion -Wno-comma -Wno-block-capture-autoreleasing -Wno-strict-prototypes -Wno-semicolon-before-method-body -index-store-path /Users/admin/builder/spi-builder-workspace/.derivedData/Index.noindex/DataStore @/Users/admin/builder/spi-builder-workspace/.derivedData/Build/Intermediates.noindex/SwissEphemeris.build/Debug-appletvos/CSwissEphemeris-t.build/Objects-normal-tsan/arm64/7187679823f38a2a940e0043cdf9d637-common-args.resp -MMD -MT dependencies -MF /Users/admin/builder/spi-builder-workspace/.derivedData/Build/Intermediates.noindex/SwissEphemeris.build/Debug-appletvos/CSwissEphemeris-t.build/Objects-normal-tsan/arm64/swemmoon.d --serialize-diagnostics /Users/admin/builder/spi-builder-workspace/.derivedData/Build/Intermediates.noindex/SwissEphemeris.build/Debug-appletvos/CSwissEphemeris-t.build/Objects-normal-tsan/arm64/swemmoon.dia -c /Users/admin/builder/spi-builder-workspace/Sources/CSwissEphemeris/sweph/src/swemmoon.c -o /Users/admin/builder/spi-builder-workspace/.derivedData/Build/Intermediates.noindex/SwissEphemeris.build/Debug-appletvos/CSwissEphemeris-t.build/Objects-normal-tsan/arm64/swemmoon.o -index-unit-output-path /SwissEphemeris.build/Debug-appletvos/CSwissEphemeris-t.build/Objects-normal-tsan/arm64/swemmoon.o
error: unsupported option '-fsanitize=thread' for target 'arm64-apple-tvos15.0' (in target 'CSwissEphemeris' from project 'SwissEphemeris')
ScanDependencies /Users/admin/builder/spi-builder-workspace/.derivedData/Build/Intermediates.noindex/SwissEphemeris.build/Debug-appletvos/CSwissEphemeris-t.build/Objects-normal-tsan/arm64/swejpl.o /Users/admin/builder/spi-builder-workspace/Sources/CSwissEphemeris/sweph/src/swejpl.c normal arm64 c com.apple.compilers.llvm.clang.1_0.compiler (in target 'CSwissEphemeris' from project 'SwissEphemeris')
cd /Users/admin/builder/spi-builder-workspace/.swiftpm/xcode
Using response file: /Users/admin/builder/spi-builder-workspace/.derivedData/Build/Intermediates.noindex/SwissEphemeris.build/Debug-appletvos/CSwissEphemeris-t.build/Objects-normal-tsan/arm64/7187679823f38a2a940e0043cdf9d637-common-args.resp
builtin-ScanDependencies -o /Users/admin/builder/spi-builder-workspace/.derivedData/Build/Intermediates.noindex/SwissEphemeris.build/Debug-appletvos/CSwissEphemeris-t.build/Objects-normal-tsan/arm64/swejpl.o.scan -- /Applications/Xcode-27.0.0-Release.Candidate.app/Contents/Developer/Toolchains/XcodeDefault.xctoolchain/usr/bin/clang -x c -ivfsstatcache /Users/admin/builder/spi-builder-workspace/.derivedData/SDKStatCaches.noindex/appletvos27.0-24J360-e829b21a6f8c9b70876ba0858053c044b32bfd8d43560033f8d89884cdb90028.sdkstatcache -target arm64-apple-tvos15.0 -fmessage-length\=0 -fdiagnostics-show-note-include-stack -fmacro-backtrace-limit\=0 -fno-color-diagnostics -fmodules-prune-interval\=86400 -fmodules-prune-after\=345600 -fbuild-session-file\=/Users/admin/builder/spi-builder-workspace/.derivedData/ModuleCache.noindex/Session.modulevalidation -fmodules-validate-once-per-build-session -Wnon-modular-include-in-framework-module -Werror\=non-modular-include-in-framework-module -Wno-trigraphs -Wno-missing-field-initializers -Wno-missing-prototypes -Wno-return-type -Wno-missing-braces -Wparentheses -Wswitch -Wno-unused-function -Wno-unused-label -Wno-unused-parameter -Wno-unused-variable -Wunused-value -Wno-empty-body -Wno-uninitialized -Wno-unknown-pragmas -Wno-shadow -Wno-four-char-constants -Wno-conversion -Wno-constant-conversion -Wno-int-conversion -Wno-bool-conversion -Wno-enum-conversion -Wno-float-conversion -Wno-non-literal-null-conversion -Wno-objc-literal-conversion -Wshorten-64-to-32 -Wpointer-sign -Wno-newline-eof -Wno-implicit-fallthrough -isysroot /Applications/Xcode-27.0.0-Release.Candidate.app/Contents/Developer/Platforms/AppleTVOS.platform/Developer/SDKs/AppleTVOS27.0.sdk -fstrict-aliasing -Wdeprecated-declarations -Wno-sign-conversion -Wno-infinite-recursion -Wno-comma -Wno-block-capture-autoreleasing -Wno-strict-prototypes -Wno-semicolon-before-method-body -index-store-path /Users/admin/builder/spi-builder-workspace/.derivedData/Index.noindex/DataStore @/Users/admin/builder/spi-builder-workspace/.derivedData/Build/Intermediates.noindex/SwissEphemeris.build/Debug-appletvos/CSwissEphemeris-t.build/Objects-normal-tsan/arm64/7187679823f38a2a940e0043cdf9d637-common-args.resp -MMD -MT dependencies -MF /Users/admin/builder/spi-builder-workspace/.derivedData/Build/Intermediates.noindex/SwissEphemeris.build/Debug-appletvos/CSwissEphemeris-t.build/Objects-normal-tsan/arm64/swejpl.d --serialize-diagnostics /Users/admin/builder/spi-builder-workspace/.derivedData/Build/Intermediates.noindex/SwissEphemeris.build/Debug-appletvos/CSwissEphemeris-t.build/Objects-normal-tsan/arm64/swejpl.dia -c /Users/admin/builder/spi-builder-workspace/Sources/CSwissEphemeris/sweph/src/swejpl.c -o /Users/admin/builder/spi-builder-workspace/.derivedData/Build/Intermediates.noindex/SwissEphemeris.build/Debug-appletvos/CSwissEphemeris-t.build/Objects-normal-tsan/arm64/swejpl.o -index-unit-output-path /SwissEphemeris.build/Debug-appletvos/CSwissEphemeris-t.build/Objects-normal-tsan/arm64/swejpl.o
error: unsupported option '-fsanitize=thread' for target 'arm64-apple-tvos15.0' (in target 'CSwissEphemeris' from project 'SwissEphemeris')
ScanDependencies /Users/admin/builder/spi-builder-workspace/.derivedData/Build/Intermediates.noindex/SwissEphemeris.build/Debug-appletvos/CSwissEphemeris-t.build/Objects-normal-tsan/arm64/swehouse.o /Users/admin/builder/spi-builder-workspace/Sources/CSwissEphemeris/sweph/src/swehouse.c normal arm64 c com.apple.compilers.llvm.clang.1_0.compiler (in target 'CSwissEphemeris' from project 'SwissEphemeris')
cd /Users/admin/builder/spi-builder-workspace/.swiftpm/xcode
Using response file: /Users/admin/builder/spi-builder-workspace/.derivedData/Build/Intermediates.noindex/SwissEphemeris.build/Debug-appletvos/CSwissEphemeris-t.build/Objects-normal-tsan/arm64/7187679823f38a2a940e0043cdf9d637-common-args.resp
builtin-ScanDependencies -o /Users/admin/builder/spi-builder-workspace/.derivedData/Build/Intermediates.noindex/SwissEphemeris.build/Debug-appletvos/CSwissEphemeris-t.build/Objects-normal-tsan/arm64/swehouse.o.scan -- /Applications/Xcode-27.0.0-Release.Candidate.app/Contents/Developer/Toolchains/XcodeDefault.xctoolchain/usr/bin/clang -x c -ivfsstatcache /Users/admin/builder/spi-builder-workspace/.derivedData/SDKStatCaches.noindex/appletvos27.0-24J360-e829b21a6f8c9b70876ba0858053c044b32bfd8d43560033f8d89884cdb90028.sdkstatcache -target arm64-apple-tvos15.0 -fmessage-length\=0 -fdiagnostics-show-note-include-stack -fmacro-backtrace-limit\=0 -fno-color-diagnostics -fmodules-prune-interval\=86400 -fmodules-prune-after\=345600 -fbuild-session-file\=/Users/admin/builder/spi-builder-workspace/.derivedData/ModuleCache.noindex/Session.modulevalidation -fmodules-validate-once-per-build-session -Wnon-modular-include-in-framework-module -Werror\=non-modular-include-in-framework-module -Wno-trigraphs -Wno-missing-field-initializers -Wno-missing-prototypes -Wno-return-type -Wno-missing-braces -Wparentheses -Wswitch -Wno-unused-function -Wno-unused-label -Wno-unused-parameter -Wno-unused-variable -Wunused-value -Wno-empty-body -Wno-uninitialized -Wno-unknown-pragmas -Wno-shadow -Wno-four-char-constants -Wno-conversion -Wno-constant-conversion -Wno-int-conversion -Wno-bool-conversion -Wno-enum-conversion -Wno-float-conversion -Wno-non-literal-null-conversion -Wno-objc-literal-conversion -Wshorten-64-to-32 -Wpointer-sign -Wno-newline-eof -Wno-implicit-fallthrough -isysroot /Applications/Xcode-27.0.0-Release.Candidate.app/Contents/Developer/Platforms/AppleTVOS.platform/Developer/SDKs/AppleTVOS27.0.sdk -fstrict-aliasing -Wdeprecated-declarations -Wno-sign-conversion -Wno-infinite-recursion -Wno-comma -Wno-block-capture-autoreleasing -Wno-strict-prototypes -Wno-semicolon-before-method-body -index-store-path /Users/admin/builder/spi-builder-workspace/.derivedData/Index.noindex/DataStore @/Users/admin/builder/spi-builder-workspace/.derivedData/Build/Intermediates.noindex/SwissEphemeris.build/Debug-appletvos/CSwissEphemeris-t.build/Objects-normal-tsan/arm64/7187679823f38a2a940e0043cdf9d637-common-args.resp -MMD -MT dependencies -MF /Users/admin/builder/spi-builder-workspace/.derivedData/Build/Intermediates.noindex/SwissEphemeris.build/Debug-appletvos/CSwissEphemeris-t.build/Objects-normal-tsan/arm64/swehouse.d --serialize-diagnostics /Users/admin/builder/spi-builder-workspace/.derivedData/Build/Intermediates.noindex/SwissEphemeris.build/Debug-appletvos/CSwissEphemeris-t.build/Objects-normal-tsan/arm64/swehouse.dia -c /Users/admin/builder/spi-builder-workspace/Sources/CSwissEphemeris/sweph/src/swehouse.c -o /Users/admin/builder/spi-builder-workspace/.derivedData/Build/Intermediates.noindex/SwissEphemeris.build/Debug-appletvos/CSwissEphemeris-t.build/Objects-normal-tsan/arm64/swehouse.o -index-unit-output-path /SwissEphemeris.build/Debug-appletvos/CSwissEphemeris-t.build/Objects-normal-tsan/arm64/swehouse.o
error: unsupported option '-fsanitize=thread' for target 'arm64-apple-tvos15.0' (in target 'CSwissEphemeris' from project 'SwissEphemeris')
ScanDependencies /Users/admin/builder/spi-builder-workspace/.derivedData/Build/Intermediates.noindex/SwissEphemeris.build/Debug-appletvos/CSwissEphemeris-t.build/Objects-normal-tsan/arm64/swehel.o /Users/admin/builder/spi-builder-workspace/Sources/CSwissEphemeris/sweph/src/swehel.c normal arm64 c com.apple.compilers.llvm.clang.1_0.compiler (in target 'CSwissEphemeris' from project 'SwissEphemeris')
cd /Users/admin/builder/spi-builder-workspace/.swiftpm/xcode
Using response file: /Users/admin/builder/spi-builder-workspace/.derivedData/Build/Intermediates.noindex/SwissEphemeris.build/Debug-appletvos/CSwissEphemeris-t.build/Objects-normal-tsan/arm64/7187679823f38a2a940e0043cdf9d637-common-args.resp
builtin-ScanDependencies -o /Users/admin/builder/spi-builder-workspace/.derivedData/Build/Intermediates.noindex/SwissEphemeris.build/Debug-appletvos/CSwissEphemeris-t.build/Objects-normal-tsan/arm64/swehel.o.scan -- /Applications/Xcode-27.0.0-Release.Candidate.app/Contents/Developer/Toolchains/XcodeDefault.xctoolchain/usr/bin/clang -x c -ivfsstatcache /Users/admin/builder/spi-builder-workspace/.derivedData/SDKStatCaches.noindex/appletvos27.0-24J360-e829b21a6f8c9b70876ba0858053c044b32bfd8d43560033f8d89884cdb90028.sdkstatcache -target arm64-apple-tvos15.0 -fmessage-length\=0 -fdiagnostics-show-note-include-stack -fmacro-backtrace-limit\=0 -fno-color-diagnostics -fmodules-prune-interval\=86400 -fmodules-prune-after\=345600 -fbuild-session-file\=/Users/admin/builder/spi-builder-workspace/.derivedData/ModuleCache.noindex/Session.modulevalidation -fmodules-validate-once-per-build-session -Wnon-modular-include-in-framework-module -Werror\=non-modular-include-in-framework-module -Wno-trigraphs -Wno-missing-field-initializers -Wno-missing-prototypes -Wno-return-type -Wno-missing-braces -Wparentheses -Wswitch -Wno-unused-function -Wno-unused-label -Wno-unused-parameter -Wno-unused-variable -Wunused-value -Wno-empty-body -Wno-uninitialized -Wno-unknown-pragmas -Wno-shadow -Wno-four-char-constants -Wno-conversion -Wno-constant-conversion -Wno-int-conversion -Wno-bool-conversion -Wno-enum-conversion -Wno-float-conversion -Wno-non-literal-null-conversion -Wno-objc-literal-conversion -Wshorten-64-to-32 -Wpointer-sign -Wno-newline-eof -Wno-implicit-fallthrough -isysroot /Applications/Xcode-27.0.0-Release.Candidate.app/Contents/Developer/Platforms/AppleTVOS.platform/Developer/SDKs/AppleTVOS27.0.sdk -fstrict-aliasing -Wdeprecated-declarations -Wno-sign-conversion -Wno-infinite-recursion -Wno-comma -Wno-block-capture-autoreleasing -Wno-strict-prototypes -Wno-semicolon-before-method-body -index-store-path /Users/admin/builder/spi-builder-workspace/.derivedData/Index.noindex/DataStore @/Users/admin/builder/spi-builder-workspace/.derivedData/Build/Intermediates.noindex/SwissEphemeris.build/Debug-appletvos/CSwissEphemeris-t.build/Objects-normal-tsan/arm64/7187679823f38a2a940e0043cdf9d637-common-args.resp -MMD -MT dependencies -MF /Users/admin/builder/spi-builder-workspace/.derivedData/Build/Intermediates.noindex/SwissEphemeris.build/Debug-appletvos/CSwissEphemeris-t.build/Objects-normal-tsan/arm64/swehel.d --serialize-diagnostics /Users/admin/builder/spi-builder-workspace/.derivedData/Build/Intermediates.noindex/SwissEphemeris.build/Debug-appletvos/CSwissEphemeris-t.build/Objects-normal-tsan/arm64/swehel.dia -c /Users/admin/builder/spi-builder-workspace/Sources/CSwissEphemeris/sweph/src/swehel.c -o /Users/admin/builder/spi-builder-workspace/.derivedData/Build/Intermediates.noindex/SwissEphemeris.build/Debug-appletvos/CSwissEphemeris-t.build/Objects-normal-tsan/arm64/swehel.o -index-unit-output-path /SwissEphemeris.build/Debug-appletvos/CSwissEphemeris-t.build/Objects-normal-tsan/arm64/swehel.o
error: unsupported option '-fsanitize=thread' for target 'arm64-apple-tvos15.0' (in target 'CSwissEphemeris' from project 'SwissEphemeris')
ScanDependencies /Users/admin/builder/spi-builder-workspace/.derivedData/Build/Intermediates.noindex/SwissEphemeris.build/Debug-appletvos/CSwissEphemeris-t.build/Objects-normal-tsan/arm64/swedate.o /Users/admin/builder/spi-builder-workspace/Sources/CSwissEphemeris/sweph/src/swedate.c normal arm64 c com.apple.compilers.llvm.clang.1_0.compiler (in target 'CSwissEphemeris' from project 'SwissEphemeris')
cd /Users/admin/builder/spi-builder-workspace/.swiftpm/xcode
Using response file: /Users/admin/builder/spi-builder-workspace/.derivedData/Build/Intermediates.noindex/SwissEphemeris.build/Debug-appletvos/CSwissEphemeris-t.build/Objects-normal-tsan/arm64/7187679823f38a2a940e0043cdf9d637-common-args.resp
builtin-ScanDependencies -o /Users/admin/builder/spi-builder-workspace/.derivedData/Build/Intermediates.noindex/SwissEphemeris.build/Debug-appletvos/CSwissEphemeris-t.build/Objects-normal-tsan/arm64/swedate.o.scan -- /Applications/Xcode-27.0.0-Release.Candidate.app/Contents/Developer/Toolchains/XcodeDefault.xctoolchain/usr/bin/clang -x c -ivfsstatcache /Users/admin/builder/spi-builder-workspace/.derivedData/SDKStatCaches.noindex/appletvos27.0-24J360-e829b21a6f8c9b70876ba0858053c044b32bfd8d43560033f8d89884cdb90028.sdkstatcache -target arm64-apple-tvos15.0 -fmessage-length\=0 -fdiagnostics-show-note-include-stack -fmacro-backtrace-limit\=0 -fno-color-diagnostics -fmodules-prune-interval\=86400 -fmodules-prune-after\=345600 -fbuild-session-file\=/Users/admin/builder/spi-builder-workspace/.derivedData/ModuleCache.noindex/Session.modulevalidation -fmodules-validate-once-per-build-session -Wnon-modular-include-in-framework-module -Werror\=non-modular-include-in-framework-module -Wno-trigraphs -Wno-missing-field-initializers -Wno-missing-prototypes -Wno-return-type -Wno-missing-braces -Wparentheses -Wswitch -Wno-unused-function -Wno-unused-label -Wno-unused-parameter -Wno-unused-variable -Wunused-value -Wno-empty-body -Wno-uninitialized -Wno-unknown-pragmas -Wno-shadow -Wno-four-char-constants -Wno-conversion -Wno-constant-conversion -Wno-int-conversion -Wno-bool-conversion -Wno-enum-conversion -Wno-float-conversion -Wno-non-literal-null-conversion -Wno-objc-literal-conversion -Wshorten-64-to-32 -Wpointer-sign -Wno-newline-eof -Wno-implicit-fallthrough -isysroot /Applications/Xcode-27.0.0-Release.Candidate.app/Contents/Developer/Platforms/AppleTVOS.platform/Developer/SDKs/AppleTVOS27.0.sdk -fstrict-aliasing -Wdeprecated-declarations -Wno-sign-conversion -Wno-infinite-recursion -Wno-comma -Wno-block-capture-autoreleasing -Wno-strict-prototypes -Wno-semicolon-before-method-body -index-store-path /Users/admin/builder/spi-builder-workspace/.derivedData/Index.noindex/DataStore @/Users/admin/builder/spi-builder-workspace/.derivedData/Build/Intermediates.noindex/SwissEphemeris.build/Debug-appletvos/CSwissEphemeris-t.build/Objects-normal-tsan/arm64/7187679823f38a2a940e0043cdf9d637-common-args.resp -MMD -MT dependencies -MF /Users/admin/builder/spi-builder-workspace/.derivedData/Build/Intermediates.noindex/SwissEphemeris.build/Debug-appletvos/CSwissEphemeris-t.build/Objects-normal-tsan/arm64/swedate.d --serialize-diagnostics /Users/admin/builder/spi-builder-workspace/.derivedData/Build/Intermediates.noindex/SwissEphemeris.build/Debug-appletvos/CSwissEphemeris-t.build/Objects-normal-tsan/arm64/swedate.dia -c /Users/admin/builder/spi-builder-workspace/Sources/CSwissEphemeris/sweph/src/swedate.c -o /Users/admin/builder/spi-builder-workspace/.derivedData/Build/Intermediates.noindex/SwissEphemeris.build/Debug-appletvos/CSwissEphemeris-t.build/Objects-normal-tsan/arm64/swedate.o -index-unit-output-path /SwissEphemeris.build/Debug-appletvos/CSwissEphemeris-t.build/Objects-normal-tsan/arm64/swedate.o
error: unsupported option '-fsanitize=thread' for target 'arm64-apple-tvos15.0' (in target 'CSwissEphemeris' from project 'SwissEphemeris')
ScanDependencies /Users/admin/builder/spi-builder-workspace/.derivedData/Build/Intermediates.noindex/SwissEphemeris.build/Debug-appletvos/CSwissEphemeris-t.build/Objects-normal-tsan/arm64/swecl.o /Users/admin/builder/spi-builder-workspace/Sources/CSwissEphemeris/sweph/src/swecl.c normal arm64 c com.apple.compilers.llvm.clang.1_0.compiler (in target 'CSwissEphemeris' from project 'SwissEphemeris')
cd /Users/admin/builder/spi-builder-workspace/.swiftpm/xcode
Using response file: /Users/admin/builder/spi-builder-workspace/.derivedData/Build/Intermediates.noindex/SwissEphemeris.build/Debug-appletvos/CSwissEphemeris-t.build/Objects-normal-tsan/arm64/7187679823f38a2a940e0043cdf9d637-common-args.resp
builtin-ScanDependencies -o /Users/admin/builder/spi-builder-workspace/.derivedData/Build/Intermediates.noindex/SwissEphemeris.build/Debug-appletvos/CSwissEphemeris-t.build/Objects-normal-tsan/arm64/swecl.o.scan -- /Applications/Xcode-27.0.0-Release.Candidate.app/Contents/Developer/Toolchains/XcodeDefault.xctoolchain/usr/bin/clang -x c -ivfsstatcache /Users/admin/builder/spi-builder-workspace/.derivedData/SDKStatCaches.noindex/appletvos27.0-24J360-e829b21a6f8c9b70876ba0858053c044b32bfd8d43560033f8d89884cdb90028.sdkstatcache -target arm64-apple-tvos15.0 -fmessage-length\=0 -fdiagnostics-show-note-include-stack -fmacro-backtrace-limit\=0 -fno-color-diagnostics -fmodules-prune-interval\=86400 -fmodules-prune-after\=345600 -fbuild-session-file\=/Users/admin/builder/spi-builder-workspace/.derivedData/ModuleCache.noindex/Session.modulevalidation -fmodules-validate-once-per-build-session -Wnon-modular-include-in-framework-module -Werror\=non-modular-include-in-framework-module -Wno-trigraphs -Wno-missing-field-initializers -Wno-missing-prototypes -Wno-return-type -Wno-missing-braces -Wparentheses -Wswitch -Wno-unused-function -Wno-unused-label -Wno-unused-parameter -Wno-unused-variable -Wunused-value -Wno-empty-body -Wno-uninitialized -Wno-unknown-pragmas -Wno-shadow -Wno-four-char-constants -Wno-conversion -Wno-constant-conversion -Wno-int-conversion -Wno-bool-conversion -Wno-enum-conversion -Wno-float-conversion -Wno-non-literal-null-conversion -Wno-objc-literal-conversion -Wshorten-64-to-32 -Wpointer-sign -Wno-newline-eof -Wno-implicit-fallthrough -isysroot /Applications/Xcode-27.0.0-Release.Candidate.app/Contents/Developer/Platforms/AppleTVOS.platform/Developer/SDKs/AppleTVOS27.0.sdk -fstrict-aliasing -Wdeprecated-declarations -Wno-sign-conversion -Wno-infinite-recursion -Wno-comma -Wno-block-capture-autoreleasing -Wno-strict-prototypes -Wno-semicolon-before-method-body -index-store-path /Users/admin/builder/spi-builder-workspace/.derivedData/Index.noindex/DataStore @/Users/admin/builder/spi-builder-workspace/.derivedData/Build/Intermediates.noindex/SwissEphemeris.build/Debug-appletvos/CSwissEphemeris-t.build/Objects-normal-tsan/arm64/7187679823f38a2a940e0043cdf9d637-common-args.resp -MMD -MT dependencies -MF /Users/admin/builder/spi-builder-workspace/.derivedData/Build/Intermediates.noindex/SwissEphemeris.build/Debug-appletvos/CSwissEphemeris-t.build/Objects-normal-tsan/arm64/swecl.d --serialize-diagnostics /Users/admin/builder/spi-builder-workspace/.derivedData/Build/Intermediates.noindex/SwissEphemeris.build/Debug-appletvos/CSwissEphemeris-t.build/Objects-normal-tsan/arm64/swecl.dia -c /Users/admin/builder/spi-builder-workspace/Sources/CSwissEphemeris/sweph/src/swecl.c -o /Users/admin/builder/spi-builder-workspace/.derivedData/Build/Intermediates.noindex/SwissEphemeris.build/Debug-appletvos/CSwissEphemeris-t.build/Objects-normal-tsan/arm64/swecl.o -index-unit-output-path /SwissEphemeris.build/Debug-appletvos/CSwissEphemeris-t.build/Objects-normal-tsan/arm64/swecl.o
error: unsupported option '-fsanitize=thread' for target 'arm64-apple-tvos15.0' (in target 'CSwissEphemeris' from project 'SwissEphemeris')
SwiftDriver SwissEphemeris normal arm64 com.apple.xcode.tools.swift.compiler (in target 'SwissEphemeris' from project 'SwissEphemeris')
cd /Users/admin/builder/spi-builder-workspace/.swiftpm/xcode
builtin-SwiftDriver -- /Applications/Xcode-27.0.0-Release.Candidate.app/Contents/Developer/Toolchains/XcodeDefault.xctoolchain/usr/bin/swiftc -parse-as-library -module-name SwissEphemeris -Onone @/Users/admin/builder/spi-builder-workspace/.derivedData/Build/Intermediates.noindex/SwissEphemeris.build/Debug-appletvos/SwissEphemeris-t.build/Objects-normal/arm64/SwissEphemeris.SwiftFileList -DSWIFT_PACKAGE -DDEBUG -DSWIFT_MODULE_RESOURCE_BUNDLE_AVAILABLE -Xcc -fmodule-map-file\=/Users/admin/builder/spi-builder-workspace/Sources/CSwissEphemeris/include/module.modulemap -DXcode -plugin-path /Applications/Xcode-27.0.0-Release.Candidate.app/Contents/Developer/Toolchains/XcodeDefault.xctoolchain/usr/lib/swift/host/plugins/testing -enable-experimental-feature DebugDescriptionMacro -sdk /Applications/Xcode-27.0.0-Release.Candidate.app/Contents/Developer/Platforms/AppleTVOS.platform/Developer/SDKs/AppleTVOS27.0.sdk -target arm64-apple-tvos15.0 -g -module-cache-path /Users/admin/builder/spi-builder-workspace/.derivedData/ModuleCache.noindex -Xfrontend -serialize-debugging-options -profile-coverage-mapping -profile-generate -sanitize\=thread -enable-testing -index-store-path /Users/admin/builder/spi-builder-workspace/.derivedData/Index.noindex/DataStore -Xcc -D_LIBCPP_HARDENING_MODE\=_LIBCPP_HARDENING_MODE_DEBUG -swift-version 5 -I /Users/admin/builder/spi-builder-workspace/.derivedData/Build/Products/Debug-appletvos -Isystem /Applications/Xcode-27.0.0-Release.Candidate.app/Contents/Developer/Platforms/AppleTVOS.platform/Developer/usr/lib -F /Users/admin/builder/spi-builder-workspace/.derivedData/Build/Products/Debug-appletvos/PackageFrameworks -F /Users/admin/builder/spi-builder-workspace/.derivedData/Build/Products/Debug-appletvos -F /Applications/Xcode-27.0.0-Release.Candidate.app/Contents/Developer/Platforms/AppleTVOS.platform/Developer/Library/Frameworks -F /Applications/Xcode-27.0.0-Release.Candidate.app/Contents/Developer/Platforms/AppleTVOS.platform/Developer/SDKs/AppleTVOS27.0.sdk/Developer/Library/Frameworks -c -j10 -enable-batch-mode -incremental -Xcc -ivfsstatcache -Xcc /Users/admin/builder/spi-builder-workspace/.derivedData/SDKStatCaches.noindex/appletvos27.0-24J360-e829b21a6f8c9b70876ba0858053c044b32bfd8d43560033f8d89884cdb90028.sdkstatcache -output-file-map /Users/admin/builder/spi-builder-workspace/.derivedData/Build/Intermediates.noindex/SwissEphemeris.build/Debug-appletvos/SwissEphemeris-t.build/Objects-normal-tsan/arm64/SwissEphemeris-OutputFileMap.json -save-temps -no-color-diagnostics -explicit-module-build -module-cache-path /Users/admin/builder/spi-builder-workspace/.derivedData/Build/Intermediates.noindex/SwiftExplicitPrecompiledModules -clang-scanner-module-cache-path /Users/admin/builder/spi-builder-workspace/.derivedData/ModuleCache.noindex -sdk-module-cache-path /Users/admin/builder/spi-builder-workspace/.derivedData/SDKExplicitPrecompiledModules -emit-dependencies -emit-module -emit-module-path /Users/admin/builder/spi-builder-workspace/.derivedData/Build/Intermediates.noindex/SwissEphemeris.build/Debug-appletvos/SwissEphemeris-t.build/Objects-normal-tsan/arm64/SwissEphemeris.swiftmodule -serialize-diagnostics -dependency-scan-serialize-diagnostics-path /Users/admin/builder/spi-builder-workspace/.derivedData/Build/Intermediates.noindex/SwissEphemeris.build/Debug-appletvos/SwissEphemeris-t.build/Objects-normal-tsan/arm64/SwissEphemeris-dependency-scan.dia -validate-clang-modules-once -clang-build-session-file /Users/admin/builder/spi-builder-workspace/.derivedData/ModuleCache.noindex/Session.modulevalidation -Xcc -fmodules-prune-interval\=86400 -Xcc -fmodules-prune-after\=345600 -emit-const-values -const-gather-protocols-list /Users/admin/builder/spi-builder-workspace/.derivedData/Build/Intermediates.noindex/SwissEphemeris.build/Debug-appletvos/SwissEphemeris-t.build/Objects-normal-tsan/arm64/SwissEphemeris_const_extract_protocols.json -Xcc -I/Users/admin/builder/spi-builder-workspace/Sources/CSwissEphemeris/include -Xcc -I/Users/admin/builder/spi-builder-workspace/.derivedData/Build/Products/Debug-appletvos/include -Xcc -I/Users/admin/builder/spi-builder-workspace/.derivedData/Build/Intermediates.noindex/SwissEphemeris.build/Debug-appletvos/SwissEphemeris-t.build/DerivedSources-normal/arm64 -Xcc -I/Users/admin/builder/spi-builder-workspace/.derivedData/Build/Intermediates.noindex/SwissEphemeris.build/Debug-appletvos/SwissEphemeris-t.build/DerivedSources/arm64 -Xcc -I/Users/admin/builder/spi-builder-workspace/.derivedData/Build/Intermediates.noindex/SwissEphemeris.build/Debug-appletvos/SwissEphemeris-t.build/DerivedSources -Xcc -DSWIFT_PACKAGE -Xcc -DDEBUG\=1 -emit-objc-header -emit-objc-header-path /Users/admin/builder/spi-builder-workspace/.derivedData/Build/Intermediates.noindex/SwissEphemeris.build/Debug-appletvos/SwissEphemeris-t.build/Objects-normal-tsan/arm64/SwissEphemeris-Swift.h -working-directory /Users/admin/builder/spi-builder-workspace/.swiftpm/xcode -experimental-emit-module-separately -disable-cmo
/Users/admin/builder/spi-builder-workspace/Sources/SwissEphemeris/PlanetPairs.swift:14:19: warning: Extraneous whitespace between attribute name and '('; this is an error in the Swift 6 language mode (in target 'SwissEphemeris' from project 'SwissEphemeris')
error: Unsupported option '-sanitize=thread' for target 'arm64-apple-tvos15.0' (in target 'SwissEphemeris' from project 'SwissEphemeris')
PruneExplicitPrecompiledModules /Users/admin/builder/spi-builder-workspace/.derivedData/Build/Intermediates.noindex/ExplicitPrecompiledModules
PruneExplicitPrecompiledModules /Users/admin/builder/spi-builder-workspace/.derivedData/Build/Intermediates.noindex/SwiftExplicitPrecompiledModules
PruneExplicitPrecompiledModules /Users/admin/builder/spi-builder-workspace/.derivedData/SDKExplicitPrecompiledModules
2026-09-18 17:26:50.525 xcodebuild[673:4427] [MT] IDERunDestination: Supported platforms for the buildables in the current scheme is empty.
2026-09-18 17:26:50.668 xcodebuild[673:4427] [MT] IDERunDestination: Supported platforms for the buildables in the current scheme is empty.
** BUILD FAILED **
The following build commands failed:
ScanDependencies /Users/admin/builder/spi-builder-workspace/.derivedData/Build/Intermediates.noindex/SwissEphemeris.build/Debug-appletvos/CSwissEphemeris-t.build/Objects-normal-tsan/arm64/swephlib.o /Users/admin/builder/spi-builder-workspace/Sources/CSwissEphemeris/sweph/src/swephlib.c normal arm64 c com.apple.compilers.llvm.clang.1_0.compiler (in target 'CSwissEphemeris' from project 'SwissEphemeris')
ScanDependencies /Users/admin/builder/spi-builder-workspace/.derivedData/Build/Intermediates.noindex/SwissEphemeris.build/Debug-appletvos/CSwissEphemeris-t.build/Objects-normal-tsan/arm64/swemplan.o /Users/admin/builder/spi-builder-workspace/Sources/CSwissEphemeris/sweph/src/swemplan.c normal arm64 c com.apple.compilers.llvm.clang.1_0.compiler (in target 'CSwissEphemeris' from project 'SwissEphemeris')
ScanDependencies /Users/admin/builder/spi-builder-workspace/.derivedData/Build/Intermediates.noindex/SwissEphemeris.build/Debug-appletvos/CSwissEphemeris-t.build/Objects-normal-tsan/arm64/sweph.o /Users/admin/builder/spi-builder-workspace/Sources/CSwissEphemeris/sweph/src/sweph.c normal arm64 c com.apple.compilers.llvm.clang.1_0.compiler (in target 'CSwissEphemeris' from project 'SwissEphemeris')
ScanDependencies /Users/admin/builder/spi-builder-workspace/.derivedData/Build/Intermediates.noindex/SwissEphemeris.build/Debug-appletvos/CSwissEphemeris-t.build/Objects-normal-tsan/arm64/swemmoon.o /Users/admin/builder/spi-builder-workspace/Sources/CSwissEphemeris/sweph/src/swemmoon.c normal arm64 c com.apple.compilers.llvm.clang.1_0.compiler (in target 'CSwissEphemeris' from project 'SwissEphemeris')
ScanDependencies /Users/admin/builder/spi-builder-workspace/.derivedData/Build/Intermediates.noindex/SwissEphemeris.build/Debug-appletvos/CSwissEphemeris-t.build/Objects-normal-tsan/arm64/swejpl.o /Users/admin/builder/spi-builder-workspace/Sources/CSwissEphemeris/sweph/src/swejpl.c normal arm64 c com.apple.compilers.llvm.clang.1_0.compiler (in target 'CSwissEphemeris' from project 'SwissEphemeris')
ScanDependencies /Users/admin/builder/spi-builder-workspace/.derivedData/Build/Intermediates.noindex/SwissEphemeris.build/Debug-appletvos/CSwissEphemeris-t.build/Objects-normal-tsan/arm64/swehouse.o /Users/admin/builder/spi-builder-workspace/Sources/CSwissEphemeris/sweph/src/swehouse.c normal arm64 c com.apple.compilers.llvm.clang.1_0.compiler (in target 'CSwissEphemeris' from project 'SwissEphemeris')
ScanDependencies /Users/admin/builder/spi-builder-workspace/.derivedData/Build/Intermediates.noindex/SwissEphemeris.build/Debug-appletvos/CSwissEphemeris-t.build/Objects-normal-tsan/arm64/swehel.o /Users/admin/builder/spi-builder-workspace/Sources/CSwissEphemeris/sweph/src/swehel.c normal arm64 c com.apple.compilers.llvm.clang.1_0.compiler (in target 'CSwissEphemeris' from project 'SwissEphemeris')
ScanDependencies /Users/admin/builder/spi-builder-workspace/.derivedData/Build/Intermediates.noindex/SwissEphemeris.build/Debug-appletvos/CSwissEphemeris-t.build/Objects-normal-tsan/arm64/swedate.o /Users/admin/builder/spi-builder-workspace/Sources/CSwissEphemeris/sweph/src/swedate.c normal arm64 c com.apple.compilers.llvm.clang.1_0.compiler (in target 'CSwissEphemeris' from project 'SwissEphemeris')
ScanDependencies /Users/admin/builder/spi-builder-workspace/.derivedData/Build/Intermediates.noindex/SwissEphemeris.build/Debug-appletvos/CSwissEphemeris-t.build/Objects-normal-tsan/arm64/swecl.o /Users/admin/builder/spi-builder-workspace/Sources/CSwissEphemeris/sweph/src/swecl.c normal arm64 c com.apple.compilers.llvm.clang.1_0.compiler (in target 'CSwissEphemeris' from project 'SwissEphemeris')
SwiftDriver SwissEphemeris normal arm64 com.apple.xcode.tools.swift.compiler (in target 'SwissEphemeris' from project 'SwissEphemeris')
Building workspace SwissEphemeris with scheme SwissEphemeris
(11 failures)
BUILD FAILURE 6.4 tvOS