The Swift Package Index logo.Swift Package Index

Build Information

Failed to build Shwift, reference main (d7be04), with Swift 6.4 for watchOS using Xcode 27.0 on 20 Sep 2026 12:18:24 UTC.

Build Command

env DEVELOPER_DIR=/Applications/Xcode-27.0.0-Release.Candidate.app xcrun xcodebuild -IDEClonedSourcePackagesDirPathOverride=$PWD/.dependencies -skipMacroValidation -skipPackagePluginValidation -derivedDataPath $PWD/.derivedData build -scheme Shwift-Package -destination generic/platform=watchOS

Build Log

    builtin-Swift-Compilation-Requirements -- /Applications/Xcode-27.0.0-Release.Candidate.app/Contents/Developer/Toolchains/XcodeDefault.xctoolchain/usr/bin/swiftc -parse-as-library -module-name _NIOConcurrency -Onone @/Users/admin/builder/spi-builder-workspace/.derivedData/Build/Intermediates.noindex/swift-nio.build/Debug-watchos/_NIOConcurrency-t.build/Objects-normal/arm64_32/_NIOConcurrency.SwiftFileList -DSWIFT_PACKAGE -DDEBUG -DSWIFT_MODULE_RESOURCE_BUNDLE_UNAVAILABLE -Xcc -fmodule-map-file\=/Users/admin/builder/spi-builder-workspace/.dependencies/checkouts/swift-atomics/Sources/_AtomicsShims/include/module.modulemap -Xcc -fmodule-map-file\=/Users/admin/builder/spi-builder-workspace/.derivedData/Build/Intermediates.noindex/GeneratedModuleMaps-watchos/CNIOPosix.modulemap -Xcc -fmodule-map-file\=/Users/admin/builder/spi-builder-workspace/.derivedData/Build/Intermediates.noindex/GeneratedModuleMaps-watchos/CNIOWASI.modulemap -Xcc -fmodule-map-file\=/Users/admin/builder/spi-builder-workspace/.dependencies/checkouts/swift-nio/Sources/CNIOWindows/include/module.modulemap -Xcc -fmodule-map-file\=/Users/admin/builder/spi-builder-workspace/.derivedData/Build/Intermediates.noindex/GeneratedModuleMaps-watchos/CNIOLinux.modulemap -Xcc -fmodule-map-file\=/Users/admin/builder/spi-builder-workspace/.derivedData/Build/Intermediates.noindex/GeneratedModuleMaps-watchos/CNIODarwin.modulemap -Xcc -fmodule-map-file\=/Users/admin/builder/spi-builder-workspace/.derivedData/Build/Intermediates.noindex/GeneratedModuleMaps-watchos/CNIOFreeBSD.modulemap -Xcc -fmodule-map-file\=/Users/admin/builder/spi-builder-workspace/.derivedData/Build/Intermediates.noindex/GeneratedModuleMaps-watchos/CNIOOpenBSD.modulemap -Xcc -fmodule-map-file\=/Users/admin/builder/spi-builder-workspace/.derivedData/Build/Intermediates.noindex/GeneratedModuleMaps-watchos/CNIOAtomics.modulemap -DXcode -enable-experimental-feature Lifetimes -enable-upcoming-feature MemberImportVisibility -plugin-path /Applications/Xcode-27.0.0-Release.Candidate.app/Contents/Developer/Toolchains/XcodeDefault.xctoolchain/usr/lib/swift/host/plugins/testing -enable-experimental-feature DebugDescriptionMacro -sdk /Applications/Xcode-27.0.0-Release.Candidate.app/Contents/Developer/Platforms/WatchOS.platform/Developer/SDKs/WatchOS27.0.sdk -target arm64_32-apple-watchos9.0 -g -module-cache-path /Users/admin/builder/spi-builder-workspace/.derivedData/ModuleCache.noindex -Xfrontend -serialize-debugging-options -profile-coverage-mapping -profile-generate -enable-testing -suppress-warnings -index-store-path /Users/admin/builder/spi-builder-workspace/.derivedData/Index.noindex/DataStore -Xcc -D_LIBCPP_HARDENING_MODE\=_LIBCPP_HARDENING_MODE_DEBUG -swift-version 6 -I /Users/admin/builder/spi-builder-workspace/.derivedData/Build/Products/Debug-watchos -Isystem /Applications/Xcode-27.0.0-Release.Candidate.app/Contents/Developer/Platforms/WatchOS.platform/Developer/usr/lib -F /Users/admin/builder/spi-builder-workspace/.derivedData/Build/Products/Debug-watchos/PackageFrameworks -F /Users/admin/builder/spi-builder-workspace/.derivedData/Build/Products/Debug-watchos -F /Applications/Xcode-27.0.0-Release.Candidate.app/Contents/Developer/Platforms/WatchOS.platform/Developer/Library/Frameworks -F /Applications/Xcode-27.0.0-Release.Candidate.app/Contents/Developer/Platforms/WatchOS.platform/Developer/SDKs/WatchOS27.0.sdk/Developer/Library/Frameworks -c -j10 -enable-batch-mode -incremental -Xcc -ivfsstatcache -Xcc /Users/admin/builder/spi-builder-workspace/.derivedData/SDKStatCaches.noindex/watchos27.0-24R360-e829b21a6f8c9b70876ba0858053c04477534ef55a1706bf4c1112bbb242f0a2.sdkstatcache -output-file-map /Users/admin/builder/spi-builder-workspace/.derivedData/Build/Intermediates.noindex/swift-nio.build/Debug-watchos/_NIOConcurrency-t.build/Objects-normal/arm64_32/_NIOConcurrency-OutputFileMap.json -save-temps -no-color-diagnostics -explicit-module-build -module-cache-path /Users/admin/builder/spi-builder-workspace/.derivedData/Build/Intermediates.noindex/SwiftExplicitPrecompiledModules -clang-scanner-module-cache-path /Users/admin/builder/spi-builder-workspace/.derivedData/ModuleCache.noindex -sdk-module-cache-path /Users/admin/builder/spi-builder-workspace/.derivedData/SDKExplicitPrecompiledModules -emit-dependencies -emit-module -emit-module-path /Users/admin/builder/spi-builder-workspace/.derivedData/Build/Intermediates.noindex/swift-nio.build/Debug-watchos/_NIOConcurrency-t.build/Objects-normal/arm64_32/_NIOConcurrency.swiftmodule -serialize-diagnostics -dependency-scan-serialize-diagnostics-path /Users/admin/builder/spi-builder-workspace/.derivedData/Build/Intermediates.noindex/swift-nio.build/Debug-watchos/_NIOConcurrency-t.build/Objects-normal/arm64_32/_NIOConcurrency-dependency-scan.dia -user-module-version 2.103.0 -validate-clang-modules-once -clang-build-session-file /Users/admin/builder/spi-builder-workspace/.derivedData/ModuleCache.noindex/Session.modulevalidation -Xcc -fmodules-prune-interval\=86400 -Xcc -fmodules-prune-after\=345600 -package-name swift_nio -emit-const-values -const-gather-protocols-list /Users/admin/builder/spi-builder-workspace/.derivedData/Build/Intermediates.noindex/swift-nio.build/Debug-watchos/_NIOConcurrency-t.build/Objects-normal/arm64_32/_NIOConcurrency_const_extract_protocols.json -Xcc -I/Users/admin/builder/spi-builder-workspace/.dependencies/checkouts/swift-atomics/Sources/_AtomicsShims/include -Xcc -I/Users/admin/builder/spi-builder-workspace/.dependencies/checkouts/swift-nio/Sources/CNIOPosix/include -Xcc -I/Users/admin/builder/spi-builder-workspace/.dependencies/checkouts/swift-nio/Sources/CNIOWASI/include -Xcc -I/Users/admin/builder/spi-builder-workspace/.dependencies/checkouts/swift-nio/Sources/CNIOWindows/include -Xcc -I/Users/admin/builder/spi-builder-workspace/.dependencies/checkouts/swift-nio/Sources/CNIOLinux/include -Xcc -I/Users/admin/builder/spi-builder-workspace/.dependencies/checkouts/swift-nio/Sources/CNIODarwin/include -Xcc -I/Users/admin/builder/spi-builder-workspace/.dependencies/checkouts/swift-nio/Sources/CNIOFreeBSD/include -Xcc -I/Users/admin/builder/spi-builder-workspace/.dependencies/checkouts/swift-nio/Sources/CNIOOpenBSD/include -Xcc -I/Users/admin/builder/spi-builder-workspace/.dependencies/checkouts/swift-nio/Sources/CNIOAtomics/include -Xcc -I/Users/admin/builder/spi-builder-workspace/.derivedData/Build/Products/Debug-watchos/include -Xcc -I/Users/admin/builder/spi-builder-workspace/.derivedData/Build/Intermediates.noindex/swift-nio.build/Debug-watchos/_NIOConcurrency-t.build/DerivedSources-normal/arm64_32 -Xcc -I/Users/admin/builder/spi-builder-workspace/.derivedData/Build/Intermediates.noindex/swift-nio.build/Debug-watchos/_NIOConcurrency-t.build/DerivedSources/arm64_32 -Xcc -I/Users/admin/builder/spi-builder-workspace/.derivedData/Build/Intermediates.noindex/swift-nio.build/Debug-watchos/_NIOConcurrency-t.build/DerivedSources -Xcc -DSWIFT_PACKAGE -Xcc -DDEBUG\=1 -emit-objc-header -emit-objc-header-path /Users/admin/builder/spi-builder-workspace/.derivedData/Build/Intermediates.noindex/swift-nio.build/Debug-watchos/_NIOConcurrency-t.build/Objects-normal/arm64_32/_NIOConcurrency-Swift.h -working-directory /Users/admin/builder/spi-builder-workspace/.swiftpm/xcode -experimental-emit-module-separately -disable-cmo
SwiftDriverJobDiscovery normal arm64_32 Compiling Empty.swift (in target '_NIOConcurrency' from project 'swift-nio')
SwiftDriver\ Compilation _NIOConcurrency normal arm64_32 com.apple.xcode.tools.swift.compiler (in target '_NIOConcurrency' from project 'swift-nio')
    cd /Users/admin/builder/spi-builder-workspace/.swiftpm/xcode
    builtin-Swift-Compilation -- /Applications/Xcode-27.0.0-Release.Candidate.app/Contents/Developer/Toolchains/XcodeDefault.xctoolchain/usr/bin/swiftc -parse-as-library -module-name _NIOConcurrency -Onone @/Users/admin/builder/spi-builder-workspace/.derivedData/Build/Intermediates.noindex/swift-nio.build/Debug-watchos/_NIOConcurrency-t.build/Objects-normal/arm64_32/_NIOConcurrency.SwiftFileList -DSWIFT_PACKAGE -DDEBUG -DSWIFT_MODULE_RESOURCE_BUNDLE_UNAVAILABLE -Xcc -fmodule-map-file\=/Users/admin/builder/spi-builder-workspace/.dependencies/checkouts/swift-atomics/Sources/_AtomicsShims/include/module.modulemap -Xcc -fmodule-map-file\=/Users/admin/builder/spi-builder-workspace/.derivedData/Build/Intermediates.noindex/GeneratedModuleMaps-watchos/CNIOPosix.modulemap -Xcc -fmodule-map-file\=/Users/admin/builder/spi-builder-workspace/.derivedData/Build/Intermediates.noindex/GeneratedModuleMaps-watchos/CNIOWASI.modulemap -Xcc -fmodule-map-file\=/Users/admin/builder/spi-builder-workspace/.dependencies/checkouts/swift-nio/Sources/CNIOWindows/include/module.modulemap -Xcc -fmodule-map-file\=/Users/admin/builder/spi-builder-workspace/.derivedData/Build/Intermediates.noindex/GeneratedModuleMaps-watchos/CNIOLinux.modulemap -Xcc -fmodule-map-file\=/Users/admin/builder/spi-builder-workspace/.derivedData/Build/Intermediates.noindex/GeneratedModuleMaps-watchos/CNIODarwin.modulemap -Xcc -fmodule-map-file\=/Users/admin/builder/spi-builder-workspace/.derivedData/Build/Intermediates.noindex/GeneratedModuleMaps-watchos/CNIOFreeBSD.modulemap -Xcc -fmodule-map-file\=/Users/admin/builder/spi-builder-workspace/.derivedData/Build/Intermediates.noindex/GeneratedModuleMaps-watchos/CNIOOpenBSD.modulemap -Xcc -fmodule-map-file\=/Users/admin/builder/spi-builder-workspace/.derivedData/Build/Intermediates.noindex/GeneratedModuleMaps-watchos/CNIOAtomics.modulemap -DXcode -enable-experimental-feature Lifetimes -enable-upcoming-feature MemberImportVisibility -plugin-path /Applications/Xcode-27.0.0-Release.Candidate.app/Contents/Developer/Toolchains/XcodeDefault.xctoolchain/usr/lib/swift/host/plugins/testing -enable-experimental-feature DebugDescriptionMacro -sdk /Applications/Xcode-27.0.0-Release.Candidate.app/Contents/Developer/Platforms/WatchOS.platform/Developer/SDKs/WatchOS27.0.sdk -target arm64_32-apple-watchos9.0 -g -module-cache-path /Users/admin/builder/spi-builder-workspace/.derivedData/ModuleCache.noindex -Xfrontend -serialize-debugging-options -profile-coverage-mapping -profile-generate -enable-testing -suppress-warnings -index-store-path /Users/admin/builder/spi-builder-workspace/.derivedData/Index.noindex/DataStore -Xcc -D_LIBCPP_HARDENING_MODE\=_LIBCPP_HARDENING_MODE_DEBUG -swift-version 6 -I /Users/admin/builder/spi-builder-workspace/.derivedData/Build/Products/Debug-watchos -Isystem /Applications/Xcode-27.0.0-Release.Candidate.app/Contents/Developer/Platforms/WatchOS.platform/Developer/usr/lib -F /Users/admin/builder/spi-builder-workspace/.derivedData/Build/Products/Debug-watchos/PackageFrameworks -F /Users/admin/builder/spi-builder-workspace/.derivedData/Build/Products/Debug-watchos -F /Applications/Xcode-27.0.0-Release.Candidate.app/Contents/Developer/Platforms/WatchOS.platform/Developer/Library/Frameworks -F /Applications/Xcode-27.0.0-Release.Candidate.app/Contents/Developer/Platforms/WatchOS.platform/Developer/SDKs/WatchOS27.0.sdk/Developer/Library/Frameworks -c -j10 -enable-batch-mode -incremental -Xcc -ivfsstatcache -Xcc /Users/admin/builder/spi-builder-workspace/.derivedData/SDKStatCaches.noindex/watchos27.0-24R360-e829b21a6f8c9b70876ba0858053c04477534ef55a1706bf4c1112bbb242f0a2.sdkstatcache -output-file-map /Users/admin/builder/spi-builder-workspace/.derivedData/Build/Intermediates.noindex/swift-nio.build/Debug-watchos/_NIOConcurrency-t.build/Objects-normal/arm64_32/_NIOConcurrency-OutputFileMap.json -save-temps -no-color-diagnostics -explicit-module-build -module-cache-path /Users/admin/builder/spi-builder-workspace/.derivedData/Build/Intermediates.noindex/SwiftExplicitPrecompiledModules -clang-scanner-module-cache-path /Users/admin/builder/spi-builder-workspace/.derivedData/ModuleCache.noindex -sdk-module-cache-path /Users/admin/builder/spi-builder-workspace/.derivedData/SDKExplicitPrecompiledModules -emit-dependencies -emit-module -emit-module-path /Users/admin/builder/spi-builder-workspace/.derivedData/Build/Intermediates.noindex/swift-nio.build/Debug-watchos/_NIOConcurrency-t.build/Objects-normal/arm64_32/_NIOConcurrency.swiftmodule -serialize-diagnostics -dependency-scan-serialize-diagnostics-path /Users/admin/builder/spi-builder-workspace/.derivedData/Build/Intermediates.noindex/swift-nio.build/Debug-watchos/_NIOConcurrency-t.build/Objects-normal/arm64_32/_NIOConcurrency-dependency-scan.dia -user-module-version 2.103.0 -validate-clang-modules-once -clang-build-session-file /Users/admin/builder/spi-builder-workspace/.derivedData/ModuleCache.noindex/Session.modulevalidation -Xcc -fmodules-prune-interval\=86400 -Xcc -fmodules-prune-after\=345600 -package-name swift_nio -emit-const-values -const-gather-protocols-list /Users/admin/builder/spi-builder-workspace/.derivedData/Build/Intermediates.noindex/swift-nio.build/Debug-watchos/_NIOConcurrency-t.build/Objects-normal/arm64_32/_NIOConcurrency_const_extract_protocols.json -Xcc -I/Users/admin/builder/spi-builder-workspace/.dependencies/checkouts/swift-atomics/Sources/_AtomicsShims/include -Xcc -I/Users/admin/builder/spi-builder-workspace/.dependencies/checkouts/swift-nio/Sources/CNIOPosix/include -Xcc -I/Users/admin/builder/spi-builder-workspace/.dependencies/checkouts/swift-nio/Sources/CNIOWASI/include -Xcc -I/Users/admin/builder/spi-builder-workspace/.dependencies/checkouts/swift-nio/Sources/CNIOWindows/include -Xcc -I/Users/admin/builder/spi-builder-workspace/.dependencies/checkouts/swift-nio/Sources/CNIOLinux/include -Xcc -I/Users/admin/builder/spi-builder-workspace/.dependencies/checkouts/swift-nio/Sources/CNIODarwin/include -Xcc -I/Users/admin/builder/spi-builder-workspace/.dependencies/checkouts/swift-nio/Sources/CNIOFreeBSD/include -Xcc -I/Users/admin/builder/spi-builder-workspace/.dependencies/checkouts/swift-nio/Sources/CNIOOpenBSD/include -Xcc -I/Users/admin/builder/spi-builder-workspace/.dependencies/checkouts/swift-nio/Sources/CNIOAtomics/include -Xcc -I/Users/admin/builder/spi-builder-workspace/.derivedData/Build/Products/Debug-watchos/include -Xcc -I/Users/admin/builder/spi-builder-workspace/.derivedData/Build/Intermediates.noindex/swift-nio.build/Debug-watchos/_NIOConcurrency-t.build/DerivedSources-normal/arm64_32 -Xcc -I/Users/admin/builder/spi-builder-workspace/.derivedData/Build/Intermediates.noindex/swift-nio.build/Debug-watchos/_NIOConcurrency-t.build/DerivedSources/arm64_32 -Xcc -I/Users/admin/builder/spi-builder-workspace/.derivedData/Build/Intermediates.noindex/swift-nio.build/Debug-watchos/_NIOConcurrency-t.build/DerivedSources -Xcc -DSWIFT_PACKAGE -Xcc -DDEBUG\=1 -emit-objc-header -emit-objc-header-path /Users/admin/builder/spi-builder-workspace/.derivedData/Build/Intermediates.noindex/swift-nio.build/Debug-watchos/_NIOConcurrency-t.build/Objects-normal/arm64_32/_NIOConcurrency-Swift.h -working-directory /Users/admin/builder/spi-builder-workspace/.swiftpm/xcode -experimental-emit-module-separately -disable-cmo
SwiftDriverJobDiscovery normal arm64 Emitting module for _NIOConcurrency (in target '_NIOConcurrency' from project 'swift-nio')
SwiftDriverJobDiscovery normal arm64 Compiling Empty.swift (in target '_NIOConcurrency' from project 'swift-nio')
SwiftDriver\ Compilation\ Requirements _NIOConcurrency normal arm64 com.apple.xcode.tools.swift.compiler (in target '_NIOConcurrency' from project 'swift-nio')
    cd /Users/admin/builder/spi-builder-workspace/.swiftpm/xcode
    builtin-Swift-Compilation-Requirements -- /Applications/Xcode-27.0.0-Release.Candidate.app/Contents/Developer/Toolchains/XcodeDefault.xctoolchain/usr/bin/swiftc -parse-as-library -module-name _NIOConcurrency -Onone @/Users/admin/builder/spi-builder-workspace/.derivedData/Build/Intermediates.noindex/swift-nio.build/Debug-watchos/_NIOConcurrency-t.build/Objects-normal/arm64/_NIOConcurrency.SwiftFileList -DSWIFT_PACKAGE -DDEBUG -DSWIFT_MODULE_RESOURCE_BUNDLE_UNAVAILABLE -Xcc -fmodule-map-file\=/Users/admin/builder/spi-builder-workspace/.dependencies/checkouts/swift-atomics/Sources/_AtomicsShims/include/module.modulemap -Xcc -fmodule-map-file\=/Users/admin/builder/spi-builder-workspace/.derivedData/Build/Intermediates.noindex/GeneratedModuleMaps-watchos/CNIOPosix.modulemap -Xcc -fmodule-map-file\=/Users/admin/builder/spi-builder-workspace/.derivedData/Build/Intermediates.noindex/GeneratedModuleMaps-watchos/CNIOWASI.modulemap -Xcc -fmodule-map-file\=/Users/admin/builder/spi-builder-workspace/.dependencies/checkouts/swift-nio/Sources/CNIOWindows/include/module.modulemap -Xcc -fmodule-map-file\=/Users/admin/builder/spi-builder-workspace/.derivedData/Build/Intermediates.noindex/GeneratedModuleMaps-watchos/CNIOLinux.modulemap -Xcc -fmodule-map-file\=/Users/admin/builder/spi-builder-workspace/.derivedData/Build/Intermediates.noindex/GeneratedModuleMaps-watchos/CNIODarwin.modulemap -Xcc -fmodule-map-file\=/Users/admin/builder/spi-builder-workspace/.derivedData/Build/Intermediates.noindex/GeneratedModuleMaps-watchos/CNIOFreeBSD.modulemap -Xcc -fmodule-map-file\=/Users/admin/builder/spi-builder-workspace/.derivedData/Build/Intermediates.noindex/GeneratedModuleMaps-watchos/CNIOOpenBSD.modulemap -Xcc -fmodule-map-file\=/Users/admin/builder/spi-builder-workspace/.derivedData/Build/Intermediates.noindex/GeneratedModuleMaps-watchos/CNIOAtomics.modulemap -DXcode -enable-experimental-feature Lifetimes -enable-upcoming-feature MemberImportVisibility -plugin-path /Applications/Xcode-27.0.0-Release.Candidate.app/Contents/Developer/Toolchains/XcodeDefault.xctoolchain/usr/lib/swift/host/plugins/testing -enable-experimental-feature DebugDescriptionMacro -sdk /Applications/Xcode-27.0.0-Release.Candidate.app/Contents/Developer/Platforms/WatchOS.platform/Developer/SDKs/WatchOS27.0.sdk -target arm64-apple-watchos9.0 -g -module-cache-path /Users/admin/builder/spi-builder-workspace/.derivedData/ModuleCache.noindex -Xfrontend -serialize-debugging-options -profile-coverage-mapping -profile-generate -enable-testing -suppress-warnings -index-store-path /Users/admin/builder/spi-builder-workspace/.derivedData/Index.noindex/DataStore -Xcc -D_LIBCPP_HARDENING_MODE\=_LIBCPP_HARDENING_MODE_DEBUG -swift-version 6 -I /Users/admin/builder/spi-builder-workspace/.derivedData/Build/Products/Debug-watchos -Isystem /Applications/Xcode-27.0.0-Release.Candidate.app/Contents/Developer/Platforms/WatchOS.platform/Developer/usr/lib -F /Users/admin/builder/spi-builder-workspace/.derivedData/Build/Products/Debug-watchos/PackageFrameworks -F /Users/admin/builder/spi-builder-workspace/.derivedData/Build/Products/Debug-watchos -F /Applications/Xcode-27.0.0-Release.Candidate.app/Contents/Developer/Platforms/WatchOS.platform/Developer/Library/Frameworks -F /Applications/Xcode-27.0.0-Release.Candidate.app/Contents/Developer/Platforms/WatchOS.platform/Developer/SDKs/WatchOS27.0.sdk/Developer/Library/Frameworks -c -j10 -enable-batch-mode -incremental -Xcc -ivfsstatcache -Xcc /Users/admin/builder/spi-builder-workspace/.derivedData/SDKStatCaches.noindex/watchos27.0-24R360-e829b21a6f8c9b70876ba0858053c04477534ef55a1706bf4c1112bbb242f0a2.sdkstatcache -output-file-map /Users/admin/builder/spi-builder-workspace/.derivedData/Build/Intermediates.noindex/swift-nio.build/Debug-watchos/_NIOConcurrency-t.build/Objects-normal/arm64/_NIOConcurrency-OutputFileMap.json -save-temps -no-color-diagnostics -explicit-module-build -module-cache-path /Users/admin/builder/spi-builder-workspace/.derivedData/Build/Intermediates.noindex/SwiftExplicitPrecompiledModules -clang-scanner-module-cache-path /Users/admin/builder/spi-builder-workspace/.derivedData/ModuleCache.noindex -sdk-module-cache-path /Users/admin/builder/spi-builder-workspace/.derivedData/SDKExplicitPrecompiledModules -emit-dependencies -emit-module -emit-module-path /Users/admin/builder/spi-builder-workspace/.derivedData/Build/Intermediates.noindex/swift-nio.build/Debug-watchos/_NIOConcurrency-t.build/Objects-normal/arm64/_NIOConcurrency.swiftmodule -serialize-diagnostics -dependency-scan-serialize-diagnostics-path /Users/admin/builder/spi-builder-workspace/.derivedData/Build/Intermediates.noindex/swift-nio.build/Debug-watchos/_NIOConcurrency-t.build/Objects-normal/arm64/_NIOConcurrency-dependency-scan.dia -user-module-version 2.103.0 -validate-clang-modules-once -clang-build-session-file /Users/admin/builder/spi-builder-workspace/.derivedData/ModuleCache.noindex/Session.modulevalidation -Xcc -fmodules-prune-interval\=86400 -Xcc -fmodules-prune-after\=345600 -package-name swift_nio -emit-const-values -const-gather-protocols-list /Users/admin/builder/spi-builder-workspace/.derivedData/Build/Intermediates.noindex/swift-nio.build/Debug-watchos/_NIOConcurrency-t.build/Objects-normal/arm64/_NIOConcurrency_const_extract_protocols.json -Xcc -I/Users/admin/builder/spi-builder-workspace/.dependencies/checkouts/swift-atomics/Sources/_AtomicsShims/include -Xcc -I/Users/admin/builder/spi-builder-workspace/.dependencies/checkouts/swift-nio/Sources/CNIOPosix/include -Xcc -I/Users/admin/builder/spi-builder-workspace/.dependencies/checkouts/swift-nio/Sources/CNIOWASI/include -Xcc -I/Users/admin/builder/spi-builder-workspace/.dependencies/checkouts/swift-nio/Sources/CNIOWindows/include -Xcc -I/Users/admin/builder/spi-builder-workspace/.dependencies/checkouts/swift-nio/Sources/CNIOLinux/include -Xcc -I/Users/admin/builder/spi-builder-workspace/.dependencies/checkouts/swift-nio/Sources/CNIODarwin/include -Xcc -I/Users/admin/builder/spi-builder-workspace/.dependencies/checkouts/swift-nio/Sources/CNIOFreeBSD/include -Xcc -I/Users/admin/builder/spi-builder-workspace/.dependencies/checkouts/swift-nio/Sources/CNIOOpenBSD/include -Xcc -I/Users/admin/builder/spi-builder-workspace/.dependencies/checkouts/swift-nio/Sources/CNIOAtomics/include -Xcc -I/Users/admin/builder/spi-builder-workspace/.derivedData/Build/Products/Debug-watchos/include -Xcc -I/Users/admin/builder/spi-builder-workspace/.derivedData/Build/Intermediates.noindex/swift-nio.build/Debug-watchos/_NIOConcurrency-t.build/DerivedSources-normal/arm64 -Xcc -I/Users/admin/builder/spi-builder-workspace/.derivedData/Build/Intermediates.noindex/swift-nio.build/Debug-watchos/_NIOConcurrency-t.build/DerivedSources/arm64 -Xcc -I/Users/admin/builder/spi-builder-workspace/.derivedData/Build/Intermediates.noindex/swift-nio.build/Debug-watchos/_NIOConcurrency-t.build/DerivedSources -Xcc -DSWIFT_PACKAGE -Xcc -DDEBUG\=1 -emit-objc-header -emit-objc-header-path /Users/admin/builder/spi-builder-workspace/.derivedData/Build/Intermediates.noindex/swift-nio.build/Debug-watchos/_NIOConcurrency-t.build/Objects-normal/arm64/_NIOConcurrency-Swift.h -working-directory /Users/admin/builder/spi-builder-workspace/.swiftpm/xcode -experimental-emit-module-separately -disable-cmo
SwiftDriver\ Compilation _NIOConcurrency normal arm64 com.apple.xcode.tools.swift.compiler (in target '_NIOConcurrency' from project 'swift-nio')
    cd /Users/admin/builder/spi-builder-workspace/.swiftpm/xcode
    builtin-Swift-Compilation -- /Applications/Xcode-27.0.0-Release.Candidate.app/Contents/Developer/Toolchains/XcodeDefault.xctoolchain/usr/bin/swiftc -parse-as-library -module-name _NIOConcurrency -Onone @/Users/admin/builder/spi-builder-workspace/.derivedData/Build/Intermediates.noindex/swift-nio.build/Debug-watchos/_NIOConcurrency-t.build/Objects-normal/arm64/_NIOConcurrency.SwiftFileList -DSWIFT_PACKAGE -DDEBUG -DSWIFT_MODULE_RESOURCE_BUNDLE_UNAVAILABLE -Xcc -fmodule-map-file\=/Users/admin/builder/spi-builder-workspace/.dependencies/checkouts/swift-atomics/Sources/_AtomicsShims/include/module.modulemap -Xcc -fmodule-map-file\=/Users/admin/builder/spi-builder-workspace/.derivedData/Build/Intermediates.noindex/GeneratedModuleMaps-watchos/CNIOPosix.modulemap -Xcc -fmodule-map-file\=/Users/admin/builder/spi-builder-workspace/.derivedData/Build/Intermediates.noindex/GeneratedModuleMaps-watchos/CNIOWASI.modulemap -Xcc -fmodule-map-file\=/Users/admin/builder/spi-builder-workspace/.dependencies/checkouts/swift-nio/Sources/CNIOWindows/include/module.modulemap -Xcc -fmodule-map-file\=/Users/admin/builder/spi-builder-workspace/.derivedData/Build/Intermediates.noindex/GeneratedModuleMaps-watchos/CNIOLinux.modulemap -Xcc -fmodule-map-file\=/Users/admin/builder/spi-builder-workspace/.derivedData/Build/Intermediates.noindex/GeneratedModuleMaps-watchos/CNIODarwin.modulemap -Xcc -fmodule-map-file\=/Users/admin/builder/spi-builder-workspace/.derivedData/Build/Intermediates.noindex/GeneratedModuleMaps-watchos/CNIOFreeBSD.modulemap -Xcc -fmodule-map-file\=/Users/admin/builder/spi-builder-workspace/.derivedData/Build/Intermediates.noindex/GeneratedModuleMaps-watchos/CNIOOpenBSD.modulemap -Xcc -fmodule-map-file\=/Users/admin/builder/spi-builder-workspace/.derivedData/Build/Intermediates.noindex/GeneratedModuleMaps-watchos/CNIOAtomics.modulemap -DXcode -enable-experimental-feature Lifetimes -enable-upcoming-feature MemberImportVisibility -plugin-path /Applications/Xcode-27.0.0-Release.Candidate.app/Contents/Developer/Toolchains/XcodeDefault.xctoolchain/usr/lib/swift/host/plugins/testing -enable-experimental-feature DebugDescriptionMacro -sdk /Applications/Xcode-27.0.0-Release.Candidate.app/Contents/Developer/Platforms/WatchOS.platform/Developer/SDKs/WatchOS27.0.sdk -target arm64-apple-watchos9.0 -g -module-cache-path /Users/admin/builder/spi-builder-workspace/.derivedData/ModuleCache.noindex -Xfrontend -serialize-debugging-options -profile-coverage-mapping -profile-generate -enable-testing -suppress-warnings -index-store-path /Users/admin/builder/spi-builder-workspace/.derivedData/Index.noindex/DataStore -Xcc -D_LIBCPP_HARDENING_MODE\=_LIBCPP_HARDENING_MODE_DEBUG -swift-version 6 -I /Users/admin/builder/spi-builder-workspace/.derivedData/Build/Products/Debug-watchos -Isystem /Applications/Xcode-27.0.0-Release.Candidate.app/Contents/Developer/Platforms/WatchOS.platform/Developer/usr/lib -F /Users/admin/builder/spi-builder-workspace/.derivedData/Build/Products/Debug-watchos/PackageFrameworks -F /Users/admin/builder/spi-builder-workspace/.derivedData/Build/Products/Debug-watchos -F /Applications/Xcode-27.0.0-Release.Candidate.app/Contents/Developer/Platforms/WatchOS.platform/Developer/Library/Frameworks -F /Applications/Xcode-27.0.0-Release.Candidate.app/Contents/Developer/Platforms/WatchOS.platform/Developer/SDKs/WatchOS27.0.sdk/Developer/Library/Frameworks -c -j10 -enable-batch-mode -incremental -Xcc -ivfsstatcache -Xcc /Users/admin/builder/spi-builder-workspace/.derivedData/SDKStatCaches.noindex/watchos27.0-24R360-e829b21a6f8c9b70876ba0858053c04477534ef55a1706bf4c1112bbb242f0a2.sdkstatcache -output-file-map /Users/admin/builder/spi-builder-workspace/.derivedData/Build/Intermediates.noindex/swift-nio.build/Debug-watchos/_NIOConcurrency-t.build/Objects-normal/arm64/_NIOConcurrency-OutputFileMap.json -save-temps -no-color-diagnostics -explicit-module-build -module-cache-path /Users/admin/builder/spi-builder-workspace/.derivedData/Build/Intermediates.noindex/SwiftExplicitPrecompiledModules -clang-scanner-module-cache-path /Users/admin/builder/spi-builder-workspace/.derivedData/ModuleCache.noindex -sdk-module-cache-path /Users/admin/builder/spi-builder-workspace/.derivedData/SDKExplicitPrecompiledModules -emit-dependencies -emit-module -emit-module-path /Users/admin/builder/spi-builder-workspace/.derivedData/Build/Intermediates.noindex/swift-nio.build/Debug-watchos/_NIOConcurrency-t.build/Objects-normal/arm64/_NIOConcurrency.swiftmodule -serialize-diagnostics -dependency-scan-serialize-diagnostics-path /Users/admin/builder/spi-builder-workspace/.derivedData/Build/Intermediates.noindex/swift-nio.build/Debug-watchos/_NIOConcurrency-t.build/Objects-normal/arm64/_NIOConcurrency-dependency-scan.dia -user-module-version 2.103.0 -validate-clang-modules-once -clang-build-session-file /Users/admin/builder/spi-builder-workspace/.derivedData/ModuleCache.noindex/Session.modulevalidation -Xcc -fmodules-prune-interval\=86400 -Xcc -fmodules-prune-after\=345600 -package-name swift_nio -emit-const-values -const-gather-protocols-list /Users/admin/builder/spi-builder-workspace/.derivedData/Build/Intermediates.noindex/swift-nio.build/Debug-watchos/_NIOConcurrency-t.build/Objects-normal/arm64/_NIOConcurrency_const_extract_protocols.json -Xcc -I/Users/admin/builder/spi-builder-workspace/.dependencies/checkouts/swift-atomics/Sources/_AtomicsShims/include -Xcc -I/Users/admin/builder/spi-builder-workspace/.dependencies/checkouts/swift-nio/Sources/CNIOPosix/include -Xcc -I/Users/admin/builder/spi-builder-workspace/.dependencies/checkouts/swift-nio/Sources/CNIOWASI/include -Xcc -I/Users/admin/builder/spi-builder-workspace/.dependencies/checkouts/swift-nio/Sources/CNIOWindows/include -Xcc -I/Users/admin/builder/spi-builder-workspace/.dependencies/checkouts/swift-nio/Sources/CNIOLinux/include -Xcc -I/Users/admin/builder/spi-builder-workspace/.dependencies/checkouts/swift-nio/Sources/CNIODarwin/include -Xcc -I/Users/admin/builder/spi-builder-workspace/.dependencies/checkouts/swift-nio/Sources/CNIOFreeBSD/include -Xcc -I/Users/admin/builder/spi-builder-workspace/.dependencies/checkouts/swift-nio/Sources/CNIOOpenBSD/include -Xcc -I/Users/admin/builder/spi-builder-workspace/.dependencies/checkouts/swift-nio/Sources/CNIOAtomics/include -Xcc -I/Users/admin/builder/spi-builder-workspace/.derivedData/Build/Products/Debug-watchos/include -Xcc -I/Users/admin/builder/spi-builder-workspace/.derivedData/Build/Intermediates.noindex/swift-nio.build/Debug-watchos/_NIOConcurrency-t.build/DerivedSources-normal/arm64 -Xcc -I/Users/admin/builder/spi-builder-workspace/.derivedData/Build/Intermediates.noindex/swift-nio.build/Debug-watchos/_NIOConcurrency-t.build/DerivedSources/arm64 -Xcc -I/Users/admin/builder/spi-builder-workspace/.derivedData/Build/Intermediates.noindex/swift-nio.build/Debug-watchos/_NIOConcurrency-t.build/DerivedSources -Xcc -DSWIFT_PACKAGE -Xcc -DDEBUG\=1 -emit-objc-header -emit-objc-header-path /Users/admin/builder/spi-builder-workspace/.derivedData/Build/Intermediates.noindex/swift-nio.build/Debug-watchos/_NIOConcurrency-t.build/Objects-normal/arm64/_NIOConcurrency-Swift.h -working-directory /Users/admin/builder/spi-builder-workspace/.swiftpm/xcode -experimental-emit-module-separately -disable-cmo
Copy /Users/admin/builder/spi-builder-workspace/.derivedData/Build/Products/Debug-watchos/_NIOConcurrency.swiftmodule/arm64_32-apple-watchos.swiftdoc /Users/admin/builder/spi-builder-workspace/.derivedData/Build/Intermediates.noindex/swift-nio.build/Debug-watchos/_NIOConcurrency-t.build/Objects-normal/arm64_32/_NIOConcurrency.swiftdoc (in target '_NIOConcurrency' from project 'swift-nio')
    cd /Users/admin/builder/spi-builder-workspace/.dependencies/checkouts/swift-nio
    builtin-copy -exclude .DS_Store -exclude CVS -exclude .svn -exclude .git -exclude .hg -resolve-src-symlinks -rename /Users/admin/builder/spi-builder-workspace/.derivedData/Build/Intermediates.noindex/swift-nio.build/Debug-watchos/_NIOConcurrency-t.build/Objects-normal/arm64_32/_NIOConcurrency.swiftdoc /Users/admin/builder/spi-builder-workspace/.derivedData/Build/Products/Debug-watchos/_NIOConcurrency.swiftmodule/arm64_32-apple-watchos.swiftdoc
Copy /Users/admin/builder/spi-builder-workspace/.derivedData/Build/Products/Debug-watchos/_NIOConcurrency.swiftmodule/arm64_32-apple-watchos.swiftmodule /Users/admin/builder/spi-builder-workspace/.derivedData/Build/Intermediates.noindex/swift-nio.build/Debug-watchos/_NIOConcurrency-t.build/Objects-normal/arm64_32/_NIOConcurrency.swiftmodule (in target '_NIOConcurrency' from project 'swift-nio')
    cd /Users/admin/builder/spi-builder-workspace/.dependencies/checkouts/swift-nio
    builtin-copy -exclude .DS_Store -exclude CVS -exclude .svn -exclude .git -exclude .hg -resolve-src-symlinks -rename /Users/admin/builder/spi-builder-workspace/.derivedData/Build/Intermediates.noindex/swift-nio.build/Debug-watchos/_NIOConcurrency-t.build/Objects-normal/arm64_32/_NIOConcurrency.swiftmodule /Users/admin/builder/spi-builder-workspace/.derivedData/Build/Products/Debug-watchos/_NIOConcurrency.swiftmodule/arm64_32-apple-watchos.swiftmodule
Copy /Users/admin/builder/spi-builder-workspace/.derivedData/Build/Products/Debug-watchos/_NIOConcurrency.swiftmodule/arm64_32-apple-watchos.abi.json /Users/admin/builder/spi-builder-workspace/.derivedData/Build/Intermediates.noindex/swift-nio.build/Debug-watchos/_NIOConcurrency-t.build/Objects-normal/arm64_32/_NIOConcurrency.abi.json (in target '_NIOConcurrency' from project 'swift-nio')
    cd /Users/admin/builder/spi-builder-workspace/.dependencies/checkouts/swift-nio
    builtin-copy -exclude .DS_Store -exclude CVS -exclude .svn -exclude .git -exclude .hg -resolve-src-symlinks -rename /Users/admin/builder/spi-builder-workspace/.derivedData/Build/Intermediates.noindex/swift-nio.build/Debug-watchos/_NIOConcurrency-t.build/Objects-normal/arm64_32/_NIOConcurrency.abi.json /Users/admin/builder/spi-builder-workspace/.derivedData/Build/Products/Debug-watchos/_NIOConcurrency.swiftmodule/arm64_32-apple-watchos.abi.json
Copy /Users/admin/builder/spi-builder-workspace/.derivedData/Build/Products/Debug-watchos/_NIOConcurrency.swiftmodule/Project/arm64_32-apple-watchos.swiftsourceinfo /Users/admin/builder/spi-builder-workspace/.derivedData/Build/Intermediates.noindex/swift-nio.build/Debug-watchos/_NIOConcurrency-t.build/Objects-normal/arm64_32/_NIOConcurrency.swiftsourceinfo (in target '_NIOConcurrency' from project 'swift-nio')
    cd /Users/admin/builder/spi-builder-workspace/.dependencies/checkouts/swift-nio
    builtin-copy -exclude .DS_Store -exclude CVS -exclude .svn -exclude .git -exclude .hg -resolve-src-symlinks -rename /Users/admin/builder/spi-builder-workspace/.derivedData/Build/Intermediates.noindex/swift-nio.build/Debug-watchos/_NIOConcurrency-t.build/Objects-normal/arm64_32/_NIOConcurrency.swiftsourceinfo /Users/admin/builder/spi-builder-workspace/.derivedData/Build/Products/Debug-watchos/_NIOConcurrency.swiftmodule/Project/arm64_32-apple-watchos.swiftsourceinfo
SwiftMergeGeneratedHeaders /Users/admin/builder/spi-builder-workspace/.derivedData/Build/Intermediates.noindex/GeneratedModuleMaps-watchos/_NIOConcurrency-Swift.h /Users/admin/builder/spi-builder-workspace/.derivedData/Build/Intermediates.noindex/swift-nio.build/Debug-watchos/_NIOConcurrency-t.build/Objects-normal/arm64/_NIOConcurrency-Swift.h /Users/admin/builder/spi-builder-workspace/.derivedData/Build/Intermediates.noindex/swift-nio.build/Debug-watchos/_NIOConcurrency-t.build/Objects-normal/arm64_32/_NIOConcurrency-Swift.h (in target '_NIOConcurrency' from project 'swift-nio')
    cd /Users/admin/builder/spi-builder-workspace/.dependencies/checkouts/swift-nio
    builtin-swiftHeaderTool -arch arm64 /Users/admin/builder/spi-builder-workspace/.derivedData/Build/Intermediates.noindex/swift-nio.build/Debug-watchos/_NIOConcurrency-t.build/Objects-normal/arm64/_NIOConcurrency-Swift.h -arch arm64_32 /Users/admin/builder/spi-builder-workspace/.derivedData/Build/Intermediates.noindex/swift-nio.build/Debug-watchos/_NIOConcurrency-t.build/Objects-normal/arm64_32/_NIOConcurrency-Swift.h -o /Users/admin/builder/spi-builder-workspace/.derivedData/Build/Intermediates.noindex/GeneratedModuleMaps-watchos/_NIOConcurrency-Swift.h
Copy /Users/admin/builder/spi-builder-workspace/.derivedData/Build/Products/Debug-watchos/_NIOConcurrency.swiftmodule/arm64-apple-watchos.swiftmodule /Users/admin/builder/spi-builder-workspace/.derivedData/Build/Intermediates.noindex/swift-nio.build/Debug-watchos/_NIOConcurrency-t.build/Objects-normal/arm64/_NIOConcurrency.swiftmodule (in target '_NIOConcurrency' from project 'swift-nio')
    cd /Users/admin/builder/spi-builder-workspace/.dependencies/checkouts/swift-nio
    builtin-copy -exclude .DS_Store -exclude CVS -exclude .svn -exclude .git -exclude .hg -resolve-src-symlinks -rename /Users/admin/builder/spi-builder-workspace/.derivedData/Build/Intermediates.noindex/swift-nio.build/Debug-watchos/_NIOConcurrency-t.build/Objects-normal/arm64/_NIOConcurrency.swiftmodule /Users/admin/builder/spi-builder-workspace/.derivedData/Build/Products/Debug-watchos/_NIOConcurrency.swiftmodule/arm64-apple-watchos.swiftmodule
Copy /Users/admin/builder/spi-builder-workspace/.derivedData/Build/Products/Debug-watchos/_NIOConcurrency.swiftmodule/arm64-apple-watchos.swiftdoc /Users/admin/builder/spi-builder-workspace/.derivedData/Build/Intermediates.noindex/swift-nio.build/Debug-watchos/_NIOConcurrency-t.build/Objects-normal/arm64/_NIOConcurrency.swiftdoc (in target '_NIOConcurrency' from project 'swift-nio')
    cd /Users/admin/builder/spi-builder-workspace/.dependencies/checkouts/swift-nio
    builtin-copy -exclude .DS_Store -exclude CVS -exclude .svn -exclude .git -exclude .hg -resolve-src-symlinks -rename /Users/admin/builder/spi-builder-workspace/.derivedData/Build/Intermediates.noindex/swift-nio.build/Debug-watchos/_NIOConcurrency-t.build/Objects-normal/arm64/_NIOConcurrency.swiftdoc /Users/admin/builder/spi-builder-workspace/.derivedData/Build/Products/Debug-watchos/_NIOConcurrency.swiftmodule/arm64-apple-watchos.swiftdoc
Copy /Users/admin/builder/spi-builder-workspace/.derivedData/Build/Products/Debug-watchos/_NIOConcurrency.swiftmodule/arm64-apple-watchos.abi.json /Users/admin/builder/spi-builder-workspace/.derivedData/Build/Intermediates.noindex/swift-nio.build/Debug-watchos/_NIOConcurrency-t.build/Objects-normal/arm64/_NIOConcurrency.abi.json (in target '_NIOConcurrency' from project 'swift-nio')
    cd /Users/admin/builder/spi-builder-workspace/.dependencies/checkouts/swift-nio
    builtin-copy -exclude .DS_Store -exclude CVS -exclude .svn -exclude .git -exclude .hg -resolve-src-symlinks -rename /Users/admin/builder/spi-builder-workspace/.derivedData/Build/Intermediates.noindex/swift-nio.build/Debug-watchos/_NIOConcurrency-t.build/Objects-normal/arm64/_NIOConcurrency.abi.json /Users/admin/builder/spi-builder-workspace/.derivedData/Build/Products/Debug-watchos/_NIOConcurrency.swiftmodule/arm64-apple-watchos.abi.json
Copy /Users/admin/builder/spi-builder-workspace/.derivedData/Build/Products/Debug-watchos/_NIOConcurrency.swiftmodule/Project/arm64-apple-watchos.swiftsourceinfo /Users/admin/builder/spi-builder-workspace/.derivedData/Build/Intermediates.noindex/swift-nio.build/Debug-watchos/_NIOConcurrency-t.build/Objects-normal/arm64/_NIOConcurrency.swiftsourceinfo (in target '_NIOConcurrency' from project 'swift-nio')
    cd /Users/admin/builder/spi-builder-workspace/.dependencies/checkouts/swift-nio
    builtin-copy -exclude .DS_Store -exclude CVS -exclude .svn -exclude .git -exclude .hg -resolve-src-symlinks -rename /Users/admin/builder/spi-builder-workspace/.derivedData/Build/Intermediates.noindex/swift-nio.build/Debug-watchos/_NIOConcurrency-t.build/Objects-normal/arm64/_NIOConcurrency.swiftsourceinfo /Users/admin/builder/spi-builder-workspace/.derivedData/Build/Products/Debug-watchos/_NIOConcurrency.swiftmodule/Project/arm64-apple-watchos.swiftsourceinfo
SwiftDriver Shwift normal arm64 com.apple.xcode.tools.swift.compiler (in target 'Shwift' from project 'Shwift')
    cd /Users/admin/builder/spi-builder-workspace/.swiftpm/xcode
    builtin-SwiftDriver -- /Applications/Xcode-27.0.0-Release.Candidate.app/Contents/Developer/Toolchains/XcodeDefault.xctoolchain/usr/bin/swiftc -parse-as-library -module-name Shwift -Onone @/Users/admin/builder/spi-builder-workspace/.derivedData/Build/Intermediates.noindex/Shwift.build/Debug-watchos/Shwift-t.build/Objects-normal/arm64/Shwift.SwiftFileList -DSWIFT_PACKAGE -DDEBUG -DSWIFT_MODULE_RESOURCE_BUNDLE_UNAVAILABLE -Xcc -fmodule-map-file\=/Users/admin/builder/spi-builder-workspace/.dependencies/checkouts/swift-system/Sources/CSystem/include/module.modulemap -Xcc -fmodule-map-file\=/Users/admin/builder/spi-builder-workspace/.dependencies/checkouts/swift-atomics/Sources/_AtomicsShims/include/module.modulemap -Xcc -fmodule-map-file\=/Users/admin/builder/spi-builder-workspace/.derivedData/Build/Intermediates.noindex/GeneratedModuleMaps-watchos/CNIOPosix.modulemap -Xcc -fmodule-map-file\=/Users/admin/builder/spi-builder-workspace/.derivedData/Build/Intermediates.noindex/GeneratedModuleMaps-watchos/CNIOWASI.modulemap -Xcc -fmodule-map-file\=/Users/admin/builder/spi-builder-workspace/.dependencies/checkouts/swift-nio/Sources/CNIOWindows/include/module.modulemap -Xcc -fmodule-map-file\=/Users/admin/builder/spi-builder-workspace/.derivedData/Build/Intermediates.noindex/GeneratedModuleMaps-watchos/CNIOLinux.modulemap -Xcc -fmodule-map-file\=/Users/admin/builder/spi-builder-workspace/.derivedData/Build/Intermediates.noindex/GeneratedModuleMaps-watchos/CNIODarwin.modulemap -Xcc -fmodule-map-file\=/Users/admin/builder/spi-builder-workspace/.derivedData/Build/Intermediates.noindex/GeneratedModuleMaps-watchos/CNIOFreeBSD.modulemap -Xcc -fmodule-map-file\=/Users/admin/builder/spi-builder-workspace/.derivedData/Build/Intermediates.noindex/GeneratedModuleMaps-watchos/CNIOOpenBSD.modulemap -Xcc -fmodule-map-file\=/Users/admin/builder/spi-builder-workspace/.derivedData/Build/Intermediates.noindex/GeneratedModuleMaps-watchos/CNIOAtomics.modulemap -DXcode -plugin-path /Applications/Xcode-27.0.0-Release.Candidate.app/Contents/Developer/Toolchains/XcodeDefault.xctoolchain/usr/lib/swift/host/plugins/testing -enable-experimental-feature DebugDescriptionMacro -sdk /Applications/Xcode-27.0.0-Release.Candidate.app/Contents/Developer/Platforms/WatchOS.platform/Developer/SDKs/WatchOS27.0.sdk -target arm64-apple-watchos9.0 -g -module-cache-path /Users/admin/builder/spi-builder-workspace/.derivedData/ModuleCache.noindex -Xfrontend -serialize-debugging-options -profile-coverage-mapping -profile-generate -enable-testing -index-store-path /Users/admin/builder/spi-builder-workspace/.derivedData/Index.noindex/DataStore -Xcc -D_LIBCPP_HARDENING_MODE\=_LIBCPP_HARDENING_MODE_DEBUG -swift-version 5 -I /Users/admin/builder/spi-builder-workspace/.derivedData/Build/Products/Debug-watchos -Isystem /Applications/Xcode-27.0.0-Release.Candidate.app/Contents/Developer/Platforms/WatchOS.platform/Developer/usr/lib -F /Users/admin/builder/spi-builder-workspace/.derivedData/Build/Products/Debug-watchos/PackageFrameworks -F /Users/admin/builder/spi-builder-workspace/.derivedData/Build/Products/Debug-watchos -F /Applications/Xcode-27.0.0-Release.Candidate.app/Contents/Developer/Platforms/WatchOS.platform/Developer/Library/Frameworks -F /Applications/Xcode-27.0.0-Release.Candidate.app/Contents/Developer/Platforms/WatchOS.platform/Developer/SDKs/WatchOS27.0.sdk/Developer/Library/Frameworks -c -j10 -enable-batch-mode -incremental -Xcc -ivfsstatcache -Xcc /Users/admin/builder/spi-builder-workspace/.derivedData/SDKStatCaches.noindex/watchos27.0-24R360-e829b21a6f8c9b70876ba0858053c04477534ef55a1706bf4c1112bbb242f0a2.sdkstatcache -output-file-map /Users/admin/builder/spi-builder-workspace/.derivedData/Build/Intermediates.noindex/Shwift.build/Debug-watchos/Shwift-t.build/Objects-normal/arm64/Shwift-OutputFileMap.json -save-temps -no-color-diagnostics -explicit-module-build -module-cache-path /Users/admin/builder/spi-builder-workspace/.derivedData/Build/Intermediates.noindex/SwiftExplicitPrecompiledModules -clang-scanner-module-cache-path /Users/admin/builder/spi-builder-workspace/.derivedData/ModuleCache.noindex -sdk-module-cache-path /Users/admin/builder/spi-builder-workspace/.derivedData/SDKExplicitPrecompiledModules -emit-dependencies -emit-module -emit-module-path /Users/admin/builder/spi-builder-workspace/.derivedData/Build/Intermediates.noindex/Shwift.build/Debug-watchos/Shwift-t.build/Objects-normal/arm64/Shwift.swiftmodule -serialize-diagnostics -dependency-scan-serialize-diagnostics-path /Users/admin/builder/spi-builder-workspace/.derivedData/Build/Intermediates.noindex/Shwift.build/Debug-watchos/Shwift-t.build/Objects-normal/arm64/Shwift-dependency-scan.dia -validate-clang-modules-once -clang-build-session-file /Users/admin/builder/spi-builder-workspace/.derivedData/ModuleCache.noindex/Session.modulevalidation -Xcc -fmodules-prune-interval\=86400 -Xcc -fmodules-prune-after\=345600 -emit-const-values -const-gather-protocols-list /Users/admin/builder/spi-builder-workspace/.derivedData/Build/Intermediates.noindex/Shwift.build/Debug-watchos/Shwift-t.build/Objects-normal/arm64/Shwift_const_extract_protocols.json -Xcc -I/Users/admin/builder/spi-builder-workspace/.dependencies/checkouts/swift-system/Sources/CSystem/include -Xcc -I/Users/admin/builder/spi-builder-workspace/.dependencies/checkouts/swift-atomics/Sources/_AtomicsShims/include -Xcc -I/Users/admin/builder/spi-builder-workspace/.dependencies/checkouts/swift-nio/Sources/CNIOPosix/include -Xcc -I/Users/admin/builder/spi-builder-workspace/.dependencies/checkouts/swift-nio/Sources/CNIOWASI/include -Xcc -I/Users/admin/builder/spi-builder-workspace/.dependencies/checkouts/swift-nio/Sources/CNIOWindows/include -Xcc -I/Users/admin/builder/spi-builder-workspace/.dependencies/checkouts/swift-nio/Sources/CNIOLinux/include -Xcc -I/Users/admin/builder/spi-builder-workspace/.dependencies/checkouts/swift-nio/Sources/CNIODarwin/include -Xcc -I/Users/admin/builder/spi-builder-workspace/.dependencies/checkouts/swift-nio/Sources/CNIOFreeBSD/include -Xcc -I/Users/admin/builder/spi-builder-workspace/.dependencies/checkouts/swift-nio/Sources/CNIOOpenBSD/include -Xcc -I/Users/admin/builder/spi-builder-workspace/.dependencies/checkouts/swift-nio/Sources/CNIOAtomics/include -Xcc -I/Users/admin/builder/spi-builder-workspace/.derivedData/Build/Products/Debug-watchos/include -Xcc -I/Users/admin/builder/spi-builder-workspace/.derivedData/Build/Intermediates.noindex/Shwift.build/Debug-watchos/Shwift-t.build/DerivedSources-normal/arm64 -Xcc -I/Users/admin/builder/spi-builder-workspace/.derivedData/Build/Intermediates.noindex/Shwift.build/Debug-watchos/Shwift-t.build/DerivedSources/arm64 -Xcc -I/Users/admin/builder/spi-builder-workspace/.derivedData/Build/Intermediates.noindex/Shwift.build/Debug-watchos/Shwift-t.build/DerivedSources -Xcc -DSWIFT_PACKAGE -Xcc -DDEBUG\=1 -emit-objc-header -emit-objc-header-path /Users/admin/builder/spi-builder-workspace/.derivedData/Build/Intermediates.noindex/Shwift.build/Debug-watchos/Shwift-t.build/Objects-normal/arm64/Shwift-Swift.h -working-directory /Users/admin/builder/spi-builder-workspace/.swiftpm/xcode -experimental-emit-module-separately -disable-cmo
SwiftDriver Shwift normal arm64_32 com.apple.xcode.tools.swift.compiler (in target 'Shwift' from project 'Shwift')
    cd /Users/admin/builder/spi-builder-workspace/.swiftpm/xcode
    builtin-SwiftDriver -- /Applications/Xcode-27.0.0-Release.Candidate.app/Contents/Developer/Toolchains/XcodeDefault.xctoolchain/usr/bin/swiftc -parse-as-library -module-name Shwift -Onone @/Users/admin/builder/spi-builder-workspace/.derivedData/Build/Intermediates.noindex/Shwift.build/Debug-watchos/Shwift-t.build/Objects-normal/arm64_32/Shwift.SwiftFileList -DSWIFT_PACKAGE -DDEBUG -DSWIFT_MODULE_RESOURCE_BUNDLE_UNAVAILABLE -Xcc -fmodule-map-file\=/Users/admin/builder/spi-builder-workspace/.dependencies/checkouts/swift-system/Sources/CSystem/include/module.modulemap -Xcc -fmodule-map-file\=/Users/admin/builder/spi-builder-workspace/.dependencies/checkouts/swift-atomics/Sources/_AtomicsShims/include/module.modulemap -Xcc -fmodule-map-file\=/Users/admin/builder/spi-builder-workspace/.derivedData/Build/Intermediates.noindex/GeneratedModuleMaps-watchos/CNIOPosix.modulemap -Xcc -fmodule-map-file\=/Users/admin/builder/spi-builder-workspace/.derivedData/Build/Intermediates.noindex/GeneratedModuleMaps-watchos/CNIOWASI.modulemap -Xcc -fmodule-map-file\=/Users/admin/builder/spi-builder-workspace/.dependencies/checkouts/swift-nio/Sources/CNIOWindows/include/module.modulemap -Xcc -fmodule-map-file\=/Users/admin/builder/spi-builder-workspace/.derivedData/Build/Intermediates.noindex/GeneratedModuleMaps-watchos/CNIOLinux.modulemap -Xcc -fmodule-map-file\=/Users/admin/builder/spi-builder-workspace/.derivedData/Build/Intermediates.noindex/GeneratedModuleMaps-watchos/CNIODarwin.modulemap -Xcc -fmodule-map-file\=/Users/admin/builder/spi-builder-workspace/.derivedData/Build/Intermediates.noindex/GeneratedModuleMaps-watchos/CNIOFreeBSD.modulemap -Xcc -fmodule-map-file\=/Users/admin/builder/spi-builder-workspace/.derivedData/Build/Intermediates.noindex/GeneratedModuleMaps-watchos/CNIOOpenBSD.modulemap -Xcc -fmodule-map-file\=/Users/admin/builder/spi-builder-workspace/.derivedData/Build/Intermediates.noindex/GeneratedModuleMaps-watchos/CNIOAtomics.modulemap -DXcode -plugin-path /Applications/Xcode-27.0.0-Release.Candidate.app/Contents/Developer/Toolchains/XcodeDefault.xctoolchain/usr/lib/swift/host/plugins/testing -enable-experimental-feature DebugDescriptionMacro -sdk /Applications/Xcode-27.0.0-Release.Candidate.app/Contents/Developer/Platforms/WatchOS.platform/Developer/SDKs/WatchOS27.0.sdk -target arm64_32-apple-watchos9.0 -g -module-cache-path /Users/admin/builder/spi-builder-workspace/.derivedData/ModuleCache.noindex -Xfrontend -serialize-debugging-options -profile-coverage-mapping -profile-generate -enable-testing -index-store-path /Users/admin/builder/spi-builder-workspace/.derivedData/Index.noindex/DataStore -Xcc -D_LIBCPP_HARDENING_MODE\=_LIBCPP_HARDENING_MODE_DEBUG -swift-version 5 -I /Users/admin/builder/spi-builder-workspace/.derivedData/Build/Products/Debug-watchos -Isystem /Applications/Xcode-27.0.0-Release.Candidate.app/Contents/Developer/Platforms/WatchOS.platform/Developer/usr/lib -F /Users/admin/builder/spi-builder-workspace/.derivedData/Build/Products/Debug-watchos/PackageFrameworks -F /Users/admin/builder/spi-builder-workspace/.derivedData/Build/Products/Debug-watchos -F /Applications/Xcode-27.0.0-Release.Candidate.app/Contents/Developer/Platforms/WatchOS.platform/Developer/Library/Frameworks -F /Applications/Xcode-27.0.0-Release.Candidate.app/Contents/Developer/Platforms/WatchOS.platform/Developer/SDKs/WatchOS27.0.sdk/Developer/Library/Frameworks -c -j10 -enable-batch-mode -incremental -Xcc -ivfsstatcache -Xcc /Users/admin/builder/spi-builder-workspace/.derivedData/SDKStatCaches.noindex/watchos27.0-24R360-e829b21a6f8c9b70876ba0858053c04477534ef55a1706bf4c1112bbb242f0a2.sdkstatcache -output-file-map /Users/admin/builder/spi-builder-workspace/.derivedData/Build/Intermediates.noindex/Shwift.build/Debug-watchos/Shwift-t.build/Objects-normal/arm64_32/Shwift-OutputFileMap.json -save-temps -no-color-diagnostics -explicit-module-build -module-cache-path /Users/admin/builder/spi-builder-workspace/.derivedData/Build/Intermediates.noindex/SwiftExplicitPrecompiledModules -clang-scanner-module-cache-path /Users/admin/builder/spi-builder-workspace/.derivedData/ModuleCache.noindex -sdk-module-cache-path /Users/admin/builder/spi-builder-workspace/.derivedData/SDKExplicitPrecompiledModules -emit-dependencies -emit-module -emit-module-path /Users/admin/builder/spi-builder-workspace/.derivedData/Build/Intermediates.noindex/Shwift.build/Debug-watchos/Shwift-t.build/Objects-normal/arm64_32/Shwift.swiftmodule -serialize-diagnostics -dependency-scan-serialize-diagnostics-path /Users/admin/builder/spi-builder-workspace/.derivedData/Build/Intermediates.noindex/Shwift.build/Debug-watchos/Shwift-t.build/Objects-normal/arm64_32/Shwift-dependency-scan.dia -validate-clang-modules-once -clang-build-session-file /Users/admin/builder/spi-builder-workspace/.derivedData/ModuleCache.noindex/Session.modulevalidation -Xcc -fmodules-prune-interval\=86400 -Xcc -fmodules-prune-after\=345600 -emit-const-values -const-gather-protocols-list /Users/admin/builder/spi-builder-workspace/.derivedData/Build/Intermediates.noindex/Shwift.build/Debug-watchos/Shwift-t.build/Objects-normal/arm64_32/Shwift_const_extract_protocols.json -Xcc -I/Users/admin/builder/spi-builder-workspace/.dependencies/checkouts/swift-system/Sources/CSystem/include -Xcc -I/Users/admin/builder/spi-builder-workspace/.dependencies/checkouts/swift-atomics/Sources/_AtomicsShims/include -Xcc -I/Users/admin/builder/spi-builder-workspace/.dependencies/checkouts/swift-nio/Sources/CNIOPosix/include -Xcc -I/Users/admin/builder/spi-builder-workspace/.dependencies/checkouts/swift-nio/Sources/CNIOWASI/include -Xcc -I/Users/admin/builder/spi-builder-workspace/.dependencies/checkouts/swift-nio/Sources/CNIOWindows/include -Xcc -I/Users/admin/builder/spi-builder-workspace/.dependencies/checkouts/swift-nio/Sources/CNIOLinux/include -Xcc -I/Users/admin/builder/spi-builder-workspace/.dependencies/checkouts/swift-nio/Sources/CNIODarwin/include -Xcc -I/Users/admin/builder/spi-builder-workspace/.dependencies/checkouts/swift-nio/Sources/CNIOFreeBSD/include -Xcc -I/Users/admin/builder/spi-builder-workspace/.dependencies/checkouts/swift-nio/Sources/CNIOOpenBSD/include -Xcc -I/Users/admin/builder/spi-builder-workspace/.dependencies/checkouts/swift-nio/Sources/CNIOAtomics/include -Xcc -I/Users/admin/builder/spi-builder-workspace/.derivedData/Build/Products/Debug-watchos/include -Xcc -I/Users/admin/builder/spi-builder-workspace/.derivedData/Build/Intermediates.noindex/Shwift.build/Debug-watchos/Shwift-t.build/DerivedSources-normal/arm64_32 -Xcc -I/Users/admin/builder/spi-builder-workspace/.derivedData/Build/Intermediates.noindex/Shwift.build/Debug-watchos/Shwift-t.build/DerivedSources/arm64_32 -Xcc -I/Users/admin/builder/spi-builder-workspace/.derivedData/Build/Intermediates.noindex/Shwift.build/Debug-watchos/Shwift-t.build/DerivedSources -Xcc -DSWIFT_PACKAGE -Xcc -DDEBUG\=1 -emit-objc-header -emit-objc-header-path /Users/admin/builder/spi-builder-workspace/.derivedData/Build/Intermediates.noindex/Shwift.build/Debug-watchos/Shwift-t.build/Objects-normal/arm64_32/Shwift-Swift.h -working-directory /Users/admin/builder/spi-builder-workspace/.swiftpm/xcode -experimental-emit-module-separately -disable-cmo
SwiftExplicitDependencyGeneratePcm arm64_32 /Users/admin/builder/spi-builder-workspace/.derivedData/SDKExplicitPrecompiledModules/sys_types-8TLLMW08ZJWDGIIPKOYFGHHZW.pcm
SwiftExplicitDependencyGeneratePcm arm64_32 /Users/admin/builder/spi-builder-workspace/.derivedData/Build/Intermediates.noindex/SwiftExplicitPrecompiledModules/CNIOLinux-AO2LHVPHBPTS7B80L6EW9BVI1.pcm
SwiftExplicitDependencyGeneratePcm arm64_32 /Users/admin/builder/spi-builder-workspace/.derivedData/Build/Intermediates.noindex/SwiftExplicitPrecompiledModules/CNIOAtomics-7MKVCTD35SBOTLYZ19YTVS2ZD.pcm
SwiftExplicitDependencyGeneratePcm arm64_32 /Users/admin/builder/spi-builder-workspace/.derivedData/SDKExplicitPrecompiledModules/_Builtin_limits-3VKBU2AFTD65PAJZ5CJ3LHFM2.pcm
SwiftExplicitDependencyGeneratePcm arm64_32 /Users/admin/builder/spi-builder-workspace/.derivedData/SDKExplicitPrecompiledModules/string_h-BFVLUQUSBZWYMLCU9QI7VZALW.pcm
SwiftExplicitDependencyGeneratePcm arm64_32 /Users/admin/builder/spi-builder-workspace/.derivedData/SDKExplicitPrecompiledModules/_DarwinFoundation3-3DUTYQDQSD9HUAAVY947NMWOI.pcm
SwiftExplicitDependencyGeneratePcm arm64_32 /Users/admin/builder/spi-builder-workspace/.derivedData/Build/Intermediates.noindex/SwiftExplicitPrecompiledModules/CNIOWindows-91TADCHKK33PJ52MXP6F30HNW.pcm
SwiftExplicitDependencyGeneratePcm arm64 /Users/admin/builder/spi-builder-workspace/.derivedData/Build/Intermediates.noindex/SwiftExplicitPrecompiledModules/CNIOLinux-7DBCX7SHNXTOKQFN2H6QTSTMN.pcm
SwiftExplicitDependencyGeneratePcm arm64 /Users/admin/builder/spi-builder-workspace/.derivedData/SDKExplicitPrecompiledModules/sys_types-2KXQLI78OUCDP779AE68GZJ2.pcm
SwiftExplicitDependencyGeneratePcm arm64 /Users/admin/builder/spi-builder-workspace/.derivedData/SDKExplicitPrecompiledModules/string_h-E6PRXK75PHIPCZFWOFCQ3QBMK.pcm
SwiftExplicitDependencyGeneratePcm arm64 /Users/admin/builder/spi-builder-workspace/.derivedData/SDKExplicitPrecompiledModules/_DarwinFoundation3-B97LRG0E9GON2NUE65TVG81HU.pcm
SwiftExplicitDependencyGeneratePcm arm64 /Users/admin/builder/spi-builder-workspace/.derivedData/SDKExplicitPrecompiledModules/ptrauth-3TZ9WJCGLYD25HQPWH4968ONX.pcm
SwiftExplicitDependencyGeneratePcm arm64 /Users/admin/builder/spi-builder-workspace/.derivedData/Build/Intermediates.noindex/SwiftExplicitPrecompiledModules/CNIOAtomics-271RHH157MQEPPF5CDJNWF9AZ.pcm
SwiftExplicitDependencyGeneratePcm arm64 /Users/admin/builder/spi-builder-workspace/.derivedData/SDKExplicitPrecompiledModules/_Builtin_limits-9GWPA2B0H20DYUNYHYCWKABJG.pcm
SwiftExplicitDependencyGeneratePcm arm64 /Users/admin/builder/spi-builder-workspace/.derivedData/Build/Intermediates.noindex/SwiftExplicitPrecompiledModules/CNIOWindows-2HYHV6NJFZB47WEOOSX5D4GRC.pcm
SwiftExplicitDependencyGeneratePcm arm64_32 /Users/admin/builder/spi-builder-workspace/.derivedData/SDKExplicitPrecompiledModules/_Builtin_inttypes-D2KPCR4PEX9AQA33NGLUT5SBR.pcm
SwiftExplicitDependencyGeneratePcm arm64_32 /Users/admin/builder/spi-builder-workspace/.derivedData/SDKExplicitPrecompiledModules/ptrauth-BFXF358ME5AK535N5A9Z766WU.pcm
SwiftExplicitDependencyGeneratePcm arm64 /Users/admin/builder/spi-builder-workspace/.derivedData/Build/Intermediates.noindex/SwiftExplicitPrecompiledModules/CNIOOpenBSD-9LCLYBGBSAI4CC9FRVRX4E4P6.pcm
SwiftExplicitDependencyGeneratePcm arm64_32 /Users/admin/builder/spi-builder-workspace/.derivedData/Build/Intermediates.noindex/SwiftExplicitPrecompiledModules/CNIOOpenBSD-5HRHZCN962TD3I78X8IV2AQLM.pcm
SwiftExplicitDependencyGeneratePcm arm64 /Users/admin/builder/spi-builder-workspace/.derivedData/SDKExplicitPrecompiledModules/_Builtin_inttypes-3UQSCM7WNM9EK4HZML8TY5J3D.pcm
SwiftExplicitDependencyGeneratePcm arm64_32 /Users/admin/builder/spi-builder-workspace/.derivedData/SDKExplicitPrecompiledModules/Darwin-3FVT1SKLN2ZQ5RVOABMTQBB34.pcm
SwiftExplicitDependencyGeneratePcm arm64_32 /Users/admin/builder/spi-builder-workspace/.derivedData/Build/Intermediates.noindex/SwiftExplicitPrecompiledModules/CNIOPosix-6E67HYARSIS5DL3KQG0ZNZHGR.pcm
SwiftExplicitDependencyGeneratePcm arm64 /Users/admin/builder/spi-builder-workspace/.derivedData/SDKExplicitPrecompiledModules/Darwin-3984OXKFNSPE77NT743WK8SEX.pcm
SwiftExplicitDependencyGeneratePcm arm64 /Users/admin/builder/spi-builder-workspace/.derivedData/Build/Intermediates.noindex/SwiftExplicitPrecompiledModules/CNIOPosix-DVF6EQOO9VXS07IC56D3CKMWD.pcm
SwiftExplicitDependencyGeneratePcm arm64_32 /Users/admin/builder/spi-builder-workspace/.derivedData/Build/Intermediates.noindex/SwiftExplicitPrecompiledModules/CSystem-9F0E6M8OYAB9VBS6NXM5V2DX7.pcm
SwiftExplicitDependencyGeneratePcm arm64_32 /Users/admin/builder/spi-builder-workspace/.derivedData/SDKExplicitPrecompiledModules/ObjectiveC-6IJNELR2E80E7LUKESVCP2KET.pcm
SwiftExplicitDependencyGeneratePcm arm64_32 /Users/admin/builder/spi-builder-workspace/.derivedData/Build/Intermediates.noindex/SwiftExplicitPrecompiledModules/CNIODarwin-2MVMB6NAN6LILH517HBAIL3LF.pcm
SwiftExplicitDependencyGeneratePcm arm64 /Users/admin/builder/spi-builder-workspace/.derivedData/Build/Intermediates.noindex/SwiftExplicitPrecompiledModules/CSystem-6RU1U7Z3RZNKAV2VTAXF1D5NU.pcm
SwiftExplicitDependencyGeneratePcm arm64 /Users/admin/builder/spi-builder-workspace/.derivedData/SDKExplicitPrecompiledModules/ObjectiveC-72IVD3VS2RS8Q28D9PIMY0KQP.pcm
SwiftExplicitDependencyGeneratePcm arm64 /Users/admin/builder/spi-builder-workspace/.derivedData/Build/Intermediates.noindex/SwiftExplicitPrecompiledModules/CNIODarwin-DJWY2AJLP0A2WP1C5YX7XKSQ8.pcm
SwiftDriverJobDiscovery normal arm64_32 Compiling BaseSocketChannel+SocketOptionProvider.swift, BaseSocketChannel.swift, BaseStreamSocketChannel.swift, Bootstrap.swift, ControlMessage.swift, DatagramVectorReadManager.swift (in target 'NIOPosix' from project 'swift-nio')
SwiftExplicitDependencyGeneratePcm arm64_32 /Users/admin/builder/spi-builder-workspace/.derivedData/SDKExplicitPrecompiledModules/os_object-5YWTC6L4756IWSTPGXS5NM0D0.pcm
SwiftExplicitDependencyGeneratePcm arm64 /Users/admin/builder/spi-builder-workspace/.derivedData/SDKExplicitPrecompiledModules/os_object-3SDKD7F87FTZ26OON37DRYT6O.pcm
SwiftExplicitDependencyGeneratePcm arm64_32 /Users/admin/builder/spi-builder-workspace/.derivedData/SDKExplicitPrecompiledModules/os_workgroup-5JHTPDMNBUNHLJI8LPHKQK1JK.pcm
SwiftExplicitDependencyGeneratePcm arm64 /Users/admin/builder/spi-builder-workspace/.derivedData/SDKExplicitPrecompiledModules/os_workgroup-89GG5G7YC2D0ZTK6AZXXQ20DH.pcm
SwiftExplicitDependencyGeneratePcm arm64_32 /Users/admin/builder/spi-builder-workspace/.derivedData/SDKExplicitPrecompiledModules/Dispatch-2P62F1T4XV63S4P99TUDTOK2Q.pcm
SwiftExplicitDependencyGeneratePcm arm64 /Users/admin/builder/spi-builder-workspace/.derivedData/SDKExplicitPrecompiledModules/Dispatch-1NLJOVAK60XP0DUB05XA59EIM.pcm
SwiftExplicitDependencyGeneratePcm arm64_32 /Users/admin/builder/spi-builder-workspace/.derivedData/SDKExplicitPrecompiledModules/XPC-81Y45QFY96XYYFCW2GT6FY8S4.pcm
SwiftExplicitDependencyGeneratePcm arm64_32 /Users/admin/builder/spi-builder-workspace/.derivedData/SDKExplicitPrecompiledModules/CoreFoundation-8E6Y4BA3EXYKUGJ24GT9LGV3N.pcm
SwiftExplicitDependencyGeneratePcm arm64 /Users/admin/builder/spi-builder-workspace/.derivedData/SDKExplicitPrecompiledModules/XPC-40DR0X1DHKGCV4J1IOLFS8MOU.pcm
SwiftExplicitDependencyGeneratePcm arm64 /Users/admin/builder/spi-builder-workspace/.derivedData/SDKExplicitPrecompiledModules/CoreFoundation-8T2L24YC5NU7WO6WQJWRY7W08.pcm
SwiftExplicitDependencyGeneratePcm arm64_32 /Users/admin/builder/spi-builder-workspace/.derivedData/SDKExplicitPrecompiledModules/Security-D7TOWF88VWF67TB9HAFP5UWB1.pcm
SwiftExplicitDependencyGeneratePcm arm64 /Users/admin/builder/spi-builder-workspace/.derivedData/SDKExplicitPrecompiledModules/Security-6RZ6YBRU8WCUHRFFRVUK5WKMM.pcm
SwiftExplicitDependencyGeneratePcm arm64_32 /Users/admin/builder/spi-builder-workspace/.derivedData/SDKExplicitPrecompiledModules/Foundation-BJ2VQGI3OGR34500MEQ1VKHPH.pcm
SwiftExplicitDependencyGeneratePcm arm64 /Users/admin/builder/spi-builder-workspace/.derivedData/SDKExplicitPrecompiledModules/Foundation-DLBKUSGXN8QHAT8W0OARR9S8A.pcm
SwiftEmitModule normal arm64_32 Emitting\ module\ for\ Shwift (in target 'Shwift' from project 'Shwift')
/Users/admin/builder/spi-builder-workspace/Sources/Shwift/Builtins.swift:1:22: warning: safely use '@_implementationOnly' without library evolution by setting '-enable-experimental-feature CheckImplementationOnly' for 'Shwift' [#ImplementationOnlyDeprecated]
  1 | @_implementationOnly import NIO
    |                      `- warning: safely use '@_implementationOnly' without library evolution by setting '-enable-experimental-feature CheckImplementationOnly' for 'Shwift' [#ImplementationOnlyDeprecated]
  2 | import SystemPackage
  3 | @_implementationOnly import _NIOConcurrency
/Users/admin/builder/spi-builder-workspace/Sources/Shwift/Builtins.swift:3:22: warning: safely use '@_implementationOnly' without library evolution by setting '-enable-experimental-feature CheckImplementationOnly' for 'Shwift' [#ImplementationOnlyDeprecated]
  1 | @_implementationOnly import NIO
  2 | import SystemPackage
  3 | @_implementationOnly import _NIOConcurrency
    |                      `- warning: safely use '@_implementationOnly' without library evolution by setting '-enable-experimental-feature CheckImplementationOnly' for 'Shwift' [#ImplementationOnlyDeprecated]
  4 |
  5 | /**
/Users/admin/builder/spi-builder-workspace/Sources/Shwift/Context.swift:1:22: warning: safely use '@_implementationOnly' without library evolution by setting '-enable-experimental-feature CheckImplementationOnly' for 'Shwift' [#ImplementationOnlyDeprecated]
  1 | @_implementationOnly import NIO
    |                      `- warning: safely use '@_implementationOnly' without library evolution by setting '-enable-experimental-feature CheckImplementationOnly' for 'Shwift' [#ImplementationOnlyDeprecated]
  2 |
  3 | import SystemPackage
/Users/admin/builder/spi-builder-workspace/Sources/Shwift/Environment.swift:3:22: warning: safely use '@_implementationOnly' without library evolution by setting '-enable-experimental-feature CheckImplementationOnly' for 'Shwift' [#ImplementationOnlyDeprecated]
  1 | import SystemPackage
  2 |
  3 | @_implementationOnly import Foundation
    |                      `- warning: safely use '@_implementationOnly' without library evolution by setting '-enable-experimental-feature CheckImplementationOnly' for 'Shwift' [#ImplementationOnlyDeprecated]
  4 |
  5 | /**
/Users/admin/builder/spi-builder-workspace/Sources/Shwift/Process.swift:1:22: warning: safely use '@_implementationOnly' without library evolution by setting '-enable-experimental-feature CheckImplementationOnly' for 'Shwift' [#ImplementationOnlyDeprecated]
  1 | @_implementationOnly import NIO
    |                      `- warning: safely use '@_implementationOnly' without library evolution by setting '-enable-experimental-feature CheckImplementationOnly' for 'Shwift' [#ImplementationOnlyDeprecated]
  2 | import SystemPackage
  3 |
/Users/admin/builder/spi-builder-workspace/Sources/Shwift/Support/NIO Pipe Bootstrap.swift:1:22: warning: safely use '@_implementationOnly' without library evolution by setting '-enable-experimental-feature CheckImplementationOnly' for 'Shwift' [#ImplementationOnlyDeprecated]
 1 | @_implementationOnly import NIO
   |                      `- warning: safely use '@_implementationOnly' without library evolution by setting '-enable-experimental-feature CheckImplementationOnly' for 'Shwift' [#ImplementationOnlyDeprecated]
 2 | import SystemPackage
 3 |
/Users/admin/builder/spi-builder-workspace/Sources/Shwift/Builtins.swift:196:32: warning: cannot use module 'NIO' in a property declaration member of a type not marked '@_implementationOnly'; 'NIO' has been imported as implementation-only
194 |         lastFuture = channel.write(NIOAny(buffer))
195 |       }
196 |       fileprivate let channel: NIO.Channel
    |                                `- warning: cannot use module 'NIO' in a property declaration member of a type not marked '@_implementationOnly'; 'NIO' has been imported as implementation-only
197 |       fileprivate var lastFuture: EventLoopFuture<Void>?
198 |     }
<unknown>:0: note: module declared here
/Users/admin/builder/spi-builder-workspace/Sources/Shwift/Builtins.swift:197:35: warning: cannot use generic class 'EventLoopFuture' in a property declaration member of a type not marked '@_implementationOnly'; 'NIOCore' has been imported as implementation-only
195 |       }
196 |       fileprivate let channel: NIO.Channel
197 |       fileprivate var lastFuture: EventLoopFuture<Void>?
    |                                   `- warning: cannot use generic class 'EventLoopFuture' in a property declaration member of a type not marked '@_implementationOnly'; 'NIOCore' has been imported as implementation-only
198 |     }
199 |
NIOCore.EventLoopFuture:1:20: note: generic class declared here
1 | final public class EventLoopFuture<Value> {
  |                    `- note: generic class declared here
2 |     public let eventLoop: any NIOCore.EventLoop
3 |     deinit
/Users/admin/builder/spi-builder-workspace/Sources/Shwift/Builtins.swift:200:30: warning: cannot use module 'NIO' in a property declaration member of a type not marked '@_implementationOnly'; 'NIO' has been imported as implementation-only
198 |     }
199 |
200 |     fileprivate let channel: NIO.Channel
    |                              `- warning: cannot use module 'NIO' in a property declaration member of a type not marked '@_implementationOnly'; 'NIO' has been imported as implementation-only
201 |   }
202 |
<unknown>:0: note: module declared here
/Users/admin/builder/spi-builder-workspace/Sources/Shwift/Context.swift:60:40: warning: cannot use protocol 'ChannelInboundHandler' in a conformance on a type not marked '@_implementationOnly'; 'NIOCore' has been imported as implementation-only
 58 | // MARK: - Support
 59 |
 60 | private final class NullDeviceHandler: ChannelInboundHandler {
    |                                        `- warning: cannot use protocol 'ChannelInboundHandler' in a conformance on a type not marked '@_implementationOnly'; 'NIOCore' has been imported as implementation-only
 61 |   typealias InboundIn = ByteBuffer
 62 |   func channelRead(context: ChannelHandlerContext, data: NIOAny) {
NIOCore.ChannelInboundHandler:1:17: note: protocol declared here
1 | public protocol ChannelInboundHandler : NIOCore._ChannelInboundHandler, NIOCore._EmittingChannelHandler {
  |                 `- note: protocol declared here
2 |     associatedtype InboundIn
3 |     associatedtype InboundOut = Never
/Users/admin/builder/spi-builder-workspace/Sources/Shwift/Context.swift:67:41: warning: cannot use protocol 'ChannelInboundHandler' in a conformance on a type not marked '@_implementationOnly'; 'NIOCore' has been imported as implementation-only
 65 | }
 66 |
 67 | private final class FatalDeviceHandler: ChannelInboundHandler {
    |                                         `- warning: cannot use protocol 'ChannelInboundHandler' in a conformance on a type not marked '@_implementationOnly'; 'NIOCore' has been imported as implementation-only
 68 |   typealias InboundIn = ByteBuffer
 69 |   func channelRead(context: ChannelHandlerContext, data: NIOAny) {
NIOCore.ChannelInboundHandler:1:17: note: protocol declared here
1 | public protocol ChannelInboundHandler : NIOCore._ChannelInboundHandler, NIOCore._EmittingChannelHandler {
  |                 `- note: protocol declared here
2 |     associatedtype InboundIn
3 |     associatedtype InboundOut = Never
/Users/admin/builder/spi-builder-workspace/Sources/Shwift/Context.swift:74:44: warning: cannot use protocol 'ChannelInboundHandler' here; 'NIOCore' has been imported as implementation-only
 72 | }
 73 |
 74 | private actor ChannelOutputDevice<Handler: ChannelInboundHandler> {
    |                                            `- warning: cannot use protocol 'ChannelInboundHandler' here; 'NIOCore' has been imported as implementation-only
 75 |   init(handler: Handler) {
 76 |     self.handler = handler
NIOCore.ChannelInboundHandler:1:17: note: protocol declared here
1 | public protocol ChannelInboundHandler : NIOCore._ChannelInboundHandler, NIOCore._EmittingChannelHandler {
  |                 `- note: protocol declared here
2 |     associatedtype InboundIn
3 |     associatedtype InboundOut = Never
/Users/admin/builder/spi-builder-workspace/Sources/Shwift/Process.swift:238:19: warning: cannot use type alias 'pid_t' in a property declaration member of a type not marked '@_implementationOnly'; '_DarwinFoundation2' has been imported as implementation-only
236 |       self.rawValue = rawValue
237 |     }
238 |     let rawValue: pid_t
    |                   `- warning: cannot use type alias 'pid_t' in a property declaration member of a type not marked '@_implementationOnly'; '_DarwinFoundation2' has been imported as implementation-only
239 |
240 |     public var description: String { rawValue.description }
/Applications/Xcode-27.0.0-Release.Candidate.app/Contents/Developer/Platforms/WatchOS.platform/Developer/SDKs/WatchOS27.0.sdk/usr/include/sys/_types/_pid_t.h:31:31: note: type alias declared here
29 | #define _PID_T
30 | #include <sys/_types.h> /* __darwin_pid_t */
31 | typedef __darwin_pid_t        pid_t;
   |                               `- note: type alias declared here
32 | #endif  /* _PID_T */
33 |
/Users/admin/builder/spi-builder-workspace/Sources/Shwift/Process.swift:365:23: warning: cannot use generic class 'EventLoopFuture' in a property declaration member of a type not marked '@_implementationOnly'; 'NIOCore' has been imported as implementation-only
363 |   }
364 |
365 |   private let future: EventLoopFuture<Void>
    |                       `- warning: cannot use generic class 'EventLoopFuture' in a property declaration member of a type not marked '@_implementationOnly'; 'NIOCore' has been imported as implementation-only
366 |
367 |   private final class Handler: ChannelInboundHandler {
NIOCore.EventLoopFuture:1:20: note: generic class declared here
1 | final public class EventLoopFuture<Value> {
  |                    `- note: generic class declared here
2 |     public let eventLoop: any NIOCore.EventLoop
3 |     deinit
/Users/admin/builder/spi-builder-workspace/Sources/Shwift/Process.swift:367:32: warning: cannot use protocol 'ChannelInboundHandler' in a conformance on a type not marked '@_implementationOnly'; 'NIOCore' has been imported as implementation-only
365 |   private let future: EventLoopFuture<Void>
366 |
367 |   private final class Handler: ChannelInboundHandler {
    |                                `- warning: cannot use protocol 'ChannelInboundHandler' in a conformance on a type not marked '@_implementationOnly'; 'NIOCore' has been imported as implementation-only
368 |     typealias InboundIn = ByteBuffer
369 |     func channelRead(context: ChannelHandlerContext, data: NIOAny) {
NIOCore.ChannelInboundHandler:1:17: note: protocol declared here
1 | public protocol ChannelInboundHandler : NIOCore._ChannelInboundHandler, NIOCore._EmittingChannelHandler {
  |                 `- note: protocol declared here
2 |     associatedtype InboundIn
3 |     associatedtype InboundOut = Never
[#ImplementationOnlyDeprecated]: <https://docs.swift.org/compiler/documentation/diagnostics/implementation-only-deprecated>
SwiftCompile normal arm64_32 (in target 'Shwift' from project 'Shwift')
    cd /Users/admin/builder/spi-builder-workspace/.swiftpm/xcode

SwiftCompile normal arm64_32 Compiling\ Pipe.swift /Users/admin/builder/spi-builder-workspace/Sources/Shwift/Pipe.swift (in target 'Shwift' from project 'Shwift')
SwiftCompile normal arm64_32 /Users/admin/builder/spi-builder-workspace/Sources/Shwift/Pipe.swift (in target 'Shwift' from project 'Shwift')
    cd /Users/admin/builder/spi-builder-workspace/.swiftpm/xcode
    builtin-SwiftPerFileCompile Pipe.swift
SwiftCompile normal arm64_32 Compiling\ Builtins.swift /Users/admin/builder/spi-builder-workspace/Sources/Shwift/Builtins.swift (in target 'Shwift' from project 'Shwift')
/Users/admin/builder/spi-builder-workspace/Sources/Shwift/Builtins.swift:1:22: warning: safely use '@_implementationOnly' without library evolution by setting '-enable-experimental-feature CheckImplementationOnly' for 'Shwift' [#ImplementationOnlyDeprecated]
  1 | @_implementationOnly import NIO
    |                      `- warning: safely use '@_implementationOnly' without library evolution by setting '-enable-experimental-feature CheckImplementationOnly' for 'Shwift' [#ImplementationOnlyDeprecated]
  2 | import SystemPackage
  3 | @_implementationOnly import _NIOConcurrency
/Users/admin/builder/spi-builder-workspace/Sources/Shwift/Builtins.swift:3:22: warning: safely use '@_implementationOnly' without library evolution by setting '-enable-experimental-feature CheckImplementationOnly' for 'Shwift' [#ImplementationOnlyDeprecated]
  1 | @_implementationOnly import NIO
  2 | import SystemPackage
  3 | @_implementationOnly import _NIOConcurrency
    |                      `- warning: safely use '@_implementationOnly' without library evolution by setting '-enable-experimental-feature CheckImplementationOnly' for 'Shwift' [#ImplementationOnlyDeprecated]
  4 |
  5 | /**
/Users/admin/builder/spi-builder-workspace/Sources/Shwift/Builtins.swift:196:32: warning: cannot use module 'NIO' in a property declaration member of a type not marked '@_implementationOnly'; 'NIO' has been imported as implementation-only
194 |         lastFuture = channel.write(NIOAny(buffer))
195 |       }
196 |       fileprivate let channel: NIO.Channel
    |                                `- warning: cannot use module 'NIO' in a property declaration member of a type not marked '@_implementationOnly'; 'NIO' has been imported as implementation-only
197 |       fileprivate var lastFuture: EventLoopFuture<Void>?
198 |     }
<unknown>:0: note: module declared here
/Users/admin/builder/spi-builder-workspace/Sources/Shwift/Builtins.swift:197:35: warning: cannot use generic class 'EventLoopFuture' in a property declaration member of a type not marked '@_implementationOnly'; 'NIOCore' has been imported as implementation-only
195 |       }
196 |       fileprivate let channel: NIO.Channel
197 |       fileprivate var lastFuture: EventLoopFuture<Void>?
    |                                   `- warning: cannot use generic class 'EventLoopFuture' in a property declaration member of a type not marked '@_implementationOnly'; 'NIOCore' has been imported as implementation-only
198 |     }
199 |
NIOCore.EventLoopFuture:1:20: note: generic class declared here
1 | final public class EventLoopFuture<Value> {
  |                    `- note: generic class declared here
2 |     public let eventLoop: any NIOCore.EventLoop
3 |     deinit
/Users/admin/builder/spi-builder-workspace/Sources/Shwift/Builtins.swift:200:30: warning: cannot use module 'NIO' in a property declaration member of a type not marked '@_implementationOnly'; 'NIO' has been imported as implementation-only
198 |     }
199 |
200 |     fileprivate let channel: NIO.Channel
    |                              `- warning: cannot use module 'NIO' in a property declaration member of a type not marked '@_implementationOnly'; 'NIO' has been imported as implementation-only
201 |   }
202 |
<unknown>:0: note: module declared here
/Users/admin/builder/spi-builder-workspace/Sources/Shwift/Builtins.swift:29:44: warning: capture of 'handler' with non-Sendable type 'AsyncInboundHandler<ByteBuffer>' in a '@Sendable' closure [#SendableClosureCaptures]
 27 |          Theoretically if we add this before a call to `channel.read`, it _should_ receive all data sent on the channel. Unfortunately we ran into a case where on Linux, adding the handler outside of the channel initializer made us miss some data.
 28 |          */
 29 |         return channel.pipeline.addHandler(handler)
    |                                            `- warning: capture of 'handler' with non-Sendable type 'AsyncInboundHandler<ByteBuffer>' in a '@Sendable' closure [#SendableClosureCaptures]
 30 |       }
 31 |       .duplicating(
/Users/admin/builder/spi-builder-workspace/Sources/Shwift/Support/Async Inbound Handler.swift:3:20: note: generic class 'AsyncInboundHandler' does not conform to the 'Sendable' protocol
 1 | import NIOCore
 2 |
 3 | public final class AsyncInboundHandler<InboundIn>: ChannelInboundHandler, AsyncSequence {
   |                    `- note: generic class 'AsyncInboundHandler' does not conform to the 'Sendable' protocol
 4 |
 5 |   public typealias BufferingPolicy = AsyncStream<Element>.Continuation.BufferingPolicy
/Users/admin/builder/spi-builder-workspace/Sources/Shwift/Builtins.swift:194:30: warning: 'write(_:file:line:)' is deprecated: NIOAny is not Sendable. Avoid wrapping the value in NIOAny to silence this warning. [#DeprecatedDeclaration]
192 |         let buffer = channel.allocator.buffer(string: string)
193 |         /// This future should implicitly be fulfilled after any previous future
194 |         lastFuture = channel.write(NIOAny(buffer))
    |                              `- warning: 'write(_:file:line:)' is deprecated: NIOAny is not Sendable. Avoid wrapping the value in NIOAny to silence this warning. [#DeprecatedDeclaration]
195 |       }
196 |       fileprivate let channel: NIO.Channel
/Users/admin/builder/spi-builder-workspace/Sources/Shwift/Builtins.swift:222:51: warning: 'openFile(path:mode:flags:eventLoop:)' is deprecated: Avoid using NonBlockingFileIO. The type is difficult to hold correctly, use NIOFileSystem as a replacement API. [#DeprecatedDeclaration]
220 |         let output = channel.output
221 |         let eventLoop = output.channel.eventLoop
222 |         let fileHandle = try await context.fileIO.openFile(
    |                                                   `- warning: 'openFile(path:mode:flags:eventLoop:)' is deprecated: Avoid using NonBlockingFileIO. The type is difficult to hold correctly, use NIOFileSystem as a replacement API. [#DeprecatedDeclaration]
223 |           path: filePath.string,
224 |           mode: .read,
/Users/admin/builder/spi-builder-workspace/Sources/Shwift/Builtins.swift:238:19: warning: capture of 'output' with non-Sendable type 'Builtin.Output' in a '@Sendable' closure [#SendableClosureCaptures]
179 |    A type which can be used to write to a shell command's standard output or standard error
180 |    */
181 |   public struct Output {
    |                 `- note: consider making struct 'Output' conform to the 'Sendable' protocol
182 |
183 |     public func withTextOutputStream(_ body: (inout TextOutputStream) -> Void) async throws {
    :
236 |                 eventLoop: eventLoop,
237 |                 chunkHandler: { buffer in
238 |                   output.channel.writeAndFlush(buffer)
    |                   `- warning: capture of 'output' with non-Sendable type 'Builtin.Output' in a '@Sendable' closure [#SendableClosureCaptures]
239 |                 }
240 |               )
SwiftCompile normal arm64_32 /Users/admin/builder/spi-builder-workspace/Sources/Shwift/Builtins.swift (in target 'Shwift' from project 'Shwift')
    cd /Users/admin/builder/spi-builder-workspace/.swiftpm/xcode
    builtin-SwiftPerFileCompile Builtins.swift
SwiftCompile normal arm64_32 Compiling\ Environment.swift /Users/admin/builder/spi-builder-workspace/Sources/Shwift/Environment.swift (in target 'Shwift' from project 'Shwift')
SwiftCompile normal arm64_32 /Users/admin/builder/spi-builder-workspace/Sources/Shwift/Environment.swift (in target 'Shwift' from project 'Shwift')
    cd /Users/admin/builder/spi-builder-workspace/.swiftpm/xcode
    builtin-SwiftPerFileCompile Environment.swift
SwiftCompile normal arm64_32 Compiling\ Async\ Inbound\ Handler.swift /Users/admin/builder/spi-builder-workspace/Sources/Shwift/Support/Async\ Inbound\ Handler.swift (in target 'Shwift' from project 'Shwift')
SwiftCompile normal arm64_32 /Users/admin/builder/spi-builder-workspace/Sources/Shwift/Support/Async\ Inbound\ Handler.swift (in target 'Shwift' from project 'Shwift')
    cd /Users/admin/builder/spi-builder-workspace/.swiftpm/xcode
    builtin-SwiftPerFileCompile Async\ Inbound\ Handler.swift
SwiftCompile normal arm64_32 Compiling\ File\ Descriptor.swift /Users/admin/builder/spi-builder-workspace/Sources/Shwift/Support/File\ Descriptor.swift (in target 'Shwift' from project 'Shwift')
SwiftCompile normal arm64_32 /Users/admin/builder/spi-builder-workspace/Sources/Shwift/Support/File\ Descriptor.swift (in target 'Shwift' from project 'Shwift')
    cd /Users/admin/builder/spi-builder-workspace/.swiftpm/xcode
    builtin-SwiftPerFileCompile File\ Descriptor.swift
SwiftCompile normal arm64_32 Compiling\ Posix\ Spawn.swift /Users/admin/builder/spi-builder-workspace/Sources/Shwift/Support/Posix\ Spawn.swift (in target 'Shwift' from project 'Shwift')
/Users/admin/builder/spi-builder-workspace/Sources/Shwift/Support/Posix Spawn.swift:40:23: error: 'posix_spawnattr_init' is unavailable in watchOS
 38 |
 39 |     init() throws {
 40 |       try Errno.check(posix_spawnattr_init(&rawValue))
    |                       `- error: 'posix_spawnattr_init' is unavailable in watchOS
 41 |     }
 42 |
/Applications/Xcode-27.0.0-Release.Candidate.app/Contents/Developer/Platforms/WatchOS.platform/Developer/SDKs/WatchOS27.0.sdk/usr/include/spawn.h:105:9: note: 'posix_spawnattr_init' has been explicitly marked unavailable here
103 |     sigset_t * __restrict) __API_AVAILABLE(macos(10.5), ios(2.0)) __API_UNAVAILABLE(watchos, tvos);
104 |
105 | int     posix_spawnattr_init(posix_spawnattr_t *) __API_AVAILABLE(macos(10.5), ios(2.0)) __API_UNAVAILABLE(watchos, tvos);
    |         `- note: 'posix_spawnattr_init' has been explicitly marked unavailable here
106 |
107 | int     posix_spawnattr_setsigdefault(posix_spawnattr_t * __restrict,
/Users/admin/builder/spi-builder-workspace/Sources/Shwift/Support/Posix Spawn.swift:44:23: error: 'posix_spawnattr_destroy' is unavailable in watchOS
 42 |
 43 |     mutating func destroy() throws {
 44 |       try Errno.check(posix_spawnattr_destroy(&rawValue))
    |                       `- error: 'posix_spawnattr_destroy' is unavailable in watchOS
 45 |     }
 46 |
/Applications/Xcode-27.0.0-Release.Candidate.app/Contents/Developer/Platforms/WatchOS.platform/Developer/SDKs/WatchOS27.0.sdk/usr/include/spawn.h:91:9: note: 'posix_spawnattr_destroy' has been explicitly marked unavailable here
 89 | int     posix_spawn_file_actions_init(posix_spawn_file_actions_t *) __API_AVAILABLE(macos(10.5), ios(2.0)) __API_UNAVAILABLE(watchos, tvos);
 90 |
 91 | int     posix_spawnattr_destroy(posix_spawnattr_t *) __API_AVAILABLE(macos(10.5), ios(2.0)) __API_UNAVAILABLE(watchos, tvos);
    |         `- note: 'posix_spawnattr_destroy' has been explicitly marked unavailable here
 92 |
 93 | int     posix_spawnattr_getsigdefault(const posix_spawnattr_t * __restrict,
/Users/admin/builder/spi-builder-workspace/Sources/Shwift/Support/Posix Spawn.swift:50:11: error: 'posix_spawnattr_setsigmask' is unavailable in watchOS
 48 |       try Errno.check(
 49 |         withUnsafePointer(to: signals.rawValue) { signals in
 50 |           posix_spawnattr_setsigmask(&rawValue, signals)
    |           `- error: 'posix_spawnattr_setsigmask' is unavailable in watchOS
 51 |         })
 52 |     }
/Applications/Xcode-27.0.0-Release.Candidate.app/Contents/Developer/Platforms/WatchOS.platform/Developer/SDKs/WatchOS27.0.sdk/usr/include/spawn.h:114:9: note: 'posix_spawnattr_setsigmask' has been explicitly marked unavailable here
112 | int     posix_spawnattr_setpgroup(posix_spawnattr_t *, pid_t) __API_AVAILABLE(macos(10.5), ios(2.0)) __API_UNAVAILABLE(watchos, tvos);
113 |
114 | int     posix_spawnattr_setsigmask(posix_spawnattr_t * __restrict,
    |         `- note: 'posix_spawnattr_setsigmask' has been explicitly marked unavailable here
115 |     const sigset_t * __restrict) __API_AVAILABLE(macos(10.5), ios(2.0)) __API_UNAVAILABLE(watchos, tvos);
116 |
/Users/admin/builder/spi-builder-workspace/Sources/Shwift/Support/Posix Spawn.swift:55:23: error: 'posix_spawnattr_setflags' is unavailable in watchOS
 53 |
 54 |     mutating func setFlags(_ flags: Flags) throws {
 55 |       try Errno.check(posix_spawnattr_setflags(&rawValue, Int16(flags.rawValue)))
    |                       `- error: 'posix_spawnattr_setflags' is unavailable in watchOS
 56 |     }
 57 |
/Applications/Xcode-27.0.0-Release.Candidate.app/Contents/Developer/Platforms/WatchOS.platform/Developer/SDKs/WatchOS27.0.sdk/usr/include/spawn.h:110:9: note: 'posix_spawnattr_setflags' has been explicitly marked unavailable here
108 |     const sigset_t * __restrict) __API_AVAILABLE(macos(10.5), ios(2.0)) __API_UNAVAILABLE(watchos, tvos);
109 |
110 | int     posix_spawnattr_setflags(posix_spawnattr_t *, short) __API_AVAILABLE(macos(10.5), ios(2.0)) __API_UNAVAILABLE(watchos, tvos);
    |         `- note: 'posix_spawnattr_setflags' has been explicitly marked unavailable here
111 |
112 | int     posix_spawnattr_setpgroup(posix_spawnattr_t *, pid_t) __API_AVAILABLE(macos(10.5), ios(2.0)) __API_UNAVAILABLE(watchos, tvos);
/Users/admin/builder/spi-builder-workspace/Sources/Shwift/Support/Posix Spawn.swift:64:23: error: 'posix_spawn_file_actions_init' is unavailable in watchOS
 62 |
 63 |     init() throws {
 64 |       try Errno.check(posix_spawn_file_actions_init(&rawValue))
    |                       `- error: 'posix_spawn_file_actions_init' is unavailable in watchOS
 65 |     }
 66 |
/Applications/Xcode-27.0.0-Release.Candidate.app/Contents/Developer/Platforms/WatchOS.platform/Developer/SDKs/WatchOS27.0.sdk/usr/include/spawn.h:89:9: note: 'posix_spawn_file_actions_init' has been explicitly marked unavailable here
 87 | int     posix_spawn_file_actions_destroy(posix_spawn_file_actions_t *) __API_AVAILABLE(macos(10.5), ios(2.0)) __API_UNAVAILABLE(watchos, tvos);
 88 |
 89 | int     posix_spawn_file_actions_init(posix_spawn_file_actions_t *) __API_AVAILABLE(macos(10.5), ios(2.0)) __API_UNAVAILABLE(watchos, tvos);
    |         `- note: 'posix_spawn_file_actions_init' has been explicitly marked unavailable here
 90 |
 91 | int     posix_spawnattr_destroy(posix_spawnattr_t *) __API_AVAILABLE(macos(10.5), ios(2.0)) __API_UNAVAILABLE(watchos, tvos);
/Users/admin/builder/spi-builder-workspace/Sources/Shwift/Support/Posix Spawn.swift:68:23: error: 'posix_spawn_file_actions_destroy' is unavailable in watchOS
 66 |
 67 |     mutating func destroy() throws {
 68 |       try Errno.check(posix_spawn_file_actions_destroy(&rawValue))
    |                       `- error: 'posix_spawn_file_actions_destroy' is unavailable in watchOS
 69 |     }
 70 |
/Applications/Xcode-27.0.0-Release.Candidate.app/Contents/Developer/Platforms/WatchOS.platform/Developer/SDKs/WatchOS27.0.sdk/usr/include/spawn.h:87:9: note: 'posix_spawn_file_actions_destroy' has been explicitly marked unavailable here
 85 | 	const char * __restrict, int, mode_t) __API_AVAILABLE(macos(10.5), ios(2.0)) __API_UNAVAILABLE(watchos, tvos);
 86 |
 87 | int     posix_spawn_file_actions_destroy(posix_spawn_file_actions_t *) __API_AVAILABLE(macos(10.5), ios(2.0)) __API_UNAVAILABLE(watchos, tvos);
    |         `- note: 'posix_spawn_file_actions_destroy' has been explicitly marked unavailable here
 88 |
 89 | int     posix_spawn_file_actions_init(posix_spawn_file_actions_t *) __API_AVAILABLE(macos(10.5), ios(2.0)) __API_UNAVAILABLE(watchos, tvos);
/Users/admin/builder/spi-builder-workspace/Sources/Shwift/Support/Posix Spawn.swift:74:11: error: 'posix_spawn_file_actions_addchdir_np' is unavailable in watchOS
 72 |       try Errno.check(
 73 |         filePath.withPlatformString {
 74 |           posix_spawn_file_actions_addchdir_np(&rawValue, $0)
    |           `- error: 'posix_spawn_file_actions_addchdir_np' is unavailable in watchOS
 75 |         })
 76 |     }
/Applications/Xcode-27.0.0-Release.Candidate.app/Contents/Developer/Platforms/WatchOS.platform/Developer/SDKs/WatchOS27.0.sdk/usr/include/spawn.h:184:9: note: 'posix_spawn_file_actions_addchdir_np' has been explicitly marked unavailable here
182 |     int) __API_AVAILABLE(macos(10.7), ios(4.3)) __API_UNAVAILABLE(watchos, tvos);
183 |
184 | int     posix_spawn_file_actions_addchdir_np(posix_spawn_file_actions_t *,
    |         `- note: 'posix_spawn_file_actions_addchdir_np' has been explicitly marked unavailable here
185 |     const char * __restrict) __API_DEPRECATED("posix_spawn_file_actions_addchdir(3) has replaced posix_spawn_file_actions_addchdir_np(3)", macos(10.15, 26.0)) __API_UNAVAILABLE(ios, tvos, watchos, visionos);
186 |
/Users/admin/builder/spi-builder-workspace/Sources/Shwift/Support/Posix Spawn.swift:88:9: error: 'posix_spawn_file_actions_addclose' is unavailable in watchOS
 86 |     mutating func addCloseFileDescriptor(_ value: Int32) throws {
 87 |       try Errno.check(
 88 |         posix_spawn_file_actions_addclose(&rawValue, value)
    |         `- error: 'posix_spawn_file_actions_addclose' is unavailable in watchOS
 89 |       )
 90 |     }
/Applications/Xcode-27.0.0-Release.Candidate.app/Contents/Developer/Platforms/WatchOS.platform/Developer/SDKs/WatchOS27.0.sdk/usr/include/spawn.h:78:9: note: 'posix_spawn_file_actions_addclose' has been explicitly marked unavailable here
 76 |     int) __API_AVAILABLE(macos(26.0)) __API_UNAVAILABLE(ios, tvos, watchos, visionos);
 77 |
 78 | int     posix_spawn_file_actions_addclose(posix_spawn_file_actions_t *, int) __API_AVAILABLE(macos(10.5), ios(2.0)) __API_UNAVAILABLE(watchos, tvos);
    |         `- note: 'posix_spawn_file_actions_addclose' has been explicitly marked unavailable here
 79 |
 80 | int     posix_spawn_file_actions_adddup2(posix_spawn_file_actions_t *, int,
/Users/admin/builder/spi-builder-workspace/Sources/Shwift/Support/Posix Spawn.swift:93:23: error: 'posix_spawn_file_actions_adddup2' is unavailable in watchOS
 91 |
 92 |     mutating func addDuplicate(_ source: FileDescriptor, as target: CInt) throws {
 93 |       try Errno.check(posix_spawn_file_actions_adddup2(&rawValue, source.rawValue, target))
    |                       `- error: 'posix_spawn_file_actions_adddup2' is unavailable in watchOS
 94 |     }
 95 |
/Applications/Xcode-27.0.0-Release.Candidate.app/Contents/Developer/Platforms/WatchOS.platform/Developer/SDKs/WatchOS27.0.sdk/usr/include/spawn.h:80:9: note: 'posix_spawn_file_actions_adddup2' has been explicitly marked unavailable here
 78 | int     posix_spawn_file_actions_addclose(posix_spawn_file_actions_t *, int) __API_AVAILABLE(macos(10.5), ios(2.0)) __API_UNAVAILABLE(watchos, tvos);
 79 |
 80 | int     posix_spawn_file_actions_adddup2(posix_spawn_file_actions_t *, int,
    |         `- note: 'posix_spawn_file_actions_adddup2' has been explicitly marked unavailable here
 81 |     int) __API_AVAILABLE(macos(10.5), ios(2.0)) __API_UNAVAILABLE(watchos, tvos);
 82 |
/Users/admin/builder/spi-builder-workspace/Sources/Shwift/Support/Posix Spawn.swift:122:9: error: 'posix_spawn' is unavailable in watchOS
120 |     try path.withPlatformString { path in
121 |       try Errno.check(
122 |         posix_spawn(
    |         `- error: 'posix_spawn' is unavailable in watchOS
123 |           &pid,
124 |           path,
/Applications/Xcode-27.0.0-Release.Candidate.app/Contents/Developer/Platforms/WatchOS.platform/Developer/SDKs/WatchOS27.0.sdk/usr/include/spawn.h:60:9: note: 'posix_spawn' has been explicitly marked unavailable here
 58 |  */
 59 |
 60 | int     posix_spawn(pid_t * __restrict, const char * __restrict,
    |         `- note: 'posix_spawn' has been explicitly marked unavailable here
 61 |     const posix_spawn_file_actions_t *,
 62 |     const posix_spawnattr_t * __restrict,
Failed frontend command:
/Applications/Xcode-27.0.0-Release.Candidate.app/Contents/Developer/Toolchains/XcodeDefault.xctoolchain/usr/bin/swift-frontend -frontend -c /Users/admin/builder/spi-builder-workspace/Sources/Shwift/Builtins.swift /Users/admin/builder/spi-builder-workspace/Sources/Shwift/Context.swift /Users/admin/builder/spi-builder-workspace/Sources/Shwift/Environment.swift /Users/admin/builder/spi-builder-workspace/Sources/Shwift/IO.swift /Users/admin/builder/spi-builder-workspace/Sources/Shwift/Pipe.swift /Users/admin/builder/spi-builder-workspace/Sources/Shwift/Process.swift /Users/admin/builder/spi-builder-workspace/Sources/Shwift/Support/Async\ Inbound\ Handler.swift /Users/admin/builder/spi-builder-workspace/Sources/Shwift/Support/File\ Descriptor.swift /Users/admin/builder/spi-builder-workspace/Sources/Shwift/Support/NIO\ Pipe\ Bootstrap.swift -primary-file /Users/admin/builder/spi-builder-workspace/Sources/Shwift/Support/Posix\ Spawn.swift -emit-dependencies-path /Users/admin/builder/spi-builder-workspace/.derivedData/Build/Intermediates.noindex/Shwift.build/Debug-watchos/Shwift-t.build/Objects-normal/arm64_32/Posix\ Spawn.d -emit-const-values-path /Users/admin/builder/spi-builder-workspace/.derivedData/Build/Intermediates.noindex/Shwift.build/Debug-watchos/Shwift-t.build/Objects-normal/arm64_32/Posix\ Spawn.swiftconstvalues -emit-reference-dependencies-path /Users/admin/builder/spi-builder-workspace/.derivedData/Build/Intermediates.noindex/Shwift.build/Debug-watchos/Shwift-t.build/Objects-normal/arm64_32/Posix\ Spawn.swiftdeps -serialize-diagnostics-path /Users/admin/builder/spi-builder-workspace/.derivedData/Build/Intermediates.noindex/Shwift.build/Debug-watchos/Shwift-t.build/Objects-normal/arm64_32/Posix\ Spawn.dia -target arm64_32-apple-watchos9.0 -module-can-import-version Darwin 428.0.10 0 -disable-cross-import-overlay-search -swift-module-cross-import Darwin /Applications/Xcode-27.0.0-Release.Candidate.app/Contents/Developer/Platforms/WatchOS.platform/Developer/SDKs/WatchOS.sdk/usr/include/Darwin.swiftcrossimport/xlocale.swiftoverlay -load-resolved-plugin /Applications/Xcode-27.0.0-Release.Candidate.app/Contents/Developer/Platforms/WatchOS.platform/Developer/usr/lib/swift/host/plugins/libFoundationMacros.dylib\#/Applications/Xcode-27.0.0-Release.Candidate.app/Contents/Developer/Platforms/WatchOS.platform/Developer/usr/bin/swift-plugin-server\#FoundationMacros -load-resolved-plugin /Applications/Xcode-27.0.0-Release.Candidate.app/Contents/Developer/Platforms/WatchOS.platform/Developer/usr/lib/swift/host/plugins/libObservationMacros.dylib\#/Applications/Xcode-27.0.0-Release.Candidate.app/Contents/Developer/Platforms/WatchOS.platform/Developer/usr/bin/swift-plugin-server\#ObservationMacros -load-resolved-plugin /Applications/Xcode-27.0.0-Release.Candidate.app/Contents/Developer/Platforms/WatchOS.platform/Developer/usr/lib/swift/host/plugins/libSwiftMacros.dylib\#/Applications/Xcode-27.0.0-Release.Candidate.app/Contents/Developer/Platforms/WatchOS.platform/Developer/usr/bin/swift-plugin-server\#SwiftMacros -disable-implicit-swift-modules -Xcc -fno-implicit-modules -Xcc -fno-implicit-module-maps -explicit-swift-module-map-file /Users/admin/builder/spi-builder-workspace/.derivedData/Build/Intermediates.noindex/Shwift.build/Debug-watchos/Shwift-t.build/Objects-normal/arm64_32/Shwift-dependencies-1.json -enable-objc-interop -sdk /Applications/Xcode-27.0.0-Release.Candidate.app/Contents/Developer/Platforms/WatchOS.platform/Developer/SDKs/WatchOS27.0.sdk -I /Users/admin/builder/spi-builder-workspace/.derivedData/Build/Products/Debug-watchos -Isystem /Applications/Xcode-27.0.0-Release.Candidate.app/Contents/Developer/Platforms/WatchOS.platform/Developer/usr/lib -F /Users/admin/builder/spi-builder-workspace/.derivedData/Build/Products/Debug-watchos/PackageFrameworks -F /Users/admin/builder/spi-builder-workspace/.derivedData/Build/Products/Debug-watchos -F /Applications/Xcode-27.0.0-Release.Candidate.app/Contents/Developer/Platforms/WatchOS.platform/Developer/Library/Frameworks -F /Applications/Xcode-27.0.0-Release.Candidate.app/Contents/Developer/Platforms/WatchOS.platform/Developer/SDKs/WatchOS27.0.sdk/Developer/Library/Frameworks -module-cache-path /Users/admin/builder/spi-builder-workspace/.derivedData/Build/Intermediates.noindex/SwiftExplicitPrecompiledModules -no-color-diagnostics -Xcc -fno-color-diagnostics -enable-testing -g -debug-info-format\=dwarf -dwarf-version\=4 -profile-generate -profile-coverage-mapping -swift-version 5 -Onone -D SWIFT_PACKAGE -D DEBUG -D SWIFT_MODULE_RESOURCE_BUNDLE_UNAVAILABLE -D Xcode -serialize-debugging-options -enable-experimental-feature DebugDescriptionMacro -empty-abi-descriptor -validate-clang-modules-once -clang-build-session-file /Users/admin/builder/spi-builder-workspace/.derivedData/ModuleCache.noindex/Session.modulevalidation -Xcc -working-directory -Xcc /Users/admin/builder/spi-builder-workspace/.swiftpm/xcode -enable-anonymous-context-mangled-names -file-compilation-dir /Users/admin/builder/spi-builder-workspace/.swiftpm/xcode -Xcc -fmodule-map-file\=/Users/admin/builder/spi-builder-workspace/.dependencies/checkouts/swift-system/Sources/CSystem/include/module.modulemap -Xcc -fmodule-map-file\=/Users/admin/builder/spi-builder-workspace/.dependencies/checkouts/swift-atomics/Sources/_AtomicsShims/include/module.modulemap -Xcc -fmodule-map-file\=/Users/admin/builder/spi-builder-workspace/.derivedData/Build/Intermediates.noindex/GeneratedModuleMaps-watchos/CNIOPosix.modulemap -Xcc -fmodule-map-file\=/Users/admin/builder/spi-builder-workspace/.derivedData/Build/Intermediates.noindex/GeneratedModuleMaps-watchos/CNIOWASI.modulemap -Xcc -fmodule-map-file\=/Users/admin/builder/spi-builder-workspace/.dependencies/checkouts/swift-nio/Sources/CNIOWindows/include/module.modulemap -Xcc -fmodule-map-file\=/Users/admin/builder/spi-builder-workspace/.derivedData/Build/Intermediates.noindex/GeneratedModuleMaps-watchos/CNIOLinux.modulemap -Xcc -fmodule-map-file\=/Users/admin/builder/spi-builder-workspace/.derivedData/Build/Intermediates.noindex/GeneratedModuleMaps-watchos/CNIODarwin.modulemap -Xcc -fmodule-map-file\=/Users/admin/builder/spi-builder-workspace/.derivedData/Build/Intermediates.noindex/GeneratedModuleMaps-watchos/CNIOFreeBSD.modulemap -Xcc -fmodule-map-file\=/Users/admin/builder/spi-builder-workspace/.derivedData/Build/Intermediates.noindex/GeneratedModuleMaps-watchos/CNIOOpenBSD.modulemap -Xcc -fmodule-map-file\=/Users/admin/builder/spi-builder-workspace/.derivedData/Build/Intermediates.noindex/GeneratedModuleMaps-watchos/CNIOAtomics.modulemap -Xcc -D_LIBCPP_HARDENING_MODE\=_LIBCPP_HARDENING_MODE_DEBUG -Xcc -ivfsstatcache -Xcc /Users/admin/builder/spi-builder-workspace/.derivedData/SDKStatCaches.noindex/watchos27.0-24R360-e829b21a6f8c9b70876ba0858053c04477534ef55a1706bf4c1112bbb242f0a2.sdkstatcache -Xcc -fmodules-prune-interval\=86400 -Xcc -fmodules-prune-after\=345600 -Xcc -I/Users/admin/builder/spi-builder-workspace/.dependencies/checkouts/swift-system/Sources/CSystem/include -Xcc -I/Users/admin/builder/spi-builder-workspace/.dependencies/checkouts/swift-atomics/Sources/_AtomicsShims/include -Xcc -I/Users/admin/builder/spi-builder-workspace/.dependencies/checkouts/swift-nio/Sources/CNIOPosix/include -Xcc -I/Users/admin/builder/spi-builder-workspace/.dependencies/checkouts/swift-nio/Sources/CNIOWASI/include -Xcc -I/Users/admin/builder/spi-builder-workspace/.dependencies/checkouts/swift-nio/Sources/CNIOWindows/include -Xcc -I/Users/admin/builder/spi-builder-workspace/.dependencies/checkouts/swift-nio/Sources/CNIOLinux/include -Xcc -I/Users/admin/builder/spi-builder-workspace/.dependencies/checkouts/swift-nio/Sources/CNIODarwin/include -Xcc -I/Users/admin/builder/spi-builder-workspace/.dependencies/checkouts/swift-nio/Sources/CNIOFreeBSD/include -Xcc -I/Users/admin/builder/spi-builder-workspace/.dependencies/checkouts/swift-nio/Sources/CNIOOpenBSD/include -Xcc -I/Users/admin/builder/spi-builder-workspace/.dependencies/checkouts/swift-nio/Sources/CNIOAtomics/include -Xcc -I/Users/admin/builder/spi-builder-workspace/.derivedData/Build/Products/Debug-watchos/include -Xcc -I/Users/admin/builder/spi-builder-workspace/.derivedData/Build/Intermediates.noindex/Shwift.build/Debug-watchos/Shwift-t.build/DerivedSources-normal/arm64_32 -Xcc -I/Users/admin/builder/spi-builder-workspace/.derivedData/Build/Intermediates.noindex/Shwift.build/Debug-watchos/Shwift-t.build/DerivedSources/arm64_32 -Xcc -I/Users/admin/builder/spi-builder-workspace/.derivedData/Build/Intermediates.noindex/Shwift.build/Debug-watchos/Shwift-t.build/DerivedSources -Xcc -DSWIFT_PACKAGE -Xcc -DDEBUG\=1 -no-auto-bridging-header-chaining -module-name Shwift -const-gather-protocols-file /Users/admin/builder/spi-builder-workspace/.derivedData/Build/Intermediates.noindex/Shwift.build/Debug-watchos/Shwift-t.build/Objects-normal/arm64_32/Shwift_const_extract_protocols.json -disable-clang-spi -clang-target arm64_32-apple-watchos27.0 -target-sdk-version 27.0 -target-sdk-name watchos27.0 -in-process-plugin-server-path /Applications/Xcode-27.0.0-Release.Candidate.app/Contents/Developer/Toolchains/XcodeDefault.xctoolchain/usr/lib/swift/host/libSwiftInProcPluginServer.dylib -parse-as-library -o /Users/admin/builder/spi-builder-workspace/.derivedData/Build/Intermediates.noindex/Shwift.build/Debug-watchos/Shwift-t.build/Objects-normal/arm64_32/Posix\ Spawn.o -debug-module-path /Users/admin/builder/spi-builder-workspace/.derivedData/Build/Intermediates.noindex/Shwift.build/Debug-watchos/Shwift-t.build/Objects-normal/arm64_32/Shwift.swiftmodule -index-unit-output-path /Shwift.build/Debug-watchos/Shwift-t.build/Objects-normal/arm64_32/Posix\ Spawn.o -index-store-path /Users/admin/builder/spi-builder-workspace/.derivedData/Index.noindex/DataStore -index-system-modules
SwiftCompile normal arm64_32 /Users/admin/builder/spi-builder-workspace/Sources/Shwift/Support/Posix\ Spawn.swift (in target 'Shwift' from project 'Shwift')
    cd /Users/admin/builder/spi-builder-workspace/.swiftpm/xcode
    builtin-SwiftPerFileCompile Posix\ Spawn.swift
SwiftCompile normal arm64_32 Compiling\ Process.swift /Users/admin/builder/spi-builder-workspace/Sources/Shwift/Process.swift (in target 'Shwift' from project 'Shwift')
/Users/admin/builder/spi-builder-workspace/Sources/Shwift/Process.swift:1:22: warning: safely use '@_implementationOnly' without library evolution by setting '-enable-experimental-feature CheckImplementationOnly' for 'Shwift' [#ImplementationOnlyDeprecated]
  1 | @_implementationOnly import NIO
    |                      `- warning: safely use '@_implementationOnly' without library evolution by setting '-enable-experimental-feature CheckImplementationOnly' for 'Shwift' [#ImplementationOnlyDeprecated]
  2 | import SystemPackage
  3 |
/Users/admin/builder/spi-builder-workspace/Sources/Shwift/Process.swift:238:19: warning: cannot use type alias 'pid_t' in a property declaration member of a type not marked '@_implementationOnly'; '_DarwinFoundation2' has been imported as implementation-only
236 |       self.rawValue = rawValue
237 |     }
238 |     let rawValue: pid_t
    |                   `- warning: cannot use type alias 'pid_t' in a property declaration member of a type not marked '@_implementationOnly'; '_DarwinFoundation2' has been imported as implementation-only
239 |
240 |     public var description: String { rawValue.description }
/Applications/Xcode-27.0.0-Release.Candidate.app/Contents/Developer/Platforms/WatchOS.platform/Developer/SDKs/WatchOS27.0.sdk/usr/include/sys/_types/_pid_t.h:31:31: note: type alias declared here
29 | #define _PID_T
30 | #include <sys/_types.h> /* __darwin_pid_t */
31 | typedef __darwin_pid_t        pid_t;
   |                               `- note: type alias declared here
32 | #endif  /* _PID_T */
33 |
/Users/admin/builder/spi-builder-workspace/Sources/Shwift/Process.swift:365:23: warning: cannot use generic class 'EventLoopFuture' in a property declaration member of a type not marked '@_implementationOnly'; 'NIOCore' has been imported as implementation-only
363 |   }
364 |
365 |   private let future: EventLoopFuture<Void>
    |                       `- warning: cannot use generic class 'EventLoopFuture' in a property declaration member of a type not marked '@_implementationOnly'; 'NIOCore' has been imported as implementation-only
366 |
367 |   private final class Handler: ChannelInboundHandler {
NIOCore.EventLoopFuture:1:20: note: generic class declared here
1 | final public class EventLoopFuture<Value> {
  |                    `- note: generic class declared here
2 |     public let eventLoop: any NIOCore.EventLoop
3 |     deinit
SwiftCompile normal arm64_32 /Users/admin/builder/spi-builder-workspace/Sources/Shwift/Process.swift (in target 'Shwift' from project 'Shwift')
    cd /Users/admin/builder/spi-builder-workspace/.swiftpm/xcode
    builtin-SwiftPerFileCompile Process.swift
SwiftEmitModule normal arm64 Emitting\ module\ for\ Shwift (in target 'Shwift' from project 'Shwift')
SwiftCompile normal arm64 (in target 'Shwift' from project 'Shwift')
    cd /Users/admin/builder/spi-builder-workspace/.swiftpm/xcode

SwiftDriverJobDiscovery normal arm64_32 Compiling File Descriptor.swift (in target 'Shwift' from project 'Shwift')
SwiftCompile normal arm64 Compiling\ Async\ Inbound\ Handler.swift /Users/admin/builder/spi-builder-workspace/Sources/Shwift/Support/Async\ Inbound\ Handler.swift (in target 'Shwift' from project 'Shwift')
SwiftCompile normal arm64 /Users/admin/builder/spi-builder-workspace/Sources/Shwift/Support/Async\ Inbound\ Handler.swift (in target 'Shwift' from project 'Shwift')
    cd /Users/admin/builder/spi-builder-workspace/.swiftpm/xcode
    builtin-SwiftPerFileCompile Async\ Inbound\ Handler.swift
SwiftDriverJobDiscovery normal arm64_32 Compiling Pipe.swift (in target 'Shwift' from project 'Shwift')
SwiftCompile normal arm64 Compiling\ Builtins.swift /Users/admin/builder/spi-builder-workspace/Sources/Shwift/Builtins.swift (in target 'Shwift' from project 'Shwift')
SwiftCompile normal arm64 /Users/admin/builder/spi-builder-workspace/Sources/Shwift/Builtins.swift (in target 'Shwift' from project 'Shwift')
    cd /Users/admin/builder/spi-builder-workspace/.swiftpm/xcode
    builtin-SwiftPerFileCompile Builtins.swift
SwiftDriverJobDiscovery normal arm64_32 Compiling Async Inbound Handler.swift (in target 'Shwift' from project 'Shwift')
SwiftCompile normal arm64 Compiling\ File\ Descriptor.swift /Users/admin/builder/spi-builder-workspace/Sources/Shwift/Support/File\ Descriptor.swift (in target 'Shwift' from project 'Shwift')
SwiftCompile normal arm64 /Users/admin/builder/spi-builder-workspace/Sources/Shwift/Support/File\ Descriptor.swift (in target 'Shwift' from project 'Shwift')
    cd /Users/admin/builder/spi-builder-workspace/.swiftpm/xcode
    builtin-SwiftPerFileCompile File\ Descriptor.swift
PruneExplicitPrecompiledModules /Users/admin/builder/spi-builder-workspace/.derivedData/Build/Intermediates.noindex/ExplicitPrecompiledModules
PruneExplicitPrecompiledModules /Users/admin/builder/spi-builder-workspace/.derivedData/SDKExplicitPrecompiledModules
PruneExplicitPrecompiledModules /Users/admin/builder/spi-builder-workspace/.derivedData/Build/Intermediates.noindex/SwiftExplicitPrecompiledModules
2026-09-20 08:17:51.287 xcodebuild[858:5190] [MT] IDERunDestination: Supported platforms for the buildables in the current scheme is empty.
** BUILD FAILED **
The following build commands failed:
	SwiftCompile normal arm64_32 Compiling\ Posix\ Spawn.swift /Users/admin/builder/spi-builder-workspace/Sources/Shwift/Support/Posix\ Spawn.swift (in target 'Shwift' from project 'Shwift')
	SwiftCompile normal arm64_32 /Users/admin/builder/spi-builder-workspace/Sources/Shwift/Support/Posix\ Spawn.swift (in target 'Shwift' from project 'Shwift')
	Building workspace Shwift with scheme Shwift-Package
(3 failures)
Command line invocation:
    /Applications/Xcode-27.0.0-Release.Candidate.app/Contents/Developer/usr/bin/xcodebuild -IDEClonedSourcePackagesDirPathOverride=/Users/admin/builder/spi-builder-workspace/.dependencies -resolvePackageDependencies
Resolve Package Graph
Resolved source packages:
  swift-atomics: https://github.com/apple/swift-atomics.git @ 1.3.1
  swift-argument-parser: https://github.com/apple/swift-argument-parser @ 1.8.2
  swift-system: https://github.com/apple/swift-system @ 1.8.1
  swift-nio: https://github.com/apple/swift-nio.git @ 2.103.0
  Shwift: /Users/admin/builder/spi-builder-workspace
  swift-collections: https://github.com/apple/swift-collections.git @ 1.6.0
resolved source packages: swift-atomics, swift-argument-parser, swift-system, swift-nio, Shwift, swift-collections
2026-09-20 08:18:16.917 xcodebuild[1531:8792] [MT] IDERunDestination: Supported platforms for the buildables in the current scheme is empty.
{
  "dependencies" : [
    {
      "identity" : "swift-argument-parser",
      "requirement" : {
        "range" : [
          {
            "lower_bound" : "1.0.0",
            "upper_bound" : "2.0.0"
          }
        ]
      },
      "type" : "sourceControl",
      "url" : "https://github.com/apple/swift-argument-parser"
    },
    {
      "identity" : "swift-system",
      "requirement" : {
        "range" : [
          {
            "lower_bound" : "1.1.1",
            "upper_bound" : "2.0.0"
          }
        ]
      },
      "type" : "sourceControl",
      "url" : "https://github.com/apple/swift-system"
    },
    {
      "identity" : "swift-nio",
      "requirement" : {
        "range" : [
          {
            "lower_bound" : "2.0.0",
            "upper_bound" : "3.0.0"
          }
        ]
      },
      "type" : "sourceControl",
      "url" : "https://github.com/apple/swift-nio.git"
    }
  ],
  "manifest_display_name" : "Shwift",
  "name" : "Shwift",
  "path" : "/Users/admin/builder/spi-builder-workspace",
  "platforms" : [
    {
      "name" : "macos",
      "version" : "12.0"
    }
  ],
  "products" : [
    {
      "name" : "Script",
      "targets" : [
        "Script"
      ],
      "type" : {
        "library" : [
          "automatic"
        ]
      }
    },
    {
      "name" : "Shwift",
      "targets" : [
        "Shwift"
      ],
      "type" : {
        "library" : [
          "automatic"
        ]
      }
    },
    {
      "name" : "ScriptExample",
      "targets" : [
        "ScriptExample"
      ],
      "type" : {
        "executable" : null
      }
    }
  ],
  "targets" : [
    {
      "c99name" : "ShwiftTests",
      "module_type" : "SwiftTarget",
      "name" : "ShwiftTests",
      "path" : "Tests/ShwiftTests",
      "resources" : [
        {
          "path" : "/Users/admin/builder/spi-builder-workspace/Tests/ShwiftTests/Cat.txt",
          "rule" : {
            "copy" : {
            }
          }
        }
      ],
      "sources" : [
        "Recorder Tests.swift",
        "Shwift Tests.swift"
      ],
      "target_dependencies" : [
        "Shwift"
      ],
      "type" : "test"
    },
    {
      "c99name" : "Shwift",
      "module_type" : "SwiftTarget",
      "name" : "Shwift",
      "path" : "Sources/Shwift",
      "product_dependencies" : [
        "SystemPackage",
        "NIO",
        "_NIOConcurrency"
      ],
      "product_memberships" : [
        "Script",
        "Shwift",
        "ScriptExample"
      ],
      "sources" : [
        "Builtins.swift",
        "Context.swift",
        "Environment.swift",
        "IO.swift",
        "Pipe.swift",
        "Process.swift",
        "Support/Async Inbound Handler.swift",
        "Support/File Descriptor.swift",
        "Support/NIO Pipe Bootstrap.swift",
        "Support/Posix Spawn.swift"
      ],
      "type" : "library"
    },
    {
      "c99name" : "ScriptExample",
      "module_type" : "SwiftTarget",
      "name" : "ScriptExample",
      "path" : "Sources/ScriptExample",
      "product_memberships" : [
        "ScriptExample"
      ],
      "sources" : [
        "Main.swift"
      ],
      "target_dependencies" : [
        "Script"
      ],
      "type" : "executable"
    },
    {
      "c99name" : "Script",
      "module_type" : "SwiftTarget",
      "name" : "Script",
      "path" : "Sources/Script",
      "product_dependencies" : [
        "ArgumentParser"
      ],
      "product_memberships" : [
        "Script",
        "ScriptExample"
      ],
      "sources" : [
        "Builtins.swift",
        "Executable.swift",
        "File Operations.swift",
        "List Comprehensions.swift",
        "Output Capture.swift",
        "Pipe.swift",
        "Script.swift"
      ],
      "target_dependencies" : [
        "Shwift"
      ],
      "type" : "library"
    }
  ],
  "tools_version" : "5.5"
}
{
  "workspace" : {
    "name" : "Shwift",
    "schemes" : [
      "Script",
      "ScriptExample",
      "Shwift",
      "Shwift-Package"
    ]
  }
}
2026-09-20 08:18:19.490 xcodebuild[1547:8911] [MT] IDERunDestination: Supported platforms for the buildables in the current scheme is empty.
Running build ...
env DEVELOPER_DIR=/Applications/Xcode-27.0.0-Release.Candidate.app xcrun xcodebuild -IDEClonedSourcePackagesDirPathOverride=$PWD/.dependencies -skipMacroValidation -skipPackagePluginValidation -derivedDataPath $PWD/.derivedData build -scheme Shwift-Package -destination generic/platform=watchOS
Command line invocation:
    /Applications/Xcode-27.0.0-Release.Candidate.app/Contents/Developer/usr/bin/xcodebuild -IDEClonedSourcePackagesDirPathOverride=/Users/admin/builder/spi-builder-workspace/.dependencies -skipMacroValidation -skipPackagePluginValidation -derivedDataPath /Users/admin/builder/spi-builder-workspace/.derivedData build -scheme Shwift-Package -destination generic/platform=watchOS
Resolve Package Graph
Resolved source packages:
  swift-system: https://github.com/apple/swift-system @ 1.8.1
  Shwift: /Users/admin/builder/spi-builder-workspace
  swift-argument-parser: https://github.com/apple/swift-argument-parser @ 1.8.2
  swift-nio: https://github.com/apple/swift-nio.git @ 2.103.0
  swift-atomics: https://github.com/apple/swift-atomics.git @ 1.3.1
  swift-collections: https://github.com/apple/swift-collections.git @ 1.6.0
ComputePackagePrebuildTargetDependencyGraph
Prepare packages
CreateBuildRequest
SendProjectDescription
CreateBuildOperation
ComputeTargetDependencyGraph
note: Building targets in dependency order
note: Target dependency graph (37 targets)
    Target 'ScriptExample-product' in project 'Shwift'
        ➜ Explicit dependency on target 'Shwift' in project 'Shwift'
        ➜ Explicit dependency on target 'Script' in project 'Shwift'
        ➜ Explicit dependency on target 'SystemPackage-product' in project 'swift-system'
        ➜ Explicit dependency on target 'NIO-product' in project 'swift-nio'
        ➜ Explicit dependency on target '_NIOConcurrency-product' in project 'swift-nio'
        ➜ Explicit dependency on target 'ArgumentParser-product' in project 'swift-argument-parser'
    Target 'Shwift-product' in project 'Shwift'
        ➜ Explicit dependency on target 'Shwift' in project 'Shwift'
        ➜ Explicit dependency on target 'SystemPackage-product' in project 'swift-system'
        ➜ Explicit dependency on target 'NIO-product' in project 'swift-nio'
        ➜ Explicit dependency on target '_NIOConcurrency-product' in project 'swift-nio'
    Target 'Script-product' in project 'Shwift'
        ➜ Explicit dependency on target 'Script' in project 'Shwift'
        ➜ Explicit dependency on target 'Shwift' in project 'Shwift'
        ➜ Explicit dependency on target 'SystemPackage-product' in project 'swift-system'
        ➜ Explicit dependency on target 'NIO-product' in project 'swift-nio'
        ➜ Explicit dependency on target '_NIOConcurrency-product' in project 'swift-nio'
        ➜ Explicit dependency on target 'ArgumentParser-product' in project 'swift-argument-parser'
    Target 'Script' in project 'Shwift'
        ➜ Explicit dependency on target 'Shwift' in project 'Shwift'
        ➜ Explicit dependency on target 'SystemPackage-product' in project 'swift-system'
        ➜ Explicit dependency on target 'NIO-product' in project 'swift-nio'
        ➜ Explicit dependency on target '_NIOConcurrency-product' in project 'swift-nio'
        ➜ Explicit dependency on target 'ArgumentParser-product' in project 'swift-argument-parser'
    Target 'ArgumentParser-product' in project 'swift-argument-parser'
        ➜ Explicit dependency on target 'ArgumentParser' in project 'swift-argument-parser'
        ➜ Explicit dependency on target 'ArgumentParserToolInfo' in project 'swift-argument-parser'
    Target 'ArgumentParser' in project 'swift-argument-parser'
        ➜ Explicit dependency on target 'ArgumentParserToolInfo' in project 'swift-argument-parser'
    Target 'ArgumentParserToolInfo' in project 'swift-argument-parser' (no dependencies)
    Target 'Shwift' in project 'Shwift'
        ➜ Explicit dependency on target 'SystemPackage-product' in project 'swift-system'
        ➜ Explicit dependency on target 'NIO-product' in project 'swift-nio'
        ➜ Explicit dependency on target '_NIOConcurrency-product' in project 'swift-nio'
    Target '_NIOConcurrency-product' in project 'swift-nio'
        ➜ Explicit dependency on target '_NIOConcurrency' in project 'swift-nio'
        ➜ Explicit dependency on target 'CNIOAtomics' in project 'swift-nio'
        ➜ Explicit dependency on target 'NIOConcurrencyHelpers' in project 'swift-nio'
        ➜ Explicit dependency on target '_NIOBase64' in project 'swift-nio'
        ➜ Explicit dependency on target 'CNIOOpenBSD' in project 'swift-nio'
        ➜ Explicit dependency on target 'CNIOFreeBSD' in project 'swift-nio'
        ➜ Explicit dependency on target 'CNIODarwin' in project 'swift-nio'
        ➜ Explicit dependency on target 'CNIOLinux' in project 'swift-nio'
        ➜ Explicit dependency on target 'CNIOWindows' in project 'swift-nio'
        ➜ Explicit dependency on target 'CNIOWASI' in project 'swift-nio'
        ➜ Explicit dependency on target '_NIODataStructures' in project 'swift-nio'
        ➜ Explicit dependency on target 'NIOCore' in project 'swift-nio'
        ➜ Explicit dependency on target 'NIOEmbedded' in project 'swift-nio'
        ➜ Explicit dependency on target 'CNIOPosix' in project 'swift-nio'
        ➜ Explicit dependency on target 'NIOPosix' in project 'swift-nio'
        ➜ Explicit dependency on target 'NIO' in project 'swift-nio'
        ➜ Explicit dependency on target 'DequeModule-product' in project 'swift-collections'
        ➜ Explicit dependency on target 'Atomics-product' in project 'swift-atomics'
    Target '_NIOConcurrency' in project 'swift-nio'
        ➜ Explicit dependency on target 'CNIOAtomics' in project 'swift-nio'
        ➜ Explicit dependency on target 'NIOConcurrencyHelpers' in project 'swift-nio'
        ➜ Explicit dependency on target '_NIOBase64' in project 'swift-nio'
        ➜ Explicit dependency on target 'CNIOOpenBSD' in project 'swift-nio'
        ➜ Explicit dependency on target 'CNIOFreeBSD' in project 'swift-nio'
        ➜ Explicit dependency on target 'CNIODarwin' in project 'swift-nio'
        ➜ Explicit dependency on target 'CNIOLinux' in project 'swift-nio'
        ➜ Explicit dependency on target 'CNIOWindows' in project 'swift-nio'
        ➜ Explicit dependency on target 'CNIOWASI' in project 'swift-nio'
        ➜ Explicit dependency on target '_NIODataStructures' in project 'swift-nio'
        ➜ Explicit dependency on target 'NIOCore' in project 'swift-nio'
        ➜ Explicit dependency on target 'NIOEmbedded' in project 'swift-nio'
        ➜ Explicit dependency on target 'CNIOPosix' in project 'swift-nio'
        ➜ Explicit dependency on target 'NIOPosix' in project 'swift-nio'
        ➜ Explicit dependency on target 'NIO' in project 'swift-nio'
        ➜ Explicit dependency on target 'DequeModule-product' in project 'swift-collections'
        ➜ Explicit dependency on target 'Atomics-product' in project 'swift-atomics'
    Target 'NIO-product' in project 'swift-nio'
        ➜ Explicit dependency on target 'NIO' in project 'swift-nio'
        ➜ Explicit dependency on target 'CNIOAtomics' in project 'swift-nio'
        ➜ Explicit dependency on target 'NIOConcurrencyHelpers' in project 'swift-nio'
        ➜ Explicit dependency on target '_NIOBase64' in project 'swift-nio'
        ➜ Explicit dependency on target 'CNIOOpenBSD' in project 'swift-nio'
        ➜ Explicit dependency on target 'CNIOFreeBSD' in project 'swift-nio'
        ➜ Explicit dependency on target 'CNIODarwin' in project 'swift-nio'
        ➜ Explicit dependency on target 'CNIOLinux' in project 'swift-nio'
        ➜ Explicit dependency on target 'CNIOWindows' in project 'swift-nio'
        ➜ Explicit dependency on target 'CNIOWASI' in project 'swift-nio'
        ➜ Explicit dependency on target '_NIODataStructures' in project 'swift-nio'
        ➜ Explicit dependency on target 'NIOCore' in project 'swift-nio'
        ➜ Explicit dependency on target 'NIOEmbedded' in project 'swift-nio'
        ➜ Explicit dependency on target 'CNIOPosix' in project 'swift-nio'
        ➜ Explicit dependency on target 'NIOPosix' in project 'swift-nio'
        ➜ Explicit dependency on target 'DequeModule-product' in project 'swift-collections'
        ➜ Explicit dependency on target 'Atomics-product' in project 'swift-atomics'
    Target 'NIO' in project 'swift-nio'
        ➜ Explicit dependency on target 'CNIOAtomics' in project 'swift-nio'
        ➜ Explicit dependency on target 'NIOConcurrencyHelpers' in project 'swift-nio'
        ➜ Explicit dependency on target '_NIOBase64' in project 'swift-nio'
        ➜ Explicit dependency on target 'CNIOOpenBSD' in project 'swift-nio'
        ➜ Explicit dependency on target 'CNIOFreeBSD' in project 'swift-nio'
        ➜ Explicit dependency on target 'CNIODarwin' in project 'swift-nio'
        ➜ Explicit dependency on target 'CNIOLinux' in project 'swift-nio'
        ➜ Explicit dependency on target 'CNIOWindows' in project 'swift-nio'
        ➜ Explicit dependency on target 'CNIOWASI' in project 'swift-nio'
        ➜ Explicit dependency on target '_NIODataStructures' in project 'swift-nio'
        ➜ Explicit dependency on target 'NIOCore' in project 'swift-nio'
        ➜ Explicit dependency on target 'NIOEmbedded' in project 'swift-nio'
        ➜ Explicit dependency on target 'CNIOPosix' in project 'swift-nio'
        ➜ Explicit dependency on target 'NIOPosix' in project 'swift-nio'
        ➜ Explicit dependency on target 'DequeModule-product' in project 'swift-collections'
        ➜ Explicit dependency on target 'Atomics-product' in project 'swift-atomics'
    Target 'NIOPosix' in project 'swift-nio'
        ➜ Explicit dependency on target 'swift-nio_NIOPosix' in project 'swift-nio'
        ➜ Explicit dependency on target 'CNIOOpenBSD' in project 'swift-nio'
        ➜ Explicit dependency on target 'CNIOLinux' in project 'swift-nio'
        ➜ Explicit dependency on target 'CNIODarwin' in project 'swift-nio'
        ➜ Explicit dependency on target 'CNIOWindows' in project 'swift-nio'
        ➜ Explicit dependency on target 'CNIOAtomics' in project 'swift-nio'
        ➜ Explicit dependency on target 'NIOConcurrencyHelpers' in project 'swift-nio'
        ➜ Explicit dependency on target '_NIOBase64' in project 'swift-nio'
        ➜ Explicit dependency on target 'CNIOFreeBSD' in project 'swift-nio'
        ➜ Explicit dependency on target 'CNIOWASI' in project 'swift-nio'
        ➜ Explicit dependency on target '_NIODataStructures' in project 'swift-nio'
        ➜ Explicit dependency on target 'NIOCore' in project 'swift-nio'
        ➜ Explicit dependency on target 'CNIOPosix' in project 'swift-nio'
        ➜ Explicit dependency on target 'DequeModule-product' in project 'swift-collections'
        ➜ Explicit dependency on target 'Atomics-product' in project 'swift-atomics'
    Target 'swift-nio_NIOPosix' in project 'swift-nio' (no dependencies)
    Target 'CNIOPosix' in project 'swift-nio' (no dependencies)
    Target 'NIOEmbedded' in project 'swift-nio'
        ➜ Explicit dependency on target 'CNIOAtomics' in project 'swift-nio'
        ➜ Explicit dependency on target 'NIOConcurrencyHelpers' in project 'swift-nio'
        ➜ Explicit dependency on target '_NIOBase64' in project 'swift-nio'
        ➜ Explicit dependency on target 'CNIOOpenBSD' in project 'swift-nio'
        ➜ Explicit dependency on target 'CNIOFreeBSD' in project 'swift-nio'
        ➜ Explicit dependency on target 'CNIODarwin' in project 'swift-nio'
        ➜ Explicit dependency on target 'CNIOLinux' in project 'swift-nio'
        ➜ Explicit dependency on target 'CNIOWindows' in project 'swift-nio'
        ➜ Explicit dependency on target 'CNIOWASI' in project 'swift-nio'
        ➜ Explicit dependency on target '_NIODataStructures' in project 'swift-nio'
        ➜ Explicit dependency on target 'NIOCore' in project 'swift-nio'
        ➜ Explicit dependency on target 'DequeModule-product' in project 'swift-collections'
        ➜ Explicit dependency on target 'Atomics-product' in project 'swift-atomics'
    Target 'NIOCore' in project 'swift-nio'
        ➜ Explicit dependency on target 'CNIOAtomics' in project 'swift-nio'
        ➜ Explicit dependency on target 'NIOConcurrencyHelpers' in project 'swift-nio'
        ➜ Explicit dependency on target '_NIOBase64' in project 'swift-nio'
        ➜ Explicit dependency on target 'CNIOOpenBSD' in project 'swift-nio'
        ➜ Explicit dependency on target 'CNIOFreeBSD' in project 'swift-nio'
        ➜ Explicit dependency on target 'CNIODarwin' in project 'swift-nio'
        ➜ Explicit dependency on target 'CNIOLinux' in project 'swift-nio'
        ➜ Explicit dependency on target 'CNIOWindows' in project 'swift-nio'
        ➜ Explicit dependency on target 'CNIOWASI' in project 'swift-nio'
        ➜ Explicit dependency on target '_NIODataStructures' in project 'swift-nio'
        ➜ Explicit dependency on target 'DequeModule-product' in project 'swift-collections'
        ➜ Explicit dependency on target 'Atomics-product' in project 'swift-atomics'
    Target 'Atomics-product' in project 'swift-atomics'
        ➜ Explicit dependency on target 'Atomics' in project 'swift-atomics'
        ➜ Explicit dependency on target '_AtomicsShims' in project 'swift-atomics'
    Target 'Atomics' in project 'swift-atomics'
        ➜ Explicit dependency on target '_AtomicsShims' in project 'swift-atomics'
    Target '_AtomicsShims' in project 'swift-atomics' (no dependencies)
    Target 'DequeModule-product' in project 'swift-collections'
        ➜ Explicit dependency on target 'DequeModule' in project 'swift-collections'
        ➜ Explicit dependency on target 'InternalCollectionsUtilities' in project 'swift-collections'
        ➜ Explicit dependency on target 'ContainersPreview' in project 'swift-collections'
    Target 'DequeModule' in project 'swift-collections'
        ➜ Explicit dependency on target 'InternalCollectionsUtilities' in project 'swift-collections'
        ➜ Explicit dependency on target 'ContainersPreview' in project 'swift-collections'
    Target 'ContainersPreview' in project 'swift-collections'
        ➜ Explicit dependency on target 'InternalCollectionsUtilities' in project 'swift-collections'
    Target 'InternalCollectionsUtilities' in project 'swift-collections' (no dependencies)
    Target '_NIODataStructures' in project 'swift-nio' (no dependencies)
    Target 'CNIOWASI' in project 'swift-nio' (no dependencies)
    Target 'CNIOWindows' in project 'swift-nio' (no dependencies)
    Target 'CNIOLinux' in project 'swift-nio' (no dependencies)
    Target 'CNIODarwin' in project 'swift-nio' (no dependencies)
    Target 'CNIOFreeBSD' in project 'swift-nio' (no dependencies)
    Target 'CNIOOpenBSD' in project 'swift-nio' (no dependencies)
    Target '_NIOBase64' in project 'swift-nio' (no dependencies)
    Target 'NIOConcurrencyHelpers' in project 'swift-nio'
        ➜ Explicit dependency on target 'CNIOAtomics' in project 'swift-nio'
    Target 'CNIOAtomics' in project 'swift-nio' (no dependencies)
    Target 'SystemPackage-product' in project 'swift-system'
        ➜ Explicit dependency on target 'SystemPackage' in project 'swift-system'
        ➜ Explicit dependency on target 'CSystem' in project 'swift-system'
    Target 'SystemPackage' in project 'swift-system'
        ➜ Explicit dependency on target 'CSystem' in project 'swift-system'
    Target 'CSystem' in project 'swift-system' (no dependencies)
GatherProvisioningInputs
CreateBuildDescription
ClangStatCache /Applications/Xcode-27.0.0-Release.Candidate.app/Contents/Developer/Toolchains/XcodeDefault.xctoolchain/usr/bin/clang-stat-cache /Applications/Xcode-27.0.0-Release.Candidate.app/Contents/Developer/Platforms/WatchOS.platform/Developer/SDKs/WatchOS27.0.sdk /Users/admin/builder/spi-builder-workspace/.derivedData/SDKStatCaches.noindex/watchos27.0-24R360-e829b21a6f8c9b70876ba0858053c04477534ef55a1706bf4c1112bbb242f0a2.sdkstatcache
    cd /Users/admin/builder/spi-builder-workspace/.swiftpm/xcode
    /Applications/Xcode-27.0.0-Release.Candidate.app/Contents/Developer/Toolchains/XcodeDefault.xctoolchain/usr/bin/clang-stat-cache /Applications/Xcode-27.0.0-Release.Candidate.app/Contents/Developer/Platforms/WatchOS.platform/Developer/SDKs/WatchOS27.0.sdk -o /Users/admin/builder/spi-builder-workspace/.derivedData/SDKStatCaches.noindex/watchos27.0-24R360-e829b21a6f8c9b70876ba0858053c04477534ef55a1706bf4c1112bbb242f0a2.sdkstatcache
SwiftDriver Shwift normal arm64 com.apple.xcode.tools.swift.compiler (in target 'Shwift' from project 'Shwift')
    cd /Users/admin/builder/spi-builder-workspace/.swiftpm/xcode
    builtin-SwiftDriver -- /Applications/Xcode-27.0.0-Release.Candidate.app/Contents/Developer/Toolchains/XcodeDefault.xctoolchain/usr/bin/swiftc -parse-as-library -module-name Shwift -Onone @/Users/admin/builder/spi-builder-workspace/.derivedData/Build/Intermediates.noindex/Shwift.build/Debug-watchos/Shwift-t.build/Objects-normal/arm64/Shwift.SwiftFileList -DSWIFT_PACKAGE -DDEBUG -DSWIFT_MODULE_RESOURCE_BUNDLE_UNAVAILABLE -Xcc -fmodule-map-file\=/Users/admin/builder/spi-builder-workspace/.dependencies/checkouts/swift-system/Sources/CSystem/include/module.modulemap -Xcc -fmodule-map-file\=/Users/admin/builder/spi-builder-workspace/.dependencies/checkouts/swift-atomics/Sources/_AtomicsShims/include/module.modulemap -Xcc -fmodule-map-file\=/Users/admin/builder/spi-builder-workspace/.derivedData/Build/Intermediates.noindex/GeneratedModuleMaps-watchos/CNIOPosix.modulemap -Xcc -fmodule-map-file\=/Users/admin/builder/spi-builder-workspace/.derivedData/Build/Intermediates.noindex/GeneratedModuleMaps-watchos/CNIOWASI.modulemap -Xcc -fmodule-map-file\=/Users/admin/builder/spi-builder-workspace/.dependencies/checkouts/swift-nio/Sources/CNIOWindows/include/module.modulemap -Xcc -fmodule-map-file\=/Users/admin/builder/spi-builder-workspace/.derivedData/Build/Intermediates.noindex/GeneratedModuleMaps-watchos/CNIOLinux.modulemap -Xcc -fmodule-map-file\=/Users/admin/builder/spi-builder-workspace/.derivedData/Build/Intermediates.noindex/GeneratedModuleMaps-watchos/CNIODarwin.modulemap -Xcc -fmodule-map-file\=/Users/admin/builder/spi-builder-workspace/.derivedData/Build/Intermediates.noindex/GeneratedModuleMaps-watchos/CNIOFreeBSD.modulemap -Xcc -fmodule-map-file\=/Users/admin/builder/spi-builder-workspace/.derivedData/Build/Intermediates.noindex/GeneratedModuleMaps-watchos/CNIOOpenBSD.modulemap -Xcc -fmodule-map-file\=/Users/admin/builder/spi-builder-workspace/.derivedData/Build/Intermediates.noindex/GeneratedModuleMaps-watchos/CNIOAtomics.modulemap -DXcode -plugin-path /Applications/Xcode-27.0.0-Release.Candidate.app/Contents/Developer/Toolchains/XcodeDefault.xctoolchain/usr/lib/swift/host/plugins/testing -enable-experimental-feature DebugDescriptionMacro -sdk /Applications/Xcode-27.0.0-Release.Candidate.app/Contents/Developer/Platforms/WatchOS.platform/Developer/SDKs/WatchOS27.0.sdk -target arm64-apple-watchos9.0 -g -module-cache-path /Users/admin/builder/spi-builder-workspace/.derivedData/ModuleCache.noindex -Xfrontend -serialize-debugging-options -profile-coverage-mapping -profile-generate -enable-testing -index-store-path /Users/admin/builder/spi-builder-workspace/.derivedData/Index.noindex/DataStore -Xcc -D_LIBCPP_HARDENING_MODE\=_LIBCPP_HARDENING_MODE_DEBUG -swift-version 5 -I /Users/admin/builder/spi-builder-workspace/.derivedData/Build/Products/Debug-watchos -Isystem /Applications/Xcode-27.0.0-Release.Candidate.app/Contents/Developer/Platforms/WatchOS.platform/Developer/usr/lib -F /Users/admin/builder/spi-builder-workspace/.derivedData/Build/Products/Debug-watchos/PackageFrameworks -F /Users/admin/builder/spi-builder-workspace/.derivedData/Build/Products/Debug-watchos -F /Applications/Xcode-27.0.0-Release.Candidate.app/Contents/Developer/Platforms/WatchOS.platform/Developer/Library/Frameworks -F /Applications/Xcode-27.0.0-Release.Candidate.app/Contents/Developer/Platforms/WatchOS.platform/Developer/SDKs/WatchOS27.0.sdk/Developer/Library/Frameworks -c -j10 -enable-batch-mode -incremental -Xcc -ivfsstatcache -Xcc /Users/admin/builder/spi-builder-workspace/.derivedData/SDKStatCaches.noindex/watchos27.0-24R360-e829b21a6f8c9b70876ba0858053c04477534ef55a1706bf4c1112bbb242f0a2.sdkstatcache -output-file-map /Users/admin/builder/spi-builder-workspace/.derivedData/Build/Intermediates.noindex/Shwift.build/Debug-watchos/Shwift-t.build/Objects-normal/arm64/Shwift-OutputFileMap.json -save-temps -no-color-diagnostics -explicit-module-build -module-cache-path /Users/admin/builder/spi-builder-workspace/.derivedData/Build/Intermediates.noindex/SwiftExplicitPrecompiledModules -clang-scanner-module-cache-path /Users/admin/builder/spi-builder-workspace/.derivedData/ModuleCache.noindex -sdk-module-cache-path /Users/admin/builder/spi-builder-workspace/.derivedData/SDKExplicitPrecompiledModules -emit-dependencies -emit-module -emit-module-path /Users/admin/builder/spi-builder-workspace/.derivedData/Build/Intermediates.noindex/Shwift.build/Debug-watchos/Shwift-t.build/Objects-normal/arm64/Shwift.swiftmodule -serialize-diagnostics -dependency-scan-serialize-diagnostics-path /Users/admin/builder/spi-builder-workspace/.derivedData/Build/Intermediates.noindex/Shwift.build/Debug-watchos/Shwift-t.build/Objects-normal/arm64/Shwift-dependency-scan.dia -validate-clang-modules-once -clang-build-session-file /Users/admin/builder/spi-builder-workspace/.derivedData/ModuleCache.noindex/Session.modulevalidation -Xcc -fmodules-prune-interval\=86400 -Xcc -fmodules-prune-after\=345600 -emit-const-values -const-gather-protocols-list /Users/admin/builder/spi-builder-workspace/.derivedData/Build/Intermediates.noindex/Shwift.build/Debug-watchos/Shwift-t.build/Objects-normal/arm64/Shwift_const_extract_protocols.json -Xcc -I/Users/admin/builder/spi-builder-workspace/.dependencies/checkouts/swift-system/Sources/CSystem/include -Xcc -I/Users/admin/builder/spi-builder-workspace/.dependencies/checkouts/swift-atomics/Sources/_AtomicsShims/include -Xcc -I/Users/admin/builder/spi-builder-workspace/.dependencies/checkouts/swift-nio/Sources/CNIOPosix/include -Xcc -I/Users/admin/builder/spi-builder-workspace/.dependencies/checkouts/swift-nio/Sources/CNIOWASI/include -Xcc -I/Users/admin/builder/spi-builder-workspace/.dependencies/checkouts/swift-nio/Sources/CNIOWindows/include -Xcc -I/Users/admin/builder/spi-builder-workspace/.dependencies/checkouts/swift-nio/Sources/CNIOLinux/include -Xcc -I/Users/admin/builder/spi-builder-workspace/.dependencies/checkouts/swift-nio/Sources/CNIODarwin/include -Xcc -I/Users/admin/builder/spi-builder-workspace/.dependencies/checkouts/swift-nio/Sources/CNIOFreeBSD/include -Xcc -I/Users/admin/builder/spi-builder-workspace/.dependencies/checkouts/swift-nio/Sources/CNIOOpenBSD/include -Xcc -I/Users/admin/builder/spi-builder-workspace/.dependencies/checkouts/swift-nio/Sources/CNIOAtomics/include -Xcc -I/Users/admin/builder/spi-builder-workspace/.derivedData/Build/Products/Debug-watchos/include -Xcc -I/Users/admin/builder/spi-builder-workspace/.derivedData/Build/Intermediates.noindex/Shwift.build/Debug-watchos/Shwift-t.build/DerivedSources-normal/arm64 -Xcc -I/Users/admin/builder/spi-builder-workspace/.derivedData/Build/Intermediates.noindex/Shwift.build/Debug-watchos/Shwift-t.build/DerivedSources/arm64 -Xcc -I/Users/admin/builder/spi-builder-workspace/.derivedData/Build/Intermediates.noindex/Shwift.build/Debug-watchos/Shwift-t.build/DerivedSources -Xcc -DSWIFT_PACKAGE -Xcc -DDEBUG\=1 -emit-objc-header -emit-objc-header-path /Users/admin/builder/spi-builder-workspace/.derivedData/Build/Intermediates.noindex/Shwift.build/Debug-watchos/Shwift-t.build/Objects-normal/arm64/Shwift-Swift.h -working-directory /Users/admin/builder/spi-builder-workspace/.swiftpm/xcode -experimental-emit-module-separately -disable-cmo
SwiftDriver Shwift normal arm64_32 com.apple.xcode.tools.swift.compiler (in target 'Shwift' from project 'Shwift')
    cd /Users/admin/builder/spi-builder-workspace/.swiftpm/xcode
    builtin-SwiftDriver -- /Applications/Xcode-27.0.0-Release.Candidate.app/Contents/Developer/Toolchains/XcodeDefault.xctoolchain/usr/bin/swiftc -parse-as-library -module-name Shwift -Onone @/Users/admin/builder/spi-builder-workspace/.derivedData/Build/Intermediates.noindex/Shwift.build/Debug-watchos/Shwift-t.build/Objects-normal/arm64_32/Shwift.SwiftFileList -DSWIFT_PACKAGE -DDEBUG -DSWIFT_MODULE_RESOURCE_BUNDLE_UNAVAILABLE -Xcc -fmodule-map-file\=/Users/admin/builder/spi-builder-workspace/.dependencies/checkouts/swift-system/Sources/CSystem/include/module.modulemap -Xcc -fmodule-map-file\=/Users/admin/builder/spi-builder-workspace/.dependencies/checkouts/swift-atomics/Sources/_AtomicsShims/include/module.modulemap -Xcc -fmodule-map-file\=/Users/admin/builder/spi-builder-workspace/.derivedData/Build/Intermediates.noindex/GeneratedModuleMaps-watchos/CNIOPosix.modulemap -Xcc -fmodule-map-file\=/Users/admin/builder/spi-builder-workspace/.derivedData/Build/Intermediates.noindex/GeneratedModuleMaps-watchos/CNIOWASI.modulemap -Xcc -fmodule-map-file\=/Users/admin/builder/spi-builder-workspace/.dependencies/checkouts/swift-nio/Sources/CNIOWindows/include/module.modulemap -Xcc -fmodule-map-file\=/Users/admin/builder/spi-builder-workspace/.derivedData/Build/Intermediates.noindex/GeneratedModuleMaps-watchos/CNIOLinux.modulemap -Xcc -fmodule-map-file\=/Users/admin/builder/spi-builder-workspace/.derivedData/Build/Intermediates.noindex/GeneratedModuleMaps-watchos/CNIODarwin.modulemap -Xcc -fmodule-map-file\=/Users/admin/builder/spi-builder-workspace/.derivedData/Build/Intermediates.noindex/GeneratedModuleMaps-watchos/CNIOFreeBSD.modulemap -Xcc -fmodule-map-file\=/Users/admin/builder/spi-builder-workspace/.derivedData/Build/Intermediates.noindex/GeneratedModuleMaps-watchos/CNIOOpenBSD.modulemap -Xcc -fmodule-map-file\=/Users/admin/builder/spi-builder-workspace/.derivedData/Build/Intermediates.noindex/GeneratedModuleMaps-watchos/CNIOAtomics.modulemap -DXcode -plugin-path /Applications/Xcode-27.0.0-Release.Candidate.app/Contents/Developer/Toolchains/XcodeDefault.xctoolchain/usr/lib/swift/host/plugins/testing -enable-experimental-feature DebugDescriptionMacro -sdk /Applications/Xcode-27.0.0-Release.Candidate.app/Contents/Developer/Platforms/WatchOS.platform/Developer/SDKs/WatchOS27.0.sdk -target arm64_32-apple-watchos9.0 -g -module-cache-path /Users/admin/builder/spi-builder-workspace/.derivedData/ModuleCache.noindex -Xfrontend -serialize-debugging-options -profile-coverage-mapping -profile-generate -enable-testing -index-store-path /Users/admin/builder/spi-builder-workspace/.derivedData/Index.noindex/DataStore -Xcc -D_LIBCPP_HARDENING_MODE\=_LIBCPP_HARDENING_MODE_DEBUG -swift-version 5 -I /Users/admin/builder/spi-builder-workspace/.derivedData/Build/Products/Debug-watchos -Isystem /Applications/Xcode-27.0.0-Release.Candidate.app/Contents/Developer/Platforms/WatchOS.platform/Developer/usr/lib -F /Users/admin/builder/spi-builder-workspace/.derivedData/Build/Products/Debug-watchos/PackageFrameworks -F /Users/admin/builder/spi-builder-workspace/.derivedData/Build/Products/Debug-watchos -F /Applications/Xcode-27.0.0-Release.Candidate.app/Contents/Developer/Platforms/WatchOS.platform/Developer/Library/Frameworks -F /Applications/Xcode-27.0.0-Release.Candidate.app/Contents/Developer/Platforms/WatchOS.platform/Developer/SDKs/WatchOS27.0.sdk/Developer/Library/Frameworks -c -j10 -enable-batch-mode -incremental -Xcc -ivfsstatcache -Xcc /Users/admin/builder/spi-builder-workspace/.derivedData/SDKStatCaches.noindex/watchos27.0-24R360-e829b21a6f8c9b70876ba0858053c04477534ef55a1706bf4c1112bbb242f0a2.sdkstatcache -output-file-map /Users/admin/builder/spi-builder-workspace/.derivedData/Build/Intermediates.noindex/Shwift.build/Debug-watchos/Shwift-t.build/Objects-normal/arm64_32/Shwift-OutputFileMap.json -save-temps -no-color-diagnostics -explicit-module-build -module-cache-path /Users/admin/builder/spi-builder-workspace/.derivedData/Build/Intermediates.noindex/SwiftExplicitPrecompiledModules -clang-scanner-module-cache-path /Users/admin/builder/spi-builder-workspace/.derivedData/ModuleCache.noindex -sdk-module-cache-path /Users/admin/builder/spi-builder-workspace/.derivedData/SDKExplicitPrecompiledModules -emit-dependencies -emit-module -emit-module-path /Users/admin/builder/spi-builder-workspace/.derivedData/Build/Intermediates.noindex/Shwift.build/Debug-watchos/Shwift-t.build/Objects-normal/arm64_32/Shwift.swiftmodule -serialize-diagnostics -dependency-scan-serialize-diagnostics-path /Users/admin/builder/spi-builder-workspace/.derivedData/Build/Intermediates.noindex/Shwift.build/Debug-watchos/Shwift-t.build/Objects-normal/arm64_32/Shwift-dependency-scan.dia -validate-clang-modules-once -clang-build-session-file /Users/admin/builder/spi-builder-workspace/.derivedData/ModuleCache.noindex/Session.modulevalidation -Xcc -fmodules-prune-interval\=86400 -Xcc -fmodules-prune-after\=345600 -emit-const-values -const-gather-protocols-list /Users/admin/builder/spi-builder-workspace/.derivedData/Build/Intermediates.noindex/Shwift.build/Debug-watchos/Shwift-t.build/Objects-normal/arm64_32/Shwift_const_extract_protocols.json -Xcc -I/Users/admin/builder/spi-builder-workspace/.dependencies/checkouts/swift-system/Sources/CSystem/include -Xcc -I/Users/admin/builder/spi-builder-workspace/.dependencies/checkouts/swift-atomics/Sources/_AtomicsShims/include -Xcc -I/Users/admin/builder/spi-builder-workspace/.dependencies/checkouts/swift-nio/Sources/CNIOPosix/include -Xcc -I/Users/admin/builder/spi-builder-workspace/.dependencies/checkouts/swift-nio/Sources/CNIOWASI/include -Xcc -I/Users/admin/builder/spi-builder-workspace/.dependencies/checkouts/swift-nio/Sources/CNIOWindows/include -Xcc -I/Users/admin/builder/spi-builder-workspace/.dependencies/checkouts/swift-nio/Sources/CNIOLinux/include -Xcc -I/Users/admin/builder/spi-builder-workspace/.dependencies/checkouts/swift-nio/Sources/CNIODarwin/include -Xcc -I/Users/admin/builder/spi-builder-workspace/.dependencies/checkouts/swift-nio/Sources/CNIOFreeBSD/include -Xcc -I/Users/admin/builder/spi-builder-workspace/.dependencies/checkouts/swift-nio/Sources/CNIOOpenBSD/include -Xcc -I/Users/admin/builder/spi-builder-workspace/.dependencies/checkouts/swift-nio/Sources/CNIOAtomics/include -Xcc -I/Users/admin/builder/spi-builder-workspace/.derivedData/Build/Products/Debug-watchos/include -Xcc -I/Users/admin/builder/spi-builder-workspace/.derivedData/Build/Intermediates.noindex/Shwift.build/Debug-watchos/Shwift-t.build/DerivedSources-normal/arm64_32 -Xcc -I/Users/admin/builder/spi-builder-workspace/.derivedData/Build/Intermediates.noindex/Shwift.build/Debug-watchos/Shwift-t.build/DerivedSources/arm64_32 -Xcc -I/Users/admin/builder/spi-builder-workspace/.derivedData/Build/Intermediates.noindex/Shwift.build/Debug-watchos/Shwift-t.build/DerivedSources -Xcc -DSWIFT_PACKAGE -Xcc -DDEBUG\=1 -emit-objc-header -emit-objc-header-path /Users/admin/builder/spi-builder-workspace/.derivedData/Build/Intermediates.noindex/Shwift.build/Debug-watchos/Shwift-t.build/Objects-normal/arm64_32/Shwift-Swift.h -working-directory /Users/admin/builder/spi-builder-workspace/.swiftpm/xcode -experimental-emit-module-separately -disable-cmo
SwiftDriver NIOPosix normal arm64_32 com.apple.xcode.tools.swift.compiler (in target 'NIOPosix' from project 'swift-nio')
    cd /Users/admin/builder/spi-builder-workspace/.swiftpm/xcode
    builtin-SwiftDriver -- /Applications/Xcode-27.0.0-Release.Candidate.app/Contents/Developer/Toolchains/XcodeDefault.xctoolchain/usr/bin/swiftc -parse-as-library -module-name NIOPosix -Onone @/Users/admin/builder/spi-builder-workspace/.derivedData/Build/Intermediates.noindex/swift-nio.build/Debug-watchos/NIOPosix-t.build/Objects-normal/arm64_32/NIOPosix.SwiftFileList -DSWIFT_PACKAGE -DDEBUG -DSWIFT_MODULE_RESOURCE_BUNDLE_AVAILABLE -Xcc -fmodule-map-file\=/Users/admin/builder/spi-builder-workspace/.dependencies/checkouts/swift-atomics/Sources/_AtomicsShims/include/module.modulemap -Xcc -fmodule-map-file\=/Users/admin/builder/spi-builder-workspace/.derivedData/Build/Intermediates.noindex/GeneratedModuleMaps-watchos/CNIOPosix.modulemap -Xcc -fmodule-map-file\=/Users/admin/builder/spi-builder-workspace/.derivedData/Build/Intermediates.noindex/GeneratedModuleMaps-watchos/CNIOWASI.modulemap -Xcc -fmodule-map-file\=/Users/admin/builder/spi-builder-workspace/.derivedData/Build/Intermediates.noindex/GeneratedModuleMaps-watchos/CNIOFreeBSD.modulemap -Xcc -fmodule-map-file\=/Users/admin/builder/spi-builder-workspace/.derivedData/Build/Intermediates.noindex/GeneratedModuleMaps-watchos/CNIOAtomics.modulemap -Xcc -fmodule-map-file\=/Users/admin/builder/spi-builder-workspace/.dependencies/checkouts/swift-nio/Sources/CNIOWindows/include/module.modulemap -Xcc -fmodule-map-file\=/Users/admin/builder/spi-builder-workspace/.derivedData/Build/Intermediates.noindex/GeneratedModuleMaps-watchos/CNIODarwin.modulemap -Xcc -fmodule-map-file\=/Users/admin/builder/spi-builder-workspace/.derivedData/Build/Intermediates.noindex/GeneratedModuleMaps-watchos/CNIOLinux.modulemap -Xcc -fmodule-map-file\=/Users/admin/builder/spi-builder-workspace/.derivedData/Build/Intermediates.noindex/GeneratedModuleMaps-watchos/CNIOOpenBSD.modulemap -DXcode -enable-experimental-feature Lifetimes -enable-upcoming-feature MemberImportVisibility -plugin-path /Applications/Xcode-27.0.0-Release.Candidate.app/Contents/Developer/Toolchains/XcodeDefault.xctoolchain/usr/lib/swift/host/plugins/testing -enable-experimental-feature DebugDescriptionMacro -sdk /Applications/Xcode-27.0.0-Release.Candidate.app/Contents/Developer/Platforms/WatchOS.platform/Developer/SDKs/WatchOS27.0.sdk -target arm64_32-apple-watchos9.0 -g -module-cache-path /Users/admin/builder/spi-builder-workspace/.derivedData/ModuleCache.noindex -Xfrontend -serialize-debugging-options -profile-coverage-mapping -profile-generate -enable-testing -suppress-warnings -index-store-path /Users/admin/builder/spi-builder-workspace/.derivedData/Index.noindex/DataStore -Xcc -D_LIBCPP_HARDENING_MODE\=_LIBCPP_HARDENING_MODE_DEBUG -swift-version 6 -I /Users/admin/builder/spi-builder-workspace/.derivedData/Build/Products/Debug-watchos -Isystem /Applications/Xcode-27.0.0-Release.Candidate.app/Contents/Developer/Platforms/WatchOS.platform/Developer/usr/lib -F /Users/admin/builder/spi-builder-workspace/.derivedData/Build/Products/Debug-watchos/PackageFrameworks -F /Users/admin/builder/spi-builder-workspace/.derivedData/Build/Products/Debug-watchos -F /Applications/Xcode-27.0.0-Release.Candidate.app/Contents/Developer/Platforms/WatchOS.platform/Developer/Library/Frameworks -F /Applications/Xcode-27.0.0-Release.Candidate.app/Contents/Developer/Platforms/WatchOS.platform/Developer/SDKs/WatchOS27.0.sdk/Developer/Library/Frameworks -c -j10 -enable-batch-mode -incremental -Xcc -ivfsstatcache -Xcc /Users/admin/builder/spi-builder-workspace/.derivedData/SDKStatCaches.noindex/watchos27.0-24R360-e829b21a6f8c9b70876ba0858053c04477534ef55a1706bf4c1112bbb242f0a2.sdkstatcache -output-file-map /Users/admin/builder/spi-builder-workspace/.derivedData/Build/Intermediates.noindex/swift-nio.build/Debug-watchos/NIOPosix-t.build/Objects-normal/arm64_32/NIOPosix-OutputFileMap.json -save-temps -no-color-diagnostics -explicit-module-build -module-cache-path /Users/admin/builder/spi-builder-workspace/.derivedData/Build/Intermediates.noindex/SwiftExplicitPrecompiledModules -clang-scanner-module-cache-path /Users/admin/builder/spi-builder-workspace/.derivedData/ModuleCache.noindex -sdk-module-cache-path /Users/admin/builder/spi-builder-workspace/.derivedData/SDKExplicitPrecompiledModules -emit-dependencies -emit-module -emit-module-path /Users/admin/builder/spi-builder-workspace/.derivedData/Build/Intermediates.noindex/swift-nio.build/Debug-watchos/NIOPosix-t.build/Objects-normal/arm64_32/NIOPosix.swiftmodule -serialize-diagnostics -dependency-scan-serialize-diagnostics-path /Users/admin/builder/spi-builder-workspace/.derivedData/Build/Intermediates.noindex/swift-nio.build/Debug-watchos/NIOPosix-t.build/Objects-normal/arm64_32/NIOPosix-dependency-scan.dia -user-module-version 2.103.0 -validate-clang-modules-once -clang-build-session-file /Users/admin/builder/spi-builder-workspace/.derivedData/ModuleCache.noindex/Session.modulevalidation -Xcc -fmodules-prune-interval\=86400 -Xcc -fmodules-prune-after\=345600 -package-name swift_nio -emit-const-values -const-gather-protocols-list /Users/admin/builder/spi-builder-workspace/.derivedData/Build/Intermediates.noindex/swift-nio.build/Debug-watchos/NIOPosix-t.build/Objects-normal/arm64_32/NIOPosix_const_extract_protocols.json -Xcc -I/Users/admin/builder/spi-builder-workspace/.dependencies/checkouts/swift-atomics/Sources/_AtomicsShims/include -Xcc -I/Users/admin/builder/spi-builder-workspace/.dependencies/checkouts/swift-nio/Sources/CNIOPosix/include -Xcc -I/Users/admin/builder/spi-builder-workspace/.dependencies/checkouts/swift-nio/Sources/CNIOWASI/include -Xcc -I/Users/admin/builder/spi-builder-workspace/.dependencies/checkouts/swift-nio/Sources/CNIOFreeBSD/include -Xcc -I/Users/admin/builder/spi-builder-workspace/.dependencies/checkouts/swift-nio/Sources/CNIOAtomics/include -Xcc -I/Users/admin/builder/spi-builder-workspace/.dependencies/checkouts/swift-nio/Sources/CNIOWindows/include -Xcc -I/Users/admin/builder/spi-builder-workspace/.dependencies/checkouts/swift-nio/Sources/CNIODarwin/include -Xcc -I/Users/admin/builder/spi-builder-workspace/.dependencies/checkouts/swift-nio/Sources/CNIOLinux/include -Xcc -I/Users/admin/builder/spi-builder-workspace/.dependencies/checkouts/swift-nio/Sources/CNIOOpenBSD/include -Xcc -I/Users/admin/builder/spi-builder-workspace/.derivedData/Build/Products/Debug-watchos/include -Xcc -I/Users/admin/builder/spi-builder-workspace/.derivedData/Build/Intermediates.noindex/swift-nio.build/Debug-watchos/NIOPosix-t.build/DerivedSources-normal/arm64_32 -Xcc -I/Users/admin/builder/spi-builder-workspace/.derivedData/Build/Intermediates.noindex/swift-nio.build/Debug-watchos/NIOPosix-t.build/DerivedSources/arm64_32 -Xcc -I/Users/admin/builder/spi-builder-workspace/.derivedData/Build/Intermediates.noindex/swift-nio.build/Debug-watchos/NIOPosix-t.build/DerivedSources -Xcc -DSWIFT_PACKAGE -Xcc -DDEBUG\=1 -emit-objc-header -emit-objc-header-path /Users/admin/builder/spi-builder-workspace/.derivedData/Build/Intermediates.noindex/swift-nio.build/Debug-watchos/NIOPosix-t.build/Objects-normal/arm64_32/NIOPosix-Swift.h -working-directory /Users/admin/builder/spi-builder-workspace/.swiftpm/xcode -experimental-emit-module-separately -disable-cmo
SwiftDriver NIOPosix normal arm64 com.apple.xcode.tools.swift.compiler (in target 'NIOPosix' from project 'swift-nio')
    cd /Users/admin/builder/spi-builder-workspace/.swiftpm/xcode
    builtin-SwiftDriver -- /Applications/Xcode-27.0.0-Release.Candidate.app/Contents/Developer/Toolchains/XcodeDefault.xctoolchain/usr/bin/swiftc -parse-as-library -module-name NIOPosix -Onone @/Users/admin/builder/spi-builder-workspace/.derivedData/Build/Intermediates.noindex/swift-nio.build/Debug-watchos/NIOPosix-t.build/Objects-normal/arm64/NIOPosix.SwiftFileList -DSWIFT_PACKAGE -DDEBUG -DSWIFT_MODULE_RESOURCE_BUNDLE_AVAILABLE -Xcc -fmodule-map-file\=/Users/admin/builder/spi-builder-workspace/.dependencies/checkouts/swift-atomics/Sources/_AtomicsShims/include/module.modulemap -Xcc -fmodule-map-file\=/Users/admin/builder/spi-builder-workspace/.derivedData/Build/Intermediates.noindex/GeneratedModuleMaps-watchos/CNIOPosix.modulemap -Xcc -fmodule-map-file\=/Users/admin/builder/spi-builder-workspace/.derivedData/Build/Intermediates.noindex/GeneratedModuleMaps-watchos/CNIOWASI.modulemap -Xcc -fmodule-map-file\=/Users/admin/builder/spi-builder-workspace/.derivedData/Build/Intermediates.noindex/GeneratedModuleMaps-watchos/CNIOFreeBSD.modulemap -Xcc -fmodule-map-file\=/Users/admin/builder/spi-builder-workspace/.derivedData/Build/Intermediates.noindex/GeneratedModuleMaps-watchos/CNIOAtomics.modulemap -Xcc -fmodule-map-file\=/Users/admin/builder/spi-builder-workspace/.dependencies/checkouts/swift-nio/Sources/CNIOWindows/include/module.modulemap -Xcc -fmodule-map-file\=/Users/admin/builder/spi-builder-workspace/.derivedData/Build/Intermediates.noindex/GeneratedModuleMaps-watchos/CNIODarwin.modulemap -Xcc -fmodule-map-file\=/Users/admin/builder/spi-builder-workspace/.derivedData/Build/Intermediates.noindex/GeneratedModuleMaps-watchos/CNIOLinux.modulemap -Xcc -fmodule-map-file\=/Users/admin/builder/spi-builder-workspace/.derivedData/Build/Intermediates.noindex/GeneratedModuleMaps-watchos/CNIOOpenBSD.modulemap -DXcode -enable-experimental-feature Lifetimes -enable-upcoming-feature MemberImportVisibility -plugin-path /Applications/Xcode-27.0.0-Release.Candidate.app/Contents/Developer/Toolchains/XcodeDefault.xctoolchain/usr/lib/swift/host/plugins/testing -enable-experimental-feature DebugDescriptionMacro -sdk /Applications/Xcode-27.0.0-Release.Candidate.app/Contents/Developer/Platforms/WatchOS.platform/Developer/SDKs/WatchOS27.0.sdk -target arm64-apple-watchos9.0 -g -module-cache-path /Users/admin/builder/spi-builder-workspace/.derivedData/ModuleCache.noindex -Xfrontend -serialize-debugging-options -profile-coverage-mapping -profile-generate -enable-testing -suppress-warnings -index-store-path /Users/admin/builder/spi-builder-workspace/.derivedData/Index.noindex/DataStore -Xcc -D_LIBCPP_HARDENING_MODE\=_LIBCPP_HARDENING_MODE_DEBUG -swift-version 6 -I /Users/admin/builder/spi-builder-workspace/.derivedData/Build/Products/Debug-watchos -Isystem /Applications/Xcode-27.0.0-Release.Candidate.app/Contents/Developer/Platforms/WatchOS.platform/Developer/usr/lib -F /Users/admin/builder/spi-builder-workspace/.derivedData/Build/Products/Debug-watchos/PackageFrameworks -F /Users/admin/builder/spi-builder-workspace/.derivedData/Build/Products/Debug-watchos -F /Applications/Xcode-27.0.0-Release.Candidate.app/Contents/Developer/Platforms/WatchOS.platform/Developer/Library/Frameworks -F /Applications/Xcode-27.0.0-Release.Candidate.app/Contents/Developer/Platforms/WatchOS.platform/Developer/SDKs/WatchOS27.0.sdk/Developer/Library/Frameworks -c -j10 -enable-batch-mode -incremental -Xcc -ivfsstatcache -Xcc /Users/admin/builder/spi-builder-workspace/.derivedData/SDKStatCaches.noindex/watchos27.0-24R360-e829b21a6f8c9b70876ba0858053c04477534ef55a1706bf4c1112bbb242f0a2.sdkstatcache -output-file-map /Users/admin/builder/spi-builder-workspace/.derivedData/Build/Intermediates.noindex/swift-nio.build/Debug-watchos/NIOPosix-t.build/Objects-normal/arm64/NIOPosix-OutputFileMap.json -save-temps -no-color-diagnostics -explicit-module-build -module-cache-path /Users/admin/builder/spi-builder-workspace/.derivedData/Build/Intermediates.noindex/SwiftExplicitPrecompiledModules -clang-scanner-module-cache-path /Users/admin/builder/spi-builder-workspace/.derivedData/ModuleCache.noindex -sdk-module-cache-path /Users/admin/builder/spi-builder-workspace/.derivedData/SDKExplicitPrecompiledModules -emit-dependencies -emit-module -emit-module-path /Users/admin/builder/spi-builder-workspace/.derivedData/Build/Intermediates.noindex/swift-nio.build/Debug-watchos/NIOPosix-t.build/Objects-normal/arm64/NIOPosix.swiftmodule -serialize-diagnostics -dependency-scan-serialize-diagnostics-path /Users/admin/builder/spi-builder-workspace/.derivedData/Build/Intermediates.noindex/swift-nio.build/Debug-watchos/NIOPosix-t.build/Objects-normal/arm64/NIOPosix-dependency-scan.dia -user-module-version 2.103.0 -validate-clang-modules-once -clang-build-session-file /Users/admin/builder/spi-builder-workspace/.derivedData/ModuleCache.noindex/Session.modulevalidation -Xcc -fmodules-prune-interval\=86400 -Xcc -fmodules-prune-after\=345600 -package-name swift_nio -emit-const-values -const-gather-protocols-list /Users/admin/builder/spi-builder-workspace/.derivedData/Build/Intermediates.noindex/swift-nio.build/Debug-watchos/NIOPosix-t.build/Objects-normal/arm64/NIOPosix_const_extract_protocols.json -Xcc -I/Users/admin/builder/spi-builder-workspace/.dependencies/checkouts/swift-atomics/Sources/_AtomicsShims/include -Xcc -I/Users/admin/builder/spi-builder-workspace/.dependencies/checkouts/swift-nio/Sources/CNIOPosix/include -Xcc -I/Users/admin/builder/spi-builder-workspace/.dependencies/checkouts/swift-nio/Sources/CNIOWASI/include -Xcc -I/Users/admin/builder/spi-builder-workspace/.dependencies/checkouts/swift-nio/Sources/CNIOFreeBSD/include -Xcc -I/Users/admin/builder/spi-builder-workspace/.dependencies/checkouts/swift-nio/Sources/CNIOAtomics/include -Xcc -I/Users/admin/builder/spi-builder-workspace/.dependencies/checkouts/swift-nio/Sources/CNIOWindows/include -Xcc -I/Users/admin/builder/spi-builder-workspace/.dependencies/checkouts/swift-nio/Sources/CNIODarwin/include -Xcc -I/Users/admin/builder/spi-builder-workspace/.dependencies/checkouts/swift-nio/Sources/CNIOLinux/include -Xcc -I/Users/admin/builder/spi-builder-workspace/.dependencies/checkouts/swift-nio/Sources/CNIOOpenBSD/include -Xcc -I/Users/admin/builder/spi-builder-workspace/.derivedData/Build/Products/Debug-watchos/include -Xcc -I/Users/admin/builder/spi-builder-workspace/.derivedData/Build/Intermediates.noindex/swift-nio.build/Debug-watchos/NIOPosix-t.build/DerivedSources-normal/arm64 -Xcc -I/Users/admin/builder/spi-builder-workspace/.derivedData/Build/Intermediates.noindex/swift-nio.build/Debug-watchos/NIOPosix-t.build/DerivedSources/arm64 -Xcc -I/Users/admin/builder/spi-builder-workspace/.derivedData/Build/Intermediates.noindex/swift-nio.build/Debug-watchos/NIOPosix-t.build/DerivedSources -Xcc -DSWIFT_PACKAGE -Xcc -DDEBUG\=1 -emit-objc-header -emit-objc-header-path /Users/admin/builder/spi-builder-workspace/.derivedData/Build/Intermediates.noindex/swift-nio.build/Debug-watchos/NIOPosix-t.build/Objects-normal/arm64/NIOPosix-Swift.h -working-directory /Users/admin/builder/spi-builder-workspace/.swiftpm/xcode -experimental-emit-module-separately -disable-cmo
SwiftCompile normal arm64 Compiling\ Context.swift /Users/admin/builder/spi-builder-workspace/Sources/Shwift/Context.swift (in target 'Shwift' from project 'Shwift')
/Users/admin/builder/spi-builder-workspace/Sources/Shwift/Context.swift:1:22: warning: safely use '@_implementationOnly' without library evolution by setting '-enable-experimental-feature CheckImplementationOnly' for 'Shwift' [#ImplementationOnlyDeprecated]
  1 | @_implementationOnly import NIO
    |                      `- warning: safely use '@_implementationOnly' without library evolution by setting '-enable-experimental-feature CheckImplementationOnly' for 'Shwift' [#ImplementationOnlyDeprecated]
  2 |
  3 | import SystemPackage
/Users/admin/builder/spi-builder-workspace/Sources/Shwift/Context.swift:60:40: warning: cannot use protocol 'ChannelInboundHandler' in a conformance on a type not marked '@_implementationOnly'; 'NIOCore' has been imported as implementation-only
 58 | // MARK: - Support
 59 |
 60 | private final class NullDeviceHandler: ChannelInboundHandler {
    |                                        `- warning: cannot use protocol 'ChannelInboundHandler' in a conformance on a type not marked '@_implementationOnly'; 'NIOCore' has been imported as implementation-only
 61 |   typealias InboundIn = ByteBuffer
 62 |   func channelRead(context: ChannelHandlerContext, data: NIOAny) {
NIOCore.ChannelInboundHandler:1:17: note: protocol declared here
1 | public protocol ChannelInboundHandler : NIOCore._ChannelInboundHandler, NIOCore._EmittingChannelHandler {
  |                 `- note: protocol declared here
2 |     associatedtype InboundIn
3 |     associatedtype InboundOut = Never
/Users/admin/builder/spi-builder-workspace/Sources/Shwift/Context.swift:67:41: warning: cannot use protocol 'ChannelInboundHandler' in a conformance on a type not marked '@_implementationOnly'; 'NIOCore' has been imported as implementation-only
 65 | }
 66 |
 67 | private final class FatalDeviceHandler: ChannelInboundHandler {
    |                                         `- warning: cannot use protocol 'ChannelInboundHandler' in a conformance on a type not marked '@_implementationOnly'; 'NIOCore' has been imported as implementation-only
 68 |   typealias InboundIn = ByteBuffer
 69 |   func channelRead(context: ChannelHandlerContext, data: NIOAny) {
NIOCore.ChannelInboundHandler:1:17: note: protocol declared here
1 | public protocol ChannelInboundHandler : NIOCore._ChannelInboundHandler, NIOCore._EmittingChannelHandler {
  |                 `- note: protocol declared here
2 |     associatedtype InboundIn
3 |     associatedtype InboundOut = Never
SwiftCompile normal arm64 /Users/admin/builder/spi-builder-workspace/Sources/Shwift/Context.swift (in target 'Shwift' from project 'Shwift')
    cd /Users/admin/builder/spi-builder-workspace/.swiftpm/xcode
    builtin-SwiftPerFileCompile Context.swift
SwiftCompile normal arm64 Compiling\ IO.swift /Users/admin/builder/spi-builder-workspace/Sources/Shwift/IO.swift (in target 'Shwift' from project 'Shwift')
SwiftCompile normal arm64 /Users/admin/builder/spi-builder-workspace/Sources/Shwift/IO.swift (in target 'Shwift' from project 'Shwift')
    cd /Users/admin/builder/spi-builder-workspace/.swiftpm/xcode
    builtin-SwiftPerFileCompile IO.swift
SwiftCompile normal arm64 Compiling\ Environment.swift /Users/admin/builder/spi-builder-workspace/Sources/Shwift/Environment.swift (in target 'Shwift' from project 'Shwift')
SwiftCompile normal arm64 /Users/admin/builder/spi-builder-workspace/Sources/Shwift/Environment.swift (in target 'Shwift' from project 'Shwift')
    cd /Users/admin/builder/spi-builder-workspace/.swiftpm/xcode
    builtin-SwiftPerFileCompile Environment.swift
SwiftCompile normal arm64 Compiling\ Posix\ Spawn.swift /Users/admin/builder/spi-builder-workspace/Sources/Shwift/Support/Posix\ Spawn.swift (in target 'Shwift' from project 'Shwift')
/Users/admin/builder/spi-builder-workspace/Sources/Shwift/Support/Posix Spawn.swift:40:23: error: 'posix_spawnattr_init' is unavailable in watchOS
 38 |
 39 |     init() throws {
 40 |       try Errno.check(posix_spawnattr_init(&rawValue))
    |                       `- error: 'posix_spawnattr_init' is unavailable in watchOS
 41 |     }
 42 |
/Applications/Xcode-27.0.0-Release.Candidate.app/Contents/Developer/Platforms/WatchOS.platform/Developer/SDKs/WatchOS27.0.sdk/usr/include/spawn.h:105:9: note: 'posix_spawnattr_init' has been explicitly marked unavailable here
103 |     sigset_t * __restrict) __API_AVAILABLE(macos(10.5), ios(2.0)) __API_UNAVAILABLE(watchos, tvos);
104 |
105 | int     posix_spawnattr_init(posix_spawnattr_t *) __API_AVAILABLE(macos(10.5), ios(2.0)) __API_UNAVAILABLE(watchos, tvos);
    |         `- note: 'posix_spawnattr_init' has been explicitly marked unavailable here
106 |
107 | int     posix_spawnattr_setsigdefault(posix_spawnattr_t * __restrict,
/Users/admin/builder/spi-builder-workspace/Sources/Shwift/Support/Posix Spawn.swift:44:23: error: 'posix_spawnattr_destroy' is unavailable in watchOS
 42 |
 43 |     mutating func destroy() throws {
 44 |       try Errno.check(posix_spawnattr_destroy(&rawValue))
    |                       `- error: 'posix_spawnattr_destroy' is unavailable in watchOS
 45 |     }
 46 |
/Applications/Xcode-27.0.0-Release.Candidate.app/Contents/Developer/Platforms/WatchOS.platform/Developer/SDKs/WatchOS27.0.sdk/usr/include/spawn.h:91:9: note: 'posix_spawnattr_destroy' has been explicitly marked unavailable here
 89 | int     posix_spawn_file_actions_init(posix_spawn_file_actions_t *) __API_AVAILABLE(macos(10.5), ios(2.0)) __API_UNAVAILABLE(watchos, tvos);
 90 |
 91 | int     posix_spawnattr_destroy(posix_spawnattr_t *) __API_AVAILABLE(macos(10.5), ios(2.0)) __API_UNAVAILABLE(watchos, tvos);
    |         `- note: 'posix_spawnattr_destroy' has been explicitly marked unavailable here
 92 |
 93 | int     posix_spawnattr_getsigdefault(const posix_spawnattr_t * __restrict,
/Users/admin/builder/spi-builder-workspace/Sources/Shwift/Support/Posix Spawn.swift:50:11: error: 'posix_spawnattr_setsigmask' is unavailable in watchOS
 48 |       try Errno.check(
 49 |         withUnsafePointer(to: signals.rawValue) { signals in
 50 |           posix_spawnattr_setsigmask(&rawValue, signals)
    |           `- error: 'posix_spawnattr_setsigmask' is unavailable in watchOS
 51 |         })
 52 |     }
/Applications/Xcode-27.0.0-Release.Candidate.app/Contents/Developer/Platforms/WatchOS.platform/Developer/SDKs/WatchOS27.0.sdk/usr/include/spawn.h:114:9: note: 'posix_spawnattr_setsigmask' has been explicitly marked unavailable here
112 | int     posix_spawnattr_setpgroup(posix_spawnattr_t *, pid_t) __API_AVAILABLE(macos(10.5), ios(2.0)) __API_UNAVAILABLE(watchos, tvos);
113 |
114 | int     posix_spawnattr_setsigmask(posix_spawnattr_t * __restrict,
    |         `- note: 'posix_spawnattr_setsigmask' has been explicitly marked unavailable here
115 |     const sigset_t * __restrict) __API_AVAILABLE(macos(10.5), ios(2.0)) __API_UNAVAILABLE(watchos, tvos);
116 |
/Users/admin/builder/spi-builder-workspace/Sources/Shwift/Support/Posix Spawn.swift:55:23: error: 'posix_spawnattr_setflags' is unavailable in watchOS
 53 |
 54 |     mutating func setFlags(_ flags: Flags) throws {
 55 |       try Errno.check(posix_spawnattr_setflags(&rawValue, Int16(flags.rawValue)))
    |                       `- error: 'posix_spawnattr_setflags' is unavailable in watchOS
 56 |     }
 57 |
/Applications/Xcode-27.0.0-Release.Candidate.app/Contents/Developer/Platforms/WatchOS.platform/Developer/SDKs/WatchOS27.0.sdk/usr/include/spawn.h:110:9: note: 'posix_spawnattr_setflags' has been explicitly marked unavailable here
108 |     const sigset_t * __restrict) __API_AVAILABLE(macos(10.5), ios(2.0)) __API_UNAVAILABLE(watchos, tvos);
109 |
110 | int     posix_spawnattr_setflags(posix_spawnattr_t *, short) __API_AVAILABLE(macos(10.5), ios(2.0)) __API_UNAVAILABLE(watchos, tvos);
    |         `- note: 'posix_spawnattr_setflags' has been explicitly marked unavailable here
111 |
112 | int     posix_spawnattr_setpgroup(posix_spawnattr_t *, pid_t) __API_AVAILABLE(macos(10.5), ios(2.0)) __API_UNAVAILABLE(watchos, tvos);
/Users/admin/builder/spi-builder-workspace/Sources/Shwift/Support/Posix Spawn.swift:64:23: error: 'posix_spawn_file_actions_init' is unavailable in watchOS
 62 |
 63 |     init() throws {
 64 |       try Errno.check(posix_spawn_file_actions_init(&rawValue))
    |                       `- error: 'posix_spawn_file_actions_init' is unavailable in watchOS
 65 |     }
 66 |
/Applications/Xcode-27.0.0-Release.Candidate.app/Contents/Developer/Platforms/WatchOS.platform/Developer/SDKs/WatchOS27.0.sdk/usr/include/spawn.h:89:9: note: 'posix_spawn_file_actions_init' has been explicitly marked unavailable here
 87 | int     posix_spawn_file_actions_destroy(posix_spawn_file_actions_t *) __API_AVAILABLE(macos(10.5), ios(2.0)) __API_UNAVAILABLE(watchos, tvos);
 88 |
 89 | int     posix_spawn_file_actions_init(posix_spawn_file_actions_t *) __API_AVAILABLE(macos(10.5), ios(2.0)) __API_UNAVAILABLE(watchos, tvos);
    |         `- note: 'posix_spawn_file_actions_init' has been explicitly marked unavailable here
 90 |
 91 | int     posix_spawnattr_destroy(posix_spawnattr_t *) __API_AVAILABLE(macos(10.5), ios(2.0)) __API_UNAVAILABLE(watchos, tvos);
/Users/admin/builder/spi-builder-workspace/Sources/Shwift/Support/Posix Spawn.swift:68:23: error: 'posix_spawn_file_actions_destroy' is unavailable in watchOS
 66 |
 67 |     mutating func destroy() throws {
 68 |       try Errno.check(posix_spawn_file_actions_destroy(&rawValue))
    |                       `- error: 'posix_spawn_file_actions_destroy' is unavailable in watchOS
 69 |     }
 70 |
/Applications/Xcode-27.0.0-Release.Candidate.app/Contents/Developer/Platforms/WatchOS.platform/Developer/SDKs/WatchOS27.0.sdk/usr/include/spawn.h:87:9: note: 'posix_spawn_file_actions_destroy' has been explicitly marked unavailable here
 85 | 	const char * __restrict, int, mode_t) __API_AVAILABLE(macos(10.5), ios(2.0)) __API_UNAVAILABLE(watchos, tvos);
 86 |
 87 | int     posix_spawn_file_actions_destroy(posix_spawn_file_actions_t *) __API_AVAILABLE(macos(10.5), ios(2.0)) __API_UNAVAILABLE(watchos, tvos);
    |         `- note: 'posix_spawn_file_actions_destroy' has been explicitly marked unavailable here
 88 |
 89 | int     posix_spawn_file_actions_init(posix_spawn_file_actions_t *) __API_AVAILABLE(macos(10.5), ios(2.0)) __API_UNAVAILABLE(watchos, tvos);
/Users/admin/builder/spi-builder-workspace/Sources/Shwift/Support/Posix Spawn.swift:74:11: error: 'posix_spawn_file_actions_addchdir_np' is unavailable in watchOS
 72 |       try Errno.check(
 73 |         filePath.withPlatformString {
 74 |           posix_spawn_file_actions_addchdir_np(&rawValue, $0)
    |           `- error: 'posix_spawn_file_actions_addchdir_np' is unavailable in watchOS
 75 |         })
 76 |     }
/Applications/Xcode-27.0.0-Release.Candidate.app/Contents/Developer/Platforms/WatchOS.platform/Developer/SDKs/WatchOS27.0.sdk/usr/include/spawn.h:184:9: note: 'posix_spawn_file_actions_addchdir_np' has been explicitly marked unavailable here
182 |     int) __API_AVAILABLE(macos(10.7), ios(4.3)) __API_UNAVAILABLE(watchos, tvos);
183 |
184 | int     posix_spawn_file_actions_addchdir_np(posix_spawn_file_actions_t *,
    |         `- note: 'posix_spawn_file_actions_addchdir_np' has been explicitly marked unavailable here
185 |     const char * __restrict) __API_DEPRECATED("posix_spawn_file_actions_addchdir(3) has replaced posix_spawn_file_actions_addchdir_np(3)", macos(10.15, 26.0)) __API_UNAVAILABLE(ios, tvos, watchos, visionos);
186 |
/Users/admin/builder/spi-builder-workspace/Sources/Shwift/Support/Posix Spawn.swift:88:9: error: 'posix_spawn_file_actions_addclose' is unavailable in watchOS
 86 |     mutating func addCloseFileDescriptor(_ value: Int32) throws {
 87 |       try Errno.check(
 88 |         posix_spawn_file_actions_addclose(&rawValue, value)
    |         `- error: 'posix_spawn_file_actions_addclose' is unavailable in watchOS
 89 |       )
 90 |     }
/Applications/Xcode-27.0.0-Release.Candidate.app/Contents/Developer/Platforms/WatchOS.platform/Developer/SDKs/WatchOS27.0.sdk/usr/include/spawn.h:78:9: note: 'posix_spawn_file_actions_addclose' has been explicitly marked unavailable here
 76 |     int) __API_AVAILABLE(macos(26.0)) __API_UNAVAILABLE(ios, tvos, watchos, visionos);
 77 |
 78 | int     posix_spawn_file_actions_addclose(posix_spawn_file_actions_t *, int) __API_AVAILABLE(macos(10.5), ios(2.0)) __API_UNAVAILABLE(watchos, tvos);
    |         `- note: 'posix_spawn_file_actions_addclose' has been explicitly marked unavailable here
 79 |
 80 | int     posix_spawn_file_actions_adddup2(posix_spawn_file_actions_t *, int,
/Users/admin/builder/spi-builder-workspace/Sources/Shwift/Support/Posix Spawn.swift:93:23: error: 'posix_spawn_file_actions_adddup2' is unavailable in watchOS
 91 |
 92 |     mutating func addDuplicate(_ source: FileDescriptor, as target: CInt) throws {
 93 |       try Errno.check(posix_spawn_file_actions_adddup2(&rawValue, source.rawValue, target))
    |                       `- error: 'posix_spawn_file_actions_adddup2' is unavailable in watchOS
 94 |     }
 95 |
/Applications/Xcode-27.0.0-Release.Candidate.app/Contents/Developer/Platforms/WatchOS.platform/Developer/SDKs/WatchOS27.0.sdk/usr/include/spawn.h:80:9: note: 'posix_spawn_file_actions_adddup2' has been explicitly marked unavailable here
 78 | int     posix_spawn_file_actions_addclose(posix_spawn_file_actions_t *, int) __API_AVAILABLE(macos(10.5), ios(2.0)) __API_UNAVAILABLE(watchos, tvos);
 79 |
 80 | int     posix_spawn_file_actions_adddup2(posix_spawn_file_actions_t *, int,
    |         `- note: 'posix_spawn_file_actions_adddup2' has been explicitly marked unavailable here
 81 |     int) __API_AVAILABLE(macos(10.5), ios(2.0)) __API_UNAVAILABLE(watchos, tvos);
 82 |
/Users/admin/builder/spi-builder-workspace/Sources/Shwift/Support/Posix Spawn.swift:122:9: error: 'posix_spawn' is unavailable in watchOS
120 |     try path.withPlatformString { path in
121 |       try Errno.check(
122 |         posix_spawn(
    |         `- error: 'posix_spawn' is unavailable in watchOS
123 |           &pid,
124 |           path,
/Applications/Xcode-27.0.0-Release.Candidate.app/Contents/Developer/Platforms/WatchOS.platform/Developer/SDKs/WatchOS27.0.sdk/usr/include/spawn.h:60:9: note: 'posix_spawn' has been explicitly marked unavailable here
 58 |  */
 59 |
 60 | int     posix_spawn(pid_t * __restrict, const char * __restrict,
    |         `- note: 'posix_spawn' has been explicitly marked unavailable here
 61 |     const posix_spawn_file_actions_t *,
 62 |     const posix_spawnattr_t * __restrict,
Failed frontend command:
/Applications/Xcode-27.0.0-Release.Candidate.app/Contents/Developer/Toolchains/XcodeDefault.xctoolchain/usr/bin/swift-frontend -frontend -c /Users/admin/builder/spi-builder-workspace/Sources/Shwift/Builtins.swift /Users/admin/builder/spi-builder-workspace/Sources/Shwift/Context.swift /Users/admin/builder/spi-builder-workspace/Sources/Shwift/Environment.swift /Users/admin/builder/spi-builder-workspace/Sources/Shwift/IO.swift /Users/admin/builder/spi-builder-workspace/Sources/Shwift/Pipe.swift /Users/admin/builder/spi-builder-workspace/Sources/Shwift/Process.swift /Users/admin/builder/spi-builder-workspace/Sources/Shwift/Support/Async\ Inbound\ Handler.swift /Users/admin/builder/spi-builder-workspace/Sources/Shwift/Support/File\ Descriptor.swift /Users/admin/builder/spi-builder-workspace/Sources/Shwift/Support/NIO\ Pipe\ Bootstrap.swift -primary-file /Users/admin/builder/spi-builder-workspace/Sources/Shwift/Support/Posix\ Spawn.swift -emit-dependencies-path /Users/admin/builder/spi-builder-workspace/.derivedData/Build/Intermediates.noindex/Shwift.build/Debug-watchos/Shwift-t.build/Objects-normal/arm64/Posix\ Spawn.d -emit-const-values-path /Users/admin/builder/spi-builder-workspace/.derivedData/Build/Intermediates.noindex/Shwift.build/Debug-watchos/Shwift-t.build/Objects-normal/arm64/Posix\ Spawn.swiftconstvalues -emit-reference-dependencies-path /Users/admin/builder/spi-builder-workspace/.derivedData/Build/Intermediates.noindex/Shwift.build/Debug-watchos/Shwift-t.build/Objects-normal/arm64/Posix\ Spawn.swiftdeps -serialize-diagnostics-path /Users/admin/builder/spi-builder-workspace/.derivedData/Build/Intermediates.noindex/Shwift.build/Debug-watchos/Shwift-t.build/Objects-normal/arm64/Posix\ Spawn.dia -target arm64-apple-watchos9.0 -module-can-import-version Darwin 428.0.10 0 -disable-cross-import-overlay-search -swift-module-cross-import Darwin /Applications/Xcode-27.0.0-Release.Candidate.app/Contents/Developer/Platforms/WatchOS.platform/Developer/SDKs/WatchOS.sdk/usr/include/Darwin.swiftcrossimport/xlocale.swiftoverlay -load-resolved-plugin /Applications/Xcode-27.0.0-Release.Candidate.app/Contents/Developer/Platforms/WatchOS.platform/Developer/usr/lib/swift/host/plugins/libFoundationMacros.dylib\#/Applications/Xcode-27.0.0-Release.Candidate.app/Contents/Developer/Platforms/WatchOS.platform/Developer/usr/bin/swift-plugin-server\#FoundationMacros -load-resolved-plugin /Applications/Xcode-27.0.0-Release.Candidate.app/Contents/Developer/Platforms/WatchOS.platform/Developer/usr/lib/swift/host/plugins/libObservationMacros.dylib\#/Applications/Xcode-27.0.0-Release.Candidate.app/Contents/Developer/Platforms/WatchOS.platform/Developer/usr/bin/swift-plugin-server\#ObservationMacros -load-resolved-plugin /Applications/Xcode-27.0.0-Release.Candidate.app/Contents/Developer/Platforms/WatchOS.platform/Developer/usr/lib/swift/host/plugins/libSwiftMacros.dylib\#/Applications/Xcode-27.0.0-Release.Candidate.app/Contents/Developer/Platforms/WatchOS.platform/Developer/usr/bin/swift-plugin-server\#SwiftMacros -disable-implicit-swift-modules -Xcc -fno-implicit-modules -Xcc -fno-implicit-module-maps -explicit-swift-module-map-file /Users/admin/builder/spi-builder-workspace/.derivedData/Build/Intermediates.noindex/Shwift.build/Debug-watchos/Shwift-t.build/Objects-normal/arm64/Shwift-dependencies-1.json -Xllvm -aarch64-use-tbi -enable-objc-interop -stack-check -sdk /Applications/Xcode-27.0.0-Release.Candidate.app/Contents/Developer/Platforms/WatchOS.platform/Developer/SDKs/WatchOS27.0.sdk -I /Users/admin/builder/spi-builder-workspace/.derivedData/Build/Products/Debug-watchos -Isystem /Applications/Xcode-27.0.0-Release.Candidate.app/Contents/Developer/Platforms/WatchOS.platform/Developer/usr/lib -F /Users/admin/builder/spi-builder-workspace/.derivedData/Build/Products/Debug-watchos/PackageFrameworks -F /Users/admin/builder/spi-builder-workspace/.derivedData/Build/Products/Debug-watchos -F /Applications/Xcode-27.0.0-Release.Candidate.app/Contents/Developer/Platforms/WatchOS.platform/Developer/Library/Frameworks -F /Applications/Xcode-27.0.0-Release.Candidate.app/Contents/Developer/Platforms/WatchOS.platform/Developer/SDKs/WatchOS27.0.sdk/Developer/Library/Frameworks -module-cache-path /Users/admin/builder/spi-builder-workspace/.derivedData/Build/Intermediates.noindex/SwiftExplicitPrecompiledModules -no-color-diagnostics -Xcc -fno-color-diagnostics -enable-testing -g -debug-info-format\=dwarf -dwarf-version\=4 -profile-generate -profile-coverage-mapping -swift-version 5 -Onone -D SWIFT_PACKAGE -D DEBUG -D SWIFT_MODULE_RESOURCE_BUNDLE_UNAVAILABLE -D Xcode -serialize-debugging-options -enable-experimental-feature DebugDescriptionMacro -empty-abi-descriptor -validate-clang-modules-once -clang-build-session-file /Users/admin/builder/spi-builder-workspace/.derivedData/ModuleCache.noindex/Session.modulevalidation -Xcc -working-directory -Xcc /Users/admin/builder/spi-builder-workspace/.swiftpm/xcode -enable-anonymous-context-mangled-names -file-compilation-dir /Users/admin/builder/spi-builder-workspace/.swiftpm/xcode -Xcc -fmodule-map-file\=/Users/admin/builder/spi-builder-workspace/.dependencies/checkouts/swift-system/Sources/CSystem/include/module.modulemap -Xcc -fmodule-map-file\=/Users/admin/builder/spi-builder-workspace/.dependencies/checkouts/swift-atomics/Sources/_AtomicsShims/include/module.modulemap -Xcc -fmodule-map-file\=/Users/admin/builder/spi-builder-workspace/.derivedData/Build/Intermediates.noindex/GeneratedModuleMaps-watchos/CNIOPosix.modulemap -Xcc -fmodule-map-file\=/Users/admin/builder/spi-builder-workspace/.derivedData/Build/Intermediates.noindex/GeneratedModuleMaps-watchos/CNIOWASI.modulemap -Xcc -fmodule-map-file\=/Users/admin/builder/spi-builder-workspace/.dependencies/checkouts/swift-nio/Sources/CNIOWindows/include/module.modulemap -Xcc -fmodule-map-file\=/Users/admin/builder/spi-builder-workspace/.derivedData/Build/Intermediates.noindex/GeneratedModuleMaps-watchos/CNIOLinux.modulemap -Xcc -fmodule-map-file\=/Users/admin/builder/spi-builder-workspace/.derivedData/Build/Intermediates.noindex/GeneratedModuleMaps-watchos/CNIODarwin.modulemap -Xcc -fmodule-map-file\=/Users/admin/builder/spi-builder-workspace/.derivedData/Build/Intermediates.noindex/GeneratedModuleMaps-watchos/CNIOFreeBSD.modulemap -Xcc -fmodule-map-file\=/Users/admin/builder/spi-builder-workspace/.derivedData/Build/Intermediates.noindex/GeneratedModuleMaps-watchos/CNIOOpenBSD.modulemap -Xcc -fmodule-map-file\=/Users/admin/builder/spi-builder-workspace/.derivedData/Build/Intermediates.noindex/GeneratedModuleMaps-watchos/CNIOAtomics.modulemap -Xcc -D_LIBCPP_HARDENING_MODE\=_LIBCPP_HARDENING_MODE_DEBUG -Xcc -ivfsstatcache -Xcc /Users/admin/builder/spi-builder-workspace/.derivedData/SDKStatCaches.noindex/watchos27.0-24R360-e829b21a6f8c9b70876ba0858053c04477534ef55a1706bf4c1112bbb242f0a2.sdkstatcache -Xcc -fmodules-prune-interval\=86400 -Xcc -fmodules-prune-after\=345600 -Xcc -I/Users/admin/builder/spi-builder-workspace/.dependencies/checkouts/swift-system/Sources/CSystem/include -Xcc -I/Users/admin/builder/spi-builder-workspace/.dependencies/checkouts/swift-atomics/Sources/_AtomicsShims/include -Xcc -I/Users/admin/builder/spi-builder-workspace/.dependencies/checkouts/swift-nio/Sources/CNIOPosix/include -Xcc -I/Users/admin/builder/spi-builder-workspace/.dependencies/checkouts/swift-nio/Sources/CNIOWASI/include -Xcc -I/Users/admin/builder/spi-builder-workspace/.dependencies/checkouts/swift-nio/Sources/CNIOWindows/include -Xcc -I/Users/admin/builder/spi-builder-workspace/.dependencies/checkouts/swift-nio/Sources/CNIOLinux/include -Xcc -I/Users/admin/builder/spi-builder-workspace/.dependencies/checkouts/swift-nio/Sources/CNIODarwin/include -Xcc -I/Users/admin/builder/spi-builder-workspace/.dependencies/checkouts/swift-nio/Sources/CNIOFreeBSD/include -Xcc -I/Users/admin/builder/spi-builder-workspace/.dependencies/checkouts/swift-nio/Sources/CNIOOpenBSD/include -Xcc -I/Users/admin/builder/spi-builder-workspace/.dependencies/checkouts/swift-nio/Sources/CNIOAtomics/include -Xcc -I/Users/admin/builder/spi-builder-workspace/.derivedData/Build/Products/Debug-watchos/include -Xcc -I/Users/admin/builder/spi-builder-workspace/.derivedData/Build/Intermediates.noindex/Shwift.build/Debug-watchos/Shwift-t.build/DerivedSources-normal/arm64 -Xcc -I/Users/admin/builder/spi-builder-workspace/.derivedData/Build/Intermediates.noindex/Shwift.build/Debug-watchos/Shwift-t.build/DerivedSources/arm64 -Xcc -I/Users/admin/builder/spi-builder-workspace/.derivedData/Build/Intermediates.noindex/Shwift.build/Debug-watchos/Shwift-t.build/DerivedSources -Xcc -DSWIFT_PACKAGE -Xcc -DDEBUG\=1 -no-auto-bridging-header-chaining -module-name Shwift -const-gather-protocols-file /Users/admin/builder/spi-builder-workspace/.derivedData/Build/Intermediates.noindex/Shwift.build/Debug-watchos/Shwift-t.build/Objects-normal/arm64/Shwift_const_extract_protocols.json -disable-clang-spi -clang-target arm64-apple-watchos27.0 -target-sdk-version 27.0 -target-sdk-name watchos27.0 -in-process-plugin-server-path /Applications/Xcode-27.0.0-Release.Candidate.app/Contents/Developer/Toolchains/XcodeDefault.xctoolchain/usr/lib/swift/host/libSwiftInProcPluginServer.dylib -parse-as-library -o /Users/admin/builder/spi-builder-workspace/.derivedData/Build/Intermediates.noindex/Shwift.build/Debug-watchos/Shwift-t.build/Objects-normal/arm64/Posix\ Spawn.o -debug-module-path /Users/admin/builder/spi-builder-workspace/.derivedData/Build/Intermediates.noindex/Shwift.build/Debug-watchos/Shwift-t.build/Objects-normal/arm64/Shwift.swiftmodule -index-unit-output-path /Shwift.build/Debug-watchos/Shwift-t.build/Objects-normal/arm64/Posix\ Spawn.o -index-store-path /Users/admin/builder/spi-builder-workspace/.derivedData/Index.noindex/DataStore -index-system-modules
SwiftCompile normal arm64 /Users/admin/builder/spi-builder-workspace/Sources/Shwift/Support/Posix\ Spawn.swift (in target 'Shwift' from project 'Shwift')
    cd /Users/admin/builder/spi-builder-workspace/.swiftpm/xcode
    builtin-SwiftPerFileCompile Posix\ Spawn.swift
SwiftCompile normal arm64 Compiling\ Async\ Inbound\ Handler.swift /Users/admin/builder/spi-builder-workspace/Sources/Shwift/Support/Async\ Inbound\ Handler.swift (in target 'Shwift' from project 'Shwift')
SwiftCompile normal arm64 /Users/admin/builder/spi-builder-workspace/Sources/Shwift/Support/Async\ Inbound\ Handler.swift (in target 'Shwift' from project 'Shwift')
    cd /Users/admin/builder/spi-builder-workspace/.swiftpm/xcode
    builtin-SwiftPerFileCompile Async\ Inbound\ Handler.swift
SwiftCompile normal arm64 Compiling\ NIO\ Pipe\ Bootstrap.swift /Users/admin/builder/spi-builder-workspace/Sources/Shwift/Support/NIO\ Pipe\ Bootstrap.swift (in target 'Shwift' from project 'Shwift')
/Users/admin/builder/spi-builder-workspace/Sources/Shwift/Support/NIO Pipe Bootstrap.swift:1:22: warning: safely use '@_implementationOnly' without library evolution by setting '-enable-experimental-feature CheckImplementationOnly' for 'Shwift' [#ImplementationOnlyDeprecated]
 1 | @_implementationOnly import NIO
   |                      `- warning: safely use '@_implementationOnly' without library evolution by setting '-enable-experimental-feature CheckImplementationOnly' for 'Shwift' [#ImplementationOnlyDeprecated]
 2 | import SystemPackage
 3 |
/Users/admin/builder/spi-builder-workspace/Sources/Shwift/Support/NIO Pipe Bootstrap.swift:17:26: warning: 'withPipes(inputDescriptor:outputDescriptor:)' is deprecated: renamed to 'takingOwnershipOfDescriptors(input:output:)' [#DeprecatedDeclaration]
15 |       let output = try outputDescriptor.duplicate()
16 |       do {
17 |         return try await withPipes(
   |                          |- warning: 'withPipes(inputDescriptor:outputDescriptor:)' is deprecated: renamed to 'takingOwnershipOfDescriptors(input:output:)' [#DeprecatedDeclaration]
   |                          `- note: use 'takingOwnershipOfDescriptors(input:output:)' instead
18 |           inputDescriptor: input.rawValue,
19 |           outputDescriptor: output.rawValue
[#DeprecatedDeclaration]: <https://docs.swift.org/compiler/documentation/diagnostics/deprecated-declaration>
[#ImplementationOnlyDeprecated]: <https://docs.swift.org/compiler/documentation/diagnostics/implementation-only-deprecated>
SwiftCompile normal arm64 /Users/admin/builder/spi-builder-workspace/Sources/Shwift/Support/NIO\ Pipe\ Bootstrap.swift (in target 'Shwift' from project 'Shwift')
    cd /Users/admin/builder/spi-builder-workspace/.swiftpm/xcode
    builtin-SwiftPerFileCompile NIO\ Pipe\ Bootstrap.swift
SwiftEmitModule normal arm64 Emitting\ module\ for\ Shwift (in target 'Shwift' from project 'Shwift')
/Users/admin/builder/spi-builder-workspace/Sources/Shwift/Builtins.swift:1:22: warning: safely use '@_implementationOnly' without library evolution by setting '-enable-experimental-feature CheckImplementationOnly' for 'Shwift' [#ImplementationOnlyDeprecated]
  1 | @_implementationOnly import NIO
    |                      `- warning: safely use '@_implementationOnly' without library evolution by setting '-enable-experimental-feature CheckImplementationOnly' for 'Shwift' [#ImplementationOnlyDeprecated]
  2 | import SystemPackage
  3 | @_implementationOnly import _NIOConcurrency
/Users/admin/builder/spi-builder-workspace/Sources/Shwift/Builtins.swift:3:22: warning: safely use '@_implementationOnly' without library evolution by setting '-enable-experimental-feature CheckImplementationOnly' for 'Shwift' [#ImplementationOnlyDeprecated]
  1 | @_implementationOnly import NIO
  2 | import SystemPackage
  3 | @_implementationOnly import _NIOConcurrency
    |                      `- warning: safely use '@_implementationOnly' without library evolution by setting '-enable-experimental-feature CheckImplementationOnly' for 'Shwift' [#ImplementationOnlyDeprecated]
  4 |
  5 | /**
/Users/admin/builder/spi-builder-workspace/Sources/Shwift/Context.swift:1:22: warning: safely use '@_implementationOnly' without library evolution by setting '-enable-experimental-feature CheckImplementationOnly' for 'Shwift' [#ImplementationOnlyDeprecated]
  1 | @_implementationOnly import NIO
    |                      `- warning: safely use '@_implementationOnly' without library evolution by setting '-enable-experimental-feature CheckImplementationOnly' for 'Shwift' [#ImplementationOnlyDeprecated]
  2 |
  3 | import SystemPackage
/Users/admin/builder/spi-builder-workspace/Sources/Shwift/Environment.swift:3:22: warning: safely use '@_implementationOnly' without library evolution by setting '-enable-experimental-feature CheckImplementationOnly' for 'Shwift' [#ImplementationOnlyDeprecated]
  1 | import SystemPackage
  2 |
  3 | @_implementationOnly import Foundation
    |                      `- warning: safely use '@_implementationOnly' without library evolution by setting '-enable-experimental-feature CheckImplementationOnly' for 'Shwift' [#ImplementationOnlyDeprecated]
  4 |
  5 | /**
/Users/admin/builder/spi-builder-workspace/Sources/Shwift/Process.swift:1:22: warning: safely use '@_implementationOnly' without library evolution by setting '-enable-experimental-feature CheckImplementationOnly' for 'Shwift' [#ImplementationOnlyDeprecated]
  1 | @_implementationOnly import NIO
    |                      `- warning: safely use '@_implementationOnly' without library evolution by setting '-enable-experimental-feature CheckImplementationOnly' for 'Shwift' [#ImplementationOnlyDeprecated]
  2 | import SystemPackage
  3 |
/Users/admin/builder/spi-builder-workspace/Sources/Shwift/Support/NIO Pipe Bootstrap.swift:1:22: warning: safely use '@_implementationOnly' without library evolution by setting '-enable-experimental-feature CheckImplementationOnly' for 'Shwift' [#ImplementationOnlyDeprecated]
 1 | @_implementationOnly import NIO
   |                      `- warning: safely use '@_implementationOnly' without library evolution by setting '-enable-experimental-feature CheckImplementationOnly' for 'Shwift' [#ImplementationOnlyDeprecated]
 2 | import SystemPackage
 3 |
/Users/admin/builder/spi-builder-workspace/Sources/Shwift/Builtins.swift:196:32: warning: cannot use module 'NIO' in a property declaration member of a type not marked '@_implementationOnly'; 'NIO' has been imported as implementation-only
194 |         lastFuture = channel.write(NIOAny(buffer))
195 |       }
196 |       fileprivate let channel: NIO.Channel
    |                                `- warning: cannot use module 'NIO' in a property declaration member of a type not marked '@_implementationOnly'; 'NIO' has been imported as implementation-only
197 |       fileprivate var lastFuture: EventLoopFuture<Void>?
198 |     }
<unknown>:0: note: module declared here
/Users/admin/builder/spi-builder-workspace/Sources/Shwift/Builtins.swift:197:35: warning: cannot use generic class 'EventLoopFuture' in a property declaration member of a type not marked '@_implementationOnly'; 'NIOCore' has been imported as implementation-only
195 |       }
196 |       fileprivate let channel: NIO.Channel
197 |       fileprivate var lastFuture: EventLoopFuture<Void>?
    |                                   `- warning: cannot use generic class 'EventLoopFuture' in a property declaration member of a type not marked '@_implementationOnly'; 'NIOCore' has been imported as implementation-only
198 |     }
199 |
NIOCore.EventLoopFuture:1:20: note: generic class declared here
1 | final public class EventLoopFuture<Value> {
  |                    `- note: generic class declared here
2 |     public let eventLoop: any NIOCore.EventLoop
3 |     deinit
/Users/admin/builder/spi-builder-workspace/Sources/Shwift/Builtins.swift:200:30: warning: cannot use module 'NIO' in a property declaration member of a type not marked '@_implementationOnly'; 'NIO' has been imported as implementation-only
198 |     }
199 |
200 |     fileprivate let channel: NIO.Channel
    |                              `- warning: cannot use module 'NIO' in a property declaration member of a type not marked '@_implementationOnly'; 'NIO' has been imported as implementation-only
201 |   }
202 |
<unknown>:0: note: module declared here
/Users/admin/builder/spi-builder-workspace/Sources/Shwift/Context.swift:60:40: warning: cannot use protocol 'ChannelInboundHandler' in a conformance on a type not marked '@_implementationOnly'; 'NIOCore' has been imported as implementation-only
 58 | // MARK: - Support
 59 |
 60 | private final class NullDeviceHandler: ChannelInboundHandler {
    |                                        `- warning: cannot use protocol 'ChannelInboundHandler' in a conformance on a type not marked '@_implementationOnly'; 'NIOCore' has been imported as implementation-only
 61 |   typealias InboundIn = ByteBuffer
 62 |   func channelRead(context: ChannelHandlerContext, data: NIOAny) {
NIOCore.ChannelInboundHandler:1:17: note: protocol declared here
1 | public protocol ChannelInboundHandler : NIOCore._ChannelInboundHandler, NIOCore._EmittingChannelHandler {
  |                 `- note: protocol declared here
2 |     associatedtype InboundIn
3 |     associatedtype InboundOut = Never
/Users/admin/builder/spi-builder-workspace/Sources/Shwift/Context.swift:67:41: warning: cannot use protocol 'ChannelInboundHandler' in a conformance on a type not marked '@_implementationOnly'; 'NIOCore' has been imported as implementation-only
 65 | }
 66 |
 67 | private final class FatalDeviceHandler: ChannelInboundHandler {
    |                                         `- warning: cannot use protocol 'ChannelInboundHandler' in a conformance on a type not marked '@_implementationOnly'; 'NIOCore' has been imported as implementation-only
 68 |   typealias InboundIn = ByteBuffer
 69 |   func channelRead(context: ChannelHandlerContext, data: NIOAny) {
NIOCore.ChannelInboundHandler:1:17: note: protocol declared here
1 | public protocol ChannelInboundHandler : NIOCore._ChannelInboundHandler, NIOCore._EmittingChannelHandler {
  |                 `- note: protocol declared here
2 |     associatedtype InboundIn
3 |     associatedtype InboundOut = Never
/Users/admin/builder/spi-builder-workspace/Sources/Shwift/Context.swift:74:44: warning: cannot use protocol 'ChannelInboundHandler' here; 'NIOCore' has been imported as implementation-only
 72 | }
 73 |
 74 | private actor ChannelOutputDevice<Handler: ChannelInboundHandler> {
    |                                            `- warning: cannot use protocol 'ChannelInboundHandler' here; 'NIOCore' has been imported as implementation-only
 75 |   init(handler: Handler) {
 76 |     self.handler = handler
NIOCore.ChannelInboundHandler:1:17: note: protocol declared here
1 | public protocol ChannelInboundHandler : NIOCore._ChannelInboundHandler, NIOCore._EmittingChannelHandler {
  |                 `- note: protocol declared here
2 |     associatedtype InboundIn
3 |     associatedtype InboundOut = Never
/Users/admin/builder/spi-builder-workspace/Sources/Shwift/Process.swift:238:19: warning: cannot use type alias 'pid_t' in a property declaration member of a type not marked '@_implementationOnly'; '_DarwinFoundation2' has been imported as implementation-only
236 |       self.rawValue = rawValue
237 |     }
238 |     let rawValue: pid_t
    |                   `- warning: cannot use type alias 'pid_t' in a property declaration member of a type not marked '@_implementationOnly'; '_DarwinFoundation2' has been imported as implementation-only
239 |
240 |     public var description: String { rawValue.description }
/Applications/Xcode-27.0.0-Release.Candidate.app/Contents/Developer/Platforms/WatchOS.platform/Developer/SDKs/WatchOS27.0.sdk/usr/include/sys/_types/_pid_t.h:31:31: note: type alias declared here
29 | #define _PID_T
30 | #include <sys/_types.h> /* __darwin_pid_t */
31 | typedef __darwin_pid_t        pid_t;
   |                               `- note: type alias declared here
32 | #endif  /* _PID_T */
33 |
/Users/admin/builder/spi-builder-workspace/Sources/Shwift/Process.swift:365:23: warning: cannot use generic class 'EventLoopFuture' in a property declaration member of a type not marked '@_implementationOnly'; 'NIOCore' has been imported as implementation-only
363 |   }
364 |
365 |   private let future: EventLoopFuture<Void>
    |                       `- warning: cannot use generic class 'EventLoopFuture' in a property declaration member of a type not marked '@_implementationOnly'; 'NIOCore' has been imported as implementation-only
366 |
367 |   private final class Handler: ChannelInboundHandler {
NIOCore.EventLoopFuture:1:20: note: generic class declared here
1 | final public class EventLoopFuture<Value> {
  |                    `- note: generic class declared here
2 |     public let eventLoop: any NIOCore.EventLoop
3 |     deinit
SwiftCompile normal arm64 (in target 'Shwift' from project 'Shwift')
    cd /Users/admin/builder/spi-builder-workspace/.swiftpm/xcode

SwiftCompile normal arm64 Compiling\ Builtins.swift /Users/admin/builder/spi-builder-workspace/Sources/Shwift/Builtins.swift (in target 'Shwift' from project 'Shwift')
SwiftCompile normal arm64 /Users/admin/builder/spi-builder-workspace/Sources/Shwift/Builtins.swift (in target 'Shwift' from project 'Shwift')
    cd /Users/admin/builder/spi-builder-workspace/.swiftpm/xcode
    builtin-SwiftPerFileCompile Builtins.swift
SwiftDriverJobDiscovery normal arm64 Compiling NIO Pipe Bootstrap.swift (in target 'Shwift' from project 'Shwift')
PruneExplicitPrecompiledModules /Users/admin/builder/spi-builder-workspace/.derivedData/Build/Intermediates.noindex/SwiftExplicitPrecompiledModules
PruneExplicitPrecompiledModules /Users/admin/builder/spi-builder-workspace/.derivedData/SDKExplicitPrecompiledModules
PruneExplicitPrecompiledModules /Users/admin/builder/spi-builder-workspace/.derivedData/Build/Intermediates.noindex/ExplicitPrecompiledModules
2026-09-20 08:18:21.853 xcodebuild[1556:8985] [MT] IDERunDestination: Supported platforms for the buildables in the current scheme is empty.
** BUILD FAILED **
The following build commands failed:
	SwiftCompile normal arm64 Compiling\ Posix\ Spawn.swift /Users/admin/builder/spi-builder-workspace/Sources/Shwift/Support/Posix\ Spawn.swift (in target 'Shwift' from project 'Shwift')
	SwiftCompile normal arm64 /Users/admin/builder/spi-builder-workspace/Sources/Shwift/Support/Posix\ Spawn.swift (in target 'Shwift' from project 'Shwift')
	Building workspace Shwift with scheme Shwift-Package
(3 failures)
BUILD FAILURE 6.4 watchOS