Build Information
Failed to build Scalar2D, reference 0.1.8 (a510d1), with Swift 6.4 for macOS (Xcode) using Xcode 27.0 on 18 Sep 2026 00:28:48 UTC.
Build Command
env DEVELOPER_DIR=/Applications/Xcode-27.0.0-Release.Candidate.app xcrun xcodebuild -IDEClonedSourcePackagesDirPathOverride=$PWD/.dependencies -skipMacroValidation -skipPackagePluginValidation -derivedDataPath $PWD/.derivedData build -scheme Scalar2D-Package -destination platform=macOS,arch=arm64Build Log
SwiftDriverJobDiscovery normal arm64 Compiling DeviceCYMKColourParser.swift, DeviceColourParser.swift (in target 'Scalar2D_Colour' from project 'Scalar2D')
SwiftDriverJobDiscovery normal arm64 Compiling CGColor+ColourParser.swift, ColourParser.swift (in target 'Scalar2D_Colour' from project 'Scalar2D')
SwiftDriverJobDiscovery normal arm64 Compiling ICCColourParser.swift (in target 'Scalar2D_Colour' from project 'Scalar2D')
SwiftDriverJobDiscovery normal arm64 Compiling RGBColourParser.swift (in target 'Scalar2D_Colour' from project 'Scalar2D')
SwiftDriverJobDiscovery normal arm64 Compiling NSColor+ColourParser.swift (in target 'Scalar2D_Colour' from project 'Scalar2D')
SwiftDriverJobDiscovery normal arm64 Compiling NSBezierPath+SVG.swift (in target 'Scalar2D_GraphicPath' from project 'Scalar2D')
SwiftDriver\ Compilation Scalar2D_GraphicPath normal arm64 com.apple.xcode.tools.swift.compiler (in target 'Scalar2D_GraphicPath' from project 'Scalar2D')
cd /Users/admin/builder/spi-builder-workspace/.swiftpm/xcode
builtin-Swift-Compilation -- /Applications/Xcode-27.0.0-Release.Candidate.app/Contents/Developer/Toolchains/XcodeDefault.xctoolchain/usr/bin/swiftc -parse-as-library -module-name Scalar2D_GraphicPath -Onone @/Users/admin/builder/spi-builder-workspace/.derivedData/Build/Intermediates.noindex/Scalar2D.build/Debug/Scalar2D_GraphicPath-t.build/Objects-normal/arm64/Scalar2D_GraphicPath.SwiftFileList -DSWIFT_PACKAGE -DDEBUG -DSWIFT_MODULE_RESOURCE_BUNDLE_UNAVAILABLE -DXcode -plugin-path /Applications/Xcode-27.0.0-Release.Candidate.app/Contents/Developer/Toolchains/XcodeDefault.xctoolchain/usr/lib/swift/host/plugins/testing -enable-experimental-feature DebugDescriptionMacro -sdk /Applications/Xcode-27.0.0-Release.Candidate.app/Contents/Developer/Platforms/MacOSX.platform/Developer/SDKs/MacOSX27.0.sdk -target arm64-apple-macos12.0 -g -module-cache-path /Users/admin/builder/spi-builder-workspace/.derivedData/ModuleCache.noindex -Xfrontend -serialize-debugging-options -profile-coverage-mapping -profile-generate -enable-testing -index-store-path /Users/admin/builder/spi-builder-workspace/.derivedData/Index.noindex/DataStore -Xcc -D_LIBCPP_HARDENING_MODE\=_LIBCPP_HARDENING_MODE_DEBUG -swift-version 5 -I /Users/admin/builder/spi-builder-workspace/.derivedData/Build/Products/Debug -Isystem /Applications/Xcode-27.0.0-Release.Candidate.app/Contents/Developer/Platforms/MacOSX.platform/Developer/usr/lib -F /Users/admin/builder/spi-builder-workspace/.derivedData/Build/Products/Debug/PackageFrameworks -F /Users/admin/builder/spi-builder-workspace/.derivedData/Build/Products/Debug -F /Applications/Xcode-27.0.0-Release.Candidate.app/Contents/Developer/Platforms/MacOSX.platform/Developer/Library/Frameworks -c -j10 -enable-batch-mode -incremental -Xcc -ivfsstatcache -Xcc /Users/admin/builder/spi-builder-workspace/.derivedData/SDKStatCaches.noindex/macosx27.0-26A425-e829b21a6f8c9b70876ba0858053c0446a22442a12e9d48fe1a705f55a1adfc4.sdkstatcache -output-file-map /Users/admin/builder/spi-builder-workspace/.derivedData/Build/Intermediates.noindex/Scalar2D.build/Debug/Scalar2D_GraphicPath-t.build/Objects-normal/arm64/Scalar2D_GraphicPath-OutputFileMap.json -save-temps -no-color-diagnostics -explicit-module-build -module-cache-path /Users/admin/builder/spi-builder-workspace/.derivedData/Build/Intermediates.noindex/SwiftExplicitPrecompiledModules -clang-scanner-module-cache-path /Users/admin/builder/spi-builder-workspace/.derivedData/ModuleCache.noindex -sdk-module-cache-path /Users/admin/builder/spi-builder-workspace/.derivedData/SDKExplicitPrecompiledModules -emit-dependencies -emit-module -emit-module-path /Users/admin/builder/spi-builder-workspace/.derivedData/Build/Intermediates.noindex/Scalar2D.build/Debug/Scalar2D_GraphicPath-t.build/Objects-normal/arm64/Scalar2D_GraphicPath.swiftmodule -serialize-diagnostics -dependency-scan-serialize-diagnostics-path /Users/admin/builder/spi-builder-workspace/.derivedData/Build/Intermediates.noindex/Scalar2D.build/Debug/Scalar2D_GraphicPath-t.build/Objects-normal/arm64/Scalar2D_GraphicPath-dependency-scan.dia -validate-clang-modules-once -clang-build-session-file /Users/admin/builder/spi-builder-workspace/.derivedData/ModuleCache.noindex/Session.modulevalidation -Xcc -fmodules-prune-interval\=86400 -Xcc -fmodules-prune-after\=345600 -emit-const-values -const-gather-protocols-list /Users/admin/builder/spi-builder-workspace/.derivedData/Build/Intermediates.noindex/Scalar2D.build/Debug/Scalar2D_GraphicPath-t.build/Objects-normal/arm64/Scalar2D_GraphicPath_const_extract_protocols.json -Xcc -I/Users/admin/builder/spi-builder-workspace/.derivedData/Build/Products/Debug/include -Xcc -I/Users/admin/builder/spi-builder-workspace/.derivedData/Build/Intermediates.noindex/Scalar2D.build/Debug/Scalar2D_GraphicPath-t.build/DerivedSources-normal/arm64 -Xcc -I/Users/admin/builder/spi-builder-workspace/.derivedData/Build/Intermediates.noindex/Scalar2D.build/Debug/Scalar2D_GraphicPath-t.build/DerivedSources/arm64 -Xcc -I/Users/admin/builder/spi-builder-workspace/.derivedData/Build/Intermediates.noindex/Scalar2D.build/Debug/Scalar2D_GraphicPath-t.build/DerivedSources -Xcc -DSWIFT_PACKAGE -Xcc -DDEBUG\=1 -emit-objc-header -emit-objc-header-path /Users/admin/builder/spi-builder-workspace/.derivedData/Build/Intermediates.noindex/Scalar2D.build/Debug/Scalar2D_GraphicPath-t.build/Objects-normal/arm64/Scalar2D_GraphicPath-Swift.h -working-directory /Users/admin/builder/spi-builder-workspace/.swiftpm/xcode -experimental-emit-module-separately -disable-cmo
Ld /Users/admin/builder/spi-builder-workspace/.derivedData/Build/Products/Debug/Scalar2D_GraphicPath.o normal (in target 'Scalar2D_GraphicPath' from project 'Scalar2D')
cd /Users/admin/builder/spi-builder-workspace
/Applications/Xcode-27.0.0-Release.Candidate.app/Contents/Developer/Toolchains/XcodeDefault.xctoolchain/usr/bin/clang -Xlinker -reproducible -target arm64-apple-macos12.0 -r -isysroot /Applications/Xcode-27.0.0-Release.Candidate.app/Contents/Developer/Platforms/MacOSX.platform/Developer/SDKs/MacOSX27.0.sdk -O0 -Xlinker -no_warn_duplicate_libraries -F/Users/admin/builder/spi-builder-workspace/.derivedData/Build/Intermediates.noindex/EagerLinkingTBDs/Debug -F/Users/admin/builder/spi-builder-workspace/.derivedData/Build/Products/Debug/PackageFrameworks -F/Users/admin/builder/spi-builder-workspace/.derivedData/Build/Products/Debug -iframework /Applications/Xcode-27.0.0-Release.Candidate.app/Contents/Developer/Platforms/MacOSX.platform/Developer/Library/Frameworks -filelist /Users/admin/builder/spi-builder-workspace/.derivedData/Build/Intermediates.noindex/Scalar2D.build/Debug/Scalar2D_GraphicPath-t.build/Objects-normal/arm64/Scalar2D_GraphicPath.LinkFileList -nostdlib -Xlinker -object_path_lto -Xlinker /Users/admin/builder/spi-builder-workspace/.derivedData/Build/Intermediates.noindex/Scalar2D.build/Debug/Scalar2D_GraphicPath-t.build/Objects-normal/arm64/Scalar2D_GraphicPath_lto.o -Xlinker -no_deduplicate -Xlinker -debug_variant -Xlinker -dependency_info -Xlinker /Users/admin/builder/spi-builder-workspace/.derivedData/Build/Intermediates.noindex/Scalar2D.build/Debug/Scalar2D_GraphicPath-t.build/Objects-normal/arm64/Scalar2D_GraphicPath_dependency_info.dat -fobjc-link-runtime -L/Applications/Xcode-27.0.0-Release.Candidate.app/Contents/Developer/Toolchains/XcodeDefault.xctoolchain/usr/lib/swift/macosx -L/usr/lib/swift -Xlinker -add_ast_path -Xlinker /Users/admin/builder/spi-builder-workspace/.derivedData/Build/Intermediates.noindex/Scalar2D.build/Debug/Scalar2D_GraphicPath-t.build/Objects-normal/arm64/Scalar2D_GraphicPath.swiftmodule -o /Users/admin/builder/spi-builder-workspace/.derivedData/Build/Products/Debug/Scalar2D_GraphicPath.o
ExtractAppIntentsMetadata (in target 'Scalar2D_GraphicPath' from project 'Scalar2D')
cd /Users/admin/builder/spi-builder-workspace
/Applications/Xcode-27.0.0-Release.Candidate.app/Contents/Developer/Toolchains/XcodeDefault.xctoolchain/usr/bin/appintentsmetadataprocessor --toolchain-dir /var/run/com.apple.security.cryptexd/mnt/com.apple.MobileAsset.MetalToolchain-v27.1.266.1.SlooGq/Metal.xctoolchain --module-name Scalar2D_GraphicPath --sdk-root /Applications/Xcode-27.0.0-Release.Candidate.app/Contents/Developer/Platforms/MacOSX.platform/Developer/SDKs/MacOSX27.0.sdk --xcode-version 27A266a --platform-family macOS --deployment-target 12.0 --bundle-identifier spi-builder-workspace.Scalar2D-GraphicPath --output /Users/admin/builder/spi-builder-workspace/.derivedData/Build/Products/Debug/Scalar2D_GraphicPath.appintents --target-triple arm64-apple-macos12.0 --binary-file /Users/admin/builder/spi-builder-workspace/.derivedData/Build/Products/Debug/Scalar2D_GraphicPath.o --dependency-file /Users/admin/builder/spi-builder-workspace/.derivedData/Build/Intermediates.noindex/Scalar2D.build/Debug/Scalar2D_GraphicPath-t.build/Objects-normal/arm64/Scalar2D_GraphicPath_dependency_info.dat --stringsdata-file /Users/admin/builder/spi-builder-workspace/.derivedData/Build/Intermediates.noindex/Scalar2D.build/Debug/Scalar2D_GraphicPath-t.build/Objects-normal/arm64/ExtractedAppShortcutsMetadata.stringsdata --source-file-list /Users/admin/builder/spi-builder-workspace/.derivedData/Build/Intermediates.noindex/Scalar2D.build/Debug/Scalar2D_GraphicPath-t.build/Objects-normal/arm64/Scalar2D_GraphicPath.SwiftFileList --metadata-file-list /Users/admin/builder/spi-builder-workspace/.derivedData/Build/Intermediates.noindex/Scalar2D.build/Debug/Scalar2D_GraphicPath-t.build/Scalar2D_GraphicPath.DependencyMetadataFileList --static-metadata-file-list /Users/admin/builder/spi-builder-workspace/.derivedData/Build/Intermediates.noindex/Scalar2D.build/Debug/Scalar2D_GraphicPath-t.build/Scalar2D_GraphicPath.DependencyStaticMetadataFileList --swift-const-vals-list /Users/admin/builder/spi-builder-workspace/.derivedData/Build/Intermediates.noindex/Scalar2D.build/Debug/Scalar2D_GraphicPath-t.build/Objects-normal/arm64/Scalar2D_GraphicPath.SwiftConstValuesFileList --force --compile-time-extraction --deployment-aware-processing --no-app-shortcuts-localization
2026-09-17 20:28:40.224 appintentsmetadataprocessor[806:4989] Starting appintentsmetadataprocessor export
2026-09-17 20:28:40.291 appintentsmetadataprocessor[806:4989] Extracted no relevant App Intents symbols, skipping writing output
SwiftDriverJobDiscovery normal arm64 Compiling WebColourParser.swift (in target 'Scalar2D_Colour' from project 'Scalar2D')
SwiftDriver\ Compilation Scalar2D_Colour normal arm64 com.apple.xcode.tools.swift.compiler (in target 'Scalar2D_Colour' from project 'Scalar2D')
cd /Users/admin/builder/spi-builder-workspace/.swiftpm/xcode
builtin-Swift-Compilation -- /Applications/Xcode-27.0.0-Release.Candidate.app/Contents/Developer/Toolchains/XcodeDefault.xctoolchain/usr/bin/swiftc -parse-as-library -module-name Scalar2D_Colour -Onone @/Users/admin/builder/spi-builder-workspace/.derivedData/Build/Intermediates.noindex/Scalar2D.build/Debug/Scalar2D_Colour-t.build/Objects-normal/arm64/Scalar2D_Colour.SwiftFileList -DSWIFT_PACKAGE -DDEBUG -DSWIFT_MODULE_RESOURCE_BUNDLE_UNAVAILABLE -DXcode -plugin-path /Applications/Xcode-27.0.0-Release.Candidate.app/Contents/Developer/Toolchains/XcodeDefault.xctoolchain/usr/lib/swift/host/plugins/testing -enable-experimental-feature DebugDescriptionMacro -sdk /Applications/Xcode-27.0.0-Release.Candidate.app/Contents/Developer/Platforms/MacOSX.platform/Developer/SDKs/MacOSX27.0.sdk -target arm64-apple-macos12.0 -g -module-cache-path /Users/admin/builder/spi-builder-workspace/.derivedData/ModuleCache.noindex -Xfrontend -serialize-debugging-options -profile-coverage-mapping -profile-generate -enable-testing -index-store-path /Users/admin/builder/spi-builder-workspace/.derivedData/Index.noindex/DataStore -Xcc -D_LIBCPP_HARDENING_MODE\=_LIBCPP_HARDENING_MODE_DEBUG -swift-version 5 -I /Users/admin/builder/spi-builder-workspace/.derivedData/Build/Products/Debug -Isystem /Applications/Xcode-27.0.0-Release.Candidate.app/Contents/Developer/Platforms/MacOSX.platform/Developer/usr/lib -F /Users/admin/builder/spi-builder-workspace/.derivedData/Build/Products/Debug -F /Applications/Xcode-27.0.0-Release.Candidate.app/Contents/Developer/Platforms/MacOSX.platform/Developer/Library/Frameworks -c -j10 -enable-batch-mode -incremental -Xcc -ivfsstatcache -Xcc /Users/admin/builder/spi-builder-workspace/.derivedData/SDKStatCaches.noindex/macosx27.0-26A425-e829b21a6f8c9b70876ba0858053c0446a22442a12e9d48fe1a705f55a1adfc4.sdkstatcache -output-file-map /Users/admin/builder/spi-builder-workspace/.derivedData/Build/Intermediates.noindex/Scalar2D.build/Debug/Scalar2D_Colour-t.build/Objects-normal/arm64/Scalar2D_Colour-OutputFileMap.json -save-temps -no-color-diagnostics -explicit-module-build -module-cache-path /Users/admin/builder/spi-builder-workspace/.derivedData/Build/Intermediates.noindex/SwiftExplicitPrecompiledModules -clang-scanner-module-cache-path /Users/admin/builder/spi-builder-workspace/.derivedData/ModuleCache.noindex -sdk-module-cache-path /Users/admin/builder/spi-builder-workspace/.derivedData/SDKExplicitPrecompiledModules -emit-dependencies -emit-module -emit-module-path /Users/admin/builder/spi-builder-workspace/.derivedData/Build/Intermediates.noindex/Scalar2D.build/Debug/Scalar2D_Colour-t.build/Objects-normal/arm64/Scalar2D_Colour.swiftmodule -serialize-diagnostics -dependency-scan-serialize-diagnostics-path /Users/admin/builder/spi-builder-workspace/.derivedData/Build/Intermediates.noindex/Scalar2D.build/Debug/Scalar2D_Colour-t.build/Objects-normal/arm64/Scalar2D_Colour-dependency-scan.dia -validate-clang-modules-once -clang-build-session-file /Users/admin/builder/spi-builder-workspace/.derivedData/ModuleCache.noindex/Session.modulevalidation -Xcc -fmodules-prune-interval\=86400 -Xcc -fmodules-prune-after\=345600 -emit-const-values -const-gather-protocols-list /Users/admin/builder/spi-builder-workspace/.derivedData/Build/Intermediates.noindex/Scalar2D.build/Debug/Scalar2D_Colour-t.build/Objects-normal/arm64/Scalar2D_Colour_const_extract_protocols.json -Xcc -I/Users/admin/builder/spi-builder-workspace/.derivedData/Build/Products/Debug/include -Xcc -I/Users/admin/builder/spi-builder-workspace/.derivedData/Build/Intermediates.noindex/Scalar2D.build/Debug/Scalar2D_Colour-t.build/DerivedSources-normal/arm64 -Xcc -I/Users/admin/builder/spi-builder-workspace/.derivedData/Build/Intermediates.noindex/Scalar2D.build/Debug/Scalar2D_Colour-t.build/DerivedSources/arm64 -Xcc -I/Users/admin/builder/spi-builder-workspace/.derivedData/Build/Intermediates.noindex/Scalar2D.build/Debug/Scalar2D_Colour-t.build/DerivedSources -Xcc -DSWIFT_PACKAGE -Xcc -DDEBUG\=1 -emit-objc-header -emit-objc-header-path /Users/admin/builder/spi-builder-workspace/.derivedData/Build/Intermediates.noindex/Scalar2D.build/Debug/Scalar2D_Colour-t.build/Objects-normal/arm64/Scalar2D_Colour-Swift.h -working-directory /Users/admin/builder/spi-builder-workspace/.swiftpm/xcode -experimental-emit-module-separately -disable-cmo
Ld /Users/admin/builder/spi-builder-workspace/.derivedData/Build/Products/Debug/Scalar2D_Colour.o normal (in target 'Scalar2D_Colour' from project 'Scalar2D')
cd /Users/admin/builder/spi-builder-workspace
/Applications/Xcode-27.0.0-Release.Candidate.app/Contents/Developer/Toolchains/XcodeDefault.xctoolchain/usr/bin/clang -Xlinker -reproducible -target arm64-apple-macos12.0 -r -isysroot /Applications/Xcode-27.0.0-Release.Candidate.app/Contents/Developer/Platforms/MacOSX.platform/Developer/SDKs/MacOSX27.0.sdk -O0 -Xlinker -no_warn_duplicate_libraries -F/Users/admin/builder/spi-builder-workspace/.derivedData/Build/Intermediates.noindex/EagerLinkingTBDs/Debug -F/Users/admin/builder/spi-builder-workspace/.derivedData/Build/Products/Debug -iframework /Applications/Xcode-27.0.0-Release.Candidate.app/Contents/Developer/Platforms/MacOSX.platform/Developer/Library/Frameworks -filelist /Users/admin/builder/spi-builder-workspace/.derivedData/Build/Intermediates.noindex/Scalar2D.build/Debug/Scalar2D_Colour-t.build/Objects-normal/arm64/Scalar2D_Colour.LinkFileList -nostdlib -Xlinker -object_path_lto -Xlinker /Users/admin/builder/spi-builder-workspace/.derivedData/Build/Intermediates.noindex/Scalar2D.build/Debug/Scalar2D_Colour-t.build/Objects-normal/arm64/Scalar2D_Colour_lto.o -Xlinker -no_deduplicate -Xlinker -debug_variant -Xlinker -dependency_info -Xlinker /Users/admin/builder/spi-builder-workspace/.derivedData/Build/Intermediates.noindex/Scalar2D.build/Debug/Scalar2D_Colour-t.build/Objects-normal/arm64/Scalar2D_Colour_dependency_info.dat -fobjc-link-runtime -L/Applications/Xcode-27.0.0-Release.Candidate.app/Contents/Developer/Toolchains/XcodeDefault.xctoolchain/usr/lib/swift/macosx -L/usr/lib/swift -Xlinker -add_ast_path -Xlinker /Users/admin/builder/spi-builder-workspace/.derivedData/Build/Intermediates.noindex/Scalar2D.build/Debug/Scalar2D_Colour-t.build/Objects-normal/arm64/Scalar2D_Colour.swiftmodule -o /Users/admin/builder/spi-builder-workspace/.derivedData/Build/Products/Debug/Scalar2D_Colour.o
ExtractAppIntentsMetadata (in target 'Scalar2D_Colour' from project 'Scalar2D')
cd /Users/admin/builder/spi-builder-workspace
/Applications/Xcode-27.0.0-Release.Candidate.app/Contents/Developer/Toolchains/XcodeDefault.xctoolchain/usr/bin/appintentsmetadataprocessor --toolchain-dir /var/run/com.apple.security.cryptexd/mnt/com.apple.MobileAsset.MetalToolchain-v27.1.266.1.SlooGq/Metal.xctoolchain --module-name Scalar2D_Colour --sdk-root /Applications/Xcode-27.0.0-Release.Candidate.app/Contents/Developer/Platforms/MacOSX.platform/Developer/SDKs/MacOSX27.0.sdk --xcode-version 27A266a --platform-family macOS --deployment-target 12.0 --bundle-identifier spi-builder-workspace.Scalar2D-Colour --output /Users/admin/builder/spi-builder-workspace/.derivedData/Build/Products/Debug/Scalar2D_Colour.appintents --target-triple arm64-apple-macos12.0 --binary-file /Users/admin/builder/spi-builder-workspace/.derivedData/Build/Products/Debug/Scalar2D_Colour.o --dependency-file /Users/admin/builder/spi-builder-workspace/.derivedData/Build/Intermediates.noindex/Scalar2D.build/Debug/Scalar2D_Colour-t.build/Objects-normal/arm64/Scalar2D_Colour_dependency_info.dat --stringsdata-file /Users/admin/builder/spi-builder-workspace/.derivedData/Build/Intermediates.noindex/Scalar2D.build/Debug/Scalar2D_Colour-t.build/Objects-normal/arm64/ExtractedAppShortcutsMetadata.stringsdata --source-file-list /Users/admin/builder/spi-builder-workspace/.derivedData/Build/Intermediates.noindex/Scalar2D.build/Debug/Scalar2D_Colour-t.build/Objects-normal/arm64/Scalar2D_Colour.SwiftFileList --metadata-file-list /Users/admin/builder/spi-builder-workspace/.derivedData/Build/Intermediates.noindex/Scalar2D.build/Debug/Scalar2D_Colour-t.build/Scalar2D_Colour.DependencyMetadataFileList --static-metadata-file-list /Users/admin/builder/spi-builder-workspace/.derivedData/Build/Intermediates.noindex/Scalar2D.build/Debug/Scalar2D_Colour-t.build/Scalar2D_Colour.DependencyStaticMetadataFileList --swift-const-vals-list /Users/admin/builder/spi-builder-workspace/.derivedData/Build/Intermediates.noindex/Scalar2D.build/Debug/Scalar2D_Colour-t.build/Objects-normal/arm64/Scalar2D_Colour.SwiftConstValuesFileList --force --compile-time-extraction --deployment-aware-processing --no-app-shortcuts-localization
2026-09-17 20:28:40.274 appintentsmetadataprocessor[809:5003] Starting appintentsmetadataprocessor export
2026-09-17 20:28:40.339 appintentsmetadataprocessor[809:5003] Extracted no relevant App Intents symbols, skipping writing output
SwiftCompile normal arm64 Compiling\ PathStyle.swift,\ SVGPropertyInterpreter.swift /Users/admin/builder/spi-builder-workspace/Styling/Sources/PathStyle.swift /Users/admin/builder/spi-builder-workspace/Styling/Sources/SVGPropertyInterpreter.swift (in target 'Scalar2D_Styling' from project 'Scalar2D')
SwiftCompile normal arm64 /Users/admin/builder/spi-builder-workspace/Styling/Sources/PathStyle.swift (in target 'Scalar2D_Styling' from project 'Scalar2D')
cd /Users/admin/builder/spi-builder-workspace/.swiftpm/xcode
builtin-SwiftPerFileCompile PathStyle.swift
SwiftCompile normal arm64 /Users/admin/builder/spi-builder-workspace/Styling/Sources/SVGPropertyInterpreter.swift (in target 'Scalar2D_Styling' from project 'Scalar2D')
cd /Users/admin/builder/spi-builder-workspace/.swiftpm/xcode
builtin-SwiftPerFileCompile SVGPropertyInterpreter.swift
SwiftEmitModule normal arm64 Emitting\ module\ for\ Scalar2D_Styling (in target 'Scalar2D_Styling' from project 'Scalar2D')
SwiftCompile normal arm64 (in target 'Scalar2D_Styling' from project 'Scalar2D')
cd /Users/admin/builder/spi-builder-workspace/.swiftpm/xcode
SwiftCompile normal arm64 Compiling\ ViewStyleInterpreter.swift /Users/admin/builder/spi-builder-workspace/Styling/Sources/ViewStyleInterpreter.swift (in target 'Scalar2D_Styling' from project 'Scalar2D')
SwiftCompile normal arm64 /Users/admin/builder/spi-builder-workspace/Styling/Sources/ViewStyleInterpreter.swift (in target 'Scalar2D_Styling' from project 'Scalar2D')
cd /Users/admin/builder/spi-builder-workspace/.swiftpm/xcode
builtin-SwiftPerFileCompile ViewStyleInterpreter.swift
SwiftCompile normal arm64 Compiling\ StyleBlock.swift /Users/admin/builder/spi-builder-workspace/Styling/Sources/StyleBlock.swift (in target 'Scalar2D_Styling' from project 'Scalar2D')
SwiftCompile normal arm64 /Users/admin/builder/spi-builder-workspace/Styling/Sources/StyleBlock.swift (in target 'Scalar2D_Styling' from project 'Scalar2D')
cd /Users/admin/builder/spi-builder-workspace/.swiftpm/xcode
builtin-SwiftPerFileCompile StyleBlock.swift
SwiftCompile normal arm64 Compiling\ SelectorCombinator.swift /Users/admin/builder/spi-builder-workspace/Styling/Sources/SelectorCombinator.swift (in target 'Scalar2D_Styling' from project 'Scalar2D')
SwiftCompile normal arm64 /Users/admin/builder/spi-builder-workspace/Styling/Sources/SelectorCombinator.swift (in target 'Scalar2D_Styling' from project 'Scalar2D')
cd /Users/admin/builder/spi-builder-workspace/.swiftpm/xcode
builtin-SwiftPerFileCompile SelectorCombinator.swift
SwiftCompile normal arm64 Compiling\ StyleSelector.swift /Users/admin/builder/spi-builder-workspace/Styling/Sources/StyleSelector.swift (in target 'Scalar2D_Styling' from project 'Scalar2D')
SwiftCompile normal arm64 /Users/admin/builder/spi-builder-workspace/Styling/Sources/StyleSelector.swift (in target 'Scalar2D_Styling' from project 'Scalar2D')
cd /Users/admin/builder/spi-builder-workspace/.swiftpm/xcode
builtin-SwiftPerFileCompile StyleSelector.swift
SwiftCompile normal arm64 Compiling\ StylePropertyInterpreter.swift /Users/admin/builder/spi-builder-workspace/Styling/Sources/StylePropertyInterpreter.swift (in target 'Scalar2D_Styling' from project 'Scalar2D')
SwiftCompile normal arm64 /Users/admin/builder/spi-builder-workspace/Styling/Sources/StylePropertyInterpreter.swift (in target 'Scalar2D_Styling' from project 'Scalar2D')
cd /Users/admin/builder/spi-builder-workspace/.swiftpm/xcode
builtin-SwiftPerFileCompile StylePropertyInterpreter.swift
SwiftCompile normal arm64 Compiling\ ViewStyle.swift /Users/admin/builder/spi-builder-workspace/Styling/Sources/ViewStyle.swift (in target 'Scalar2D_Styling' from project 'Scalar2D')
SwiftCompile normal arm64 /Users/admin/builder/spi-builder-workspace/Styling/Sources/ViewStyle.swift (in target 'Scalar2D_Styling' from project 'Scalar2D')
cd /Users/admin/builder/spi-builder-workspace/.swiftpm/xcode
builtin-SwiftPerFileCompile ViewStyle.swift
SwiftCompile normal arm64 Compiling\ StyleAcceptor.swift /Users/admin/builder/spi-builder-workspace/Styling/Sources/StyleAcceptor.swift (in target 'Scalar2D_Styling' from project 'Scalar2D')
SwiftCompile normal arm64 /Users/admin/builder/spi-builder-workspace/Styling/Sources/StyleAcceptor.swift (in target 'Scalar2D_Styling' from project 'Scalar2D')
cd /Users/admin/builder/spi-builder-workspace/.swiftpm/xcode
builtin-SwiftPerFileCompile StyleAcceptor.swift
SwiftCompile normal arm64 Compiling\ GraphicStyle.swift,\ GroupSelector.swift /Users/admin/builder/spi-builder-workspace/Styling/Sources/GraphicStyle.swift /Users/admin/builder/spi-builder-workspace/Styling/Sources/GroupSelector.swift (in target 'Scalar2D_Styling' from project 'Scalar2D')
SwiftCompile normal arm64 /Users/admin/builder/spi-builder-workspace/Styling/Sources/GraphicStyle.swift (in target 'Scalar2D_Styling' from project 'Scalar2D')
cd /Users/admin/builder/spi-builder-workspace/.swiftpm/xcode
builtin-SwiftPerFileCompile GraphicStyle.swift
SwiftCompile normal arm64 /Users/admin/builder/spi-builder-workspace/Styling/Sources/GroupSelector.swift (in target 'Scalar2D_Styling' from project 'Scalar2D')
cd /Users/admin/builder/spi-builder-workspace/.swiftpm/xcode
builtin-SwiftPerFileCompile GroupSelector.swift
SwiftDriverJobDiscovery normal arm64 Compiling StyleAcceptor.swift (in target 'Scalar2D_Styling' from project 'Scalar2D')
SwiftCompile normal arm64 Compiling\ CSSParser.swift,\ CommonStyleInterpretter.swift /Users/admin/builder/spi-builder-workspace/Styling/Sources/CSSParser.swift /Users/admin/builder/spi-builder-workspace/Styling/Sources/CommonStyleInterpretter.swift (in target 'Scalar2D_Styling' from project 'Scalar2D')
SwiftCompile normal arm64 /Users/admin/builder/spi-builder-workspace/Styling/Sources/CSSParser.swift (in target 'Scalar2D_Styling' from project 'Scalar2D')
cd /Users/admin/builder/spi-builder-workspace/.swiftpm/xcode
builtin-SwiftPerFileCompile CSSParser.swift
SwiftCompile normal arm64 /Users/admin/builder/spi-builder-workspace/Styling/Sources/CommonStyleInterpretter.swift (in target 'Scalar2D_Styling' from project 'Scalar2D')
cd /Users/admin/builder/spi-builder-workspace/.swiftpm/xcode
builtin-SwiftPerFileCompile CommonStyleInterpretter.swift
SwiftDriverJobDiscovery normal arm64 Compiling PathStyle.swift, SVGPropertyInterpreter.swift (in target 'Scalar2D_Styling' from project 'Scalar2D')
SwiftDriverJobDiscovery normal arm64 Compiling StyleBlock.swift (in target 'Scalar2D_Styling' from project 'Scalar2D')
SwiftDriverJobDiscovery normal arm64 Compiling StylePropertyInterpreter.swift (in target 'Scalar2D_Styling' from project 'Scalar2D')
SwiftDriverJobDiscovery normal arm64 Compiling SelectorCombinator.swift (in target 'Scalar2D_Styling' from project 'Scalar2D')
SwiftDriverJobDiscovery normal arm64 Compiling ViewStyleInterpreter.swift (in target 'Scalar2D_Styling' from project 'Scalar2D')
SwiftDriverJobDiscovery normal arm64 Compiling ViewStyle.swift (in target 'Scalar2D_Styling' from project 'Scalar2D')
SwiftDriverJobDiscovery normal arm64 Compiling CoreText+FontDescription.swift (in target 'Scalar2D_FontDescription' from project 'Scalar2D')
SwiftDriver\ Compilation Scalar2D_FontDescription normal arm64 com.apple.xcode.tools.swift.compiler (in target 'Scalar2D_FontDescription' from project 'Scalar2D')
cd /Users/admin/builder/spi-builder-workspace/.swiftpm/xcode
builtin-Swift-Compilation -- /Applications/Xcode-27.0.0-Release.Candidate.app/Contents/Developer/Toolchains/XcodeDefault.xctoolchain/usr/bin/swiftc -parse-as-library -module-name Scalar2D_FontDescription -Onone @/Users/admin/builder/spi-builder-workspace/.derivedData/Build/Intermediates.noindex/Scalar2D.build/Debug/Scalar2D_FontDescription-t.build/Objects-normal/arm64/Scalar2D_FontDescription.SwiftFileList -DSWIFT_PACKAGE -DDEBUG -DSWIFT_MODULE_RESOURCE_BUNDLE_UNAVAILABLE -DXcode -plugin-path /Applications/Xcode-27.0.0-Release.Candidate.app/Contents/Developer/Toolchains/XcodeDefault.xctoolchain/usr/lib/swift/host/plugins/testing -enable-experimental-feature DebugDescriptionMacro -sdk /Applications/Xcode-27.0.0-Release.Candidate.app/Contents/Developer/Platforms/MacOSX.platform/Developer/SDKs/MacOSX27.0.sdk -target arm64-apple-macos12.0 -g -module-cache-path /Users/admin/builder/spi-builder-workspace/.derivedData/ModuleCache.noindex -Xfrontend -serialize-debugging-options -profile-coverage-mapping -profile-generate -enable-testing -index-store-path /Users/admin/builder/spi-builder-workspace/.derivedData/Index.noindex/DataStore -Xcc -D_LIBCPP_HARDENING_MODE\=_LIBCPP_HARDENING_MODE_DEBUG -swift-version 5 -I /Users/admin/builder/spi-builder-workspace/.derivedData/Build/Products/Debug -Isystem /Applications/Xcode-27.0.0-Release.Candidate.app/Contents/Developer/Platforms/MacOSX.platform/Developer/usr/lib -F /Users/admin/builder/spi-builder-workspace/.derivedData/Build/Products/Debug/PackageFrameworks -F /Users/admin/builder/spi-builder-workspace/.derivedData/Build/Products/Debug -F /Applications/Xcode-27.0.0-Release.Candidate.app/Contents/Developer/Platforms/MacOSX.platform/Developer/Library/Frameworks -c -j10 -enable-batch-mode -incremental -Xcc -ivfsstatcache -Xcc /Users/admin/builder/spi-builder-workspace/.derivedData/SDKStatCaches.noindex/macosx27.0-26A425-e829b21a6f8c9b70876ba0858053c0446a22442a12e9d48fe1a705f55a1adfc4.sdkstatcache -output-file-map /Users/admin/builder/spi-builder-workspace/.derivedData/Build/Intermediates.noindex/Scalar2D.build/Debug/Scalar2D_FontDescription-t.build/Objects-normal/arm64/Scalar2D_FontDescription-OutputFileMap.json -save-temps -no-color-diagnostics -explicit-module-build -module-cache-path /Users/admin/builder/spi-builder-workspace/.derivedData/Build/Intermediates.noindex/SwiftExplicitPrecompiledModules -clang-scanner-module-cache-path /Users/admin/builder/spi-builder-workspace/.derivedData/ModuleCache.noindex -sdk-module-cache-path /Users/admin/builder/spi-builder-workspace/.derivedData/SDKExplicitPrecompiledModules -emit-dependencies -emit-module -emit-module-path /Users/admin/builder/spi-builder-workspace/.derivedData/Build/Intermediates.noindex/Scalar2D.build/Debug/Scalar2D_FontDescription-t.build/Objects-normal/arm64/Scalar2D_FontDescription.swiftmodule -serialize-diagnostics -dependency-scan-serialize-diagnostics-path /Users/admin/builder/spi-builder-workspace/.derivedData/Build/Intermediates.noindex/Scalar2D.build/Debug/Scalar2D_FontDescription-t.build/Objects-normal/arm64/Scalar2D_FontDescription-dependency-scan.dia -validate-clang-modules-once -clang-build-session-file /Users/admin/builder/spi-builder-workspace/.derivedData/ModuleCache.noindex/Session.modulevalidation -Xcc -fmodules-prune-interval\=86400 -Xcc -fmodules-prune-after\=345600 -emit-const-values -const-gather-protocols-list /Users/admin/builder/spi-builder-workspace/.derivedData/Build/Intermediates.noindex/Scalar2D.build/Debug/Scalar2D_FontDescription-t.build/Objects-normal/arm64/Scalar2D_FontDescription_const_extract_protocols.json -Xcc -I/Users/admin/builder/spi-builder-workspace/.derivedData/Build/Products/Debug/include -Xcc -I/Users/admin/builder/spi-builder-workspace/.derivedData/Build/Intermediates.noindex/Scalar2D.build/Debug/Scalar2D_FontDescription-t.build/DerivedSources-normal/arm64 -Xcc -I/Users/admin/builder/spi-builder-workspace/.derivedData/Build/Intermediates.noindex/Scalar2D.build/Debug/Scalar2D_FontDescription-t.build/DerivedSources/arm64 -Xcc -I/Users/admin/builder/spi-builder-workspace/.derivedData/Build/Intermediates.noindex/Scalar2D.build/Debug/Scalar2D_FontDescription-t.build/DerivedSources -Xcc -DSWIFT_PACKAGE -Xcc -DDEBUG\=1 -emit-objc-header -emit-objc-header-path /Users/admin/builder/spi-builder-workspace/.derivedData/Build/Intermediates.noindex/Scalar2D.build/Debug/Scalar2D_FontDescription-t.build/Objects-normal/arm64/Scalar2D_FontDescription-Swift.h -working-directory /Users/admin/builder/spi-builder-workspace/.swiftpm/xcode -experimental-emit-module-separately -disable-cmo
Ld /Users/admin/builder/spi-builder-workspace/.derivedData/Build/Products/Debug/Scalar2D_FontDescription.o normal (in target 'Scalar2D_FontDescription' from project 'Scalar2D')
cd /Users/admin/builder/spi-builder-workspace
/Applications/Xcode-27.0.0-Release.Candidate.app/Contents/Developer/Toolchains/XcodeDefault.xctoolchain/usr/bin/clang -Xlinker -reproducible -target arm64-apple-macos12.0 -r -isysroot /Applications/Xcode-27.0.0-Release.Candidate.app/Contents/Developer/Platforms/MacOSX.platform/Developer/SDKs/MacOSX27.0.sdk -O0 -Xlinker -no_warn_duplicate_libraries -F/Users/admin/builder/spi-builder-workspace/.derivedData/Build/Intermediates.noindex/EagerLinkingTBDs/Debug -F/Users/admin/builder/spi-builder-workspace/.derivedData/Build/Products/Debug/PackageFrameworks -F/Users/admin/builder/spi-builder-workspace/.derivedData/Build/Products/Debug -iframework /Applications/Xcode-27.0.0-Release.Candidate.app/Contents/Developer/Platforms/MacOSX.platform/Developer/Library/Frameworks -filelist /Users/admin/builder/spi-builder-workspace/.derivedData/Build/Intermediates.noindex/Scalar2D.build/Debug/Scalar2D_FontDescription-t.build/Objects-normal/arm64/Scalar2D_FontDescription.LinkFileList -nostdlib -Xlinker -object_path_lto -Xlinker /Users/admin/builder/spi-builder-workspace/.derivedData/Build/Intermediates.noindex/Scalar2D.build/Debug/Scalar2D_FontDescription-t.build/Objects-normal/arm64/Scalar2D_FontDescription_lto.o -Xlinker -no_deduplicate -Xlinker -debug_variant -Xlinker -dependency_info -Xlinker /Users/admin/builder/spi-builder-workspace/.derivedData/Build/Intermediates.noindex/Scalar2D.build/Debug/Scalar2D_FontDescription-t.build/Objects-normal/arm64/Scalar2D_FontDescription_dependency_info.dat -fobjc-link-runtime -L/Applications/Xcode-27.0.0-Release.Candidate.app/Contents/Developer/Toolchains/XcodeDefault.xctoolchain/usr/lib/swift/macosx -L/usr/lib/swift -Xlinker -add_ast_path -Xlinker /Users/admin/builder/spi-builder-workspace/.derivedData/Build/Intermediates.noindex/Scalar2D.build/Debug/Scalar2D_FontDescription-t.build/Objects-normal/arm64/Scalar2D_FontDescription.swiftmodule -o /Users/admin/builder/spi-builder-workspace/.derivedData/Build/Products/Debug/Scalar2D_FontDescription.o
ExtractAppIntentsMetadata (in target 'Scalar2D_FontDescription' from project 'Scalar2D')
cd /Users/admin/builder/spi-builder-workspace
/Applications/Xcode-27.0.0-Release.Candidate.app/Contents/Developer/Toolchains/XcodeDefault.xctoolchain/usr/bin/appintentsmetadataprocessor --toolchain-dir /var/run/com.apple.security.cryptexd/mnt/com.apple.MobileAsset.MetalToolchain-v27.1.266.1.SlooGq/Metal.xctoolchain --module-name Scalar2D_FontDescription --sdk-root /Applications/Xcode-27.0.0-Release.Candidate.app/Contents/Developer/Platforms/MacOSX.platform/Developer/SDKs/MacOSX27.0.sdk --xcode-version 27A266a --platform-family macOS --deployment-target 12.0 --bundle-identifier spi-builder-workspace.Scalar2D-FontDescription --output /Users/admin/builder/spi-builder-workspace/.derivedData/Build/Products/Debug/Scalar2D_FontDescription.appintents --target-triple arm64-apple-macos12.0 --binary-file /Users/admin/builder/spi-builder-workspace/.derivedData/Build/Products/Debug/Scalar2D_FontDescription.o --dependency-file /Users/admin/builder/spi-builder-workspace/.derivedData/Build/Intermediates.noindex/Scalar2D.build/Debug/Scalar2D_FontDescription-t.build/Objects-normal/arm64/Scalar2D_FontDescription_dependency_info.dat --stringsdata-file /Users/admin/builder/spi-builder-workspace/.derivedData/Build/Intermediates.noindex/Scalar2D.build/Debug/Scalar2D_FontDescription-t.build/Objects-normal/arm64/ExtractedAppShortcutsMetadata.stringsdata --source-file-list /Users/admin/builder/spi-builder-workspace/.derivedData/Build/Intermediates.noindex/Scalar2D.build/Debug/Scalar2D_FontDescription-t.build/Objects-normal/arm64/Scalar2D_FontDescription.SwiftFileList --metadata-file-list /Users/admin/builder/spi-builder-workspace/.derivedData/Build/Intermediates.noindex/Scalar2D.build/Debug/Scalar2D_FontDescription-t.build/Scalar2D_FontDescription.DependencyMetadataFileList --static-metadata-file-list /Users/admin/builder/spi-builder-workspace/.derivedData/Build/Intermediates.noindex/Scalar2D.build/Debug/Scalar2D_FontDescription-t.build/Scalar2D_FontDescription.DependencyStaticMetadataFileList --swift-const-vals-list /Users/admin/builder/spi-builder-workspace/.derivedData/Build/Intermediates.noindex/Scalar2D.build/Debug/Scalar2D_FontDescription-t.build/Objects-normal/arm64/Scalar2D_FontDescription.SwiftConstValuesFileList --force --compile-time-extraction --deployment-aware-processing --no-app-shortcuts-localization
2026-09-17 20:28:40.808 appintentsmetadataprocessor[823:5051] Starting appintentsmetadataprocessor export
2026-09-17 20:28:40.870 appintentsmetadataprocessor[823:5051] Extracted no relevant App Intents symbols, skipping writing output
SwiftDriverJobDiscovery normal arm64 Compiling StyleSelector.swift (in target 'Scalar2D_Styling' from project 'Scalar2D')
SwiftDriverJobDiscovery normal arm64 Emitting module for Scalar2D_Styling (in target 'Scalar2D_Styling' from project 'Scalar2D')
SwiftDriver\ Compilation\ Requirements Scalar2D_Styling normal arm64 com.apple.xcode.tools.swift.compiler (in target 'Scalar2D_Styling' from project 'Scalar2D')
cd /Users/admin/builder/spi-builder-workspace/.swiftpm/xcode
builtin-Swift-Compilation-Requirements -- /Applications/Xcode-27.0.0-Release.Candidate.app/Contents/Developer/Toolchains/XcodeDefault.xctoolchain/usr/bin/swiftc -parse-as-library -module-name Scalar2D_Styling -Onone @/Users/admin/builder/spi-builder-workspace/.derivedData/Build/Intermediates.noindex/Scalar2D.build/Debug/Scalar2D_Styling-t.build/Objects-normal/arm64/Scalar2D_Styling.SwiftFileList -DSWIFT_PACKAGE -DDEBUG -DSWIFT_MODULE_RESOURCE_BUNDLE_UNAVAILABLE -DXcode -plugin-path /Applications/Xcode-27.0.0-Release.Candidate.app/Contents/Developer/Toolchains/XcodeDefault.xctoolchain/usr/lib/swift/host/plugins/testing -enable-experimental-feature DebugDescriptionMacro -sdk /Applications/Xcode-27.0.0-Release.Candidate.app/Contents/Developer/Platforms/MacOSX.platform/Developer/SDKs/MacOSX27.0.sdk -target arm64-apple-macos12.0 -g -module-cache-path /Users/admin/builder/spi-builder-workspace/.derivedData/ModuleCache.noindex -Xfrontend -serialize-debugging-options -profile-coverage-mapping -profile-generate -enable-testing -index-store-path /Users/admin/builder/spi-builder-workspace/.derivedData/Index.noindex/DataStore -Xcc -D_LIBCPP_HARDENING_MODE\=_LIBCPP_HARDENING_MODE_DEBUG -swift-version 5 -I /Users/admin/builder/spi-builder-workspace/.derivedData/Build/Products/Debug -Isystem /Applications/Xcode-27.0.0-Release.Candidate.app/Contents/Developer/Platforms/MacOSX.platform/Developer/usr/lib -F /Users/admin/builder/spi-builder-workspace/.derivedData/Build/Products/Debug/PackageFrameworks -F /Users/admin/builder/spi-builder-workspace/.derivedData/Build/Products/Debug -F /Applications/Xcode-27.0.0-Release.Candidate.app/Contents/Developer/Platforms/MacOSX.platform/Developer/Library/Frameworks -c -j10 -enable-batch-mode -incremental -Xcc -ivfsstatcache -Xcc /Users/admin/builder/spi-builder-workspace/.derivedData/SDKStatCaches.noindex/macosx27.0-26A425-e829b21a6f8c9b70876ba0858053c0446a22442a12e9d48fe1a705f55a1adfc4.sdkstatcache -output-file-map /Users/admin/builder/spi-builder-workspace/.derivedData/Build/Intermediates.noindex/Scalar2D.build/Debug/Scalar2D_Styling-t.build/Objects-normal/arm64/Scalar2D_Styling-OutputFileMap.json -save-temps -no-color-diagnostics -explicit-module-build -module-cache-path /Users/admin/builder/spi-builder-workspace/.derivedData/Build/Intermediates.noindex/SwiftExplicitPrecompiledModules -clang-scanner-module-cache-path /Users/admin/builder/spi-builder-workspace/.derivedData/ModuleCache.noindex -sdk-module-cache-path /Users/admin/builder/spi-builder-workspace/.derivedData/SDKExplicitPrecompiledModules -emit-dependencies -emit-module -emit-module-path /Users/admin/builder/spi-builder-workspace/.derivedData/Build/Intermediates.noindex/Scalar2D.build/Debug/Scalar2D_Styling-t.build/Objects-normal/arm64/Scalar2D_Styling.swiftmodule -serialize-diagnostics -dependency-scan-serialize-diagnostics-path /Users/admin/builder/spi-builder-workspace/.derivedData/Build/Intermediates.noindex/Scalar2D.build/Debug/Scalar2D_Styling-t.build/Objects-normal/arm64/Scalar2D_Styling-dependency-scan.dia -validate-clang-modules-once -clang-build-session-file /Users/admin/builder/spi-builder-workspace/.derivedData/ModuleCache.noindex/Session.modulevalidation -Xcc -fmodules-prune-interval\=86400 -Xcc -fmodules-prune-after\=345600 -emit-const-values -const-gather-protocols-list /Users/admin/builder/spi-builder-workspace/.derivedData/Build/Intermediates.noindex/Scalar2D.build/Debug/Scalar2D_Styling-t.build/Objects-normal/arm64/Scalar2D_Styling_const_extract_protocols.json -Xcc -I/Users/admin/builder/spi-builder-workspace/.derivedData/Build/Products/Debug/include -Xcc -I/Users/admin/builder/spi-builder-workspace/.derivedData/Build/Intermediates.noindex/Scalar2D.build/Debug/Scalar2D_Styling-t.build/DerivedSources-normal/arm64 -Xcc -I/Users/admin/builder/spi-builder-workspace/.derivedData/Build/Intermediates.noindex/Scalar2D.build/Debug/Scalar2D_Styling-t.build/DerivedSources/arm64 -Xcc -I/Users/admin/builder/spi-builder-workspace/.derivedData/Build/Intermediates.noindex/Scalar2D.build/Debug/Scalar2D_Styling-t.build/DerivedSources -Xcc -DSWIFT_PACKAGE -Xcc -DDEBUG\=1 -emit-objc-header -emit-objc-header-path /Users/admin/builder/spi-builder-workspace/.derivedData/Build/Intermediates.noindex/Scalar2D.build/Debug/Scalar2D_Styling-t.build/Objects-normal/arm64/Scalar2D_Styling-Swift.h -working-directory /Users/admin/builder/spi-builder-workspace/.swiftpm/xcode -experimental-emit-module-separately -disable-cmo
SwiftMergeGeneratedHeaders /Users/admin/builder/spi-builder-workspace/.derivedData/Build/Intermediates.noindex/GeneratedModuleMaps/Scalar2D_Styling-Swift.h /Users/admin/builder/spi-builder-workspace/.derivedData/Build/Intermediates.noindex/Scalar2D.build/Debug/Scalar2D_Styling-t.build/Objects-normal/arm64/Scalar2D_Styling-Swift.h (in target 'Scalar2D_Styling' from project 'Scalar2D')
cd /Users/admin/builder/spi-builder-workspace
builtin-swiftHeaderTool -arch arm64 /Users/admin/builder/spi-builder-workspace/.derivedData/Build/Intermediates.noindex/Scalar2D.build/Debug/Scalar2D_Styling-t.build/Objects-normal/arm64/Scalar2D_Styling-Swift.h -o /Users/admin/builder/spi-builder-workspace/.derivedData/Build/Intermediates.noindex/GeneratedModuleMaps/Scalar2D_Styling-Swift.h
Copy /Users/admin/builder/spi-builder-workspace/.derivedData/Build/Products/Debug/Scalar2D_Styling.swiftmodule/arm64-apple-macos.abi.json /Users/admin/builder/spi-builder-workspace/.derivedData/Build/Intermediates.noindex/Scalar2D.build/Debug/Scalar2D_Styling-t.build/Objects-normal/arm64/Scalar2D_Styling.abi.json (in target 'Scalar2D_Styling' from project 'Scalar2D')
cd /Users/admin/builder/spi-builder-workspace
builtin-copy -exclude .DS_Store -exclude CVS -exclude .svn -exclude .git -exclude .hg -resolve-src-symlinks -rename /Users/admin/builder/spi-builder-workspace/.derivedData/Build/Intermediates.noindex/Scalar2D.build/Debug/Scalar2D_Styling-t.build/Objects-normal/arm64/Scalar2D_Styling.abi.json /Users/admin/builder/spi-builder-workspace/.derivedData/Build/Products/Debug/Scalar2D_Styling.swiftmodule/arm64-apple-macos.abi.json
Copy /Users/admin/builder/spi-builder-workspace/.derivedData/Build/Products/Debug/Scalar2D_Styling.swiftmodule/arm64-apple-macos.swiftmodule /Users/admin/builder/spi-builder-workspace/.derivedData/Build/Intermediates.noindex/Scalar2D.build/Debug/Scalar2D_Styling-t.build/Objects-normal/arm64/Scalar2D_Styling.swiftmodule (in target 'Scalar2D_Styling' from project 'Scalar2D')
cd /Users/admin/builder/spi-builder-workspace
builtin-copy -exclude .DS_Store -exclude CVS -exclude .svn -exclude .git -exclude .hg -resolve-src-symlinks -rename /Users/admin/builder/spi-builder-workspace/.derivedData/Build/Intermediates.noindex/Scalar2D.build/Debug/Scalar2D_Styling-t.build/Objects-normal/arm64/Scalar2D_Styling.swiftmodule /Users/admin/builder/spi-builder-workspace/.derivedData/Build/Products/Debug/Scalar2D_Styling.swiftmodule/arm64-apple-macos.swiftmodule
Copy /Users/admin/builder/spi-builder-workspace/.derivedData/Build/Products/Debug/Scalar2D_Styling.swiftmodule/arm64-apple-macos.swiftdoc /Users/admin/builder/spi-builder-workspace/.derivedData/Build/Intermediates.noindex/Scalar2D.build/Debug/Scalar2D_Styling-t.build/Objects-normal/arm64/Scalar2D_Styling.swiftdoc (in target 'Scalar2D_Styling' from project 'Scalar2D')
cd /Users/admin/builder/spi-builder-workspace
builtin-copy -exclude .DS_Store -exclude CVS -exclude .svn -exclude .git -exclude .hg -resolve-src-symlinks -rename /Users/admin/builder/spi-builder-workspace/.derivedData/Build/Intermediates.noindex/Scalar2D.build/Debug/Scalar2D_Styling-t.build/Objects-normal/arm64/Scalar2D_Styling.swiftdoc /Users/admin/builder/spi-builder-workspace/.derivedData/Build/Products/Debug/Scalar2D_Styling.swiftmodule/arm64-apple-macos.swiftdoc
Copy /Users/admin/builder/spi-builder-workspace/.derivedData/Build/Products/Debug/Scalar2D_Styling.swiftmodule/Project/arm64-apple-macos.swiftsourceinfo /Users/admin/builder/spi-builder-workspace/.derivedData/Build/Intermediates.noindex/Scalar2D.build/Debug/Scalar2D_Styling-t.build/Objects-normal/arm64/Scalar2D_Styling.swiftsourceinfo (in target 'Scalar2D_Styling' from project 'Scalar2D')
cd /Users/admin/builder/spi-builder-workspace
builtin-copy -exclude .DS_Store -exclude CVS -exclude .svn -exclude .git -exclude .hg -resolve-src-symlinks -rename /Users/admin/builder/spi-builder-workspace/.derivedData/Build/Intermediates.noindex/Scalar2D.build/Debug/Scalar2D_Styling-t.build/Objects-normal/arm64/Scalar2D_Styling.swiftsourceinfo /Users/admin/builder/spi-builder-workspace/.derivedData/Build/Products/Debug/Scalar2D_Styling.swiftmodule/Project/arm64-apple-macos.swiftsourceinfo
SwiftDriverJobDiscovery normal arm64 Compiling GraphicStyle.swift, GroupSelector.swift (in target 'Scalar2D_Styling' from project 'Scalar2D')
SwiftDriver Scalar2D_CoreGraphics normal arm64 com.apple.xcode.tools.swift.compiler (in target 'Scalar2D_CoreGraphics' from project 'Scalar2D')
cd /Users/admin/builder/spi-builder-workspace/.swiftpm/xcode
builtin-SwiftDriver -- /Applications/Xcode-27.0.0-Release.Candidate.app/Contents/Developer/Toolchains/XcodeDefault.xctoolchain/usr/bin/swiftc -parse-as-library -module-name Scalar2D_CoreGraphics -Onone @/Users/admin/builder/spi-builder-workspace/.derivedData/Build/Intermediates.noindex/Scalar2D.build/Debug/Scalar2D_CoreGraphics-t.build/Objects-normal/arm64/Scalar2D_CoreGraphics.SwiftFileList -DSWIFT_PACKAGE -DDEBUG -DSWIFT_MODULE_RESOURCE_BUNDLE_UNAVAILABLE -DXcode -plugin-path /Applications/Xcode-27.0.0-Release.Candidate.app/Contents/Developer/Toolchains/XcodeDefault.xctoolchain/usr/lib/swift/host/plugins/testing -enable-experimental-feature DebugDescriptionMacro -sdk /Applications/Xcode-27.0.0-Release.Candidate.app/Contents/Developer/Platforms/MacOSX.platform/Developer/SDKs/MacOSX27.0.sdk -target arm64-apple-macos12.0 -g -module-cache-path /Users/admin/builder/spi-builder-workspace/.derivedData/ModuleCache.noindex -Xfrontend -serialize-debugging-options -profile-coverage-mapping -profile-generate -enable-testing -index-store-path /Users/admin/builder/spi-builder-workspace/.derivedData/Index.noindex/DataStore -Xcc -D_LIBCPP_HARDENING_MODE\=_LIBCPP_HARDENING_MODE_DEBUG -swift-version 5 -I /Users/admin/builder/spi-builder-workspace/.derivedData/Build/Products/Debug -Isystem /Applications/Xcode-27.0.0-Release.Candidate.app/Contents/Developer/Platforms/MacOSX.platform/Developer/usr/lib -F /Users/admin/builder/spi-builder-workspace/.derivedData/Build/Products/Debug/PackageFrameworks -F /Users/admin/builder/spi-builder-workspace/.derivedData/Build/Products/Debug -F /Applications/Xcode-27.0.0-Release.Candidate.app/Contents/Developer/Platforms/MacOSX.platform/Developer/Library/Frameworks -c -j10 -enable-batch-mode -incremental -Xcc -ivfsstatcache -Xcc /Users/admin/builder/spi-builder-workspace/.derivedData/SDKStatCaches.noindex/macosx27.0-26A425-e829b21a6f8c9b70876ba0858053c0446a22442a12e9d48fe1a705f55a1adfc4.sdkstatcache -output-file-map /Users/admin/builder/spi-builder-workspace/.derivedData/Build/Intermediates.noindex/Scalar2D.build/Debug/Scalar2D_CoreGraphics-t.build/Objects-normal/arm64/Scalar2D_CoreGraphics-OutputFileMap.json -save-temps -no-color-diagnostics -explicit-module-build -module-cache-path /Users/admin/builder/spi-builder-workspace/.derivedData/Build/Intermediates.noindex/SwiftExplicitPrecompiledModules -clang-scanner-module-cache-path /Users/admin/builder/spi-builder-workspace/.derivedData/ModuleCache.noindex -sdk-module-cache-path /Users/admin/builder/spi-builder-workspace/.derivedData/SDKExplicitPrecompiledModules -emit-dependencies -emit-module -emit-module-path /Users/admin/builder/spi-builder-workspace/.derivedData/Build/Intermediates.noindex/Scalar2D.build/Debug/Scalar2D_CoreGraphics-t.build/Objects-normal/arm64/Scalar2D_CoreGraphics.swiftmodule -serialize-diagnostics -dependency-scan-serialize-diagnostics-path /Users/admin/builder/spi-builder-workspace/.derivedData/Build/Intermediates.noindex/Scalar2D.build/Debug/Scalar2D_CoreGraphics-t.build/Objects-normal/arm64/Scalar2D_CoreGraphics-dependency-scan.dia -validate-clang-modules-once -clang-build-session-file /Users/admin/builder/spi-builder-workspace/.derivedData/ModuleCache.noindex/Session.modulevalidation -Xcc -fmodules-prune-interval\=86400 -Xcc -fmodules-prune-after\=345600 -emit-const-values -const-gather-protocols-list /Users/admin/builder/spi-builder-workspace/.derivedData/Build/Intermediates.noindex/Scalar2D.build/Debug/Scalar2D_CoreGraphics-t.build/Objects-normal/arm64/Scalar2D_CoreGraphics_const_extract_protocols.json -Xcc -I/Users/admin/builder/spi-builder-workspace/.derivedData/Build/Products/Debug/include -Xcc -I/Users/admin/builder/spi-builder-workspace/.derivedData/Build/Intermediates.noindex/Scalar2D.build/Debug/Scalar2D_CoreGraphics-t.build/DerivedSources-normal/arm64 -Xcc -I/Users/admin/builder/spi-builder-workspace/.derivedData/Build/Intermediates.noindex/Scalar2D.build/Debug/Scalar2D_CoreGraphics-t.build/DerivedSources/arm64 -Xcc -I/Users/admin/builder/spi-builder-workspace/.derivedData/Build/Intermediates.noindex/Scalar2D.build/Debug/Scalar2D_CoreGraphics-t.build/DerivedSources -Xcc -DSWIFT_PACKAGE -Xcc -DDEBUG\=1 -emit-objc-header -emit-objc-header-path /Users/admin/builder/spi-builder-workspace/.derivedData/Build/Intermediates.noindex/Scalar2D.build/Debug/Scalar2D_CoreGraphics-t.build/Objects-normal/arm64/Scalar2D_CoreGraphics-Swift.h -working-directory /Users/admin/builder/spi-builder-workspace/.swiftpm/xcode -experimental-emit-module-separately -disable-cmo
SwiftDriverJobDiscovery normal arm64 Compiling CSSParser.swift, CommonStyleInterpretter.swift (in target 'Scalar2D_Styling' from project 'Scalar2D')
SwiftDriver\ Compilation Scalar2D_Styling normal arm64 com.apple.xcode.tools.swift.compiler (in target 'Scalar2D_Styling' from project 'Scalar2D')
cd /Users/admin/builder/spi-builder-workspace/.swiftpm/xcode
builtin-Swift-Compilation -- /Applications/Xcode-27.0.0-Release.Candidate.app/Contents/Developer/Toolchains/XcodeDefault.xctoolchain/usr/bin/swiftc -parse-as-library -module-name Scalar2D_Styling -Onone @/Users/admin/builder/spi-builder-workspace/.derivedData/Build/Intermediates.noindex/Scalar2D.build/Debug/Scalar2D_Styling-t.build/Objects-normal/arm64/Scalar2D_Styling.SwiftFileList -DSWIFT_PACKAGE -DDEBUG -DSWIFT_MODULE_RESOURCE_BUNDLE_UNAVAILABLE -DXcode -plugin-path /Applications/Xcode-27.0.0-Release.Candidate.app/Contents/Developer/Toolchains/XcodeDefault.xctoolchain/usr/lib/swift/host/plugins/testing -enable-experimental-feature DebugDescriptionMacro -sdk /Applications/Xcode-27.0.0-Release.Candidate.app/Contents/Developer/Platforms/MacOSX.platform/Developer/SDKs/MacOSX27.0.sdk -target arm64-apple-macos12.0 -g -module-cache-path /Users/admin/builder/spi-builder-workspace/.derivedData/ModuleCache.noindex -Xfrontend -serialize-debugging-options -profile-coverage-mapping -profile-generate -enable-testing -index-store-path /Users/admin/builder/spi-builder-workspace/.derivedData/Index.noindex/DataStore -Xcc -D_LIBCPP_HARDENING_MODE\=_LIBCPP_HARDENING_MODE_DEBUG -swift-version 5 -I /Users/admin/builder/spi-builder-workspace/.derivedData/Build/Products/Debug -Isystem /Applications/Xcode-27.0.0-Release.Candidate.app/Contents/Developer/Platforms/MacOSX.platform/Developer/usr/lib -F /Users/admin/builder/spi-builder-workspace/.derivedData/Build/Products/Debug/PackageFrameworks -F /Users/admin/builder/spi-builder-workspace/.derivedData/Build/Products/Debug -F /Applications/Xcode-27.0.0-Release.Candidate.app/Contents/Developer/Platforms/MacOSX.platform/Developer/Library/Frameworks -c -j10 -enable-batch-mode -incremental -Xcc -ivfsstatcache -Xcc /Users/admin/builder/spi-builder-workspace/.derivedData/SDKStatCaches.noindex/macosx27.0-26A425-e829b21a6f8c9b70876ba0858053c0446a22442a12e9d48fe1a705f55a1adfc4.sdkstatcache -output-file-map /Users/admin/builder/spi-builder-workspace/.derivedData/Build/Intermediates.noindex/Scalar2D.build/Debug/Scalar2D_Styling-t.build/Objects-normal/arm64/Scalar2D_Styling-OutputFileMap.json -save-temps -no-color-diagnostics -explicit-module-build -module-cache-path /Users/admin/builder/spi-builder-workspace/.derivedData/Build/Intermediates.noindex/SwiftExplicitPrecompiledModules -clang-scanner-module-cache-path /Users/admin/builder/spi-builder-workspace/.derivedData/ModuleCache.noindex -sdk-module-cache-path /Users/admin/builder/spi-builder-workspace/.derivedData/SDKExplicitPrecompiledModules -emit-dependencies -emit-module -emit-module-path /Users/admin/builder/spi-builder-workspace/.derivedData/Build/Intermediates.noindex/Scalar2D.build/Debug/Scalar2D_Styling-t.build/Objects-normal/arm64/Scalar2D_Styling.swiftmodule -serialize-diagnostics -dependency-scan-serialize-diagnostics-path /Users/admin/builder/spi-builder-workspace/.derivedData/Build/Intermediates.noindex/Scalar2D.build/Debug/Scalar2D_Styling-t.build/Objects-normal/arm64/Scalar2D_Styling-dependency-scan.dia -validate-clang-modules-once -clang-build-session-file /Users/admin/builder/spi-builder-workspace/.derivedData/ModuleCache.noindex/Session.modulevalidation -Xcc -fmodules-prune-interval\=86400 -Xcc -fmodules-prune-after\=345600 -emit-const-values -const-gather-protocols-list /Users/admin/builder/spi-builder-workspace/.derivedData/Build/Intermediates.noindex/Scalar2D.build/Debug/Scalar2D_Styling-t.build/Objects-normal/arm64/Scalar2D_Styling_const_extract_protocols.json -Xcc -I/Users/admin/builder/spi-builder-workspace/.derivedData/Build/Products/Debug/include -Xcc -I/Users/admin/builder/spi-builder-workspace/.derivedData/Build/Intermediates.noindex/Scalar2D.build/Debug/Scalar2D_Styling-t.build/DerivedSources-normal/arm64 -Xcc -I/Users/admin/builder/spi-builder-workspace/.derivedData/Build/Intermediates.noindex/Scalar2D.build/Debug/Scalar2D_Styling-t.build/DerivedSources/arm64 -Xcc -I/Users/admin/builder/spi-builder-workspace/.derivedData/Build/Intermediates.noindex/Scalar2D.build/Debug/Scalar2D_Styling-t.build/DerivedSources -Xcc -DSWIFT_PACKAGE -Xcc -DDEBUG\=1 -emit-objc-header -emit-objc-header-path /Users/admin/builder/spi-builder-workspace/.derivedData/Build/Intermediates.noindex/Scalar2D.build/Debug/Scalar2D_Styling-t.build/Objects-normal/arm64/Scalar2D_Styling-Swift.h -working-directory /Users/admin/builder/spi-builder-workspace/.swiftpm/xcode -experimental-emit-module-separately -disable-cmo
Ld /Users/admin/builder/spi-builder-workspace/.derivedData/Build/Products/Debug/Scalar2D_Styling.o normal (in target 'Scalar2D_Styling' from project 'Scalar2D')
cd /Users/admin/builder/spi-builder-workspace
/Applications/Xcode-27.0.0-Release.Candidate.app/Contents/Developer/Toolchains/XcodeDefault.xctoolchain/usr/bin/clang -Xlinker -reproducible -target arm64-apple-macos12.0 -r -isysroot /Applications/Xcode-27.0.0-Release.Candidate.app/Contents/Developer/Platforms/MacOSX.platform/Developer/SDKs/MacOSX27.0.sdk -O0 -Xlinker -no_warn_duplicate_libraries -F/Users/admin/builder/spi-builder-workspace/.derivedData/Build/Intermediates.noindex/EagerLinkingTBDs/Debug -F/Users/admin/builder/spi-builder-workspace/.derivedData/Build/Products/Debug/PackageFrameworks -F/Users/admin/builder/spi-builder-workspace/.derivedData/Build/Products/Debug -iframework /Applications/Xcode-27.0.0-Release.Candidate.app/Contents/Developer/Platforms/MacOSX.platform/Developer/Library/Frameworks -filelist /Users/admin/builder/spi-builder-workspace/.derivedData/Build/Intermediates.noindex/Scalar2D.build/Debug/Scalar2D_Styling-t.build/Objects-normal/arm64/Scalar2D_Styling.LinkFileList -nostdlib -Xlinker -object_path_lto -Xlinker /Users/admin/builder/spi-builder-workspace/.derivedData/Build/Intermediates.noindex/Scalar2D.build/Debug/Scalar2D_Styling-t.build/Objects-normal/arm64/Scalar2D_Styling_lto.o -Xlinker -no_deduplicate -Xlinker -debug_variant -Xlinker -dependency_info -Xlinker /Users/admin/builder/spi-builder-workspace/.derivedData/Build/Intermediates.noindex/Scalar2D.build/Debug/Scalar2D_Styling-t.build/Objects-normal/arm64/Scalar2D_Styling_dependency_info.dat -fobjc-link-runtime -L/Applications/Xcode-27.0.0-Release.Candidate.app/Contents/Developer/Toolchains/XcodeDefault.xctoolchain/usr/lib/swift/macosx -L/usr/lib/swift -Xlinker -add_ast_path -Xlinker /Users/admin/builder/spi-builder-workspace/.derivedData/Build/Intermediates.noindex/Scalar2D.build/Debug/Scalar2D_Styling-t.build/Objects-normal/arm64/Scalar2D_Styling.swiftmodule -o /Users/admin/builder/spi-builder-workspace/.derivedData/Build/Products/Debug/Scalar2D_Styling.o
ExtractAppIntentsMetadata (in target 'Scalar2D_Styling' from project 'Scalar2D')
cd /Users/admin/builder/spi-builder-workspace
/Applications/Xcode-27.0.0-Release.Candidate.app/Contents/Developer/Toolchains/XcodeDefault.xctoolchain/usr/bin/appintentsmetadataprocessor --toolchain-dir /var/run/com.apple.security.cryptexd/mnt/com.apple.MobileAsset.MetalToolchain-v27.1.266.1.SlooGq/Metal.xctoolchain --module-name Scalar2D_Styling --sdk-root /Applications/Xcode-27.0.0-Release.Candidate.app/Contents/Developer/Platforms/MacOSX.platform/Developer/SDKs/MacOSX27.0.sdk --xcode-version 27A266a --platform-family macOS --deployment-target 12.0 --bundle-identifier spi-builder-workspace.Scalar2D-Styling --output /Users/admin/builder/spi-builder-workspace/.derivedData/Build/Products/Debug/Scalar2D_Styling.appintents --target-triple arm64-apple-macos12.0 --binary-file /Users/admin/builder/spi-builder-workspace/.derivedData/Build/Products/Debug/Scalar2D_Styling.o --dependency-file /Users/admin/builder/spi-builder-workspace/.derivedData/Build/Intermediates.noindex/Scalar2D.build/Debug/Scalar2D_Styling-t.build/Objects-normal/arm64/Scalar2D_Styling_dependency_info.dat --stringsdata-file /Users/admin/builder/spi-builder-workspace/.derivedData/Build/Intermediates.noindex/Scalar2D.build/Debug/Scalar2D_Styling-t.build/Objects-normal/arm64/ExtractedAppShortcutsMetadata.stringsdata --source-file-list /Users/admin/builder/spi-builder-workspace/.derivedData/Build/Intermediates.noindex/Scalar2D.build/Debug/Scalar2D_Styling-t.build/Objects-normal/arm64/Scalar2D_Styling.SwiftFileList --metadata-file-list /Users/admin/builder/spi-builder-workspace/.derivedData/Build/Intermediates.noindex/Scalar2D.build/Debug/Scalar2D_Styling-t.build/Scalar2D_Styling.DependencyMetadataFileList --static-metadata-file-list /Users/admin/builder/spi-builder-workspace/.derivedData/Build/Intermediates.noindex/Scalar2D.build/Debug/Scalar2D_Styling-t.build/Scalar2D_Styling.DependencyStaticMetadataFileList --swift-const-vals-list /Users/admin/builder/spi-builder-workspace/.derivedData/Build/Intermediates.noindex/Scalar2D.build/Debug/Scalar2D_Styling-t.build/Objects-normal/arm64/Scalar2D_Styling.SwiftConstValuesFileList --force --compile-time-extraction --deployment-aware-processing --no-app-shortcuts-localization
2026-09-17 20:28:41.179 appintentsmetadataprocessor[826:5138] Starting appintentsmetadataprocessor export
2026-09-17 20:28:41.240 appintentsmetadataprocessor[826:5138] Extracted no relevant App Intents symbols, skipping writing output
SwiftCompile normal arm64 Compiling\ CoreGraphics+Styling.swift /Users/admin/builder/spi-builder-workspace/CoreGraphics/Sources/CoreGraphics+Styling.swift (in target 'Scalar2D_CoreGraphics' from project 'Scalar2D')
SwiftCompile normal arm64 /Users/admin/builder/spi-builder-workspace/CoreGraphics/Sources/CoreGraphics+Styling.swift (in target 'Scalar2D_CoreGraphics' from project 'Scalar2D')
cd /Users/admin/builder/spi-builder-workspace/.swiftpm/xcode
builtin-SwiftPerFileCompile CoreGraphics+Styling.swift
SwiftEmitModule normal arm64 Emitting\ module\ for\ Scalar2D_CoreGraphics (in target 'Scalar2D_CoreGraphics' from project 'Scalar2D')
SwiftCompile normal arm64 (in target 'Scalar2D_CoreGraphics' from project 'Scalar2D')
cd /Users/admin/builder/spi-builder-workspace/.swiftpm/xcode
SwiftDriverJobDiscovery normal arm64 Emitting module for Scalar2D_CoreGraphics (in target 'Scalar2D_CoreGraphics' from project 'Scalar2D')
SwiftDriver\ Compilation\ Requirements Scalar2D_CoreGraphics normal arm64 com.apple.xcode.tools.swift.compiler (in target 'Scalar2D_CoreGraphics' from project 'Scalar2D')
cd /Users/admin/builder/spi-builder-workspace/.swiftpm/xcode
builtin-Swift-Compilation-Requirements -- /Applications/Xcode-27.0.0-Release.Candidate.app/Contents/Developer/Toolchains/XcodeDefault.xctoolchain/usr/bin/swiftc -parse-as-library -module-name Scalar2D_CoreGraphics -Onone @/Users/admin/builder/spi-builder-workspace/.derivedData/Build/Intermediates.noindex/Scalar2D.build/Debug/Scalar2D_CoreGraphics-t.build/Objects-normal/arm64/Scalar2D_CoreGraphics.SwiftFileList -DSWIFT_PACKAGE -DDEBUG -DSWIFT_MODULE_RESOURCE_BUNDLE_UNAVAILABLE -DXcode -plugin-path /Applications/Xcode-27.0.0-Release.Candidate.app/Contents/Developer/Toolchains/XcodeDefault.xctoolchain/usr/lib/swift/host/plugins/testing -enable-experimental-feature DebugDescriptionMacro -sdk /Applications/Xcode-27.0.0-Release.Candidate.app/Contents/Developer/Platforms/MacOSX.platform/Developer/SDKs/MacOSX27.0.sdk -target arm64-apple-macos12.0 -g -module-cache-path /Users/admin/builder/spi-builder-workspace/.derivedData/ModuleCache.noindex -Xfrontend -serialize-debugging-options -profile-coverage-mapping -profile-generate -enable-testing -index-store-path /Users/admin/builder/spi-builder-workspace/.derivedData/Index.noindex/DataStore -Xcc -D_LIBCPP_HARDENING_MODE\=_LIBCPP_HARDENING_MODE_DEBUG -swift-version 5 -I /Users/admin/builder/spi-builder-workspace/.derivedData/Build/Products/Debug -Isystem /Applications/Xcode-27.0.0-Release.Candidate.app/Contents/Developer/Platforms/MacOSX.platform/Developer/usr/lib -F /Users/admin/builder/spi-builder-workspace/.derivedData/Build/Products/Debug/PackageFrameworks -F /Users/admin/builder/spi-builder-workspace/.derivedData/Build/Products/Debug -F /Applications/Xcode-27.0.0-Release.Candidate.app/Contents/Developer/Platforms/MacOSX.platform/Developer/Library/Frameworks -c -j10 -enable-batch-mode -incremental -Xcc -ivfsstatcache -Xcc /Users/admin/builder/spi-builder-workspace/.derivedData/SDKStatCaches.noindex/macosx27.0-26A425-e829b21a6f8c9b70876ba0858053c0446a22442a12e9d48fe1a705f55a1adfc4.sdkstatcache -output-file-map /Users/admin/builder/spi-builder-workspace/.derivedData/Build/Intermediates.noindex/Scalar2D.build/Debug/Scalar2D_CoreGraphics-t.build/Objects-normal/arm64/Scalar2D_CoreGraphics-OutputFileMap.json -save-temps -no-color-diagnostics -explicit-module-build -module-cache-path /Users/admin/builder/spi-builder-workspace/.derivedData/Build/Intermediates.noindex/SwiftExplicitPrecompiledModules -clang-scanner-module-cache-path /Users/admin/builder/spi-builder-workspace/.derivedData/ModuleCache.noindex -sdk-module-cache-path /Users/admin/builder/spi-builder-workspace/.derivedData/SDKExplicitPrecompiledModules -emit-dependencies -emit-module -emit-module-path /Users/admin/builder/spi-builder-workspace/.derivedData/Build/Intermediates.noindex/Scalar2D.build/Debug/Scalar2D_CoreGraphics-t.build/Objects-normal/arm64/Scalar2D_CoreGraphics.swiftmodule -serialize-diagnostics -dependency-scan-serialize-diagnostics-path /Users/admin/builder/spi-builder-workspace/.derivedData/Build/Intermediates.noindex/Scalar2D.build/Debug/Scalar2D_CoreGraphics-t.build/Objects-normal/arm64/Scalar2D_CoreGraphics-dependency-scan.dia -validate-clang-modules-once -clang-build-session-file /Users/admin/builder/spi-builder-workspace/.derivedData/ModuleCache.noindex/Session.modulevalidation -Xcc -fmodules-prune-interval\=86400 -Xcc -fmodules-prune-after\=345600 -emit-const-values -const-gather-protocols-list /Users/admin/builder/spi-builder-workspace/.derivedData/Build/Intermediates.noindex/Scalar2D.build/Debug/Scalar2D_CoreGraphics-t.build/Objects-normal/arm64/Scalar2D_CoreGraphics_const_extract_protocols.json -Xcc -I/Users/admin/builder/spi-builder-workspace/.derivedData/Build/Products/Debug/include -Xcc -I/Users/admin/builder/spi-builder-workspace/.derivedData/Build/Intermediates.noindex/Scalar2D.build/Debug/Scalar2D_CoreGraphics-t.build/DerivedSources-normal/arm64 -Xcc -I/Users/admin/builder/spi-builder-workspace/.derivedData/Build/Intermediates.noindex/Scalar2D.build/Debug/Scalar2D_CoreGraphics-t.build/DerivedSources/arm64 -Xcc -I/Users/admin/builder/spi-builder-workspace/.derivedData/Build/Intermediates.noindex/Scalar2D.build/Debug/Scalar2D_CoreGraphics-t.build/DerivedSources -Xcc -DSWIFT_PACKAGE -Xcc -DDEBUG\=1 -emit-objc-header -emit-objc-header-path /Users/admin/builder/spi-builder-workspace/.derivedData/Build/Intermediates.noindex/Scalar2D.build/Debug/Scalar2D_CoreGraphics-t.build/Objects-normal/arm64/Scalar2D_CoreGraphics-Swift.h -working-directory /Users/admin/builder/spi-builder-workspace/.swiftpm/xcode -experimental-emit-module-separately -disable-cmo
SwiftMergeGeneratedHeaders /Users/admin/builder/spi-builder-workspace/.derivedData/Build/Intermediates.noindex/GeneratedModuleMaps/Scalar2D_CoreGraphics-Swift.h /Users/admin/builder/spi-builder-workspace/.derivedData/Build/Intermediates.noindex/Scalar2D.build/Debug/Scalar2D_CoreGraphics-t.build/Objects-normal/arm64/Scalar2D_CoreGraphics-Swift.h (in target 'Scalar2D_CoreGraphics' from project 'Scalar2D')
cd /Users/admin/builder/spi-builder-workspace
builtin-swiftHeaderTool -arch arm64 /Users/admin/builder/spi-builder-workspace/.derivedData/Build/Intermediates.noindex/Scalar2D.build/Debug/Scalar2D_CoreGraphics-t.build/Objects-normal/arm64/Scalar2D_CoreGraphics-Swift.h -o /Users/admin/builder/spi-builder-workspace/.derivedData/Build/Intermediates.noindex/GeneratedModuleMaps/Scalar2D_CoreGraphics-Swift.h
Copy /Users/admin/builder/spi-builder-workspace/.derivedData/Build/Products/Debug/Scalar2D_CoreGraphics.swiftmodule/arm64-apple-macos.swiftmodule /Users/admin/builder/spi-builder-workspace/.derivedData/Build/Intermediates.noindex/Scalar2D.build/Debug/Scalar2D_CoreGraphics-t.build/Objects-normal/arm64/Scalar2D_CoreGraphics.swiftmodule (in target 'Scalar2D_CoreGraphics' from project 'Scalar2D')
cd /Users/admin/builder/spi-builder-workspace
builtin-copy -exclude .DS_Store -exclude CVS -exclude .svn -exclude .git -exclude .hg -resolve-src-symlinks -rename /Users/admin/builder/spi-builder-workspace/.derivedData/Build/Intermediates.noindex/Scalar2D.build/Debug/Scalar2D_CoreGraphics-t.build/Objects-normal/arm64/Scalar2D_CoreGraphics.swiftmodule /Users/admin/builder/spi-builder-workspace/.derivedData/Build/Products/Debug/Scalar2D_CoreGraphics.swiftmodule/arm64-apple-macos.swiftmodule
Copy /Users/admin/builder/spi-builder-workspace/.derivedData/Build/Products/Debug/Scalar2D_CoreGraphics.swiftmodule/arm64-apple-macos.swiftdoc /Users/admin/builder/spi-builder-workspace/.derivedData/Build/Intermediates.noindex/Scalar2D.build/Debug/Scalar2D_CoreGraphics-t.build/Objects-normal/arm64/Scalar2D_CoreGraphics.swiftdoc (in target 'Scalar2D_CoreGraphics' from project 'Scalar2D')
cd /Users/admin/builder/spi-builder-workspace
builtin-copy -exclude .DS_Store -exclude CVS -exclude .svn -exclude .git -exclude .hg -resolve-src-symlinks -rename /Users/admin/builder/spi-builder-workspace/.derivedData/Build/Intermediates.noindex/Scalar2D.build/Debug/Scalar2D_CoreGraphics-t.build/Objects-normal/arm64/Scalar2D_CoreGraphics.swiftdoc /Users/admin/builder/spi-builder-workspace/.derivedData/Build/Products/Debug/Scalar2D_CoreGraphics.swiftmodule/arm64-apple-macos.swiftdoc
Copy /Users/admin/builder/spi-builder-workspace/.derivedData/Build/Products/Debug/Scalar2D_CoreGraphics.swiftmodule/arm64-apple-macos.abi.json /Users/admin/builder/spi-builder-workspace/.derivedData/Build/Intermediates.noindex/Scalar2D.build/Debug/Scalar2D_CoreGraphics-t.build/Objects-normal/arm64/Scalar2D_CoreGraphics.abi.json (in target 'Scalar2D_CoreGraphics' from project 'Scalar2D')
cd /Users/admin/builder/spi-builder-workspace
builtin-copy -exclude .DS_Store -exclude CVS -exclude .svn -exclude .git -exclude .hg -resolve-src-symlinks -rename /Users/admin/builder/spi-builder-workspace/.derivedData/Build/Intermediates.noindex/Scalar2D.build/Debug/Scalar2D_CoreGraphics-t.build/Objects-normal/arm64/Scalar2D_CoreGraphics.abi.json /Users/admin/builder/spi-builder-workspace/.derivedData/Build/Products/Debug/Scalar2D_CoreGraphics.swiftmodule/arm64-apple-macos.abi.json
Copy /Users/admin/builder/spi-builder-workspace/.derivedData/Build/Products/Debug/Scalar2D_CoreGraphics.swiftmodule/Project/arm64-apple-macos.swiftsourceinfo /Users/admin/builder/spi-builder-workspace/.derivedData/Build/Intermediates.noindex/Scalar2D.build/Debug/Scalar2D_CoreGraphics-t.build/Objects-normal/arm64/Scalar2D_CoreGraphics.swiftsourceinfo (in target 'Scalar2D_CoreGraphics' from project 'Scalar2D')
cd /Users/admin/builder/spi-builder-workspace
builtin-copy -exclude .DS_Store -exclude CVS -exclude .svn -exclude .git -exclude .hg -resolve-src-symlinks -rename /Users/admin/builder/spi-builder-workspace/.derivedData/Build/Intermediates.noindex/Scalar2D.build/Debug/Scalar2D_CoreGraphics-t.build/Objects-normal/arm64/Scalar2D_CoreGraphics.swiftsourceinfo /Users/admin/builder/spi-builder-workspace/.derivedData/Build/Products/Debug/Scalar2D_CoreGraphics.swiftmodule/Project/arm64-apple-macos.swiftsourceinfo
SwiftDriver Scalar2D_SwiftUI normal arm64 com.apple.xcode.tools.swift.compiler (in target 'Scalar2D_SwiftUI' from project 'Scalar2D')
cd /Users/admin/builder/spi-builder-workspace/.swiftpm/xcode
builtin-SwiftDriver -- /Applications/Xcode-27.0.0-Release.Candidate.app/Contents/Developer/Toolchains/XcodeDefault.xctoolchain/usr/bin/swiftc -parse-as-library -module-name Scalar2D_SwiftUI -Onone @/Users/admin/builder/spi-builder-workspace/.derivedData/Build/Intermediates.noindex/Scalar2D.build/Debug/Scalar2D_SwiftUI-t.build/Objects-normal/arm64/Scalar2D_SwiftUI.SwiftFileList -DSWIFT_PACKAGE -DDEBUG -DSWIFT_MODULE_RESOURCE_BUNDLE_UNAVAILABLE -DXcode -plugin-path /Applications/Xcode-27.0.0-Release.Candidate.app/Contents/Developer/Toolchains/XcodeDefault.xctoolchain/usr/lib/swift/host/plugins/testing -enable-experimental-feature DebugDescriptionMacro -sdk /Applications/Xcode-27.0.0-Release.Candidate.app/Contents/Developer/Platforms/MacOSX.platform/Developer/SDKs/MacOSX27.0.sdk -target arm64-apple-macos12.0 -g -module-cache-path /Users/admin/builder/spi-builder-workspace/.derivedData/ModuleCache.noindex -Xfrontend -serialize-debugging-options -profile-coverage-mapping -profile-generate -enable-testing -index-store-path /Users/admin/builder/spi-builder-workspace/.derivedData/Index.noindex/DataStore -Xcc -D_LIBCPP_HARDENING_MODE\=_LIBCPP_HARDENING_MODE_DEBUG -swift-version 5 -I /Users/admin/builder/spi-builder-workspace/.derivedData/Build/Products/Debug -Isystem /Applications/Xcode-27.0.0-Release.Candidate.app/Contents/Developer/Platforms/MacOSX.platform/Developer/usr/lib -F /Users/admin/builder/spi-builder-workspace/.derivedData/Build/Products/Debug/PackageFrameworks -F /Users/admin/builder/spi-builder-workspace/.derivedData/Build/Products/Debug -F /Applications/Xcode-27.0.0-Release.Candidate.app/Contents/Developer/Platforms/MacOSX.platform/Developer/Library/Frameworks -c -j10 -enable-batch-mode -incremental -Xcc -ivfsstatcache -Xcc /Users/admin/builder/spi-builder-workspace/.derivedData/SDKStatCaches.noindex/macosx27.0-26A425-e829b21a6f8c9b70876ba0858053c0446a22442a12e9d48fe1a705f55a1adfc4.sdkstatcache -output-file-map /Users/admin/builder/spi-builder-workspace/.derivedData/Build/Intermediates.noindex/Scalar2D.build/Debug/Scalar2D_SwiftUI-t.build/Objects-normal/arm64/Scalar2D_SwiftUI-OutputFileMap.json -save-temps -no-color-diagnostics -explicit-module-build -module-cache-path /Users/admin/builder/spi-builder-workspace/.derivedData/Build/Intermediates.noindex/SwiftExplicitPrecompiledModules -clang-scanner-module-cache-path /Users/admin/builder/spi-builder-workspace/.derivedData/ModuleCache.noindex -sdk-module-cache-path /Users/admin/builder/spi-builder-workspace/.derivedData/SDKExplicitPrecompiledModules -emit-dependencies -emit-module -emit-module-path /Users/admin/builder/spi-builder-workspace/.derivedData/Build/Intermediates.noindex/Scalar2D.build/Debug/Scalar2D_SwiftUI-t.build/Objects-normal/arm64/Scalar2D_SwiftUI.swiftmodule -serialize-diagnostics -dependency-scan-serialize-diagnostics-path /Users/admin/builder/spi-builder-workspace/.derivedData/Build/Intermediates.noindex/Scalar2D.build/Debug/Scalar2D_SwiftUI-t.build/Objects-normal/arm64/Scalar2D_SwiftUI-dependency-scan.dia -validate-clang-modules-once -clang-build-session-file /Users/admin/builder/spi-builder-workspace/.derivedData/ModuleCache.noindex/Session.modulevalidation -Xcc -fmodules-prune-interval\=86400 -Xcc -fmodules-prune-after\=345600 -emit-const-values -const-gather-protocols-list /Users/admin/builder/spi-builder-workspace/.derivedData/Build/Intermediates.noindex/Scalar2D.build/Debug/Scalar2D_SwiftUI-t.build/Objects-normal/arm64/Scalar2D_SwiftUI_const_extract_protocols.json -Xcc -I/Users/admin/builder/spi-builder-workspace/.derivedData/Build/Products/Debug/include -Xcc -I/Users/admin/builder/spi-builder-workspace/.derivedData/Build/Intermediates.noindex/Scalar2D.build/Debug/Scalar2D_SwiftUI-t.build/DerivedSources-normal/arm64 -Xcc -I/Users/admin/builder/spi-builder-workspace/.derivedData/Build/Intermediates.noindex/Scalar2D.build/Debug/Scalar2D_SwiftUI-t.build/DerivedSources/arm64 -Xcc -I/Users/admin/builder/spi-builder-workspace/.derivedData/Build/Intermediates.noindex/Scalar2D.build/Debug/Scalar2D_SwiftUI-t.build/DerivedSources -Xcc -DSWIFT_PACKAGE -Xcc -DDEBUG\=1 -emit-objc-header -emit-objc-header-path /Users/admin/builder/spi-builder-workspace/.derivedData/Build/Intermediates.noindex/Scalar2D.build/Debug/Scalar2D_SwiftUI-t.build/Objects-normal/arm64/Scalar2D_SwiftUI-Swift.h -working-directory /Users/admin/builder/spi-builder-workspace/.swiftpm/xcode -experimental-emit-module-separately -disable-cmo
SwiftDriver Scalar2D_SVG normal arm64 com.apple.xcode.tools.swift.compiler (in target 'Scalar2D_SVG' from project 'Scalar2D')
cd /Users/admin/builder/spi-builder-workspace/.swiftpm/xcode
builtin-SwiftDriver -- /Applications/Xcode-27.0.0-Release.Candidate.app/Contents/Developer/Toolchains/XcodeDefault.xctoolchain/usr/bin/swiftc -parse-as-library -module-name Scalar2D_SVG -Onone @/Users/admin/builder/spi-builder-workspace/.derivedData/Build/Intermediates.noindex/Scalar2D.build/Debug/Scalar2D_SVG-t.build/Objects-normal/arm64/Scalar2D_SVG.SwiftFileList -DSWIFT_PACKAGE -DDEBUG -DSWIFT_MODULE_RESOURCE_BUNDLE_UNAVAILABLE -DXcode -plugin-path /Applications/Xcode-27.0.0-Release.Candidate.app/Contents/Developer/Toolchains/XcodeDefault.xctoolchain/usr/lib/swift/host/plugins/testing -enable-experimental-feature DebugDescriptionMacro -sdk /Applications/Xcode-27.0.0-Release.Candidate.app/Contents/Developer/Platforms/MacOSX.platform/Developer/SDKs/MacOSX27.0.sdk -target arm64-apple-macos12.0 -g -module-cache-path /Users/admin/builder/spi-builder-workspace/.derivedData/ModuleCache.noindex -Xfrontend -serialize-debugging-options -profile-coverage-mapping -profile-generate -enable-testing -index-store-path /Users/admin/builder/spi-builder-workspace/.derivedData/Index.noindex/DataStore -Xcc -D_LIBCPP_HARDENING_MODE\=_LIBCPP_HARDENING_MODE_DEBUG -swift-version 5 -I /Users/admin/builder/spi-builder-workspace/.derivedData/Build/Products/Debug -Isystem /Applications/Xcode-27.0.0-Release.Candidate.app/Contents/Developer/Platforms/MacOSX.platform/Developer/usr/lib -F /Users/admin/builder/spi-builder-workspace/.derivedData/Build/Products/Debug/PackageFrameworks -F /Users/admin/builder/spi-builder-workspace/.derivedData/Build/Products/Debug -F /Applications/Xcode-27.0.0-Release.Candidate.app/Contents/Developer/Platforms/MacOSX.platform/Developer/Library/Frameworks -c -j10 -enable-batch-mode -incremental -Xcc -ivfsstatcache -Xcc /Users/admin/builder/spi-builder-workspace/.derivedData/SDKStatCaches.noindex/macosx27.0-26A425-e829b21a6f8c9b70876ba0858053c0446a22442a12e9d48fe1a705f55a1adfc4.sdkstatcache -output-file-map /Users/admin/builder/spi-builder-workspace/.derivedData/Build/Intermediates.noindex/Scalar2D.build/Debug/Scalar2D_SVG-t.build/Objects-normal/arm64/Scalar2D_SVG-OutputFileMap.json -save-temps -no-color-diagnostics -explicit-module-build -module-cache-path /Users/admin/builder/spi-builder-workspace/.derivedData/Build/Intermediates.noindex/SwiftExplicitPrecompiledModules -clang-scanner-module-cache-path /Users/admin/builder/spi-builder-workspace/.derivedData/ModuleCache.noindex -sdk-module-cache-path /Users/admin/builder/spi-builder-workspace/.derivedData/SDKExplicitPrecompiledModules -emit-dependencies -emit-module -emit-module-path /Users/admin/builder/spi-builder-workspace/.derivedData/Build/Intermediates.noindex/Scalar2D.build/Debug/Scalar2D_SVG-t.build/Objects-normal/arm64/Scalar2D_SVG.swiftmodule -serialize-diagnostics -dependency-scan-serialize-diagnostics-path /Users/admin/builder/spi-builder-workspace/.derivedData/Build/Intermediates.noindex/Scalar2D.build/Debug/Scalar2D_SVG-t.build/Objects-normal/arm64/Scalar2D_SVG-dependency-scan.dia -validate-clang-modules-once -clang-build-session-file /Users/admin/builder/spi-builder-workspace/.derivedData/ModuleCache.noindex/Session.modulevalidation -Xcc -fmodules-prune-interval\=86400 -Xcc -fmodules-prune-after\=345600 -emit-const-values -const-gather-protocols-list /Users/admin/builder/spi-builder-workspace/.derivedData/Build/Intermediates.noindex/Scalar2D.build/Debug/Scalar2D_SVG-t.build/Objects-normal/arm64/Scalar2D_SVG_const_extract_protocols.json -Xcc -I/Users/admin/builder/spi-builder-workspace/.derivedData/Build/Products/Debug/include -Xcc -I/Users/admin/builder/spi-builder-workspace/.derivedData/Build/Intermediates.noindex/Scalar2D.build/Debug/Scalar2D_SVG-t.build/DerivedSources-normal/arm64 -Xcc -I/Users/admin/builder/spi-builder-workspace/.derivedData/Build/Intermediates.noindex/Scalar2D.build/Debug/Scalar2D_SVG-t.build/DerivedSources/arm64 -Xcc -I/Users/admin/builder/spi-builder-workspace/.derivedData/Build/Intermediates.noindex/Scalar2D.build/Debug/Scalar2D_SVG-t.build/DerivedSources -Xcc -DSWIFT_PACKAGE -Xcc -DDEBUG\=1 -emit-objc-header -emit-objc-header-path /Users/admin/builder/spi-builder-workspace/.derivedData/Build/Intermediates.noindex/Scalar2D.build/Debug/Scalar2D_SVG-t.build/Objects-normal/arm64/Scalar2D_SVG-Swift.h -working-directory /Users/admin/builder/spi-builder-workspace/.swiftpm/xcode -experimental-emit-module-separately -disable-cmo
SwiftDriver Scalar2D_CoreViews normal arm64 com.apple.xcode.tools.swift.compiler (in target 'Scalar2D_CoreViews' from project 'Scalar2D')
cd /Users/admin/builder/spi-builder-workspace/.swiftpm/xcode
builtin-SwiftDriver -- /Applications/Xcode-27.0.0-Release.Candidate.app/Contents/Developer/Toolchains/XcodeDefault.xctoolchain/usr/bin/swiftc -parse-as-library -module-name Scalar2D_CoreViews -Onone @/Users/admin/builder/spi-builder-workspace/.derivedData/Build/Intermediates.noindex/Scalar2D.build/Debug/Scalar2D_CoreViews-t.build/Objects-normal/arm64/Scalar2D_CoreViews.SwiftFileList -DSWIFT_PACKAGE -DDEBUG -DSWIFT_MODULE_RESOURCE_BUNDLE_UNAVAILABLE -DXcode -plugin-path /Applications/Xcode-27.0.0-Release.Candidate.app/Contents/Developer/Toolchains/XcodeDefault.xctoolchain/usr/lib/swift/host/plugins/testing -enable-experimental-feature DebugDescriptionMacro -sdk /Applications/Xcode-27.0.0-Release.Candidate.app/Contents/Developer/Platforms/MacOSX.platform/Developer/SDKs/MacOSX27.0.sdk -target arm64-apple-macos12.0 -g -module-cache-path /Users/admin/builder/spi-builder-workspace/.derivedData/ModuleCache.noindex -Xfrontend -serialize-debugging-options -profile-coverage-mapping -profile-generate -enable-testing -index-store-path /Users/admin/builder/spi-builder-workspace/.derivedData/Index.noindex/DataStore -Xcc -D_LIBCPP_HARDENING_MODE\=_LIBCPP_HARDENING_MODE_DEBUG -swift-version 5 -I /Users/admin/builder/spi-builder-workspace/.derivedData/Build/Products/Debug -Isystem /Applications/Xcode-27.0.0-Release.Candidate.app/Contents/Developer/Platforms/MacOSX.platform/Developer/usr/lib -F /Users/admin/builder/spi-builder-workspace/.derivedData/Build/Products/Debug/PackageFrameworks -F /Users/admin/builder/spi-builder-workspace/.derivedData/Build/Products/Debug -F /Applications/Xcode-27.0.0-Release.Candidate.app/Contents/Developer/Platforms/MacOSX.platform/Developer/Library/Frameworks -c -j10 -enable-batch-mode -incremental -Xcc -ivfsstatcache -Xcc /Users/admin/builder/spi-builder-workspace/.derivedData/SDKStatCaches.noindex/macosx27.0-26A425-e829b21a6f8c9b70876ba0858053c0446a22442a12e9d48fe1a705f55a1adfc4.sdkstatcache -output-file-map /Users/admin/builder/spi-builder-workspace/.derivedData/Build/Intermediates.noindex/Scalar2D.build/Debug/Scalar2D_CoreViews-t.build/Objects-normal/arm64/Scalar2D_CoreViews-OutputFileMap.json -save-temps -no-color-diagnostics -explicit-module-build -module-cache-path /Users/admin/builder/spi-builder-workspace/.derivedData/Build/Intermediates.noindex/SwiftExplicitPrecompiledModules -clang-scanner-module-cache-path /Users/admin/builder/spi-builder-workspace/.derivedData/ModuleCache.noindex -sdk-module-cache-path /Users/admin/builder/spi-builder-workspace/.derivedData/SDKExplicitPrecompiledModules -emit-dependencies -emit-module -emit-module-path /Users/admin/builder/spi-builder-workspace/.derivedData/Build/Intermediates.noindex/Scalar2D.build/Debug/Scalar2D_CoreViews-t.build/Objects-normal/arm64/Scalar2D_CoreViews.swiftmodule -serialize-diagnostics -dependency-scan-serialize-diagnostics-path /Users/admin/builder/spi-builder-workspace/.derivedData/Build/Intermediates.noindex/Scalar2D.build/Debug/Scalar2D_CoreViews-t.build/Objects-normal/arm64/Scalar2D_CoreViews-dependency-scan.dia -validate-clang-modules-once -clang-build-session-file /Users/admin/builder/spi-builder-workspace/.derivedData/ModuleCache.noindex/Session.modulevalidation -Xcc -fmodules-prune-interval\=86400 -Xcc -fmodules-prune-after\=345600 -emit-const-values -const-gather-protocols-list /Users/admin/builder/spi-builder-workspace/.derivedData/Build/Intermediates.noindex/Scalar2D.build/Debug/Scalar2D_CoreViews-t.build/Objects-normal/arm64/Scalar2D_CoreViews_const_extract_protocols.json -Xcc -I/Users/admin/builder/spi-builder-workspace/.derivedData/Build/Products/Debug/include -Xcc -I/Users/admin/builder/spi-builder-workspace/.derivedData/Build/Intermediates.noindex/Scalar2D.build/Debug/Scalar2D_CoreViews-t.build/DerivedSources-normal/arm64 -Xcc -I/Users/admin/builder/spi-builder-workspace/.derivedData/Build/Intermediates.noindex/Scalar2D.build/Debug/Scalar2D_CoreViews-t.build/DerivedSources/arm64 -Xcc -I/Users/admin/builder/spi-builder-workspace/.derivedData/Build/Intermediates.noindex/Scalar2D.build/Debug/Scalar2D_CoreViews-t.build/DerivedSources -Xcc -DSWIFT_PACKAGE -Xcc -DDEBUG\=1 -emit-objc-header -emit-objc-header-path /Users/admin/builder/spi-builder-workspace/.derivedData/Build/Intermediates.noindex/Scalar2D.build/Debug/Scalar2D_CoreViews-t.build/Objects-normal/arm64/Scalar2D_CoreViews-Swift.h -working-directory /Users/admin/builder/spi-builder-workspace/.swiftpm/xcode -experimental-emit-module-separately -disable-cmo
SwiftDriverJobDiscovery normal arm64 Compiling CoreGraphics+Styling.swift (in target 'Scalar2D_CoreGraphics' from project 'Scalar2D')
SwiftDriver\ Compilation Scalar2D_CoreGraphics normal arm64 com.apple.xcode.tools.swift.compiler (in target 'Scalar2D_CoreGraphics' from project 'Scalar2D')
cd /Users/admin/builder/spi-builder-workspace/.swiftpm/xcode
builtin-Swift-Compilation -- /Applications/Xcode-27.0.0-Release.Candidate.app/Contents/Developer/Toolchains/XcodeDefault.xctoolchain/usr/bin/swiftc -parse-as-library -module-name Scalar2D_CoreGraphics -Onone @/Users/admin/builder/spi-builder-workspace/.derivedData/Build/Intermediates.noindex/Scalar2D.build/Debug/Scalar2D_CoreGraphics-t.build/Objects-normal/arm64/Scalar2D_CoreGraphics.SwiftFileList -DSWIFT_PACKAGE -DDEBUG -DSWIFT_MODULE_RESOURCE_BUNDLE_UNAVAILABLE -DXcode -plugin-path /Applications/Xcode-27.0.0-Release.Candidate.app/Contents/Developer/Toolchains/XcodeDefault.xctoolchain/usr/lib/swift/host/plugins/testing -enable-experimental-feature DebugDescriptionMacro -sdk /Applications/Xcode-27.0.0-Release.Candidate.app/Contents/Developer/Platforms/MacOSX.platform/Developer/SDKs/MacOSX27.0.sdk -target arm64-apple-macos12.0 -g -module-cache-path /Users/admin/builder/spi-builder-workspace/.derivedData/ModuleCache.noindex -Xfrontend -serialize-debugging-options -profile-coverage-mapping -profile-generate -enable-testing -index-store-path /Users/admin/builder/spi-builder-workspace/.derivedData/Index.noindex/DataStore -Xcc -D_LIBCPP_HARDENING_MODE\=_LIBCPP_HARDENING_MODE_DEBUG -swift-version 5 -I /Users/admin/builder/spi-builder-workspace/.derivedData/Build/Products/Debug -Isystem /Applications/Xcode-27.0.0-Release.Candidate.app/Contents/Developer/Platforms/MacOSX.platform/Developer/usr/lib -F /Users/admin/builder/spi-builder-workspace/.derivedData/Build/Products/Debug/PackageFrameworks -F /Users/admin/builder/spi-builder-workspace/.derivedData/Build/Products/Debug -F /Applications/Xcode-27.0.0-Release.Candidate.app/Contents/Developer/Platforms/MacOSX.platform/Developer/Library/Frameworks -c -j10 -enable-batch-mode -incremental -Xcc -ivfsstatcache -Xcc /Users/admin/builder/spi-builder-workspace/.derivedData/SDKStatCaches.noindex/macosx27.0-26A425-e829b21a6f8c9b70876ba0858053c0446a22442a12e9d48fe1a705f55a1adfc4.sdkstatcache -output-file-map /Users/admin/builder/spi-builder-workspace/.derivedData/Build/Intermediates.noindex/Scalar2D.build/Debug/Scalar2D_CoreGraphics-t.build/Objects-normal/arm64/Scalar2D_CoreGraphics-OutputFileMap.json -save-temps -no-color-diagnostics -explicit-module-build -module-cache-path /Users/admin/builder/spi-builder-workspace/.derivedData/Build/Intermediates.noindex/SwiftExplicitPrecompiledModules -clang-scanner-module-cache-path /Users/admin/builder/spi-builder-workspace/.derivedData/ModuleCache.noindex -sdk-module-cache-path /Users/admin/builder/spi-builder-workspace/.derivedData/SDKExplicitPrecompiledModules -emit-dependencies -emit-module -emit-module-path /Users/admin/builder/spi-builder-workspace/.derivedData/Build/Intermediates.noindex/Scalar2D.build/Debug/Scalar2D_CoreGraphics-t.build/Objects-normal/arm64/Scalar2D_CoreGraphics.swiftmodule -serialize-diagnostics -dependency-scan-serialize-diagnostics-path /Users/admin/builder/spi-builder-workspace/.derivedData/Build/Intermediates.noindex/Scalar2D.build/Debug/Scalar2D_CoreGraphics-t.build/Objects-normal/arm64/Scalar2D_CoreGraphics-dependency-scan.dia -validate-clang-modules-once -clang-build-session-file /Users/admin/builder/spi-builder-workspace/.derivedData/ModuleCache.noindex/Session.modulevalidation -Xcc -fmodules-prune-interval\=86400 -Xcc -fmodules-prune-after\=345600 -emit-const-values -const-gather-protocols-list /Users/admin/builder/spi-builder-workspace/.derivedData/Build/Intermediates.noindex/Scalar2D.build/Debug/Scalar2D_CoreGraphics-t.build/Objects-normal/arm64/Scalar2D_CoreGraphics_const_extract_protocols.json -Xcc -I/Users/admin/builder/spi-builder-workspace/.derivedData/Build/Products/Debug/include -Xcc -I/Users/admin/builder/spi-builder-workspace/.derivedData/Build/Intermediates.noindex/Scalar2D.build/Debug/Scalar2D_CoreGraphics-t.build/DerivedSources-normal/arm64 -Xcc -I/Users/admin/builder/spi-builder-workspace/.derivedData/Build/Intermediates.noindex/Scalar2D.build/Debug/Scalar2D_CoreGraphics-t.build/DerivedSources/arm64 -Xcc -I/Users/admin/builder/spi-builder-workspace/.derivedData/Build/Intermediates.noindex/Scalar2D.build/Debug/Scalar2D_CoreGraphics-t.build/DerivedSources -Xcc -DSWIFT_PACKAGE -Xcc -DDEBUG\=1 -emit-objc-header -emit-objc-header-path /Users/admin/builder/spi-builder-workspace/.derivedData/Build/Intermediates.noindex/Scalar2D.build/Debug/Scalar2D_CoreGraphics-t.build/Objects-normal/arm64/Scalar2D_CoreGraphics-Swift.h -working-directory /Users/admin/builder/spi-builder-workspace/.swiftpm/xcode -experimental-emit-module-separately -disable-cmo
Ld /Users/admin/builder/spi-builder-workspace/.derivedData/Build/Products/Debug/Scalar2D_CoreGraphics.o normal (in target 'Scalar2D_CoreGraphics' from project 'Scalar2D')
cd /Users/admin/builder/spi-builder-workspace
/Applications/Xcode-27.0.0-Release.Candidate.app/Contents/Developer/Toolchains/XcodeDefault.xctoolchain/usr/bin/clang -Xlinker -reproducible -target arm64-apple-macos12.0 -r -isysroot /Applications/Xcode-27.0.0-Release.Candidate.app/Contents/Developer/Platforms/MacOSX.platform/Developer/SDKs/MacOSX27.0.sdk -O0 -Xlinker -no_warn_duplicate_libraries -F/Users/admin/builder/spi-builder-workspace/.derivedData/Build/Intermediates.noindex/EagerLinkingTBDs/Debug -F/Users/admin/builder/spi-builder-workspace/.derivedData/Build/Products/Debug/PackageFrameworks -F/Users/admin/builder/spi-builder-workspace/.derivedData/Build/Products/Debug -iframework /Applications/Xcode-27.0.0-Release.Candidate.app/Contents/Developer/Platforms/MacOSX.platform/Developer/Library/Frameworks -filelist /Users/admin/builder/spi-builder-workspace/.derivedData/Build/Intermediates.noindex/Scalar2D.build/Debug/Scalar2D_CoreGraphics-t.build/Objects-normal/arm64/Scalar2D_CoreGraphics.LinkFileList -nostdlib -Xlinker -object_path_lto -Xlinker /Users/admin/builder/spi-builder-workspace/.derivedData/Build/Intermediates.noindex/Scalar2D.build/Debug/Scalar2D_CoreGraphics-t.build/Objects-normal/arm64/Scalar2D_CoreGraphics_lto.o -Xlinker -no_deduplicate -Xlinker -debug_variant -Xlinker -dependency_info -Xlinker /Users/admin/builder/spi-builder-workspace/.derivedData/Build/Intermediates.noindex/Scalar2D.build/Debug/Scalar2D_CoreGraphics-t.build/Objects-normal/arm64/Scalar2D_CoreGraphics_dependency_info.dat -fobjc-link-runtime -L/Applications/Xcode-27.0.0-Release.Candidate.app/Contents/Developer/Toolchains/XcodeDefault.xctoolchain/usr/lib/swift/macosx -L/usr/lib/swift -Xlinker -add_ast_path -Xlinker /Users/admin/builder/spi-builder-workspace/.derivedData/Build/Intermediates.noindex/Scalar2D.build/Debug/Scalar2D_CoreGraphics-t.build/Objects-normal/arm64/Scalar2D_CoreGraphics.swiftmodule -o /Users/admin/builder/spi-builder-workspace/.derivedData/Build/Products/Debug/Scalar2D_CoreGraphics.o
ExtractAppIntentsMetadata (in target 'Scalar2D_CoreGraphics' from project 'Scalar2D')
cd /Users/admin/builder/spi-builder-workspace
/Applications/Xcode-27.0.0-Release.Candidate.app/Contents/Developer/Toolchains/XcodeDefault.xctoolchain/usr/bin/appintentsmetadataprocessor --toolchain-dir /var/run/com.apple.security.cryptexd/mnt/com.apple.MobileAsset.MetalToolchain-v27.1.266.1.SlooGq/Metal.xctoolchain --module-name Scalar2D_CoreGraphics --sdk-root /Applications/Xcode-27.0.0-Release.Candidate.app/Contents/Developer/Platforms/MacOSX.platform/Developer/SDKs/MacOSX27.0.sdk --xcode-version 27A266a --platform-family macOS --deployment-target 12.0 --bundle-identifier spi-builder-workspace.Scalar2D-CoreGraphics --output /Users/admin/builder/spi-builder-workspace/.derivedData/Build/Products/Debug/Scalar2D_CoreGraphics.appintents --target-triple arm64-apple-macos12.0 --binary-file /Users/admin/builder/spi-builder-workspace/.derivedData/Build/Products/Debug/Scalar2D_CoreGraphics.o --dependency-file /Users/admin/builder/spi-builder-workspace/.derivedData/Build/Intermediates.noindex/Scalar2D.build/Debug/Scalar2D_CoreGraphics-t.build/Objects-normal/arm64/Scalar2D_CoreGraphics_dependency_info.dat --stringsdata-file /Users/admin/builder/spi-builder-workspace/.derivedData/Build/Intermediates.noindex/Scalar2D.build/Debug/Scalar2D_CoreGraphics-t.build/Objects-normal/arm64/ExtractedAppShortcutsMetadata.stringsdata --source-file-list /Users/admin/builder/spi-builder-workspace/.derivedData/Build/Intermediates.noindex/Scalar2D.build/Debug/Scalar2D_CoreGraphics-t.build/Objects-normal/arm64/Scalar2D_CoreGraphics.SwiftFileList --metadata-file-list /Users/admin/builder/spi-builder-workspace/.derivedData/Build/Intermediates.noindex/Scalar2D.build/Debug/Scalar2D_CoreGraphics-t.build/Scalar2D_CoreGraphics.DependencyMetadataFileList --static-metadata-file-list /Users/admin/builder/spi-builder-workspace/.derivedData/Build/Intermediates.noindex/Scalar2D.build/Debug/Scalar2D_CoreGraphics-t.build/Scalar2D_CoreGraphics.DependencyStaticMetadataFileList --swift-const-vals-list /Users/admin/builder/spi-builder-workspace/.derivedData/Build/Intermediates.noindex/Scalar2D.build/Debug/Scalar2D_CoreGraphics-t.build/Objects-normal/arm64/Scalar2D_CoreGraphics.SwiftConstValuesFileList --force --compile-time-extraction --deployment-aware-processing --no-app-shortcuts-localization
2026-09-17 20:28:41.489 appintentsmetadataprocessor[831:5190] Starting appintentsmetadataprocessor export
2026-09-17 20:28:41.595 appintentsmetadataprocessor[831:5190] Extracted no relevant App Intents symbols, skipping writing output
SwiftCompile normal arm64 Compiling\ SVGElements+CoreGraphics.swift /Users/admin/builder/spi-builder-workspace/SVG/Sources/SVGElements+CoreGraphics.swift (in target 'Scalar2D_SVG' from project 'Scalar2D')
SwiftCompile normal arm64 /Users/admin/builder/spi-builder-workspace/SVG/Sources/SVGElements+CoreGraphics.swift (in target 'Scalar2D_SVG' from project 'Scalar2D')
cd /Users/admin/builder/spi-builder-workspace/.swiftpm/xcode
builtin-SwiftPerFileCompile SVGElements+CoreGraphics.swift
SwiftEmitModule normal arm64 Emitting\ module\ for\ Scalar2D_SVG (in target 'Scalar2D_SVG' from project 'Scalar2D')
SwiftCompile normal arm64 (in target 'Scalar2D_SVG' from project 'Scalar2D')
cd /Users/admin/builder/spi-builder-workspace/.swiftpm/xcode
SwiftCompile normal arm64 Compiling\ DocumentContext.swift /Users/admin/builder/spi-builder-workspace/SVG/Sources/DocumentContext.swift (in target 'Scalar2D_SVG' from project 'Scalar2D')
SwiftCompile normal arm64 /Users/admin/builder/spi-builder-workspace/SVG/Sources/DocumentContext.swift (in target 'Scalar2D_SVG' from project 'Scalar2D')
cd /Users/admin/builder/spi-builder-workspace/.swiftpm/xcode
builtin-SwiftPerFileCompile DocumentContext.swift
SwiftCompile normal arm64 Compiling\ SVGElements.swift /Users/admin/builder/spi-builder-workspace/SVG/Sources/SVGElements.swift (in target 'Scalar2D_SVG' from project 'Scalar2D')
SwiftCompile normal arm64 /Users/admin/builder/spi-builder-workspace/SVG/Sources/SVGElements.swift (in target 'Scalar2D_SVG' from project 'Scalar2D')
cd /Users/admin/builder/spi-builder-workspace/.swiftpm/xcode
builtin-SwiftPerFileCompile SVGElements.swift
SwiftCompile normal arm64 Compiling\ DrawStyle.swift /Users/admin/builder/spi-builder-workspace/SVG/Sources/DrawStyle.swift (in target 'Scalar2D_SVG' from project 'Scalar2D')
SwiftCompile normal arm64 /Users/admin/builder/spi-builder-workspace/SVG/Sources/DrawStyle.swift (in target 'Scalar2D_SVG' from project 'Scalar2D')
cd /Users/admin/builder/spi-builder-workspace/.swiftpm/xcode
builtin-SwiftPerFileCompile DrawStyle.swift
SwiftDriverJobDiscovery normal arm64 Compiling SVGElements+CoreGraphics.swift (in target 'Scalar2D_SVG' from project 'Scalar2D')
SwiftDriverJobDiscovery normal arm64 Emitting module for Scalar2D_SVG (in target 'Scalar2D_SVG' from project 'Scalar2D')
SwiftDriver\ Compilation\ Requirements Scalar2D_SVG normal arm64 com.apple.xcode.tools.swift.compiler (in target 'Scalar2D_SVG' from project 'Scalar2D')
cd /Users/admin/builder/spi-builder-workspace/.swiftpm/xcode
builtin-Swift-Compilation-Requirements -- /Applications/Xcode-27.0.0-Release.Candidate.app/Contents/Developer/Toolchains/XcodeDefault.xctoolchain/usr/bin/swiftc -parse-as-library -module-name Scalar2D_SVG -Onone @/Users/admin/builder/spi-builder-workspace/.derivedData/Build/Intermediates.noindex/Scalar2D.build/Debug/Scalar2D_SVG-t.build/Objects-normal/arm64/Scalar2D_SVG.SwiftFileList -DSWIFT_PACKAGE -DDEBUG -DSWIFT_MODULE_RESOURCE_BUNDLE_UNAVAILABLE -DXcode -plugin-path /Applications/Xcode-27.0.0-Release.Candidate.app/Contents/Developer/Toolchains/XcodeDefault.xctoolchain/usr/lib/swift/host/plugins/testing -enable-experimental-feature DebugDescriptionMacro -sdk /Applications/Xcode-27.0.0-Release.Candidate.app/Contents/Developer/Platforms/MacOSX.platform/Developer/SDKs/MacOSX27.0.sdk -target arm64-apple-macos12.0 -g -module-cache-path /Users/admin/builder/spi-builder-workspace/.derivedData/ModuleCache.noindex -Xfrontend -serialize-debugging-options -profile-coverage-mapping -profile-generate -enable-testing -index-store-path /Users/admin/builder/spi-builder-workspace/.derivedData/Index.noindex/DataStore -Xcc -D_LIBCPP_HARDENING_MODE\=_LIBCPP_HARDENING_MODE_DEBUG -swift-version 5 -I /Users/admin/builder/spi-builder-workspace/.derivedData/Build/Products/Debug -Isystem /Applications/Xcode-27.0.0-Release.Candidate.app/Contents/Developer/Platforms/MacOSX.platform/Developer/usr/lib -F /Users/admin/builder/spi-builder-workspace/.derivedData/Build/Products/Debug/PackageFrameworks -F /Users/admin/builder/spi-builder-workspace/.derivedData/Build/Products/Debug -F /Applications/Xcode-27.0.0-Release.Candidate.app/Contents/Developer/Platforms/MacOSX.platform/Developer/Library/Frameworks -c -j10 -enable-batch-mode -incremental -Xcc -ivfsstatcache -Xcc /Users/admin/builder/spi-builder-workspace/.derivedData/SDKStatCaches.noindex/macosx27.0-26A425-e829b21a6f8c9b70876ba0858053c0446a22442a12e9d48fe1a705f55a1adfc4.sdkstatcache -output-file-map /Users/admin/builder/spi-builder-workspace/.derivedData/Build/Intermediates.noindex/Scalar2D.build/Debug/Scalar2D_SVG-t.build/Objects-normal/arm64/Scalar2D_SVG-OutputFileMap.json -save-temps -no-color-diagnostics -explicit-module-build -module-cache-path /Users/admin/builder/spi-builder-workspace/.derivedData/Build/Intermediates.noindex/SwiftExplicitPrecompiledModules -clang-scanner-module-cache-path /Users/admin/builder/spi-builder-workspace/.derivedData/ModuleCache.noindex -sdk-module-cache-path /Users/admin/builder/spi-builder-workspace/.derivedData/SDKExplicitPrecompiledModules -emit-dependencies -emit-module -emit-module-path /Users/admin/builder/spi-builder-workspace/.derivedData/Build/Intermediates.noindex/Scalar2D.build/Debug/Scalar2D_SVG-t.build/Objects-normal/arm64/Scalar2D_SVG.swiftmodule -serialize-diagnostics -dependency-scan-serialize-diagnostics-path /Users/admin/builder/spi-builder-workspace/.derivedData/Build/Intermediates.noindex/Scalar2D.build/Debug/Scalar2D_SVG-t.build/Objects-normal/arm64/Scalar2D_SVG-dependency-scan.dia -validate-clang-modules-once -clang-build-session-file /Users/admin/builder/spi-builder-workspace/.derivedData/ModuleCache.noindex/Session.modulevalidation -Xcc -fmodules-prune-interval\=86400 -Xcc -fmodules-prune-after\=345600 -emit-const-values -const-gather-protocols-list /Users/admin/builder/spi-builder-workspace/.derivedData/Build/Intermediates.noindex/Scalar2D.build/Debug/Scalar2D_SVG-t.build/Objects-normal/arm64/Scalar2D_SVG_const_extract_protocols.json -Xcc -I/Users/admin/builder/spi-builder-workspace/.derivedData/Build/Products/Debug/include -Xcc -I/Users/admin/builder/spi-builder-workspace/.derivedData/Build/Intermediates.noindex/Scalar2D.build/Debug/Scalar2D_SVG-t.build/DerivedSources-normal/arm64 -Xcc -I/Users/admin/builder/spi-builder-workspace/.derivedData/Build/Intermediates.noindex/Scalar2D.build/Debug/Scalar2D_SVG-t.build/DerivedSources/arm64 -Xcc -I/Users/admin/builder/spi-builder-workspace/.derivedData/Build/Intermediates.noindex/Scalar2D.build/Debug/Scalar2D_SVG-t.build/DerivedSources -Xcc -DSWIFT_PACKAGE -Xcc -DDEBUG\=1 -emit-objc-header -emit-objc-header-path /Users/admin/builder/spi-builder-workspace/.derivedData/Build/Intermediates.noindex/Scalar2D.build/Debug/Scalar2D_SVG-t.build/Objects-normal/arm64/Scalar2D_SVG-Swift.h -working-directory /Users/admin/builder/spi-builder-workspace/.swiftpm/xcode -experimental-emit-module-separately -disable-cmo
SwiftMergeGeneratedHeaders /Users/admin/builder/spi-builder-workspace/.derivedData/Build/Intermediates.noindex/GeneratedModuleMaps/Scalar2D_SVG-Swift.h /Users/admin/builder/spi-builder-workspace/.derivedData/Build/Intermediates.noindex/Scalar2D.build/Debug/Scalar2D_SVG-t.build/Objects-normal/arm64/Scalar2D_SVG-Swift.h (in target 'Scalar2D_SVG' from project 'Scalar2D')
cd /Users/admin/builder/spi-builder-workspace
builtin-swiftHeaderTool -arch arm64 /Users/admin/builder/spi-builder-workspace/.derivedData/Build/Intermediates.noindex/Scalar2D.build/Debug/Scalar2D_SVG-t.build/Objects-normal/arm64/Scalar2D_SVG-Swift.h -o /Users/admin/builder/spi-builder-workspace/.derivedData/Build/Intermediates.noindex/GeneratedModuleMaps/Scalar2D_SVG-Swift.h
Copy /Users/admin/builder/spi-builder-workspace/.derivedData/Build/Products/Debug/Scalar2D_SVG.swiftmodule/arm64-apple-macos.swiftmodule /Users/admin/builder/spi-builder-workspace/.derivedData/Build/Intermediates.noindex/Scalar2D.build/Debug/Scalar2D_SVG-t.build/Objects-normal/arm64/Scalar2D_SVG.swiftmodule (in target 'Scalar2D_SVG' from project 'Scalar2D')
cd /Users/admin/builder/spi-builder-workspace
builtin-copy -exclude .DS_Store -exclude CVS -exclude .svn -exclude .git -exclude .hg -resolve-src-symlinks -rename /Users/admin/builder/spi-builder-workspace/.derivedData/Build/Intermediates.noindex/Scalar2D.build/Debug/Scalar2D_SVG-t.build/Objects-normal/arm64/Scalar2D_SVG.swiftmodule /Users/admin/builder/spi-builder-workspace/.derivedData/Build/Products/Debug/Scalar2D_SVG.swiftmodule/arm64-apple-macos.swiftmodule
Copy /Users/admin/builder/spi-builder-workspace/.derivedData/Build/Products/Debug/Scalar2D_SVG.swiftmodule/arm64-apple-macos.swiftdoc /Users/admin/builder/spi-builder-workspace/.derivedData/Build/Intermediates.noindex/Scalar2D.build/Debug/Scalar2D_SVG-t.build/Objects-normal/arm64/Scalar2D_SVG.swiftdoc (in target 'Scalar2D_SVG' from project 'Scalar2D')
cd /Users/admin/builder/spi-builder-workspace
builtin-copy -exclude .DS_Store -exclude CVS -exclude .svn -exclude .git -exclude .hg -resolve-src-symlinks -rename /Users/admin/builder/spi-builder-workspace/.derivedData/Build/Intermediates.noindex/Scalar2D.build/Debug/Scalar2D_SVG-t.build/Objects-normal/arm64/Scalar2D_SVG.swiftdoc /Users/admin/builder/spi-builder-workspace/.derivedData/Build/Products/Debug/Scalar2D_SVG.swiftmodule/arm64-apple-macos.swiftdoc
Copy /Users/admin/builder/spi-builder-workspace/.derivedData/Build/Products/Debug/Scalar2D_SVG.swiftmodule/arm64-apple-macos.abi.json /Users/admin/builder/spi-builder-workspace/.derivedData/Build/Intermediates.noindex/Scalar2D.build/Debug/Scalar2D_SVG-t.build/Objects-normal/arm64/Scalar2D_SVG.abi.json (in target 'Scalar2D_SVG' from project 'Scalar2D')
cd /Users/admin/builder/spi-builder-workspace
builtin-copy -exclude .DS_Store -exclude CVS -exclude .svn -exclude .git -exclude .hg -resolve-src-symlinks -rename /Users/admin/builder/spi-builder-workspace/.derivedData/Build/Intermediates.noindex/Scalar2D.build/Debug/Scalar2D_SVG-t.build/Objects-normal/arm64/Scalar2D_SVG.abi.json /Users/admin/builder/spi-builder-workspace/.derivedData/Build/Products/Debug/Scalar2D_SVG.swiftmodule/arm64-apple-macos.abi.json
Copy /Users/admin/builder/spi-builder-workspace/.derivedData/Build/Products/Debug/Scalar2D_SVG.swiftmodule/Project/arm64-apple-macos.swiftsourceinfo /Users/admin/builder/spi-builder-workspace/.derivedData/Build/Intermediates.noindex/Scalar2D.build/Debug/Scalar2D_SVG-t.build/Objects-normal/arm64/Scalar2D_SVG.swiftsourceinfo (in target 'Scalar2D_SVG' from project 'Scalar2D')
cd /Users/admin/builder/spi-builder-workspace
builtin-copy -exclude .DS_Store -exclude CVS -exclude .svn -exclude .git -exclude .hg -resolve-src-symlinks -rename /Users/admin/builder/spi-builder-workspace/.derivedData/Build/Intermediates.noindex/Scalar2D.build/Debug/Scalar2D_SVG-t.build/Objects-normal/arm64/Scalar2D_SVG.swiftsourceinfo /Users/admin/builder/spi-builder-workspace/.derivedData/Build/Products/Debug/Scalar2D_SVG.swiftmodule/Project/arm64-apple-macos.swiftsourceinfo
SwiftDriverJobDiscovery normal arm64 Compiling DocumentContext.swift (in target 'Scalar2D_SVG' from project 'Scalar2D')
SwiftDriverJobDiscovery normal arm64 Compiling SVGElements.swift (in target 'Scalar2D_SVG' from project 'Scalar2D')
SwiftDriverJobDiscovery normal arm64 Compiling DrawStyle.swift (in target 'Scalar2D_SVG' from project 'Scalar2D')
SwiftDriver\ Compilation Scalar2D_SVG normal arm64 com.apple.xcode.tools.swift.compiler (in target 'Scalar2D_SVG' from project 'Scalar2D')
cd /Users/admin/builder/spi-builder-workspace/.swiftpm/xcode
builtin-Swift-Compilation -- /Applications/Xcode-27.0.0-Release.Candidate.app/Contents/Developer/Toolchains/XcodeDefault.xctoolchain/usr/bin/swiftc -parse-as-library -module-name Scalar2D_SVG -Onone @/Users/admin/builder/spi-builder-workspace/.derivedData/Build/Intermediates.noindex/Scalar2D.build/Debug/Scalar2D_SVG-t.build/Objects-normal/arm64/Scalar2D_SVG.SwiftFileList -DSWIFT_PACKAGE -DDEBUG -DSWIFT_MODULE_RESOURCE_BUNDLE_UNAVAILABLE -DXcode -plugin-path /Applications/Xcode-27.0.0-Release.Candidate.app/Contents/Developer/Toolchains/XcodeDefault.xctoolchain/usr/lib/swift/host/plugins/testing -enable-experimental-feature DebugDescriptionMacro -sdk /Applications/Xcode-27.0.0-Release.Candidate.app/Contents/Developer/Platforms/MacOSX.platform/Developer/SDKs/MacOSX27.0.sdk -target arm64-apple-macos12.0 -g -module-cache-path /Users/admin/builder/spi-builder-workspace/.derivedData/ModuleCache.noindex -Xfrontend -serialize-debugging-options -profile-coverage-mapping -profile-generate -enable-testing -index-store-path /Users/admin/builder/spi-builder-workspace/.derivedData/Index.noindex/DataStore -Xcc -D_LIBCPP_HARDENING_MODE\=_LIBCPP_HARDENING_MODE_DEBUG -swift-version 5 -I /Users/admin/builder/spi-builder-workspace/.derivedData/Build/Products/Debug -Isystem /Applications/Xcode-27.0.0-Release.Candidate.app/Contents/Developer/Platforms/MacOSX.platform/Developer/usr/lib -F /Users/admin/builder/spi-builder-workspace/.derivedData/Build/Products/Debug/PackageFrameworks -F /Users/admin/builder/spi-builder-workspace/.derivedData/Build/Products/Debug -F /Applications/Xcode-27.0.0-Release.Candidate.app/Contents/Developer/Platforms/MacOSX.platform/Developer/Library/Frameworks -c -j10 -enable-batch-mode -incremental -Xcc -ivfsstatcache -Xcc /Users/admin/builder/spi-builder-workspace/.derivedData/SDKStatCaches.noindex/macosx27.0-26A425-e829b21a6f8c9b70876ba0858053c0446a22442a12e9d48fe1a705f55a1adfc4.sdkstatcache -output-file-map /Users/admin/builder/spi-builder-workspace/.derivedData/Build/Intermediates.noindex/Scalar2D.build/Debug/Scalar2D_SVG-t.build/Objects-normal/arm64/Scalar2D_SVG-OutputFileMap.json -save-temps -no-color-diagnostics -explicit-module-build -module-cache-path /Users/admin/builder/spi-builder-workspace/.derivedData/Build/Intermediates.noindex/SwiftExplicitPrecompiledModules -clang-scanner-module-cache-path /Users/admin/builder/spi-builder-workspace/.derivedData/ModuleCache.noindex -sdk-module-cache-path /Users/admin/builder/spi-builder-workspace/.derivedData/SDKExplicitPrecompiledModules -emit-dependencies -emit-module -emit-module-path /Users/admin/builder/spi-builder-workspace/.derivedData/Build/Intermediates.noindex/Scalar2D.build/Debug/Scalar2D_SVG-t.build/Objects-normal/arm64/Scalar2D_SVG.swiftmodule -serialize-diagnostics -dependency-scan-serialize-diagnostics-path /Users/admin/builder/spi-builder-workspace/.derivedData/Build/Intermediates.noindex/Scalar2D.build/Debug/Scalar2D_SVG-t.build/Objects-normal/arm64/Scalar2D_SVG-dependency-scan.dia -validate-clang-modules-once -clang-build-session-file /Users/admin/builder/spi-builder-workspace/.derivedData/ModuleCache.noindex/Session.modulevalidation -Xcc -fmodules-prune-interval\=86400 -Xcc -fmodules-prune-after\=345600 -emit-const-values -const-gather-protocols-list /Users/admin/builder/spi-builder-workspace/.derivedData/Build/Intermediates.noindex/Scalar2D.build/Debug/Scalar2D_SVG-t.build/Objects-normal/arm64/Scalar2D_SVG_const_extract_protocols.json -Xcc -I/Users/admin/builder/spi-builder-workspace/.derivedData/Build/Products/Debug/include -Xcc -I/Users/admin/builder/spi-builder-workspace/.derivedData/Build/Intermediates.noindex/Scalar2D.build/Debug/Scalar2D_SVG-t.build/DerivedSources-normal/arm64 -Xcc -I/Users/admin/builder/spi-builder-workspace/.derivedData/Build/Intermediates.noindex/Scalar2D.build/Debug/Scalar2D_SVG-t.build/DerivedSources/arm64 -Xcc -I/Users/admin/builder/spi-builder-workspace/.derivedData/Build/Intermediates.noindex/Scalar2D.build/Debug/Scalar2D_SVG-t.build/DerivedSources -Xcc -DSWIFT_PACKAGE -Xcc -DDEBUG\=1 -emit-objc-header -emit-objc-header-path /Users/admin/builder/spi-builder-workspace/.derivedData/Build/Intermediates.noindex/Scalar2D.build/Debug/Scalar2D_SVG-t.build/Objects-normal/arm64/Scalar2D_SVG-Swift.h -working-directory /Users/admin/builder/spi-builder-workspace/.swiftpm/xcode -experimental-emit-module-separately -disable-cmo
Ld /Users/admin/builder/spi-builder-workspace/.derivedData/Build/Products/Debug/Scalar2D_SVG.o normal (in target 'Scalar2D_SVG' from project 'Scalar2D')
cd /Users/admin/builder/spi-builder-workspace
/Applications/Xcode-27.0.0-Release.Candidate.app/Contents/Developer/Toolchains/XcodeDefault.xctoolchain/usr/bin/clang -Xlinker -reproducible -target arm64-apple-macos12.0 -r -isysroot /Applications/Xcode-27.0.0-Release.Candidate.app/Contents/Developer/Platforms/MacOSX.platform/Developer/SDKs/MacOSX27.0.sdk -O0 -Xlinker -no_warn_duplicate_libraries -F/Users/admin/builder/spi-builder-workspace/.derivedData/Build/Intermediates.noindex/EagerLinkingTBDs/Debug -F/Users/admin/builder/spi-builder-workspace/.derivedData/Build/Products/Debug/PackageFrameworks -F/Users/admin/builder/spi-builder-workspace/.derivedData/Build/Products/Debug -iframework /Applications/Xcode-27.0.0-Release.Candidate.app/Contents/Developer/Platforms/MacOSX.platform/Developer/Library/Frameworks -filelist /Users/admin/builder/spi-builder-workspace/.derivedData/Build/Intermediates.noindex/Scalar2D.build/Debug/Scalar2D_SVG-t.build/Objects-normal/arm64/Scalar2D_SVG.LinkFileList -nostdlib -Xlinker -object_path_lto -Xlinker /Users/admin/builder/spi-builder-workspace/.derivedData/Build/Intermediates.noindex/Scalar2D.build/Debug/Scalar2D_SVG-t.build/Objects-normal/arm64/Scalar2D_SVG_lto.o -Xlinker -no_deduplicate -Xlinker -debug_variant -Xlinker -dependency_info -Xlinker /Users/admin/builder/spi-builder-workspace/.derivedData/Build/Intermediates.noindex/Scalar2D.build/Debug/Scalar2D_SVG-t.build/Objects-normal/arm64/Scalar2D_SVG_dependency_info.dat -fobjc-link-runtime -L/Applications/Xcode-27.0.0-Release.Candidate.app/Contents/Developer/Toolchains/XcodeDefault.xctoolchain/usr/lib/swift/macosx -L/usr/lib/swift -Xlinker -add_ast_path -Xlinker /Users/admin/builder/spi-builder-workspace/.derivedData/Build/Intermediates.noindex/Scalar2D.build/Debug/Scalar2D_SVG-t.build/Objects-normal/arm64/Scalar2D_SVG.swiftmodule -o /Users/admin/builder/spi-builder-workspace/.derivedData/Build/Products/Debug/Scalar2D_SVG.o
ExtractAppIntentsMetadata (in target 'Scalar2D_SVG' from project 'Scalar2D')
cd /Users/admin/builder/spi-builder-workspace
/Applications/Xcode-27.0.0-Release.Candidate.app/Contents/Developer/Toolchains/XcodeDefault.xctoolchain/usr/bin/appintentsmetadataprocessor --toolchain-dir /var/run/com.apple.security.cryptexd/mnt/com.apple.MobileAsset.MetalToolchain-v27.1.266.1.SlooGq/Metal.xctoolchain --module-name Scalar2D_SVG --sdk-root /Applications/Xcode-27.0.0-Release.Candidate.app/Contents/Developer/Platforms/MacOSX.platform/Developer/SDKs/MacOSX27.0.sdk --xcode-version 27A266a --platform-family macOS --deployment-target 12.0 --bundle-identifier spi-builder-workspace.Scalar2D-SVG --output /Users/admin/builder/spi-builder-workspace/.derivedData/Build/Products/Debug/Scalar2D_SVG.appintents --target-triple arm64-apple-macos12.0 --binary-file /Users/admin/builder/spi-builder-workspace/.derivedData/Build/Products/Debug/Scalar2D_SVG.o --dependency-file /Users/admin/builder/spi-builder-workspace/.derivedData/Build/Intermediates.noindex/Scalar2D.build/Debug/Scalar2D_SVG-t.build/Objects-normal/arm64/Scalar2D_SVG_dependency_info.dat --stringsdata-file /Users/admin/builder/spi-builder-workspace/.derivedData/Build/Intermediates.noindex/Scalar2D.build/Debug/Scalar2D_SVG-t.build/Objects-normal/arm64/ExtractedAppShortcutsMetadata.stringsdata --source-file-list /Users/admin/builder/spi-builder-workspace/.derivedData/Build/Intermediates.noindex/Scalar2D.build/Debug/Scalar2D_SVG-t.build/Objects-normal/arm64/Scalar2D_SVG.SwiftFileList --metadata-file-list /Users/admin/builder/spi-builder-workspace/.derivedData/Build/Intermediates.noindex/Scalar2D.build/Debug/Scalar2D_SVG-t.build/Scalar2D_SVG.DependencyMetadataFileList --static-metadata-file-list /Users/admin/builder/spi-builder-workspace/.derivedData/Build/Intermediates.noindex/Scalar2D.build/Debug/Scalar2D_SVG-t.build/Scalar2D_SVG.DependencyStaticMetadataFileList --swift-const-vals-list /Users/admin/builder/spi-builder-workspace/.derivedData/Build/Intermediates.noindex/Scalar2D.build/Debug/Scalar2D_SVG-t.build/Objects-normal/arm64/Scalar2D_SVG.SwiftConstValuesFileList --force --compile-time-extraction --deployment-aware-processing --no-app-shortcuts-localization
2026-09-17 20:28:41.962 appintentsmetadataprocessor[839:5387] Starting appintentsmetadataprocessor export
2026-09-17 20:28:42.031 appintentsmetadataprocessor[839:5387] Extracted no relevant App Intents symbols, skipping writing output
SwiftCompile normal arm64 Compiling\ PathViewLayer.swift /Users/admin/builder/spi-builder-workspace/Views/CrossPlatform/Sources/PathViewLayer.swift (in target 'Scalar2D_CoreViews' from project 'Scalar2D')
SwiftCompile normal arm64 /Users/admin/builder/spi-builder-workspace/Views/CrossPlatform/Sources/PathViewLayer.swift (in target 'Scalar2D_CoreViews' from project 'Scalar2D')
cd /Users/admin/builder/spi-builder-workspace/.swiftpm/xcode
builtin-SwiftPerFileCompile PathViewLayer.swift
SwiftEmitModule normal arm64 Emitting\ module\ for\ Scalar2D_CoreViews (in target 'Scalar2D_CoreViews' from project 'Scalar2D')
/Users/admin/builder/spi-builder-workspace/Views/CrossPlatform/Sources/CAShapeLayer+Style.swift:109:1: warning: extension declares a conformance of imported type 'CAShapeLayer' to imported protocol 'StyleAcceptor'; this will not behave correctly if the owners of 'QuartzCore' introduce this conformance in the future
107 | }
108 |
109 | extension CAShapeLayer : StyleAcceptor
| |- warning: extension declares a conformance of imported type 'CAShapeLayer' to imported protocol 'StyleAcceptor'; this will not behave correctly if the owners of 'QuartzCore' introduce this conformance in the future
| `- note: add '@retroactive' to silence this warning
110 | {
111 | public func accept(key: PropertyKey, property: StyleProperty, context: NativeRenderingContext) -> Bool
SwiftCompile normal arm64 (in target 'Scalar2D_CoreViews' from project 'Scalar2D')
cd /Users/admin/builder/spi-builder-workspace/.swiftpm/xcode
SwiftCompile normal arm64 Compiling\ CAShapeLayer+Style.swift /Users/admin/builder/spi-builder-workspace/Views/CrossPlatform/Sources/CAShapeLayer+Style.swift (in target 'Scalar2D_CoreViews' from project 'Scalar2D')
/Users/admin/builder/spi-builder-workspace/Views/CrossPlatform/Sources/CAShapeLayer+Style.swift:109:1: warning: extension declares a conformance of imported type 'CAShapeLayer' to imported protocol 'StyleAcceptor'; this will not behave correctly if the owners of 'QuartzCore' introduce this conformance in the future
107 | }
108 |
109 | extension CAShapeLayer : StyleAcceptor
| |- warning: extension declares a conformance of imported type 'CAShapeLayer' to imported protocol 'StyleAcceptor'; this will not behave correctly if the owners of 'QuartzCore' introduce this conformance in the future
| `- note: add '@retroactive' to silence this warning
110 | {
111 | public func accept(key: PropertyKey, property: StyleProperty, context: NativeRenderingContext) -> Bool
SwiftCompile normal arm64 /Users/admin/builder/spi-builder-workspace/Views/CrossPlatform/Sources/CAShapeLayer+Style.swift (in target 'Scalar2D_CoreViews' from project 'Scalar2D')
cd /Users/admin/builder/spi-builder-workspace/.swiftpm/xcode
builtin-SwiftPerFileCompile CAShapeLayer+Style.swift
SwiftCompile normal arm64 Compiling\ StyleableObject.swift /Users/admin/builder/spi-builder-workspace/Views/CrossPlatform/Sources/StyleableObject.swift (in target 'Scalar2D_CoreViews' from project 'Scalar2D')
SwiftCompile normal arm64 /Users/admin/builder/spi-builder-workspace/Views/CrossPlatform/Sources/StyleableObject.swift (in target 'Scalar2D_CoreViews' from project 'Scalar2D')
cd /Users/admin/builder/spi-builder-workspace/.swiftpm/xcode
builtin-SwiftPerFileCompile StyleableObject.swift
SwiftCompile normal arm64 Compiling\ PathView+Cross.swift /Users/admin/builder/spi-builder-workspace/Views/CrossPlatform/Sources/PathView+Cross.swift (in target 'Scalar2D_CoreViews' from project 'Scalar2D')
SwiftCompile normal arm64 /Users/admin/builder/spi-builder-workspace/Views/CrossPlatform/Sources/PathView+Cross.swift (in target 'Scalar2D_CoreViews' from project 'Scalar2D')
cd /Users/admin/builder/spi-builder-workspace/.swiftpm/xcode
builtin-SwiftPerFileCompile PathView+Cross.swift
SwiftExplicitDependencyGeneratePcm arm64 /Users/admin/builder/spi-builder-workspace/.derivedData/SDKExplicitPrecompiledModules/CoreAudioTypes-EEH2XZ47XX4YM3FOOISUYVRQE.pcm
SwiftExplicitDependencyGeneratePcm arm64 /Users/admin/builder/spi-builder-workspace/.derivedData/SDKExplicitPrecompiledModules/SwiftUI-5IEOINZEJ69OCDVRMHPS5W4XI.pcm
SwiftDriverJobDiscovery normal arm64 Compiling StyleableObject.swift (in target 'Scalar2D_CoreViews' from project 'Scalar2D')
SwiftExplicitDependencyGeneratePcm arm64 /Users/admin/builder/spi-builder-workspace/.derivedData/SDKExplicitPrecompiledModules/CoreAudio-8XPVZMQXZVBU162UQPW77JTL1.pcm
SwiftDriverJobDiscovery normal arm64 Emitting module for Scalar2D_CoreViews (in target 'Scalar2D_CoreViews' from project 'Scalar2D')
SwiftDriver\ Compilation\ Requirements Scalar2D_CoreViews normal arm64 com.apple.xcode.tools.swift.compiler (in target 'Scalar2D_CoreViews' from project 'Scalar2D')
cd /Users/admin/builder/spi-builder-workspace/.swiftpm/xcode
builtin-Swift-Compilation-Requirements -- /Applications/Xcode-27.0.0-Release.Candidate.app/Contents/Developer/Toolchains/XcodeDefault.xctoolchain/usr/bin/swiftc -parse-as-library -module-name Scalar2D_CoreViews -Onone @/Users/admin/builder/spi-builder-workspace/.derivedData/Build/Intermediates.noindex/Scalar2D.build/Debug/Scalar2D_CoreViews-t.build/Objects-normal/arm64/Scalar2D_CoreViews.SwiftFileList -DSWIFT_PACKAGE -DDEBUG -DSWIFT_MODULE_RESOURCE_BUNDLE_UNAVAILABLE -DXcode -plugin-path /Applications/Xcode-27.0.0-Release.Candidate.app/Contents/Developer/Toolchains/XcodeDefault.xctoolchain/usr/lib/swift/host/plugins/testing -enable-experimental-feature DebugDescriptionMacro -sdk /Applications/Xcode-27.0.0-Release.Candidate.app/Contents/Developer/Platforms/MacOSX.platform/Developer/SDKs/MacOSX27.0.sdk -target arm64-apple-macos12.0 -g -module-cache-path /Users/admin/builder/spi-builder-workspace/.derivedData/ModuleCache.noindex -Xfrontend -serialize-debugging-options -profile-coverage-mapping -profile-generate -enable-testing -index-store-path /Users/admin/builder/spi-builder-workspace/.derivedData/Index.noindex/DataStore -Xcc -D_LIBCPP_HARDENING_MODE\=_LIBCPP_HARDENING_MODE_DEBUG -swift-version 5 -I /Users/admin/builder/spi-builder-workspace/.derivedData/Build/Products/Debug -Isystem /Applications/Xcode-27.0.0-Release.Candidate.app/Contents/Developer/Platforms/MacOSX.platform/Developer/usr/lib -F /Users/admin/builder/spi-builder-workspace/.derivedData/Build/Products/Debug/PackageFrameworks -F /Users/admin/builder/spi-builder-workspace/.derivedData/Build/Products/Debug -F /Applications/Xcode-27.0.0-Release.Candidate.app/Contents/Developer/Platforms/MacOSX.platform/Developer/Library/Frameworks -c -j10 -enable-batch-mode -incremental -Xcc -ivfsstatcache -Xcc /Users/admin/builder/spi-builder-workspace/.derivedData/SDKStatCaches.noindex/macosx27.0-26A425-e829b21a6f8c9b70876ba0858053c0446a22442a12e9d48fe1a705f55a1adfc4.sdkstatcache -output-file-map /Users/admin/builder/spi-builder-workspace/.derivedData/Build/Intermediates.noindex/Scalar2D.build/Debug/Scalar2D_CoreViews-t.build/Objects-normal/arm64/Scalar2D_CoreViews-OutputFileMap.json -save-temps -no-color-diagnostics -explicit-module-build -module-cache-path /Users/admin/builder/spi-builder-workspace/.derivedData/Build/Intermediates.noindex/SwiftExplicitPrecompiledModules -clang-scanner-module-cache-path /Users/admin/builder/spi-builder-workspace/.derivedData/ModuleCache.noindex -sdk-module-cache-path /Users/admin/builder/spi-builder-workspace/.derivedData/SDKExplicitPrecompiledModules -emit-dependencies -emit-module -emit-module-path /Users/admin/builder/spi-builder-workspace/.derivedData/Build/Intermediates.noindex/Scalar2D.build/Debug/Scalar2D_CoreViews-t.build/Objects-normal/arm64/Scalar2D_CoreViews.swiftmodule -serialize-diagnostics -dependency-scan-serialize-diagnostics-path /Users/admin/builder/spi-builder-workspace/.derivedData/Build/Intermediates.noindex/Scalar2D.build/Debug/Scalar2D_CoreViews-t.build/Objects-normal/arm64/Scalar2D_CoreViews-dependency-scan.dia -validate-clang-modules-once -clang-build-session-file /Users/admin/builder/spi-builder-workspace/.derivedData/ModuleCache.noindex/Session.modulevalidation -Xcc -fmodules-prune-interval\=86400 -Xcc -fmodules-prune-after\=345600 -emit-const-values -const-gather-protocols-list /Users/admin/builder/spi-builder-workspace/.derivedData/Build/Intermediates.noindex/Scalar2D.build/Debug/Scalar2D_CoreViews-t.build/Objects-normal/arm64/Scalar2D_CoreViews_const_extract_protocols.json -Xcc -I/Users/admin/builder/spi-builder-workspace/.derivedData/Build/Products/Debug/include -Xcc -I/Users/admin/builder/spi-builder-workspace/.derivedData/Build/Intermediates.noindex/Scalar2D.build/Debug/Scalar2D_CoreViews-t.build/DerivedSources-normal/arm64 -Xcc -I/Users/admin/builder/spi-builder-workspace/.derivedData/Build/Intermediates.noindex/Scalar2D.build/Debug/Scalar2D_CoreViews-t.build/DerivedSources/arm64 -Xcc -I/Users/admin/builder/spi-builder-workspace/.derivedData/Build/Intermediates.noindex/Scalar2D.build/Debug/Scalar2D_CoreViews-t.build/DerivedSources -Xcc -DSWIFT_PACKAGE -Xcc -DDEBUG\=1 -emit-objc-header -emit-objc-header-path /Users/admin/builder/spi-builder-workspace/.derivedData/Build/Intermediates.noindex/Scalar2D.build/Debug/Scalar2D_CoreViews-t.build/Objects-normal/arm64/Scalar2D_CoreViews-Swift.h -working-directory /Users/admin/builder/spi-builder-workspace/.swiftpm/xcode -experimental-emit-module-separately -disable-cmo
SwiftMergeGeneratedHeaders /Users/admin/builder/spi-builder-workspace/.derivedData/Build/Intermediates.noindex/GeneratedModuleMaps/Scalar2D_CoreViews-Swift.h /Users/admin/builder/spi-builder-workspace/.derivedData/Build/Intermediates.noindex/Scalar2D.build/Debug/Scalar2D_CoreViews-t.build/Objects-normal/arm64/Scalar2D_CoreViews-Swift.h (in target 'Scalar2D_CoreViews' from project 'Scalar2D')
cd /Users/admin/builder/spi-builder-workspace
builtin-swiftHeaderTool -arch arm64 /Users/admin/builder/spi-builder-workspace/.derivedData/Build/Intermediates.noindex/Scalar2D.build/Debug/Scalar2D_CoreViews-t.build/Objects-normal/arm64/Scalar2D_CoreViews-Swift.h -o /Users/admin/builder/spi-builder-workspace/.derivedData/Build/Intermediates.noindex/GeneratedModuleMaps/Scalar2D_CoreViews-Swift.h
Copy /Users/admin/builder/spi-builder-workspace/.derivedData/Build/Products/Debug/Scalar2D_CoreViews.swiftmodule/arm64-apple-macos.swiftdoc /Users/admin/builder/spi-builder-workspace/.derivedData/Build/Intermediates.noindex/Scalar2D.build/Debug/Scalar2D_CoreViews-t.build/Objects-normal/arm64/Scalar2D_CoreViews.swiftdoc (in target 'Scalar2D_CoreViews' from project 'Scalar2D')
cd /Users/admin/builder/spi-builder-workspace
builtin-copy -exclude .DS_Store -exclude CVS -exclude .svn -exclude .git -exclude .hg -resolve-src-symlinks -rename /Users/admin/builder/spi-builder-workspace/.derivedData/Build/Intermediates.noindex/Scalar2D.build/Debug/Scalar2D_CoreViews-t.build/Objects-normal/arm64/Scalar2D_CoreViews.swiftdoc /Users/admin/builder/spi-builder-workspace/.derivedData/Build/Products/Debug/Scalar2D_CoreViews.swiftmodule/arm64-apple-macos.swiftdoc
Copy /Users/admin/builder/spi-builder-workspace/.derivedData/Build/Products/Debug/Scalar2D_CoreViews.swiftmodule/arm64-apple-macos.swiftmodule /Users/admin/builder/spi-builder-workspace/.derivedData/Build/Intermediates.noindex/Scalar2D.build/Debug/Scalar2D_CoreViews-t.build/Objects-normal/arm64/Scalar2D_CoreViews.swiftmodule (in target 'Scalar2D_CoreViews' from project 'Scalar2D')
cd /Users/admin/builder/spi-builder-workspace
builtin-copy -exclude .DS_Store -exclude CVS -exclude .svn -exclude .git -exclude .hg -resolve-src-symlinks -rename /Users/admin/builder/spi-builder-workspace/.derivedData/Build/Intermediates.noindex/Scalar2D.build/Debug/Scalar2D_CoreViews-t.build/Objects-normal/arm64/Scalar2D_CoreViews.swiftmodule /Users/admin/builder/spi-builder-workspace/.derivedData/Build/Products/Debug/Scalar2D_CoreViews.swiftmodule/arm64-apple-macos.swiftmodule
Copy /Users/admin/builder/spi-builder-workspace/.derivedData/Build/Products/Debug/Scalar2D_CoreViews.swiftmodule/arm64-apple-macos.abi.json /Users/admin/builder/spi-builder-workspace/.derivedData/Build/Intermediates.noindex/Scalar2D.build/Debug/Scalar2D_CoreViews-t.build/Objects-normal/arm64/Scalar2D_CoreViews.abi.json (in target 'Scalar2D_CoreViews' from project 'Scalar2D')
cd /Users/admin/builder/spi-builder-workspace
builtin-copy -exclude .DS_Store -exclude CVS -exclude .svn -exclude .git -exclude .hg -resolve-src-symlinks -rename /Users/admin/builder/spi-builder-workspace/.derivedData/Build/Intermediates.noindex/Scalar2D.build/Debug/Scalar2D_CoreViews-t.build/Objects-normal/arm64/Scalar2D_CoreViews.abi.json /Users/admin/builder/spi-builder-workspace/.derivedData/Build/Products/Debug/Scalar2D_CoreViews.swiftmodule/arm64-apple-macos.abi.json
Copy /Users/admin/builder/spi-builder-workspace/.derivedData/Build/Products/Debug/Scalar2D_CoreViews.swiftmodule/Project/arm64-apple-macos.swiftsourceinfo /Users/admin/builder/spi-builder-workspace/.derivedData/Build/Intermediates.noindex/Scalar2D.build/Debug/Scalar2D_CoreViews-t.build/Objects-normal/arm64/Scalar2D_CoreViews.swiftsourceinfo (in target 'Scalar2D_CoreViews' from project 'Scalar2D')
cd /Users/admin/builder/spi-builder-workspace
builtin-copy -exclude .DS_Store -exclude CVS -exclude .svn -exclude .git -exclude .hg -resolve-src-symlinks -rename /Users/admin/builder/spi-builder-workspace/.derivedData/Build/Intermediates.noindex/Scalar2D.build/Debug/Scalar2D_CoreViews-t.build/Objects-normal/arm64/Scalar2D_CoreViews.swiftsourceinfo /Users/admin/builder/spi-builder-workspace/.derivedData/Build/Products/Debug/Scalar2D_CoreViews.swiftmodule/Project/arm64-apple-macos.swiftsourceinfo
SwiftDriver Scalar2D_UIKitViews normal arm64 com.apple.xcode.tools.swift.compiler (in target 'Scalar2D_UIKitViews' from project 'Scalar2D')
cd /Users/admin/builder/spi-builder-workspace/.swiftpm/xcode
builtin-SwiftDriver -- /Applications/Xcode-27.0.0-Release.Candidate.app/Contents/Developer/Toolchains/XcodeDefault.xctoolchain/usr/bin/swiftc -parse-as-library -module-name Scalar2D_UIKitViews -Onone @/Users/admin/builder/spi-builder-workspace/.derivedData/Build/Intermediates.noindex/Scalar2D.build/Debug/Scalar2D_UIKitViews-t.build/Objects-normal/arm64/Scalar2D_UIKitViews.SwiftFileList -DSWIFT_PACKAGE -DDEBUG -DSWIFT_MODULE_RESOURCE_BUNDLE_UNAVAILABLE -DXcode -plugin-path /Applications/Xcode-27.0.0-Release.Candidate.app/Contents/Developer/Toolchains/XcodeDefault.xctoolchain/usr/lib/swift/host/plugins/testing -enable-experimental-feature DebugDescriptionMacro -sdk /Applications/Xcode-27.0.0-Release.Candidate.app/Contents/Developer/Platforms/MacOSX.platform/Developer/SDKs/MacOSX27.0.sdk -target arm64-apple-macos12.0 -g -module-cache-path /Users/admin/builder/spi-builder-workspace/.derivedData/ModuleCache.noindex -Xfrontend -serialize-debugging-options -profile-coverage-mapping -profile-generate -enable-testing -index-store-path /Users/admin/builder/spi-builder-workspace/.derivedData/Index.noindex/DataStore -Xcc -D_LIBCPP_HARDENING_MODE\=_LIBCPP_HARDENING_MODE_DEBUG -swift-version 5 -I /Users/admin/builder/spi-builder-workspace/.derivedData/Build/Products/Debug -Isystem /Applications/Xcode-27.0.0-Release.Candidate.app/Contents/Developer/Platforms/MacOSX.platform/Developer/usr/lib -F /Users/admin/builder/spi-builder-workspace/.derivedData/Build/Products/Debug/PackageFrameworks -F /Users/admin/builder/spi-builder-workspace/.derivedData/Build/Products/Debug -F /Applications/Xcode-27.0.0-Release.Candidate.app/Contents/Developer/Platforms/MacOSX.platform/Developer/Library/Frameworks -c -j10 -enable-batch-mode -incremental -Xcc -ivfsstatcache -Xcc /Users/admin/builder/spi-builder-workspace/.derivedData/SDKStatCaches.noindex/macosx27.0-26A425-e829b21a6f8c9b70876ba0858053c0446a22442a12e9d48fe1a705f55a1adfc4.sdkstatcache -output-file-map /Users/admin/builder/spi-builder-workspace/.derivedData/Build/Intermediates.noindex/Scalar2D.build/Debug/Scalar2D_UIKitViews-t.build/Objects-normal/arm64/Scalar2D_UIKitViews-OutputFileMap.json -save-temps -no-color-diagnostics -explicit-module-build -module-cache-path /Users/admin/builder/spi-builder-workspace/.derivedData/Build/Intermediates.noindex/SwiftExplicitPrecompiledModules -clang-scanner-module-cache-path /Users/admin/builder/spi-builder-workspace/.derivedData/ModuleCache.noindex -sdk-module-cache-path /Users/admin/builder/spi-builder-workspace/.derivedData/SDKExplicitPrecompiledModules -emit-dependencies -emit-module -emit-module-path /Users/admin/builder/spi-builder-workspace/.derivedData/Build/Intermediates.noindex/Scalar2D.build/Debug/Scalar2D_UIKitViews-t.build/Objects-normal/arm64/Scalar2D_UIKitViews.swiftmodule -serialize-diagnostics -dependency-scan-serialize-diagnostics-path /Users/admin/builder/spi-builder-workspace/.derivedData/Build/Intermediates.noindex/Scalar2D.build/Debug/Scalar2D_UIKitViews-t.build/Objects-normal/arm64/Scalar2D_UIKitViews-dependency-scan.dia -validate-clang-modules-once -clang-build-session-file /Users/admin/builder/spi-builder-workspace/.derivedData/ModuleCache.noindex/Session.modulevalidation -Xcc -fmodules-prune-interval\=86400 -Xcc -fmodules-prune-after\=345600 -emit-const-values -const-gather-protocols-list /Users/admin/builder/spi-builder-workspace/.derivedData/Build/Intermediates.noindex/Scalar2D.build/Debug/Scalar2D_UIKitViews-t.build/Objects-normal/arm64/Scalar2D_UIKitViews_const_extract_protocols.json -Xcc -I/Users/admin/builder/spi-builder-workspace/.derivedData/Build/Products/Debug/include -Xcc -I/Users/admin/builder/spi-builder-workspace/.derivedData/Build/Intermediates.noindex/Scalar2D.build/Debug/Scalar2D_UIKitViews-t.build/DerivedSources-normal/arm64 -Xcc -I/Users/admin/builder/spi-builder-workspace/.derivedData/Build/Intermediates.noindex/Scalar2D.build/Debug/Scalar2D_UIKitViews-t.build/DerivedSources/arm64 -Xcc -I/Users/admin/builder/spi-builder-workspace/.derivedData/Build/Intermediates.noindex/Scalar2D.build/Debug/Scalar2D_UIKitViews-t.build/DerivedSources -Xcc -DSWIFT_PACKAGE -Xcc -DDEBUG\=1 -emit-objc-header -emit-objc-header-path /Users/admin/builder/spi-builder-workspace/.derivedData/Build/Intermediates.noindex/Scalar2D.build/Debug/Scalar2D_UIKitViews-t.build/Objects-normal/arm64/Scalar2D_UIKitViews-Swift.h -working-directory /Users/admin/builder/spi-builder-workspace/.swiftpm/xcode -experimental-emit-module-separately -disable-cmo
/Users/admin/builder/spi-builder-workspace/Views/UIKit/Sources/PathView+iOS.swift:33:8: error: Unable to resolve module dependency: 'UIKit' (in target 'Scalar2D_UIKitViews' from project 'Scalar2D')
note: A dependency of main module 'Scalar2D_UIKitViews'
/Users/admin/builder/spi-builder-workspace/Views/UIKit/Sources/UIView+Styling.swift:34:8: note: Also imported here
/Users/admin/builder/spi-builder-workspace/Views/UIKit/Sources/PathView+iOS.swift:33:8: note: A dependency of main module 'Scalar2D_UIKitViews'
import UIKit
^ (in target 'Scalar2D_UIKitViews' from project 'Scalar2D')
/Users/admin/builder/spi-builder-workspace/Views/UIKit/Sources/UIView+Styling.swift:34:8: note: Also imported here
import UIKit
^ (in target 'Scalar2D_UIKitViews' from project 'Scalar2D')
SwiftDriver Scalar2D_AppKitViews normal arm64 com.apple.xcode.tools.swift.compiler (in target 'Scalar2D_AppKitViews' from project 'Scalar2D')
cd /Users/admin/builder/spi-builder-workspace/.swiftpm/xcode
builtin-SwiftDriver -- /Applications/Xcode-27.0.0-Release.Candidate.app/Contents/Developer/Toolchains/XcodeDefault.xctoolchain/usr/bin/swiftc -parse-as-library -module-name Scalar2D_AppKitViews -Onone @/Users/admin/builder/spi-builder-workspace/.derivedData/Build/Intermediates.noindex/Scalar2D.build/Debug/Scalar2D_AppKitViews-t.build/Objects-normal/arm64/Scalar2D_AppKitViews.SwiftFileList -DSWIFT_PACKAGE -DDEBUG -DSWIFT_MODULE_RESOURCE_BUNDLE_UNAVAILABLE -DXcode -plugin-path /Applications/Xcode-27.0.0-Release.Candidate.app/Contents/Developer/Toolchains/XcodeDefault.xctoolchain/usr/lib/swift/host/plugins/testing -enable-experimental-feature DebugDescriptionMacro -sdk /Applications/Xcode-27.0.0-Release.Candidate.app/Contents/Developer/Platforms/MacOSX.platform/Developer/SDKs/MacOSX27.0.sdk -target arm64-apple-macos12.0 -g -module-cache-path /Users/admin/builder/spi-builder-workspace/.derivedData/ModuleCache.noindex -Xfrontend -serialize-debugging-options -profile-coverage-mapping -profile-generate -enable-testing -index-store-path /Users/admin/builder/spi-builder-workspace/.derivedData/Index.noindex/DataStore -Xcc -D_LIBCPP_HARDENING_MODE\=_LIBCPP_HARDENING_MODE_DEBUG -swift-version 5 -I /Users/admin/builder/spi-builder-workspace/.derivedData/Build/Products/Debug -Isystem /Applications/Xcode-27.0.0-Release.Candidate.app/Contents/Developer/Platforms/MacOSX.platform/Developer/usr/lib -F /Users/admin/builder/spi-builder-workspace/.derivedData/Build/Products/Debug/PackageFrameworks -F /Users/admin/builder/spi-builder-workspace/.derivedData/Build/Products/Debug -F /Applications/Xcode-27.0.0-Release.Candidate.app/Contents/Developer/Platforms/MacOSX.platform/Developer/Library/Frameworks -c -j10 -enable-batch-mode -incremental -Xcc -ivfsstatcache -Xcc /Users/admin/builder/spi-builder-workspace/.derivedData/SDKStatCaches.noindex/macosx27.0-26A425-e829b21a6f8c9b70876ba0858053c0446a22442a12e9d48fe1a705f55a1adfc4.sdkstatcache -output-file-map /Users/admin/builder/spi-builder-workspace/.derivedData/Build/Intermediates.noindex/Scalar2D.build/Debug/Scalar2D_AppKitViews-t.build/Objects-normal/arm64/Scalar2D_AppKitViews-OutputFileMap.json -save-temps -no-color-diagnostics -explicit-module-build -module-cache-path /Users/admin/builder/spi-builder-workspace/.derivedData/Build/Intermediates.noindex/SwiftExplicitPrecompiledModules -clang-scanner-module-cache-path /Users/admin/builder/spi-builder-workspace/.derivedData/ModuleCache.noindex -sdk-module-cache-path /Users/admin/builder/spi-builder-workspace/.derivedData/SDKExplicitPrecompiledModules -emit-dependencies -emit-module -emit-module-path /Users/admin/builder/spi-builder-workspace/.derivedData/Build/Intermediates.noindex/Scalar2D.build/Debug/Scalar2D_AppKitViews-t.build/Objects-normal/arm64/Scalar2D_AppKitViews.swiftmodule -serialize-diagnostics -dependency-scan-serialize-diagnostics-path /Users/admin/builder/spi-builder-workspace/.derivedData/Build/Intermediates.noindex/Scalar2D.build/Debug/Scalar2D_AppKitViews-t.build/Objects-normal/arm64/Scalar2D_AppKitViews-dependency-scan.dia -validate-clang-modules-once -clang-build-session-file /Users/admin/builder/spi-builder-workspace/.derivedData/ModuleCache.noindex/Session.modulevalidation -Xcc -fmodules-prune-interval\=86400 -Xcc -fmodules-prune-after\=345600 -emit-const-values -const-gather-protocols-list /Users/admin/builder/spi-builder-workspace/.derivedData/Build/Intermediates.noindex/Scalar2D.build/Debug/Scalar2D_AppKitViews-t.build/Objects-normal/arm64/Scalar2D_AppKitViews_const_extract_protocols.json -Xcc -I/Users/admin/builder/spi-builder-workspace/.derivedData/Build/Products/Debug/include -Xcc -I/Users/admin/builder/spi-builder-workspace/.derivedData/Build/Intermediates.noindex/Scalar2D.build/Debug/Scalar2D_AppKitViews-t.build/DerivedSources-normal/arm64 -Xcc -I/Users/admin/builder/spi-builder-workspace/.derivedData/Build/Intermediates.noindex/Scalar2D.build/Debug/Scalar2D_AppKitViews-t.build/DerivedSources/arm64 -Xcc -I/Users/admin/builder/spi-builder-workspace/.derivedData/Build/Intermediates.noindex/Scalar2D.build/Debug/Scalar2D_AppKitViews-t.build/DerivedSources -Xcc -DSWIFT_PACKAGE -Xcc -DDEBUG\=1 -emit-objc-header -emit-objc-header-path /Users/admin/builder/spi-builder-workspace/.derivedData/Build/Intermediates.noindex/Scalar2D.build/Debug/Scalar2D_AppKitViews-t.build/Objects-normal/arm64/Scalar2D_AppKitViews-Swift.h -working-directory /Users/admin/builder/spi-builder-workspace/.swiftpm/xcode -experimental-emit-module-separately -disable-cmo
SwiftDriverJobDiscovery normal arm64 Compiling PathView+Cross.swift (in target 'Scalar2D_CoreViews' from project 'Scalar2D')
SwiftExplicitDependencyGeneratePcm arm64 /Users/admin/builder/spi-builder-workspace/.derivedData/SDKExplicitPrecompiledModules/CoreMedia-699WGYGEEF2LGFEEGSCM9Y1UF.pcm
SwiftDriverJobDiscovery normal arm64 Compiling CAShapeLayer+Style.swift (in target 'Scalar2D_CoreViews' from project 'Scalar2D')
SwiftDriverJobDiscovery normal arm64 Compiling PathViewLayer.swift (in target 'Scalar2D_CoreViews' from project 'Scalar2D')
SwiftDriver\ Compilation Scalar2D_CoreViews normal arm64 com.apple.xcode.tools.swift.compiler (in target 'Scalar2D_CoreViews' from project 'Scalar2D')
cd /Users/admin/builder/spi-builder-workspace/.swiftpm/xcode
builtin-Swift-Compilation -- /Applications/Xcode-27.0.0-Release.Candidate.app/Contents/Developer/Toolchains/XcodeDefault.xctoolchain/usr/bin/swiftc -parse-as-library -module-name Scalar2D_CoreViews -Onone @/Users/admin/builder/spi-builder-workspace/.derivedData/Build/Intermediates.noindex/Scalar2D.build/Debug/Scalar2D_CoreViews-t.build/Objects-normal/arm64/Scalar2D_CoreViews.SwiftFileList -DSWIFT_PACKAGE -DDEBUG -DSWIFT_MODULE_RESOURCE_BUNDLE_UNAVAILABLE -DXcode -plugin-path /Applications/Xcode-27.0.0-Release.Candidate.app/Contents/Developer/Toolchains/XcodeDefault.xctoolchain/usr/lib/swift/host/plugins/testing -enable-experimental-feature DebugDescriptionMacro -sdk /Applications/Xcode-27.0.0-Release.Candidate.app/Contents/Developer/Platforms/MacOSX.platform/Developer/SDKs/MacOSX27.0.sdk -target arm64-apple-macos12.0 -g -module-cache-path /Users/admin/builder/spi-builder-workspace/.derivedData/ModuleCache.noindex -Xfrontend -serialize-debugging-options -profile-coverage-mapping -profile-generate -enable-testing -index-store-path /Users/admin/builder/spi-builder-workspace/.derivedData/Index.noindex/DataStore -Xcc -D_LIBCPP_HARDENING_MODE\=_LIBCPP_HARDENING_MODE_DEBUG -swift-version 5 -I /Users/admin/builder/spi-builder-workspace/.derivedData/Build/Products/Debug -Isystem /Applications/Xcode-27.0.0-Release.Candidate.app/Contents/Developer/Platforms/MacOSX.platform/Developer/usr/lib -F /Users/admin/builder/spi-builder-workspace/.derivedData/Build/Products/Debug/PackageFrameworks -F /Users/admin/builder/spi-builder-workspace/.derivedData/Build/Products/Debug -F /Applications/Xcode-27.0.0-Release.Candidate.app/Contents/Developer/Platforms/MacOSX.platform/Developer/Library/Frameworks -c -j10 -enable-batch-mode -incremental -Xcc -ivfsstatcache -Xcc /Users/admin/builder/spi-builder-workspace/.derivedData/SDKStatCaches.noindex/macosx27.0-26A425-e829b21a6f8c9b70876ba0858053c0446a22442a12e9d48fe1a705f55a1adfc4.sdkstatcache -output-file-map /Users/admin/builder/spi-builder-workspace/.derivedData/Build/Intermediates.noindex/Scalar2D.build/Debug/Scalar2D_CoreViews-t.build/Objects-normal/arm64/Scalar2D_CoreViews-OutputFileMap.json -save-temps -no-color-diagnostics -explicit-module-build -module-cache-path /Users/admin/builder/spi-builder-workspace/.derivedData/Build/Intermediates.noindex/SwiftExplicitPrecompiledModules -clang-scanner-module-cache-path /Users/admin/builder/spi-builder-workspace/.derivedData/ModuleCache.noindex -sdk-module-cache-path /Users/admin/builder/spi-builder-workspace/.derivedData/SDKExplicitPrecompiledModules -emit-dependencies -emit-module -emit-module-path /Users/admin/builder/spi-builder-workspace/.derivedData/Build/Intermediates.noindex/Scalar2D.build/Debug/Scalar2D_CoreViews-t.build/Objects-normal/arm64/Scalar2D_CoreViews.swiftmodule -serialize-diagnostics -dependency-scan-serialize-diagnostics-path /Users/admin/builder/spi-builder-workspace/.derivedData/Build/Intermediates.noindex/Scalar2D.build/Debug/Scalar2D_CoreViews-t.build/Objects-normal/arm64/Scalar2D_CoreViews-dependency-scan.dia -validate-clang-modules-once -clang-build-session-file /Users/admin/builder/spi-builder-workspace/.derivedData/ModuleCache.noindex/Session.modulevalidation -Xcc -fmodules-prune-interval\=86400 -Xcc -fmodules-prune-after\=345600 -emit-const-values -const-gather-protocols-list /Users/admin/builder/spi-builder-workspace/.derivedData/Build/Intermediates.noindex/Scalar2D.build/Debug/Scalar2D_CoreViews-t.build/Objects-normal/arm64/Scalar2D_CoreViews_const_extract_protocols.json -Xcc -I/Users/admin/builder/spi-builder-workspace/.derivedData/Build/Products/Debug/include -Xcc -I/Users/admin/builder/spi-builder-workspace/.derivedData/Build/Intermediates.noindex/Scalar2D.build/Debug/Scalar2D_CoreViews-t.build/DerivedSources-normal/arm64 -Xcc -I/Users/admin/builder/spi-builder-workspace/.derivedData/Build/Intermediates.noindex/Scalar2D.build/Debug/Scalar2D_CoreViews-t.build/DerivedSources/arm64 -Xcc -I/Users/admin/builder/spi-builder-workspace/.derivedData/Build/Intermediates.noindex/Scalar2D.build/Debug/Scalar2D_CoreViews-t.build/DerivedSources -Xcc -DSWIFT_PACKAGE -Xcc -DDEBUG\=1 -emit-objc-header -emit-objc-header-path /Users/admin/builder/spi-builder-workspace/.derivedData/Build/Intermediates.noindex/Scalar2D.build/Debug/Scalar2D_CoreViews-t.build/Objects-normal/arm64/Scalar2D_CoreViews-Swift.h -working-directory /Users/admin/builder/spi-builder-workspace/.swiftpm/xcode -experimental-emit-module-separately -disable-cmo
Ld /Users/admin/builder/spi-builder-workspace/.derivedData/Build/Products/Debug/Scalar2D_CoreViews.o normal (in target 'Scalar2D_CoreViews' from project 'Scalar2D')
cd /Users/admin/builder/spi-builder-workspace
/Applications/Xcode-27.0.0-Release.Candidate.app/Contents/Developer/Toolchains/XcodeDefault.xctoolchain/usr/bin/clang -Xlinker -reproducible -target arm64-apple-macos12.0 -r -isysroot /Applications/Xcode-27.0.0-Release.Candidate.app/Contents/Developer/Platforms/MacOSX.platform/Developer/SDKs/MacOSX27.0.sdk -O0 -Xlinker -no_warn_duplicate_libraries -F/Users/admin/builder/spi-builder-workspace/.derivedData/Build/Intermediates.noindex/EagerLinkingTBDs/Debug -F/Users/admin/builder/spi-builder-workspace/.derivedData/Build/Products/Debug/PackageFrameworks -F/Users/admin/builder/spi-builder-workspace/.derivedData/Build/Products/Debug -iframework /Applications/Xcode-27.0.0-Release.Candidate.app/Contents/Developer/Platforms/MacOSX.platform/Developer/Library/Frameworks -filelist /Users/admin/builder/spi-builder-workspace/.derivedData/Build/Intermediates.noindex/Scalar2D.build/Debug/Scalar2D_CoreViews-t.build/Objects-normal/arm64/Scalar2D_CoreViews.LinkFileList -nostdlib -Xlinker -object_path_lto -Xlinker /Users/admin/builder/spi-builder-workspace/.derivedData/Build/Intermediates.noindex/Scalar2D.build/Debug/Scalar2D_CoreViews-t.build/Objects-normal/arm64/Scalar2D_CoreViews_lto.o -Xlinker -no_deduplicate -Xlinker -debug_variant -Xlinker -dependency_info -Xlinker /Users/admin/builder/spi-builder-workspace/.derivedData/Build/Intermediates.noindex/Scalar2D.build/Debug/Scalar2D_CoreViews-t.build/Objects-normal/arm64/Scalar2D_CoreViews_dependency_info.dat -fobjc-link-runtime -L/Applications/Xcode-27.0.0-Release.Candidate.app/Contents/Developer/Toolchains/XcodeDefault.xctoolchain/usr/lib/swift/macosx -L/usr/lib/swift -Xlinker -add_ast_path -Xlinker /Users/admin/builder/spi-builder-workspace/.derivedData/Build/Intermediates.noindex/Scalar2D.build/Debug/Scalar2D_CoreViews-t.build/Objects-normal/arm64/Scalar2D_CoreViews.swiftmodule -o /Users/admin/builder/spi-builder-workspace/.derivedData/Build/Products/Debug/Scalar2D_CoreViews.o
ExtractAppIntentsMetadata (in target 'Scalar2D_CoreViews' from project 'Scalar2D')
cd /Users/admin/builder/spi-builder-workspace
/Applications/Xcode-27.0.0-Release.Candidate.app/Contents/Developer/Toolchains/XcodeDefault.xctoolchain/usr/bin/appintentsmetadataprocessor --toolchain-dir /var/run/com.apple.security.cryptexd/mnt/com.apple.MobileAsset.MetalToolchain-v27.1.266.1.SlooGq/Metal.xctoolchain --module-name Scalar2D_CoreViews --sdk-root /Applications/Xcode-27.0.0-Release.Candidate.app/Contents/Developer/Platforms/MacOSX.platform/Developer/SDKs/MacOSX27.0.sdk --xcode-version 27A266a --platform-family macOS --deployment-target 12.0 --bundle-identifier spi-builder-workspace.Scalar2D-CoreViews --output /Users/admin/builder/spi-builder-workspace/.derivedData/Build/Products/Debug/Scalar2D_CoreViews.appintents --target-triple arm64-apple-macos12.0 --binary-file /Users/admin/builder/spi-builder-workspace/.derivedData/Build/Products/Debug/Scalar2D_CoreViews.o --dependency-file /Users/admin/builder/spi-builder-workspace/.derivedData/Build/Intermediates.noindex/Scalar2D.build/Debug/Scalar2D_CoreViews-t.build/Objects-normal/arm64/Scalar2D_CoreViews_dependency_info.dat --stringsdata-file /Users/admin/builder/spi-builder-workspace/.derivedData/Build/Intermediates.noindex/Scalar2D.build/Debug/Scalar2D_CoreViews-t.build/Objects-normal/arm64/ExtractedAppShortcutsMetadata.stringsdata --source-file-list /Users/admin/builder/spi-builder-workspace/.derivedData/Build/Intermediates.noindex/Scalar2D.build/Debug/Scalar2D_CoreViews-t.build/Objects-normal/arm64/Scalar2D_CoreViews.SwiftFileList --metadata-file-list /Users/admin/builder/spi-builder-workspace/.derivedData/Build/Intermediates.noindex/Scalar2D.build/Debug/Scalar2D_CoreViews-t.build/Scalar2D_CoreViews.DependencyMetadataFileList --static-metadata-file-list /Users/admin/builder/spi-builder-workspace/.derivedData/Build/Intermediates.noindex/Scalar2D.build/Debug/Scalar2D_CoreViews-t.build/Scalar2D_CoreViews.DependencyStaticMetadataFileList --swift-const-vals-list /Users/admin/builder/spi-builder-workspace/.derivedData/Build/Intermediates.noindex/Scalar2D.build/Debug/Scalar2D_CoreViews-t.build/Objects-normal/arm64/Scalar2D_CoreViews.SwiftConstValuesFileList --force --compile-time-extraction --deployment-aware-processing --no-app-shortcuts-localization
2026-09-17 20:28:42.290 appintentsmetadataprocessor[851:5496] Starting appintentsmetadataprocessor export
2026-09-17 20:28:42.355 appintentsmetadataprocessor[851:5496] Extracted no relevant App Intents symbols, skipping writing output
SwiftEmitModule normal arm64 Emitting\ module\ for\ Scalar2D_SwiftUI (in target 'Scalar2D_SwiftUI' from project 'Scalar2D')
SwiftCompile normal arm64 (in target 'Scalar2D_SwiftUI' from project 'Scalar2D')
cd /Users/admin/builder/spi-builder-workspace/.swiftpm/xcode
SwiftCompile normal arm64 Compiling\ SVGPath+SwiftUI.swift /Users/admin/builder/spi-builder-workspace/SwiftUI/Sources/SVGPath+SwiftUI.swift (in target 'Scalar2D_SwiftUI' from project 'Scalar2D')
SwiftCompile normal arm64 /Users/admin/builder/spi-builder-workspace/SwiftUI/Sources/SVGPath+SwiftUI.swift (in target 'Scalar2D_SwiftUI' from project 'Scalar2D')
cd /Users/admin/builder/spi-builder-workspace/.swiftpm/xcode
builtin-SwiftPerFileCompile SVGPath+SwiftUI.swift
SwiftCompile normal arm64 Compiling\ Colour+SwiftUI.swift /Users/admin/builder/spi-builder-workspace/SwiftUI/Sources/Colour+SwiftUI.swift (in target 'Scalar2D_SwiftUI' from project 'Scalar2D')
SwiftCompile normal arm64 /Users/admin/builder/spi-builder-workspace/SwiftUI/Sources/Colour+SwiftUI.swift (in target 'Scalar2D_SwiftUI' from project 'Scalar2D')
cd /Users/admin/builder/spi-builder-workspace/.swiftpm/xcode
builtin-SwiftPerFileCompile Colour+SwiftUI.swift
SwiftDriverJobDiscovery normal arm64 Emitting module for Scalar2D_SwiftUI (in target 'Scalar2D_SwiftUI' from project 'Scalar2D')
SwiftDriver\ Compilation\ Requirements Scalar2D_SwiftUI normal arm64 com.apple.xcode.tools.swift.compiler (in target 'Scalar2D_SwiftUI' from project 'Scalar2D')
cd /Users/admin/builder/spi-builder-workspace/.swiftpm/xcode
builtin-Swift-Compilation-Requirements -- /Applications/Xcode-27.0.0-Release.Candidate.app/Contents/Developer/Toolchains/XcodeDefault.xctoolchain/usr/bin/swiftc -parse-as-library -module-name Scalar2D_SwiftUI -Onone @/Users/admin/builder/spi-builder-workspace/.derivedData/Build/Intermediates.noindex/Scalar2D.build/Debug/Scalar2D_SwiftUI-t.build/Objects-normal/arm64/Scalar2D_SwiftUI.SwiftFileList -DSWIFT_PACKAGE -DDEBUG -DSWIFT_MODULE_RESOURCE_BUNDLE_UNAVAILABLE -DXcode -plugin-path /Applications/Xcode-27.0.0-Release.Candidate.app/Contents/Developer/Toolchains/XcodeDefault.xctoolchain/usr/lib/swift/host/plugins/testing -enable-experimental-feature DebugDescriptionMacro -sdk /Applications/Xcode-27.0.0-Release.Candidate.app/Contents/Developer/Platforms/MacOSX.platform/Developer/SDKs/MacOSX27.0.sdk -target arm64-apple-macos12.0 -g -module-cache-path /Users/admin/builder/spi-builder-workspace/.derivedData/ModuleCache.noindex -Xfrontend -serialize-debugging-options -profile-coverage-mapping -profile-generate -enable-testing -index-store-path /Users/admin/builder/spi-builder-workspace/.derivedData/Index.noindex/DataStore -Xcc -D_LIBCPP_HARDENING_MODE\=_LIBCPP_HARDENING_MODE_DEBUG -swift-version 5 -I /Users/admin/builder/spi-builder-workspace/.derivedData/Build/Products/Debug -Isystem /Applications/Xcode-27.0.0-Release.Candidate.app/Contents/Developer/Platforms/MacOSX.platform/Developer/usr/lib -F /Users/admin/builder/spi-builder-workspace/.derivedData/Build/Products/Debug/PackageFrameworks -F /Users/admin/builder/spi-builder-workspace/.derivedData/Build/Products/Debug -F /Applications/Xcode-27.0.0-Release.Candidate.app/Contents/Developer/Platforms/MacOSX.platform/Developer/Library/Frameworks -c -j10 -enable-batch-mode -incremental -Xcc -ivfsstatcache -Xcc /Users/admin/builder/spi-builder-workspace/.derivedData/SDKStatCaches.noindex/macosx27.0-26A425-e829b21a6f8c9b70876ba0858053c0446a22442a12e9d48fe1a705f55a1adfc4.sdkstatcache -output-file-map /Users/admin/builder/spi-builder-workspace/.derivedData/Build/Intermediates.noindex/Scalar2D.build/Debug/Scalar2D_SwiftUI-t.build/Objects-normal/arm64/Scalar2D_SwiftUI-OutputFileMap.json -save-temps -no-color-diagnostics -explicit-module-build -module-cache-path /Users/admin/builder/spi-builder-workspace/.derivedData/Build/Intermediates.noindex/SwiftExplicitPrecompiledModules -clang-scanner-module-cache-path /Users/admin/builder/spi-builder-workspace/.derivedData/ModuleCache.noindex -sdk-module-cache-path /Users/admin/builder/spi-builder-workspace/.derivedData/SDKExplicitPrecompiledModules -emit-dependencies -emit-module -emit-module-path /Users/admin/builder/spi-builder-workspace/.derivedData/Build/Intermediates.noindex/Scalar2D.build/Debug/Scalar2D_SwiftUI-t.build/Objects-normal/arm64/Scalar2D_SwiftUI.swiftmodule -serialize-diagnostics -dependency-scan-serialize-diagnostics-path /Users/admin/builder/spi-builder-workspace/.derivedData/Build/Intermediates.noindex/Scalar2D.build/Debug/Scalar2D_SwiftUI-t.build/Objects-normal/arm64/Scalar2D_SwiftUI-dependency-scan.dia -validate-clang-modules-once -clang-build-session-file /Users/admin/builder/spi-builder-workspace/.derivedData/ModuleCache.noindex/Session.modulevalidation -Xcc -fmodules-prune-interval\=86400 -Xcc -fmodules-prune-after\=345600 -emit-const-values -const-gather-protocols-list /Users/admin/builder/spi-builder-workspace/.derivedData/Build/Intermediates.noindex/Scalar2D.build/Debug/Scalar2D_SwiftUI-t.build/Objects-normal/arm64/Scalar2D_SwiftUI_const_extract_protocols.json -Xcc -I/Users/admin/builder/spi-builder-workspace/.derivedData/Build/Products/Debug/include -Xcc -I/Users/admin/builder/spi-builder-workspace/.derivedData/Build/Intermediates.noindex/Scalar2D.build/Debug/Scalar2D_SwiftUI-t.build/DerivedSources-normal/arm64 -Xcc -I/Users/admin/builder/spi-builder-workspace/.derivedData/Build/Intermediates.noindex/Scalar2D.build/Debug/Scalar2D_SwiftUI-t.build/DerivedSources/arm64 -Xcc -I/Users/admin/builder/spi-builder-workspace/.derivedData/Build/Intermediates.noindex/Scalar2D.build/Debug/Scalar2D_SwiftUI-t.build/DerivedSources -Xcc -DSWIFT_PACKAGE -Xcc -DDEBUG\=1 -emit-objc-header -emit-objc-header-path /Users/admin/builder/spi-builder-workspace/.derivedData/Build/Intermediates.noindex/Scalar2D.build/Debug/Scalar2D_SwiftUI-t.build/Objects-normal/arm64/Scalar2D_SwiftUI-Swift.h -working-directory /Users/admin/builder/spi-builder-workspace/.swiftpm/xcode -experimental-emit-module-separately -disable-cmo
SwiftMergeGeneratedHeaders /Users/admin/builder/spi-builder-workspace/.derivedData/Build/Intermediates.noindex/GeneratedModuleMaps/Scalar2D_SwiftUI-Swift.h /Users/admin/builder/spi-builder-workspace/.derivedData/Build/Intermediates.noindex/Scalar2D.build/Debug/Scalar2D_SwiftUI-t.build/Objects-normal/arm64/Scalar2D_SwiftUI-Swift.h (in target 'Scalar2D_SwiftUI' from project 'Scalar2D')
cd /Users/admin/builder/spi-builder-workspace
builtin-swiftHeaderTool -arch arm64 /Users/admin/builder/spi-builder-workspace/.derivedData/Build/Intermediates.noindex/Scalar2D.build/Debug/Scalar2D_SwiftUI-t.build/Objects-normal/arm64/Scalar2D_SwiftUI-Swift.h -o /Users/admin/builder/spi-builder-workspace/.derivedData/Build/Intermediates.noindex/GeneratedModuleMaps/Scalar2D_SwiftUI-Swift.h
Copy /Users/admin/builder/spi-builder-workspace/.derivedData/Build/Products/Debug/Scalar2D_SwiftUI.swiftmodule/arm64-apple-macos.swiftdoc /Users/admin/builder/spi-builder-workspace/.derivedData/Build/Intermediates.noindex/Scalar2D.build/Debug/Scalar2D_SwiftUI-t.build/Objects-normal/arm64/Scalar2D_SwiftUI.swiftdoc (in target 'Scalar2D_SwiftUI' from project 'Scalar2D')
cd /Users/admin/builder/spi-builder-workspace
builtin-copy -exclude .DS_Store -exclude CVS -exclude .svn -exclude .git -exclude .hg -resolve-src-symlinks -rename /Users/admin/builder/spi-builder-workspace/.derivedData/Build/Intermediates.noindex/Scalar2D.build/Debug/Scalar2D_SwiftUI-t.build/Objects-normal/arm64/Scalar2D_SwiftUI.swiftdoc /Users/admin/builder/spi-builder-workspace/.derivedData/Build/Products/Debug/Scalar2D_SwiftUI.swiftmodule/arm64-apple-macos.swiftdoc
Copy /Users/admin/builder/spi-builder-workspace/.derivedData/Build/Products/Debug/Scalar2D_SwiftUI.swiftmodule/arm64-apple-macos.abi.json /Users/admin/builder/spi-builder-workspace/.derivedData/Build/Intermediates.noindex/Scalar2D.build/Debug/Scalar2D_SwiftUI-t.build/Objects-normal/arm64/Scalar2D_SwiftUI.abi.json (in target 'Scalar2D_SwiftUI' from project 'Scalar2D')
cd /Users/admin/builder/spi-builder-workspace
builtin-copy -exclude .DS_Store -exclude CVS -exclude .svn -exclude .git -exclude .hg -resolve-src-symlinks -rename /Users/admin/builder/spi-builder-workspace/.derivedData/Build/Intermediates.noindex/Scalar2D.build/Debug/Scalar2D_SwiftUI-t.build/Objects-normal/arm64/Scalar2D_SwiftUI.abi.json /Users/admin/builder/spi-builder-workspace/.derivedData/Build/Products/Debug/Scalar2D_SwiftUI.swiftmodule/arm64-apple-macos.abi.json
Copy /Users/admin/builder/spi-builder-workspace/.derivedData/Build/Products/Debug/Scalar2D_SwiftUI.swiftmodule/arm64-apple-macos.swiftmodule /Users/admin/builder/spi-builder-workspace/.derivedData/Build/Intermediates.noindex/Scalar2D.build/Debug/Scalar2D_SwiftUI-t.build/Objects-normal/arm64/Scalar2D_SwiftUI.swiftmodule (in target 'Scalar2D_SwiftUI' from project 'Scalar2D')
cd /Users/admin/builder/spi-builder-workspace
builtin-copy -exclude .DS_Store -exclude CVS -exclude .svn -exclude .git -exclude .hg -resolve-src-symlinks -rename /Users/admin/builder/spi-builder-workspace/.derivedData/Build/Intermediates.noindex/Scalar2D.build/Debug/Scalar2D_SwiftUI-t.build/Objects-normal/arm64/Scalar2D_SwiftUI.swiftmodule /Users/admin/builder/spi-builder-workspace/.derivedData/Build/Products/Debug/Scalar2D_SwiftUI.swiftmodule/arm64-apple-macos.swiftmodule
Copy /Users/admin/builder/spi-builder-workspace/.derivedData/Build/Products/Debug/Scalar2D_SwiftUI.swiftmodule/Project/arm64-apple-macos.swiftsourceinfo /Users/admin/builder/spi-builder-workspace/.derivedData/Build/Intermediates.noindex/Scalar2D.build/Debug/Scalar2D_SwiftUI-t.build/Objects-normal/arm64/Scalar2D_SwiftUI.swiftsourceinfo (in target 'Scalar2D_SwiftUI' from project 'Scalar2D')
cd /Users/admin/builder/spi-builder-workspace
builtin-copy -exclude .DS_Store -exclude CVS -exclude .svn -exclude .git -exclude .hg -resolve-src-symlinks -rename /Users/admin/builder/spi-builder-workspace/.derivedData/Build/Intermediates.noindex/Scalar2D.build/Debug/Scalar2D_SwiftUI-t.build/Objects-normal/arm64/Scalar2D_SwiftUI.swiftsourceinfo /Users/admin/builder/spi-builder-workspace/.derivedData/Build/Products/Debug/Scalar2D_SwiftUI.swiftmodule/Project/arm64-apple-macos.swiftsourceinfo
PruneExplicitPrecompiledModules /Users/admin/builder/spi-builder-workspace/.derivedData/SDKExplicitPrecompiledModules
PruneExplicitPrecompiledModules /Users/admin/builder/spi-builder-workspace/.derivedData/Build/Intermediates.noindex/SwiftExplicitPrecompiledModules
PruneExplicitPrecompiledModules /Users/admin/builder/spi-builder-workspace/.derivedData/Build/Intermediates.noindex/ExplicitPrecompiledModules
warning: 'Scalar2D_CoreViews' is missing a dependency on 'Scalar2D_GraphicPath' because dependency scan of Swift module 'Scalar2D_CoreViews' discovered a dependency on 'Scalar2D_GraphicPath'
warning: 'Scalar2D_SwiftUI' is missing a dependency on 'Scalar2D_GraphicPath' because dependency scan of Swift module 'Scalar2D_SwiftUI' discovered a dependency on 'Scalar2D_GraphicPath'
warning: 'Scalar2D_AppKitViews' is missing a dependency on 'Scalar2D_GraphicPath' because dependency scan of Swift module 'Scalar2D_AppKitViews' discovered a dependency on 'Scalar2D_GraphicPath'
2026-09-17 20:28:28.355 xcodebuild[699:4295] [MT] IDERunDestination: Supported platforms for the buildables in the current scheme is empty.
2026-09-17 20:28:28.454 xcodebuild[699:4295] [MT] IDERunDestination: Supported platforms for the buildables in the current scheme is empty.
--- xcodebuild: WARNING: Using the first of multiple matching destinations:
{ platform:macOS, arch:arm64, id:179f3a89fc14df0c82d9a8d28333a32ada7e1a5d, name:My Mac }
{ platform:macOS, arch:arm64, variant:Mac Catalyst, id:179f3a89fc14df0c82d9a8d28333a32ada7e1a5d, name:My Mac }
{ platform:macOS, arch:arm64, variant:DriverKit, id:179f3a89fc14df0c82d9a8d28333a32ada7e1a5d, name:My Mac }
{ platform:macOS, arch:arm64, variant:Designed for [iPad,iPhone], id:179f3a89fc14df0c82d9a8d28333a32ada7e1a5d, name:My Mac }
** BUILD FAILED **
The following build commands failed:
SwiftDriver Scalar2D_UIKitViews normal arm64 com.apple.xcode.tools.swift.compiler (in target 'Scalar2D_UIKitViews' from project 'Scalar2D')
Building workspace Scalar2D with scheme Scalar2D-Package
(2 failures)
Command line invocation:
/Applications/Xcode-27.0.0-Release.Candidate.app/Contents/Developer/usr/bin/xcodebuild -IDEClonedSourcePackagesDirPathOverride=/Users/admin/builder/spi-builder-workspace/.dependencies -resolvePackageDependencies
Resolve Package Graph
Resolved source packages:
Scalar2D: /Users/admin/builder/spi-builder-workspace
resolved source packages: Scalar2D
2026-09-17 20:28:43.580 xcodebuild[855:5612] [MT] IDERunDestination: Supported platforms for the buildables in the current scheme is empty.
2026-09-17 20:28:43.680 xcodebuild[855:5612] [MT] IDERunDestination: Supported platforms for the buildables in the current scheme is empty.
{
"dependencies" : [
],
"manifest_display_name" : "Scalar2D",
"name" : "Scalar2D",
"path" : "/Users/admin/builder/spi-builder-workspace",
"platforms" : [
{
"name" : "macos",
"version" : "10.11.2"
},
{
"name" : "ios",
"version" : "10.0"
},
{
"name" : "watchos",
"version" : "6.0"
},
{
"name" : "tvos",
"version" : "13.0"
}
],
"products" : [
{
"name" : "Scalar2D_Utils",
"targets" : [
"Scalar2D_Utils"
],
"type" : {
"library" : [
"automatic"
]
}
},
{
"name" : "Scalar2D_Colour",
"targets" : [
"Scalar2D_Colour"
],
"type" : {
"library" : [
"automatic"
]
}
},
{
"name" : "Scalar2D_GraphicPath",
"targets" : [
"Scalar2D_GraphicPath"
],
"type" : {
"library" : [
"automatic"
]
}
},
{
"name" : "Scalar2D_CoreGraphics",
"targets" : [
"Scalar2D_CoreGraphics"
],
"type" : {
"library" : [
"automatic"
]
}
},
{
"name" : "Scalar2D_FontDescription",
"targets" : [
"Scalar2D_FontDescription"
],
"type" : {
"library" : [
"automatic"
]
}
},
{
"name" : "Scalar2D_Styling",
"targets" : [
"Scalar2D_Styling"
],
"type" : {
"library" : [
"automatic"
]
}
},
{
"name" : "Scalar2D_SVG",
"targets" : [
"Scalar2D_SVG"
],
"type" : {
"library" : [
"automatic"
]
}
},
{
"name" : "Scalar2D_CoreViews",
"targets" : [
"Scalar2D_CoreViews"
],
"type" : {
"library" : [
"automatic"
]
}
},
{
"name" : "Scalar2D_AppKitViews",
"targets" : [
"Scalar2D_AppKitViews"
],
"type" : {
"library" : [
"automatic"
]
}
},
{
"name" : "Scalar2D_UIKitViews",
"targets" : [
"Scalar2D_UIKitViews"
],
"type" : {
"library" : [
"automatic"
]
}
},
{
"name" : "Scalar2D_SwiftUI",
"targets" : [
"Scalar2D_SwiftUI"
],
"type" : {
"library" : [
"automatic"
]
}
}
],
"targets" : [
{
"c99name" : "Scalar2D_Utils",
"module_type" : "SwiftTarget",
"name" : "Scalar2D_Utils",
"path" : "Utils/Sources",
"product_memberships" : [
"Scalar2D_Utils",
"Scalar2D_GraphicPath",
"Scalar2D_CoreGraphics",
"Scalar2D_FontDescription",
"Scalar2D_Styling",
"Scalar2D_SVG",
"Scalar2D_CoreViews",
"Scalar2D_AppKitViews",
"Scalar2D_UIKitViews",
"Scalar2D_SwiftUI"
],
"sources" : [
"InheritableProperty.swift",
"Parsing.swift",
"UnicodeScalarView+Utils.swift"
],
"type" : "library"
},
{
"c99name" : "Scalar2D_UIKitViews",
"module_type" : "SwiftTarget",
"name" : "Scalar2D_UIKitViews",
"path" : "Views/UIKit/Sources",
"product_memberships" : [
"Scalar2D_UIKitViews"
],
"sources" : [
"PathView+iOS.swift",
"UIView+Styling.swift"
],
"target_dependencies" : [
"Scalar2D_Utils",
"Scalar2D_Colour",
"Scalar2D_FontDescription",
"Scalar2D_Styling",
"Scalar2D_CoreGraphics",
"Scalar2D_CoreViews"
],
"type" : "library"
},
{
"c99name" : "Scalar2D_SwiftUI",
"module_type" : "SwiftTarget",
"name" : "Scalar2D_SwiftUI",
"path" : "SwiftUI/Sources",
"product_memberships" : [
"Scalar2D_SwiftUI"
],
"sources" : [
"Colour+SwiftUI.swift",
"SVGPath+SwiftUI.swift"
],
"target_dependencies" : [
"Scalar2D_Utils",
"Scalar2D_Colour",
"Scalar2D_FontDescription",
"Scalar2D_Styling",
"Scalar2D_CoreGraphics"
],
"type" : "library"
},
{
"c99name" : "Scalar2D_Styling",
"module_type" : "SwiftTarget",
"name" : "Scalar2D_Styling",
"path" : "Styling/Sources",
"product_memberships" : [
"Scalar2D_CoreGraphics",
"Scalar2D_Styling",
"Scalar2D_SVG",
"Scalar2D_CoreViews",
"Scalar2D_AppKitViews",
"Scalar2D_UIKitViews",
"Scalar2D_SwiftUI"
],
"sources" : [
"CSSParser.swift",
"CommonStyleInterpretter.swift",
"GraphicStyle.swift",
"GroupSelector.swift",
"PathStyle.swift",
"SVGPropertyInterpreter.swift",
"SelectorCombinator.swift",
"StyleAcceptor.swift",
"StyleBlock.swift",
"StylePropertyInterpreter.swift",
"StyleSelector.swift",
"ViewStyle.swift",
"ViewStyleInterpreter.swift"
],
"target_dependencies" : [
"Scalar2D_Utils",
"Scalar2D_Colour",
"Scalar2D_FontDescription"
],
"type" : "library"
},
{
"c99name" : "Scalar2D_SVG",
"module_type" : "SwiftTarget",
"name" : "Scalar2D_SVG",
"path" : "SVG/Sources",
"product_memberships" : [
"Scalar2D_SVG"
],
"sources" : [
"DocumentContext.swift",
"DrawStyle.swift",
"SVGElements+CoreGraphics.swift",
"SVGElements.swift"
],
"target_dependencies" : [
"Scalar2D_Utils",
"Scalar2D_Colour",
"Scalar2D_FontDescription",
"Scalar2D_Styling",
"Scalar2D_CoreGraphics"
],
"type" : "library"
},
{
"c99name" : "Scalar2D_GraphicPath",
"module_type" : "SwiftTarget",
"name" : "Scalar2D_GraphicPath",
"path" : "GraphicPath/Sources",
"product_memberships" : [
"Scalar2D_GraphicPath"
],
"sources" : [
"CGPath+Iterate.swift",
"CGPath+SVG.swift",
"NSBezierPath+SVG.swift",
"PathGenerator.swift",
"UIBezierPath+SVG.swift"
],
"target_dependencies" : [
"Scalar2D_Utils"
],
"type" : "library"
},
{
"c99name" : "Scalar2D_FontDescription",
"module_type" : "SwiftTarget",
"name" : "Scalar2D_FontDescription",
"path" : "Font/Sources",
"product_memberships" : [
"Scalar2D_CoreGraphics",
"Scalar2D_FontDescription",
"Scalar2D_Styling",
"Scalar2D_SVG",
"Scalar2D_CoreViews",
"Scalar2D_AppKitViews",
"Scalar2D_UIKitViews",
"Scalar2D_SwiftUI"
],
"sources" : [
"CoreText+FontDescription.swift",
"FontDescription.swift"
],
"target_dependencies" : [
"Scalar2D_Utils"
],
"type" : "library"
},
{
"c99name" : "Scalar2D_CoreViews",
"module_type" : "SwiftTarget",
"name" : "Scalar2D_CoreViews",
"path" : "Views/CrossPlatform/Sources",
"product_memberships" : [
"Scalar2D_CoreViews",
"Scalar2D_AppKitViews",
"Scalar2D_UIKitViews"
],
"sources" : [
"CAShapeLayer+Style.swift",
"PathView+Cross.swift",
"PathViewLayer.swift",
"StyleableObject.swift"
],
"target_dependencies" : [
"Scalar2D_Utils",
"Scalar2D_Colour",
"Scalar2D_FontDescription",
"Scalar2D_Styling",
"Scalar2D_CoreGraphics"
],
"type" : "library"
},
{
"c99name" : "Scalar2D_CoreGraphics",
"module_type" : "SwiftTarget",
"name" : "Scalar2D_CoreGraphics",
"path" : "CoreGraphics/Sources",
"product_memberships" : [
"Scalar2D_CoreGraphics",
"Scalar2D_SVG",
"Scalar2D_CoreViews",
"Scalar2D_AppKitViews",
"Scalar2D_UIKitViews",
"Scalar2D_SwiftUI"
],
"sources" : [
"CoreGraphics+Styling.swift"
],
"target_dependencies" : [
"Scalar2D_Utils",
"Scalar2D_Styling"
],
"type" : "library"
},
{
"c99name" : "Scalar2D_Colour",
"module_type" : "SwiftTarget",
"name" : "Scalar2D_Colour",
"path" : "Colour/Sources",
"product_memberships" : [
"Scalar2D_Colour",
"Scalar2D_CoreGraphics",
"Scalar2D_Styling",
"Scalar2D_SVG",
"Scalar2D_CoreViews",
"Scalar2D_AppKitViews",
"Scalar2D_UIKitViews",
"Scalar2D_SwiftUI"
],
"sources" : [
"CGColor+ColourParser.swift",
"ColourParser.swift",
"DeviceCYMKColourParser.swift",
"DeviceColourParser.swift",
"DeviceGrayColourParser.swift",
"DeviceRGBColourParser.swift",
"HexColourParser.swift",
"ICCColourParser.swift",
"NSColor+ColourParser.swift",
"RGBColourParser.swift",
"UIColor+ColourParser.swift",
"WebColourParser.swift"
],
"type" : "library"
},
{
"c99name" : "Scalar2D_AppKitViews",
"module_type" : "SwiftTarget",
"name" : "Scalar2D_AppKitViews",
"path" : "Views/Cocoa/Sources",
"product_memberships" : [
"Scalar2D_AppKitViews"
],
"sources" : [
"NSView+Styling.swift",
"PathView+Mac.swift"
],
"target_dependencies" : [
"Scalar2D_Utils",
"Scalar2D_Colour",
"Scalar2D_FontDescription",
"Scalar2D_Styling",
"Scalar2D_CoreGraphics",
"Scalar2D_CoreViews"
],
"type" : "library"
},
{
"c99name" : "Scalar2DTests",
"module_type" : "SwiftTarget",
"name" : "Scalar2DTests",
"path" : "Scalar2DTests",
"sources" : [
"CGColor+Test.swift",
"CGPathGeneratorTests.swift",
"CSSApply+Test.swift",
"CSSParser+Test.swift",
"CSSPropertyTests.swift",
"ColourParserTests.swift",
"CoreText+Test.swift",
"NSBezierPathTests.swift",
"PathGeneratorTests.swift",
"Scalar2DTests.swift",
"TestFiles/TestCSS_001.swift"
],
"target_dependencies" : [
"Scalar2D_Utils",
"Scalar2D_Colour",
"Scalar2D_Styling",
"Scalar2D_GraphicPath",
"Scalar2D_FontDescription"
],
"type" : "test"
}
],
"tools_version" : "5.1"
}
{
"workspace" : {
"name" : "Scalar2D",
"schemes" : [
"Scalar2D_AppKitViews",
"Scalar2D_Colour",
"Scalar2D_CoreGraphics",
"Scalar2D_CoreViews",
"Scalar2D_FontDescription",
"Scalar2D_GraphicPath",
"Scalar2D_Styling",
"Scalar2D_SVG",
"Scalar2D_SwiftUI",
"Scalar2D_UIKitViews",
"Scalar2D_Utils",
"Scalar2D-Package",
"Scalar2DTests"
]
}
}
2026-09-17 20:28:45.144 xcodebuild[863:5687] [MT] IDERunDestination: Supported platforms for the buildables in the current scheme is empty.
2026-09-17 20:28:45.243 xcodebuild[863:5687] [MT] IDERunDestination: Supported platforms for the buildables in the current scheme is empty.
Running build ...
env DEVELOPER_DIR=/Applications/Xcode-27.0.0-Release.Candidate.app xcrun xcodebuild -IDEClonedSourcePackagesDirPathOverride=$PWD/.dependencies -skipMacroValidation -skipPackagePluginValidation -derivedDataPath $PWD/.derivedData build -scheme Scalar2D-Package -destination platform=macOS,arch=arm64
Command line invocation:
/Applications/Xcode-27.0.0-Release.Candidate.app/Contents/Developer/usr/bin/xcodebuild -IDEClonedSourcePackagesDirPathOverride=/Users/admin/builder/spi-builder-workspace/.dependencies -skipMacroValidation -skipPackagePluginValidation -derivedDataPath /Users/admin/builder/spi-builder-workspace/.derivedData build -scheme Scalar2D-Package -destination platform=macOS,arch=arm64
Resolve Package Graph
Resolved source packages:
Scalar2D: /Users/admin/builder/spi-builder-workspace
ComputePackagePrebuildTargetDependencyGraph
Prepare packages
CreateBuildRequest
SendProjectDescription
CreateBuildOperation
ComputeTargetDependencyGraph
note: Building targets in dependency order
note: Target dependency graph (22 targets)
Target 'Scalar2D_SwiftUI-product' in project 'Scalar2D'
➜ Explicit dependency on target 'Scalar2D_SwiftUI' in project 'Scalar2D'
➜ Explicit dependency on target 'Scalar2D_Utils' in project 'Scalar2D'
➜ Explicit dependency on target 'Scalar2D_Colour' in project 'Scalar2D'
➜ Explicit dependency on target 'Scalar2D_FontDescription' in project 'Scalar2D'
➜ Explicit dependency on target 'Scalar2D_Styling' in project 'Scalar2D'
➜ Explicit dependency on target 'Scalar2D_CoreGraphics' in project 'Scalar2D'
Target 'Scalar2D_SwiftUI' in project 'Scalar2D'
➜ Explicit dependency on target 'Scalar2D_Utils' in project 'Scalar2D'
➜ Explicit dependency on target 'Scalar2D_Colour' in project 'Scalar2D'
➜ Explicit dependency on target 'Scalar2D_FontDescription' in project 'Scalar2D'
➜ Explicit dependency on target 'Scalar2D_Styling' in project 'Scalar2D'
➜ Explicit dependency on target 'Scalar2D_CoreGraphics' in project 'Scalar2D'
Target 'Scalar2D_UIKitViews-product' in project 'Scalar2D'
➜ Explicit dependency on target 'Scalar2D_UIKitViews' in project 'Scalar2D'
➜ Explicit dependency on target 'Scalar2D_Utils' in project 'Scalar2D'
➜ Explicit dependency on target 'Scalar2D_Colour' in project 'Scalar2D'
➜ Explicit dependency on target 'Scalar2D_FontDescription' in project 'Scalar2D'
➜ Explicit dependency on target 'Scalar2D_Styling' in project 'Scalar2D'
➜ Explicit dependency on target 'Scalar2D_CoreGraphics' in project 'Scalar2D'
➜ Explicit dependency on target 'Scalar2D_CoreViews' in project 'Scalar2D'
Target 'Scalar2D_UIKitViews' in project 'Scalar2D'
➜ Explicit dependency on target 'Scalar2D_Utils' in project 'Scalar2D'
➜ Explicit dependency on target 'Scalar2D_Colour' in project 'Scalar2D'
➜ Explicit dependency on target 'Scalar2D_FontDescription' in project 'Scalar2D'
➜ Explicit dependency on target 'Scalar2D_Styling' in project 'Scalar2D'
➜ Explicit dependency on target 'Scalar2D_CoreGraphics' in project 'Scalar2D'
➜ Explicit dependency on target 'Scalar2D_CoreViews' in project 'Scalar2D'
Target 'Scalar2D_AppKitViews-product' in project 'Scalar2D'
➜ Explicit dependency on target 'Scalar2D_AppKitViews' in project 'Scalar2D'
➜ Explicit dependency on target 'Scalar2D_Utils' in project 'Scalar2D'
➜ Explicit dependency on target 'Scalar2D_Colour' in project 'Scalar2D'
➜ Explicit dependency on target 'Scalar2D_FontDescription' in project 'Scalar2D'
➜ Explicit dependency on target 'Scalar2D_Styling' in project 'Scalar2D'
➜ Explicit dependency on target 'Scalar2D_CoreGraphics' in project 'Scalar2D'
➜ Explicit dependency on target 'Scalar2D_CoreViews' in project 'Scalar2D'
Target 'Scalar2D_AppKitViews' in project 'Scalar2D'
➜ Explicit dependency on target 'Scalar2D_Utils' in project 'Scalar2D'
➜ Explicit dependency on target 'Scalar2D_Colour' in project 'Scalar2D'
➜ Explicit dependency on target 'Scalar2D_FontDescription' in project 'Scalar2D'
➜ Explicit dependency on target 'Scalar2D_Styling' in project 'Scalar2D'
➜ Explicit dependency on target 'Scalar2D_CoreGraphics' in project 'Scalar2D'
➜ Explicit dependency on target 'Scalar2D_CoreViews' in project 'Scalar2D'
Target 'Scalar2D_CoreViews-product' in project 'Scalar2D'
➜ Explicit dependency on target 'Scalar2D_CoreViews' in project 'Scalar2D'
➜ Explicit dependency on target 'Scalar2D_Utils' in project 'Scalar2D'
➜ Explicit dependency on target 'Scalar2D_Colour' in project 'Scalar2D'
➜ Explicit dependency on target 'Scalar2D_FontDescription' in project 'Scalar2D'
➜ Explicit dependency on target 'Scalar2D_Styling' in project 'Scalar2D'
➜ Explicit dependency on target 'Scalar2D_CoreGraphics' in project 'Scalar2D'
Target 'Scalar2D_CoreViews' in project 'Scalar2D'
➜ Explicit dependency on target 'Scalar2D_Utils' in project 'Scalar2D'
➜ Explicit dependency on target 'Scalar2D_Colour' in project 'Scalar2D'
➜ Explicit dependency on target 'Scalar2D_FontDescription' in project 'Scalar2D'
➜ Explicit dependency on target 'Scalar2D_Styling' in project 'Scalar2D'
➜ Explicit dependency on target 'Scalar2D_CoreGraphics' in project 'Scalar2D'
Target 'Scalar2D_SVG-product' in project 'Scalar2D'
➜ Explicit dependency on target 'Scalar2D_SVG' in project 'Scalar2D'
➜ Explicit dependency on target 'Scalar2D_Utils' in project 'Scalar2D'
➜ Explicit dependency on target 'Scalar2D_Colour' in project 'Scalar2D'
➜ Explicit dependency on target 'Scalar2D_FontDescription' in project 'Scalar2D'
➜ Explicit dependency on target 'Scalar2D_Styling' in project 'Scalar2D'
➜ Explicit dependency on target 'Scalar2D_CoreGraphics' in project 'Scalar2D'
Target 'Scalar2D_SVG' in project 'Scalar2D'
➜ Explicit dependency on target 'Scalar2D_Utils' in project 'Scalar2D'
➜ Explicit dependency on target 'Scalar2D_Colour' in project 'Scalar2D'
➜ Explicit dependency on target 'Scalar2D_FontDescription' in project 'Scalar2D'
➜ Explicit dependency on target 'Scalar2D_Styling' in project 'Scalar2D'
➜ Explicit dependency on target 'Scalar2D_CoreGraphics' in project 'Scalar2D'
Target 'Scalar2D_Styling-product' in project 'Scalar2D'
➜ Explicit dependency on target 'Scalar2D_Styling' in project 'Scalar2D'
➜ Explicit dependency on target 'Scalar2D_Utils' in project 'Scalar2D'
➜ Explicit dependency on target 'Scalar2D_Colour' in project 'Scalar2D'
➜ Explicit dependency on target 'Scalar2D_FontDescription' in project 'Scalar2D'
Target 'Scalar2D_FontDescription-product' in project 'Scalar2D'
➜ Explicit dependency on target 'Scalar2D_FontDescription' in project 'Scalar2D'
➜ Explicit dependency on target 'Scalar2D_Utils' in project 'Scalar2D'
Target 'Scalar2D_CoreGraphics-product' in project 'Scalar2D'
➜ Explicit dependency on target 'Scalar2D_CoreGraphics' in project 'Scalar2D'
➜ Explicit dependency on target 'Scalar2D_Utils' in project 'Scalar2D'
➜ Explicit dependency on target 'Scalar2D_Colour' in project 'Scalar2D'
➜ Explicit dependency on target 'Scalar2D_FontDescription' in project 'Scalar2D'
➜ Explicit dependency on target 'Scalar2D_Styling' in project 'Scalar2D'
Target 'Scalar2D_CoreGraphics' in project 'Scalar2D'
➜ Explicit dependency on target 'Scalar2D_Utils' in project 'Scalar2D'
➜ Explicit dependency on target 'Scalar2D_Colour' in project 'Scalar2D'
➜ Explicit dependency on target 'Scalar2D_FontDescription' in project 'Scalar2D'
➜ Explicit dependency on target 'Scalar2D_Styling' in project 'Scalar2D'
Target 'Scalar2D_Styling' in project 'Scalar2D'
➜ Explicit dependency on target 'Scalar2D_Utils' in project 'Scalar2D'
➜ Explicit dependency on target 'Scalar2D_Colour' in project 'Scalar2D'
➜ Explicit dependency on target 'Scalar2D_FontDescription' in project 'Scalar2D'
Target 'Scalar2D_FontDescription' in project 'Scalar2D'
➜ Explicit dependency on target 'Scalar2D_Utils' in project 'Scalar2D'
Target 'Scalar2D_GraphicPath-product' in project 'Scalar2D'
➜ Explicit dependency on target 'Scalar2D_GraphicPath' in project 'Scalar2D'
➜ Explicit dependency on target 'Scalar2D_Utils' in project 'Scalar2D'
Target 'Scalar2D_GraphicPath' in project 'Scalar2D'
➜ Explicit dependency on target 'Scalar2D_Utils' in project 'Scalar2D'
Target 'Scalar2D_Colour-product' in project 'Scalar2D'
➜ Explicit dependency on target 'Scalar2D_Colour' in project 'Scalar2D'
Target 'Scalar2D_Colour' in project 'Scalar2D' (no dependencies)
Target 'Scalar2D_Utils-product' in project 'Scalar2D'
➜ Explicit dependency on target 'Scalar2D_Utils' in project 'Scalar2D'
Target 'Scalar2D_Utils' in project 'Scalar2D' (no dependencies)
GatherProvisioningInputs
CreateBuildDescription
ClangStatCache /Applications/Xcode-27.0.0-Release.Candidate.app/Contents/Developer/Toolchains/XcodeDefault.xctoolchain/usr/bin/clang-stat-cache /Applications/Xcode-27.0.0-Release.Candidate.app/Contents/Developer/Platforms/MacOSX.platform/Developer/SDKs/MacOSX27.0.sdk /Users/admin/builder/spi-builder-workspace/.derivedData/SDKStatCaches.noindex/macosx27.0-26A425-e829b21a6f8c9b70876ba0858053c0446a22442a12e9d48fe1a705f55a1adfc4.sdkstatcache
cd /Users/admin/builder/spi-builder-workspace/.swiftpm/xcode
/Applications/Xcode-27.0.0-Release.Candidate.app/Contents/Developer/Toolchains/XcodeDefault.xctoolchain/usr/bin/clang-stat-cache /Applications/Xcode-27.0.0-Release.Candidate.app/Contents/Developer/Platforms/MacOSX.platform/Developer/SDKs/MacOSX27.0.sdk -o /Users/admin/builder/spi-builder-workspace/.derivedData/SDKStatCaches.noindex/macosx27.0-26A425-e829b21a6f8c9b70876ba0858053c0446a22442a12e9d48fe1a705f55a1adfc4.sdkstatcache
SwiftDriver Scalar2D_UIKitViews normal arm64 com.apple.xcode.tools.swift.compiler (in target 'Scalar2D_UIKitViews' from project 'Scalar2D')
cd /Users/admin/builder/spi-builder-workspace/.swiftpm/xcode
builtin-SwiftDriver -- /Applications/Xcode-27.0.0-Release.Candidate.app/Contents/Developer/Toolchains/XcodeDefault.xctoolchain/usr/bin/swiftc -parse-as-library -module-name Scalar2D_UIKitViews -Onone @/Users/admin/builder/spi-builder-workspace/.derivedData/Build/Intermediates.noindex/Scalar2D.build/Debug/Scalar2D_UIKitViews-t.build/Objects-normal/arm64/Scalar2D_UIKitViews.SwiftFileList -DSWIFT_PACKAGE -DDEBUG -DSWIFT_MODULE_RESOURCE_BUNDLE_UNAVAILABLE -DXcode -plugin-path /Applications/Xcode-27.0.0-Release.Candidate.app/Contents/Developer/Toolchains/XcodeDefault.xctoolchain/usr/lib/swift/host/plugins/testing -enable-experimental-feature DebugDescriptionMacro -sdk /Applications/Xcode-27.0.0-Release.Candidate.app/Contents/Developer/Platforms/MacOSX.platform/Developer/SDKs/MacOSX27.0.sdk -target arm64-apple-macos12.0 -g -module-cache-path /Users/admin/builder/spi-builder-workspace/.derivedData/ModuleCache.noindex -Xfrontend -serialize-debugging-options -profile-coverage-mapping -profile-generate -enable-testing -index-store-path /Users/admin/builder/spi-builder-workspace/.derivedData/Index.noindex/DataStore -Xcc -D_LIBCPP_HARDENING_MODE\=_LIBCPP_HARDENING_MODE_DEBUG -swift-version 5 -I /Users/admin/builder/spi-builder-workspace/.derivedData/Build/Products/Debug -Isystem /Applications/Xcode-27.0.0-Release.Candidate.app/Contents/Developer/Platforms/MacOSX.platform/Developer/usr/lib -F /Users/admin/builder/spi-builder-workspace/.derivedData/Build/Products/Debug/PackageFrameworks -F /Users/admin/builder/spi-builder-workspace/.derivedData/Build/Products/Debug -F /Applications/Xcode-27.0.0-Release.Candidate.app/Contents/Developer/Platforms/MacOSX.platform/Developer/Library/Frameworks -c -j10 -enable-batch-mode -incremental -Xcc -ivfsstatcache -Xcc /Users/admin/builder/spi-builder-workspace/.derivedData/SDKStatCaches.noindex/macosx27.0-26A425-e829b21a6f8c9b70876ba0858053c0446a22442a12e9d48fe1a705f55a1adfc4.sdkstatcache -output-file-map /Users/admin/builder/spi-builder-workspace/.derivedData/Build/Intermediates.noindex/Scalar2D.build/Debug/Scalar2D_UIKitViews-t.build/Objects-normal/arm64/Scalar2D_UIKitViews-OutputFileMap.json -save-temps -no-color-diagnostics -explicit-module-build -module-cache-path /Users/admin/builder/spi-builder-workspace/.derivedData/Build/Intermediates.noindex/SwiftExplicitPrecompiledModules -clang-scanner-module-cache-path /Users/admin/builder/spi-builder-workspace/.derivedData/ModuleCache.noindex -sdk-module-cache-path /Users/admin/builder/spi-builder-workspace/.derivedData/SDKExplicitPrecompiledModules -emit-dependencies -emit-module -emit-module-path /Users/admin/builder/spi-builder-workspace/.derivedData/Build/Intermediates.noindex/Scalar2D.build/Debug/Scalar2D_UIKitViews-t.build/Objects-normal/arm64/Scalar2D_UIKitViews.swiftmodule -serialize-diagnostics -dependency-scan-serialize-diagnostics-path /Users/admin/builder/spi-builder-workspace/.derivedData/Build/Intermediates.noindex/Scalar2D.build/Debug/Scalar2D_UIKitViews-t.build/Objects-normal/arm64/Scalar2D_UIKitViews-dependency-scan.dia -validate-clang-modules-once -clang-build-session-file /Users/admin/builder/spi-builder-workspace/.derivedData/ModuleCache.noindex/Session.modulevalidation -Xcc -fmodules-prune-interval\=86400 -Xcc -fmodules-prune-after\=345600 -emit-const-values -const-gather-protocols-list /Users/admin/builder/spi-builder-workspace/.derivedData/Build/Intermediates.noindex/Scalar2D.build/Debug/Scalar2D_UIKitViews-t.build/Objects-normal/arm64/Scalar2D_UIKitViews_const_extract_protocols.json -Xcc -I/Users/admin/builder/spi-builder-workspace/.derivedData/Build/Products/Debug/include -Xcc -I/Users/admin/builder/spi-builder-workspace/.derivedData/Build/Intermediates.noindex/Scalar2D.build/Debug/Scalar2D_UIKitViews-t.build/DerivedSources-normal/arm64 -Xcc -I/Users/admin/builder/spi-builder-workspace/.derivedData/Build/Intermediates.noindex/Scalar2D.build/Debug/Scalar2D_UIKitViews-t.build/DerivedSources/arm64 -Xcc -I/Users/admin/builder/spi-builder-workspace/.derivedData/Build/Intermediates.noindex/Scalar2D.build/Debug/Scalar2D_UIKitViews-t.build/DerivedSources -Xcc -DSWIFT_PACKAGE -Xcc -DDEBUG\=1 -emit-objc-header -emit-objc-header-path /Users/admin/builder/spi-builder-workspace/.derivedData/Build/Intermediates.noindex/Scalar2D.build/Debug/Scalar2D_UIKitViews-t.build/Objects-normal/arm64/Scalar2D_UIKitViews-Swift.h -working-directory /Users/admin/builder/spi-builder-workspace/.swiftpm/xcode -experimental-emit-module-separately -disable-cmo
error: Clang dependency scanning failure: (in target 'Scalar2D_UIKitViews' from project 'Scalar2D')
/Users/admin/builder/spi-builder-workspace/Views/UIKit/Sources/PathView+iOS.swift:33:8: error: Unable to resolve module dependency: 'UIKit' (in target 'Scalar2D_UIKitViews' from project 'Scalar2D')
note: A dependency of main module 'Scalar2D_UIKitViews'
/Users/admin/builder/spi-builder-workspace/Views/UIKit/Sources/UIView+Styling.swift:34:8: note: Also imported here
/Users/admin/builder/spi-builder-workspace/Views/UIKit/Sources/PathView+iOS.swift:33:8: note: A dependency of main module 'Scalar2D_UIKitViews'
import UIKit
^ (in target 'Scalar2D_UIKitViews' from project 'Scalar2D')
/Users/admin/builder/spi-builder-workspace/Views/UIKit/Sources/UIView+Styling.swift:34:8: note: Also imported here
import UIKit
^ (in target 'Scalar2D_UIKitViews' from project 'Scalar2D')
SwiftDriver Scalar2D_SwiftUI normal arm64 com.apple.xcode.tools.swift.compiler (in target 'Scalar2D_SwiftUI' from project 'Scalar2D')
cd /Users/admin/builder/spi-builder-workspace/.swiftpm/xcode
builtin-SwiftDriver -- /Applications/Xcode-27.0.0-Release.Candidate.app/Contents/Developer/Toolchains/XcodeDefault.xctoolchain/usr/bin/swiftc -parse-as-library -module-name Scalar2D_SwiftUI -Onone @/Users/admin/builder/spi-builder-workspace/.derivedData/Build/Intermediates.noindex/Scalar2D.build/Debug/Scalar2D_SwiftUI-t.build/Objects-normal/arm64/Scalar2D_SwiftUI.SwiftFileList -DSWIFT_PACKAGE -DDEBUG -DSWIFT_MODULE_RESOURCE_BUNDLE_UNAVAILABLE -DXcode -plugin-path /Applications/Xcode-27.0.0-Release.Candidate.app/Contents/Developer/Toolchains/XcodeDefault.xctoolchain/usr/lib/swift/host/plugins/testing -enable-experimental-feature DebugDescriptionMacro -sdk /Applications/Xcode-27.0.0-Release.Candidate.app/Contents/Developer/Platforms/MacOSX.platform/Developer/SDKs/MacOSX27.0.sdk -target arm64-apple-macos12.0 -g -module-cache-path /Users/admin/builder/spi-builder-workspace/.derivedData/ModuleCache.noindex -Xfrontend -serialize-debugging-options -profile-coverage-mapping -profile-generate -enable-testing -index-store-path /Users/admin/builder/spi-builder-workspace/.derivedData/Index.noindex/DataStore -Xcc -D_LIBCPP_HARDENING_MODE\=_LIBCPP_HARDENING_MODE_DEBUG -swift-version 5 -I /Users/admin/builder/spi-builder-workspace/.derivedData/Build/Products/Debug -Isystem /Applications/Xcode-27.0.0-Release.Candidate.app/Contents/Developer/Platforms/MacOSX.platform/Developer/usr/lib -F /Users/admin/builder/spi-builder-workspace/.derivedData/Build/Products/Debug/PackageFrameworks -F /Users/admin/builder/spi-builder-workspace/.derivedData/Build/Products/Debug -F /Applications/Xcode-27.0.0-Release.Candidate.app/Contents/Developer/Platforms/MacOSX.platform/Developer/Library/Frameworks -c -j10 -enable-batch-mode -incremental -Xcc -ivfsstatcache -Xcc /Users/admin/builder/spi-builder-workspace/.derivedData/SDKStatCaches.noindex/macosx27.0-26A425-e829b21a6f8c9b70876ba0858053c0446a22442a12e9d48fe1a705f55a1adfc4.sdkstatcache -output-file-map /Users/admin/builder/spi-builder-workspace/.derivedData/Build/Intermediates.noindex/Scalar2D.build/Debug/Scalar2D_SwiftUI-t.build/Objects-normal/arm64/Scalar2D_SwiftUI-OutputFileMap.json -save-temps -no-color-diagnostics -explicit-module-build -module-cache-path /Users/admin/builder/spi-builder-workspace/.derivedData/Build/Intermediates.noindex/SwiftExplicitPrecompiledModules -clang-scanner-module-cache-path /Users/admin/builder/spi-builder-workspace/.derivedData/ModuleCache.noindex -sdk-module-cache-path /Users/admin/builder/spi-builder-workspace/.derivedData/SDKExplicitPrecompiledModules -emit-dependencies -emit-module -emit-module-path /Users/admin/builder/spi-builder-workspace/.derivedData/Build/Intermediates.noindex/Scalar2D.build/Debug/Scalar2D_SwiftUI-t.build/Objects-normal/arm64/Scalar2D_SwiftUI.swiftmodule -serialize-diagnostics -dependency-scan-serialize-diagnostics-path /Users/admin/builder/spi-builder-workspace/.derivedData/Build/Intermediates.noindex/Scalar2D.build/Debug/Scalar2D_SwiftUI-t.build/Objects-normal/arm64/Scalar2D_SwiftUI-dependency-scan.dia -validate-clang-modules-once -clang-build-session-file /Users/admin/builder/spi-builder-workspace/.derivedData/ModuleCache.noindex/Session.modulevalidation -Xcc -fmodules-prune-interval\=86400 -Xcc -fmodules-prune-after\=345600 -emit-const-values -const-gather-protocols-list /Users/admin/builder/spi-builder-workspace/.derivedData/Build/Intermediates.noindex/Scalar2D.build/Debug/Scalar2D_SwiftUI-t.build/Objects-normal/arm64/Scalar2D_SwiftUI_const_extract_protocols.json -Xcc -I/Users/admin/builder/spi-builder-workspace/.derivedData/Build/Products/Debug/include -Xcc -I/Users/admin/builder/spi-builder-workspace/.derivedData/Build/Intermediates.noindex/Scalar2D.build/Debug/Scalar2D_SwiftUI-t.build/DerivedSources-normal/arm64 -Xcc -I/Users/admin/builder/spi-builder-workspace/.derivedData/Build/Intermediates.noindex/Scalar2D.build/Debug/Scalar2D_SwiftUI-t.build/DerivedSources/arm64 -Xcc -I/Users/admin/builder/spi-builder-workspace/.derivedData/Build/Intermediates.noindex/Scalar2D.build/Debug/Scalar2D_SwiftUI-t.build/DerivedSources -Xcc -DSWIFT_PACKAGE -Xcc -DDEBUG\=1 -emit-objc-header -emit-objc-header-path /Users/admin/builder/spi-builder-workspace/.derivedData/Build/Intermediates.noindex/Scalar2D.build/Debug/Scalar2D_SwiftUI-t.build/Objects-normal/arm64/Scalar2D_SwiftUI-Swift.h -working-directory /Users/admin/builder/spi-builder-workspace/.swiftpm/xcode -experimental-emit-module-separately -disable-cmo
SwiftDriver Scalar2D_AppKitViews normal arm64 com.apple.xcode.tools.swift.compiler (in target 'Scalar2D_AppKitViews' from project 'Scalar2D')
cd /Users/admin/builder/spi-builder-workspace/.swiftpm/xcode
builtin-SwiftDriver -- /Applications/Xcode-27.0.0-Release.Candidate.app/Contents/Developer/Toolchains/XcodeDefault.xctoolchain/usr/bin/swiftc -parse-as-library -module-name Scalar2D_AppKitViews -Onone @/Users/admin/builder/spi-builder-workspace/.derivedData/Build/Intermediates.noindex/Scalar2D.build/Debug/Scalar2D_AppKitViews-t.build/Objects-normal/arm64/Scalar2D_AppKitViews.SwiftFileList -DSWIFT_PACKAGE -DDEBUG -DSWIFT_MODULE_RESOURCE_BUNDLE_UNAVAILABLE -DXcode -plugin-path /Applications/Xcode-27.0.0-Release.Candidate.app/Contents/Developer/Toolchains/XcodeDefault.xctoolchain/usr/lib/swift/host/plugins/testing -enable-experimental-feature DebugDescriptionMacro -sdk /Applications/Xcode-27.0.0-Release.Candidate.app/Contents/Developer/Platforms/MacOSX.platform/Developer/SDKs/MacOSX27.0.sdk -target arm64-apple-macos12.0 -g -module-cache-path /Users/admin/builder/spi-builder-workspace/.derivedData/ModuleCache.noindex -Xfrontend -serialize-debugging-options -profile-coverage-mapping -profile-generate -enable-testing -index-store-path /Users/admin/builder/spi-builder-workspace/.derivedData/Index.noindex/DataStore -Xcc -D_LIBCPP_HARDENING_MODE\=_LIBCPP_HARDENING_MODE_DEBUG -swift-version 5 -I /Users/admin/builder/spi-builder-workspace/.derivedData/Build/Products/Debug -Isystem /Applications/Xcode-27.0.0-Release.Candidate.app/Contents/Developer/Platforms/MacOSX.platform/Developer/usr/lib -F /Users/admin/builder/spi-builder-workspace/.derivedData/Build/Products/Debug/PackageFrameworks -F /Users/admin/builder/spi-builder-workspace/.derivedData/Build/Products/Debug -F /Applications/Xcode-27.0.0-Release.Candidate.app/Contents/Developer/Platforms/MacOSX.platform/Developer/Library/Frameworks -c -j10 -enable-batch-mode -incremental -Xcc -ivfsstatcache -Xcc /Users/admin/builder/spi-builder-workspace/.derivedData/SDKStatCaches.noindex/macosx27.0-26A425-e829b21a6f8c9b70876ba0858053c0446a22442a12e9d48fe1a705f55a1adfc4.sdkstatcache -output-file-map /Users/admin/builder/spi-builder-workspace/.derivedData/Build/Intermediates.noindex/Scalar2D.build/Debug/Scalar2D_AppKitViews-t.build/Objects-normal/arm64/Scalar2D_AppKitViews-OutputFileMap.json -save-temps -no-color-diagnostics -explicit-module-build -module-cache-path /Users/admin/builder/spi-builder-workspace/.derivedData/Build/Intermediates.noindex/SwiftExplicitPrecompiledModules -clang-scanner-module-cache-path /Users/admin/builder/spi-builder-workspace/.derivedData/ModuleCache.noindex -sdk-module-cache-path /Users/admin/builder/spi-builder-workspace/.derivedData/SDKExplicitPrecompiledModules -emit-dependencies -emit-module -emit-module-path /Users/admin/builder/spi-builder-workspace/.derivedData/Build/Intermediates.noindex/Scalar2D.build/Debug/Scalar2D_AppKitViews-t.build/Objects-normal/arm64/Scalar2D_AppKitViews.swiftmodule -serialize-diagnostics -dependency-scan-serialize-diagnostics-path /Users/admin/builder/spi-builder-workspace/.derivedData/Build/Intermediates.noindex/Scalar2D.build/Debug/Scalar2D_AppKitViews-t.build/Objects-normal/arm64/Scalar2D_AppKitViews-dependency-scan.dia -validate-clang-modules-once -clang-build-session-file /Users/admin/builder/spi-builder-workspace/.derivedData/ModuleCache.noindex/Session.modulevalidation -Xcc -fmodules-prune-interval\=86400 -Xcc -fmodules-prune-after\=345600 -emit-const-values -const-gather-protocols-list /Users/admin/builder/spi-builder-workspace/.derivedData/Build/Intermediates.noindex/Scalar2D.build/Debug/Scalar2D_AppKitViews-t.build/Objects-normal/arm64/Scalar2D_AppKitViews_const_extract_protocols.json -Xcc -I/Users/admin/builder/spi-builder-workspace/.derivedData/Build/Products/Debug/include -Xcc -I/Users/admin/builder/spi-builder-workspace/.derivedData/Build/Intermediates.noindex/Scalar2D.build/Debug/Scalar2D_AppKitViews-t.build/DerivedSources-normal/arm64 -Xcc -I/Users/admin/builder/spi-builder-workspace/.derivedData/Build/Intermediates.noindex/Scalar2D.build/Debug/Scalar2D_AppKitViews-t.build/DerivedSources/arm64 -Xcc -I/Users/admin/builder/spi-builder-workspace/.derivedData/Build/Intermediates.noindex/Scalar2D.build/Debug/Scalar2D_AppKitViews-t.build/DerivedSources -Xcc -DSWIFT_PACKAGE -Xcc -DDEBUG\=1 -emit-objc-header -emit-objc-header-path /Users/admin/builder/spi-builder-workspace/.derivedData/Build/Intermediates.noindex/Scalar2D.build/Debug/Scalar2D_AppKitViews-t.build/Objects-normal/arm64/Scalar2D_AppKitViews-Swift.h -working-directory /Users/admin/builder/spi-builder-workspace/.swiftpm/xcode -experimental-emit-module-separately -disable-cmo
PruneExplicitPrecompiledModules /Users/admin/builder/spi-builder-workspace/.derivedData/Build/Intermediates.noindex/SwiftExplicitPrecompiledModules
PruneExplicitPrecompiledModules /Users/admin/builder/spi-builder-workspace/.derivedData/Build/Intermediates.noindex/ExplicitPrecompiledModules
PruneExplicitPrecompiledModules /Users/admin/builder/spi-builder-workspace/.derivedData/SDKExplicitPrecompiledModules
warning: 'Scalar2D_SwiftUI' is missing a dependency on 'Scalar2D_GraphicPath' because dependency scan of Swift module 'Scalar2D_SwiftUI' discovered a dependency on 'Scalar2D_GraphicPath'
warning: 'Scalar2D_AppKitViews' is missing a dependency on 'Scalar2D_GraphicPath' because dependency scan of Swift module 'Scalar2D_AppKitViews' discovered a dependency on 'Scalar2D_GraphicPath'
2026-09-17 20:28:46.414 xcodebuild[864:5710] [MT] IDERunDestination: Supported platforms for the buildables in the current scheme is empty.
2026-09-17 20:28:46.513 xcodebuild[864:5710] [MT] IDERunDestination: Supported platforms for the buildables in the current scheme is empty.
--- xcodebuild: WARNING: Using the first of multiple matching destinations:
{ platform:macOS, arch:arm64, id:179f3a89fc14df0c82d9a8d28333a32ada7e1a5d, name:My Mac }
{ platform:macOS, arch:arm64, variant:Mac Catalyst, id:179f3a89fc14df0c82d9a8d28333a32ada7e1a5d, name:My Mac }
{ platform:macOS, arch:arm64, variant:DriverKit, id:179f3a89fc14df0c82d9a8d28333a32ada7e1a5d, name:My Mac }
{ platform:macOS, arch:arm64, variant:Designed for [iPad,iPhone], id:179f3a89fc14df0c82d9a8d28333a32ada7e1a5d, name:My Mac }
** BUILD FAILED **
The following build commands failed:
SwiftDriver Scalar2D_UIKitViews normal arm64 com.apple.xcode.tools.swift.compiler (in target 'Scalar2D_UIKitViews' from project 'Scalar2D')
Building workspace Scalar2D with scheme Scalar2D-Package
(2 failures)
BUILD FAILURE 6.4 macosXcodebuild