The Swift Package Index logo.Swift Package Index

Build Information

Failed to build Mercato, reference master (e6132a), with Swift 6.4 for watchOS using Xcode 27.0 on 23 Sep 2026 02:45:21 UTC.

Build Command

env DEVELOPER_DIR=/Applications/Xcode-27.0.0-Release.Candidate.app xcrun xcodebuild -IDEClonedSourcePackagesDirPathOverride=$PWD/.dependencies -skipMacroValidation -skipPackagePluginValidation -derivedDataPath $PWD/.derivedData build -scheme Mercato-Package -destination generic/platform=watchOS

Build Log

========================================
RunAll
========================================
Builder version: 5.1.0
Interrupt handler set up.
========================================
Checkout
========================================
Clone URL: https://github.com/tikhop/Mercato.git
Reference: master
Initialized empty Git repository in /Users/admin/builder/spi-builder-workspace/.git/
From https://github.com/tikhop/Mercato
 * branch            master     -> FETCH_HEAD
 * [new branch]      master     -> origin/master
HEAD is now at e6132a7 Merge pull request #16 from tikhop/feat/decimal-formatted
Cloned https://github.com/tikhop/Mercato.git
Revision (git rev-parse @):
e6132a7b8ad9bfd3ad01599e3135f1ed0ac02519
SUCCESS checkout https://github.com/tikhop/Mercato.git at master
========================================
Build
========================================
Selected platform:         watchOS
Swift version:             6.4
Building package at path:  $PWD
https://github.com/tikhop/Mercato.git
Command line invocation:
    /Applications/Xcode-27.0.0-Release.Candidate.app/Contents/Developer/usr/bin/xcodebuild -IDEClonedSourcePackagesDirPathOverride=/Users/admin/builder/spi-builder-workspace/.dependencies -resolvePackageDependencies
Resolve Package Graph
Resolve Package Graph
Resolved source packages:
  Mercato: /Users/admin/builder/spi-builder-workspace
resolved source packages: Mercato
2026-09-22 22:44:39.683 xcodebuild[528:3020] [MT] IDERunDestination: Supported platforms for the buildables in the current scheme is empty.
{
  "dependencies" : [
  ],
  "manifest_display_name" : "Mercato",
  "name" : "Mercato",
  "path" : "/Users/admin/builder/spi-builder-workspace",
  "platforms" : [
    {
      "name" : "ios",
      "version" : "15.4"
    },
    {
      "name" : "tvos",
      "version" : "17.0"
    },
    {
      "name" : "watchos",
      "version" : "10.0"
    },
    {
      "name" : "macos",
      "version" : "13.0"
    },
    {
      "name" : "visionos",
      "version" : "1.0"
    }
  ],
  "products" : [
    {
      "name" : "Mercato",
      "targets" : [
        "Mercato"
      ],
      "type" : {
        "library" : [
          "automatic"
        ]
      }
    },
    {
      "name" : "AdvancedCommerceMercato",
      "targets" : [
        "AdvancedCommerceMercato"
      ],
      "type" : {
        "library" : [
          "automatic"
        ]
      }
    }
  ],
  "targets" : [
    {
      "c99name" : "MercatoTests",
      "module_type" : "SwiftTarget",
      "name" : "MercatoTests",
      "path" : "Tests/MercatoTests",
      "resources" : [
        {
          "path" : "/Users/admin/builder/spi-builder-workspace/Tests/MercatoTests/Mercato.storekit",
          "rule" : {
            "copy" : {
            }
          }
        }
      ],
      "sources" : [
        "CurrencySymbolsLibraryTests.swift",
        "MercatoTests.swift",
        "PeriodFormatterTests.swift",
        "PriceFormatterTests.swift",
        "ProductServiceTests.swift",
        "ProductTests.swift",
        "PurchaseOptionsTests.swift",
        "TestHelper.swift"
      ],
      "target_dependencies" : [
        "Mercato",
        "AdvancedCommerceMercato"
      ],
      "type" : "test"
    },
    {
      "c99name" : "Mercato",
      "module_type" : "SwiftTarget",
      "name" : "Mercato",
      "path" : "Sources/Mercato",
      "product_memberships" : [
        "Mercato",
        "AdvancedCommerceMercato"
      ],
      "sources" : [
        "Mercato+Extras.swift",
        "Mercato+StoreKit.swift",
        "Mercato.swift",
        "MercatoError.swift",
        "Models/PromotionalOffer.swift",
        "ProductService.swift",
        "Purchase.swift",
        "Utils/CurrencySymbolsLibrary.swift",
        "Utils/Lock.swift",
        "Utils/PeriodFormatter.swift",
        "Utils/PriceFormatter.swift"
      ],
      "type" : "library"
    },
    {
      "c99name" : "AdvancedCommerceMercato",
      "module_type" : "SwiftTarget",
      "name" : "AdvancedCommerceMercato",
      "path" : "Sources/AdvancedCommerceMercato",
      "product_memberships" : [
        "AdvancedCommerceMercato"
      ],
      "sources" : [
        "AdvancedCommerceProductService.swift",
        "AdvancedCommercePurchase.swift",
        "Mercato+AdvancedCommerce.swift",
        "Models/Descriptors.swift",
        "Models/Effective.swift",
        "Models/Offer.swift",
        "Models/OfferPeriod.swift",
        "Models/OfferReason.swift",
        "Models/OneTimeChargeCreateRequest.swift",
        "Models/OneTimeChargeItem.swift",
        "Models/Period.swift",
        "Models/Reason.swift",
        "Models/RequestInfo.swift",
        "Models/RequestOperation.swift",
        "Models/RequestVersion.swift",
        "Models/SubscriptionCreateItem.swift",
        "Models/SubscriptionCreateRequest.swift",
        "Models/SubscriptionModifyAddItem.swift",
        "Models/SubscriptionModifyChangeItem.swift",
        "Models/SubscriptionModifyDescriptors.swift",
        "Models/SubscriptionModifyInAppRequest.swift",
        "Models/SubscriptionModifyPeriodChange.swift",
        "Models/SubscriptionModifyRemoveItem.swift",
        "Models/SubscriptionReactivateInAppRequest.swift",
        "Models/SubscriptionReactivateItem.swift",
        "Models/ValidationUtils.swift"
      ],
      "target_dependencies" : [
        "Mercato"
      ],
      "type" : "library"
    }
  ],
  "tools_version" : "6.0"
}
{
  "workspace" : {
    "name" : "Mercato",
    "schemes" : [
      "AdvancedCommerceMercato",
      "Mercato",
      "Mercato-Package"
    ]
  }
}
2026-09-22 22:45:07.303 xcodebuild[625:3853] [MT] IDERunDestination: Supported platforms for the buildables in the current scheme is empty.
Running build ...
env DEVELOPER_DIR=/Applications/Xcode-27.0.0-Release.Candidate.app xcrun xcodebuild -IDEClonedSourcePackagesDirPathOverride=$PWD/.dependencies -skipMacroValidation -skipPackagePluginValidation -derivedDataPath $PWD/.derivedData build -scheme Mercato-Package -destination generic/platform=watchOS
Command line invocation:
    /Applications/Xcode-27.0.0-Release.Candidate.app/Contents/Developer/usr/bin/xcodebuild -IDEClonedSourcePackagesDirPathOverride=/Users/admin/builder/spi-builder-workspace/.dependencies -skipMacroValidation -skipPackagePluginValidation -derivedDataPath /Users/admin/builder/spi-builder-workspace/.derivedData build -scheme Mercato-Package -destination generic/platform=watchOS
Resolve Package Graph
Resolved source packages:
  Mercato: /Users/admin/builder/spi-builder-workspace
ComputePackagePrebuildTargetDependencyGraph
Prepare packages
CreateBuildRequest
SendProjectDescription
CreateBuildOperation
ComputeTargetDependencyGraph
note: Building targets in dependency order
note: Target dependency graph (4 targets)
    Target 'AdvancedCommerceMercato-product' in project 'Mercato'
        ➜ Explicit dependency on target 'AdvancedCommerceMercato' in project 'Mercato'
        ➜ Explicit dependency on target 'Mercato' in project 'Mercato'
    Target 'AdvancedCommerceMercato' in project 'Mercato'
        ➜ Explicit dependency on target 'Mercato' in project 'Mercato'
    Target 'Mercato-product' in project 'Mercato'
        ➜ Explicit dependency on target 'Mercato' in project 'Mercato'
    Target 'Mercato' in project 'Mercato' (no dependencies)
GatherProvisioningInputs
CreateBuildDescription
ExecuteExternalTool /Applications/Xcode-27.0.0-Release.Candidate.app/Contents/Developer/Toolchains/XcodeDefault.xctoolchain/usr/bin/clang -v -E -dM -isysroot /Applications/Xcode-27.0.0-Release.Candidate.app/Contents/Developer/Platforms/WatchOS.platform/Developer/SDKs/WatchOS27.0.sdk -x c -c /dev/null
ExecuteExternalTool /Applications/Xcode-27.0.0-Release.Candidate.app/Contents/Developer/Toolchains/XcodeDefault.xctoolchain/usr/bin/swiftc --version
ExecuteExternalTool /Applications/Xcode-27.0.0-Release.Candidate.app/Contents/Developer/Toolchains/XcodeDefault.xctoolchain/usr/bin/ld -version_details
Build description signature: 3a8a67cc86672c08e748b83c24b1b5c1
Build description path: /Users/admin/builder/spi-builder-workspace/.derivedData/Build/Intermediates.noindex/XCBuildData/3a8a67cc86672c08e748b83c24b1b5c1.xcbuilddata
CreateBuildDirectory /Users/admin/builder/spi-builder-workspace/.derivedData/SDKExplicitPrecompiledModules
    cd /Users/admin/builder/spi-builder-workspace/.swiftpm/xcode
    builtin-create-build-directory /Users/admin/builder/spi-builder-workspace/.derivedData/SDKExplicitPrecompiledModules
CreateBuildDirectory /Users/admin/builder/spi-builder-workspace/.derivedData/ModuleCache.noindex
    cd /Users/admin/builder/spi-builder-workspace/.swiftpm/xcode
    builtin-create-build-directory /Users/admin/builder/spi-builder-workspace/.derivedData/ModuleCache.noindex
CreateBuildDirectory /Users/admin/builder/spi-builder-workspace/.derivedData/CompilationCache.noindex
    cd /Users/admin/builder/spi-builder-workspace/.swiftpm/xcode
    builtin-create-build-directory /Users/admin/builder/spi-builder-workspace/.derivedData/CompilationCache.noindex
ClangStatCache /Applications/Xcode-27.0.0-Release.Candidate.app/Contents/Developer/Toolchains/XcodeDefault.xctoolchain/usr/bin/clang-stat-cache /Applications/Xcode-27.0.0-Release.Candidate.app/Contents/Developer/Platforms/WatchOS.platform/Developer/SDKs/WatchOS27.0.sdk /Users/admin/builder/spi-builder-workspace/.derivedData/SDKStatCaches.noindex/watchos27.0-24R360-e829b21a6f8c9b70876ba0858053c04477534ef55a1706bf4c1112bbb242f0a2.sdkstatcache
    cd /Users/admin/builder/spi-builder-workspace/.swiftpm/xcode
    /Applications/Xcode-27.0.0-Release.Candidate.app/Contents/Developer/Toolchains/XcodeDefault.xctoolchain/usr/bin/clang-stat-cache /Applications/Xcode-27.0.0-Release.Candidate.app/Contents/Developer/Platforms/WatchOS.platform/Developer/SDKs/WatchOS27.0.sdk -o /Users/admin/builder/spi-builder-workspace/.derivedData/SDKStatCaches.noindex/watchos27.0-24R360-e829b21a6f8c9b70876ba0858053c04477534ef55a1706bf4c1112bbb242f0a2.sdkstatcache
CreateBuildDirectory /Users/admin/builder/spi-builder-workspace/.derivedData/Build/Intermediates.noindex
    cd /Users/admin/builder/spi-builder-workspace/.swiftpm/xcode
    builtin-create-build-directory /Users/admin/builder/spi-builder-workspace/.derivedData/Build/Intermediates.noindex
CreateBuildDirectory /Users/admin/builder/spi-builder-workspace/.derivedData/Build/Products
    cd /Users/admin/builder/spi-builder-workspace/.swiftpm/xcode
    builtin-create-build-directory /Users/admin/builder/spi-builder-workspace/.derivedData/Build/Products
CreateBuildDirectory /Users/admin/builder/spi-builder-workspace/.derivedData/Build/Intermediates.noindex/SwiftExplicitPrecompiledModules
    cd /Users/admin/builder/spi-builder-workspace/.swiftpm/xcode
    builtin-create-build-directory /Users/admin/builder/spi-builder-workspace/.derivedData/Build/Intermediates.noindex/SwiftExplicitPrecompiledModules
CreateBuildDirectory /Users/admin/builder/spi-builder-workspace/.derivedData/Build/Intermediates.noindex/PrecompiledHeaders
    cd /Users/admin/builder/spi-builder-workspace/.swiftpm/xcode
    builtin-create-build-directory /Users/admin/builder/spi-builder-workspace/.derivedData/Build/Intermediates.noindex/PrecompiledHeaders
CreateBuildDirectory /Users/admin/builder/spi-builder-workspace/.derivedData/Build/Intermediates.noindex/ExplicitPrecompiledModules
    cd /Users/admin/builder/spi-builder-workspace/.swiftpm/xcode
    builtin-create-build-directory /Users/admin/builder/spi-builder-workspace/.derivedData/Build/Intermediates.noindex/ExplicitPrecompiledModules
CreateBuildDirectory /Users/admin/builder/spi-builder-workspace/.derivedData/Build/Intermediates.noindex/EagerLinkingTBDs/Debug-watchos
    cd /Users/admin/builder/spi-builder-workspace/.swiftpm/xcode
    builtin-create-build-directory /Users/admin/builder/spi-builder-workspace/.derivedData/Build/Intermediates.noindex/EagerLinkingTBDs/Debug-watchos
CreateBuildDirectory /Users/admin/builder/spi-builder-workspace/.derivedData/Build/Products/Debug-watchos
    cd /Users/admin/builder/spi-builder-workspace/.swiftpm/xcode
    builtin-create-build-directory /Users/admin/builder/spi-builder-workspace/.derivedData/Build/Products/Debug-watchos
CreateBuildDirectory /Users/admin/builder/spi-builder-workspace/.derivedData/Build/Products/Debug-watchos/PackageFrameworks
    cd /Users/admin/builder/spi-builder-workspace/.swiftpm/xcode
    builtin-create-build-directory /Users/admin/builder/spi-builder-workspace/.derivedData/Build/Products/Debug-watchos/PackageFrameworks
WriteAuxiliaryFile /Users/admin/builder/spi-builder-workspace/.derivedData/Build/Intermediates.noindex/Mercato.build/Debug-watchos/Mercato-t.build/Mercato.modulemap (in target 'Mercato' from project 'Mercato')
    cd /Users/admin/builder/spi-builder-workspace
    write-file /Users/admin/builder/spi-builder-workspace/.derivedData/Build/Intermediates.noindex/Mercato.build/Debug-watchos/Mercato-t.build/Mercato.modulemap
WriteAuxiliaryFile /Users/admin/builder/spi-builder-workspace/.derivedData/Build/Intermediates.noindex/Mercato.build/Debug-watchos/Mercato-t.build/Objects-normal/arm64/Mercato_const_extract_protocols.json (in target 'Mercato' from project 'Mercato')
    cd /Users/admin/builder/spi-builder-workspace
    write-file /Users/admin/builder/spi-builder-workspace/.derivedData/Build/Intermediates.noindex/Mercato.build/Debug-watchos/Mercato-t.build/Objects-normal/arm64/Mercato_const_extract_protocols.json
WriteAuxiliaryFile /Users/admin/builder/spi-builder-workspace/.derivedData/Build/Intermediates.noindex/Mercato.build/Debug-watchos/Mercato-t.build/Objects-normal/arm64_32/Mercato_const_extract_protocols.json (in target 'Mercato' from project 'Mercato')
    cd /Users/admin/builder/spi-builder-workspace
    write-file /Users/admin/builder/spi-builder-workspace/.derivedData/Build/Intermediates.noindex/Mercato.build/Debug-watchos/Mercato-t.build/Objects-normal/arm64_32/Mercato_const_extract_protocols.json
WriteAuxiliaryFile /Users/admin/builder/spi-builder-workspace/.derivedData/Build/Intermediates.noindex/Mercato.build/Debug-watchos/Mercato-t.build/Objects-normal/arm64_32/Mercato.SwiftFileList (in target 'Mercato' from project 'Mercato')
    cd /Users/admin/builder/spi-builder-workspace
    write-file /Users/admin/builder/spi-builder-workspace/.derivedData/Build/Intermediates.noindex/Mercato.build/Debug-watchos/Mercato-t.build/Objects-normal/arm64_32/Mercato.SwiftFileList
WriteAuxiliaryFile /Users/admin/builder/spi-builder-workspace/.derivedData/Build/Intermediates.noindex/Mercato.build/Debug-watchos/Mercato-t.build/Objects-normal/arm64/Mercato.SwiftFileList (in target 'Mercato' from project 'Mercato')
    cd /Users/admin/builder/spi-builder-workspace
    write-file /Users/admin/builder/spi-builder-workspace/.derivedData/Build/Intermediates.noindex/Mercato.build/Debug-watchos/Mercato-t.build/Objects-normal/arm64/Mercato.SwiftFileList
WriteAuxiliaryFile /Users/admin/builder/spi-builder-workspace/.derivedData/Build/Intermediates.noindex/Mercato.build/Debug-watchos/Mercato-t.build/Objects-normal/arm64_32/Mercato-OutputFileMap.json (in target 'Mercato' from project 'Mercato')
    cd /Users/admin/builder/spi-builder-workspace
    write-file /Users/admin/builder/spi-builder-workspace/.derivedData/Build/Intermediates.noindex/Mercato.build/Debug-watchos/Mercato-t.build/Objects-normal/arm64_32/Mercato-OutputFileMap.json
WriteAuxiliaryFile /Users/admin/builder/spi-builder-workspace/.derivedData/Build/Intermediates.noindex/Mercato.build/Debug-watchos/Mercato-t.build/Objects-normal/arm64_32/Mercato.LinkFileList (in target 'Mercato' from project 'Mercato')
    cd /Users/admin/builder/spi-builder-workspace
    write-file /Users/admin/builder/spi-builder-workspace/.derivedData/Build/Intermediates.noindex/Mercato.build/Debug-watchos/Mercato-t.build/Objects-normal/arm64_32/Mercato.LinkFileList
WriteAuxiliaryFile /Users/admin/builder/spi-builder-workspace/.derivedData/Build/Intermediates.noindex/Mercato.build/Debug-watchos/Mercato-t.build/Objects-normal/arm64_32/Mercato.SwiftConstValuesFileList (in target 'Mercato' from project 'Mercato')
    cd /Users/admin/builder/spi-builder-workspace
    write-file /Users/admin/builder/spi-builder-workspace/.derivedData/Build/Intermediates.noindex/Mercato.build/Debug-watchos/Mercato-t.build/Objects-normal/arm64_32/Mercato.SwiftConstValuesFileList
WriteAuxiliaryFile /Users/admin/builder/spi-builder-workspace/.derivedData/Build/Intermediates.noindex/Mercato.build/Debug-watchos/Mercato-t.build/Objects-normal/arm64/Mercato.SwiftConstValuesFileList (in target 'Mercato' from project 'Mercato')
    cd /Users/admin/builder/spi-builder-workspace
    write-file /Users/admin/builder/spi-builder-workspace/.derivedData/Build/Intermediates.noindex/Mercato.build/Debug-watchos/Mercato-t.build/Objects-normal/arm64/Mercato.SwiftConstValuesFileList
WriteAuxiliaryFile /Users/admin/builder/spi-builder-workspace/.derivedData/Build/Intermediates.noindex/Mercato.build/Debug-watchos/Mercato-t.build/Objects-normal/arm64/Mercato.LinkFileList (in target 'Mercato' from project 'Mercato')
    cd /Users/admin/builder/spi-builder-workspace
    write-file /Users/admin/builder/spi-builder-workspace/.derivedData/Build/Intermediates.noindex/Mercato.build/Debug-watchos/Mercato-t.build/Objects-normal/arm64/Mercato.LinkFileList
WriteAuxiliaryFile /Users/admin/builder/spi-builder-workspace/.derivedData/Build/Intermediates.noindex/Mercato.build/Debug-watchos/Mercato-t.build/Objects-normal/arm64/Mercato-OutputFileMap.json (in target 'Mercato' from project 'Mercato')
    cd /Users/admin/builder/spi-builder-workspace
    write-file /Users/admin/builder/spi-builder-workspace/.derivedData/Build/Intermediates.noindex/Mercato.build/Debug-watchos/Mercato-t.build/Objects-normal/arm64/Mercato-OutputFileMap.json
WriteAuxiliaryFile /Users/admin/builder/spi-builder-workspace/.derivedData/Build/Intermediates.noindex/Mercato.build/Debug-watchos/Mercato-t.build/Mercato.DependencyStaticMetadataFileList (in target 'Mercato' from project 'Mercato')
    cd /Users/admin/builder/spi-builder-workspace
    write-file /Users/admin/builder/spi-builder-workspace/.derivedData/Build/Intermediates.noindex/Mercato.build/Debug-watchos/Mercato-t.build/Mercato.DependencyStaticMetadataFileList
WriteAuxiliaryFile /Users/admin/builder/spi-builder-workspace/.derivedData/Build/Intermediates.noindex/Mercato.build/Debug-watchos/Mercato-t.build/Mercato.DependencyMetadataFileList (in target 'Mercato' from project 'Mercato')
    cd /Users/admin/builder/spi-builder-workspace
    write-file /Users/admin/builder/spi-builder-workspace/.derivedData/Build/Intermediates.noindex/Mercato.build/Debug-watchos/Mercato-t.build/Mercato.DependencyMetadataFileList
Copy /Users/admin/builder/spi-builder-workspace/.derivedData/Build/Intermediates.noindex/GeneratedModuleMaps-watchos/Mercato.modulemap /Users/admin/builder/spi-builder-workspace/.derivedData/Build/Intermediates.noindex/Mercato.build/Debug-watchos/Mercato-t.build/Mercato.modulemap (in target 'Mercato' from project 'Mercato')
    cd /Users/admin/builder/spi-builder-workspace
    builtin-copy -exclude .DS_Store -exclude CVS -exclude .svn -exclude .git -exclude .hg -resolve-src-symlinks /Users/admin/builder/spi-builder-workspace/.derivedData/Build/Intermediates.noindex/Mercato.build/Debug-watchos/Mercato-t.build/Mercato.modulemap /Users/admin/builder/spi-builder-workspace/.derivedData/Build/Intermediates.noindex/GeneratedModuleMaps-watchos
WriteAuxiliaryFile /Users/admin/builder/spi-builder-workspace/.derivedData/Build/Intermediates.noindex/Mercato.build/Debug-watchos/AdvancedCommerceMercato-t.build/Objects-normal/arm64_32/AdvancedCommerceMercato_const_extract_protocols.json (in target 'AdvancedCommerceMercato' from project 'Mercato')
    cd /Users/admin/builder/spi-builder-workspace
    write-file /Users/admin/builder/spi-builder-workspace/.derivedData/Build/Intermediates.noindex/Mercato.build/Debug-watchos/AdvancedCommerceMercato-t.build/Objects-normal/arm64_32/AdvancedCommerceMercato_const_extract_protocols.json
WriteAuxiliaryFile /Users/admin/builder/spi-builder-workspace/.derivedData/Build/Intermediates.noindex/Mercato.build/Debug-watchos/AdvancedCommerceMercato-t.build/Objects-normal/arm64_32/AdvancedCommerceMercato.SwiftFileList (in target 'AdvancedCommerceMercato' from project 'Mercato')
    cd /Users/admin/builder/spi-builder-workspace
    write-file /Users/admin/builder/spi-builder-workspace/.derivedData/Build/Intermediates.noindex/Mercato.build/Debug-watchos/AdvancedCommerceMercato-t.build/Objects-normal/arm64_32/AdvancedCommerceMercato.SwiftFileList
WriteAuxiliaryFile /Users/admin/builder/spi-builder-workspace/.derivedData/Build/Intermediates.noindex/Mercato.build/Debug-watchos/AdvancedCommerceMercato-t.build/Objects-normal/arm64_32/AdvancedCommerceMercato.SwiftConstValuesFileList (in target 'AdvancedCommerceMercato' from project 'Mercato')
    cd /Users/admin/builder/spi-builder-workspace
    write-file /Users/admin/builder/spi-builder-workspace/.derivedData/Build/Intermediates.noindex/Mercato.build/Debug-watchos/AdvancedCommerceMercato-t.build/Objects-normal/arm64_32/AdvancedCommerceMercato.SwiftConstValuesFileList
WriteAuxiliaryFile /Users/admin/builder/spi-builder-workspace/.derivedData/Build/Intermediates.noindex/Mercato.build/Debug-watchos/AdvancedCommerceMercato-t.build/Objects-normal/arm64_32/AdvancedCommerceMercato.LinkFileList (in target 'AdvancedCommerceMercato' from project 'Mercato')
    cd /Users/admin/builder/spi-builder-workspace
    write-file /Users/admin/builder/spi-builder-workspace/.derivedData/Build/Intermediates.noindex/Mercato.build/Debug-watchos/AdvancedCommerceMercato-t.build/Objects-normal/arm64_32/AdvancedCommerceMercato.LinkFileList
WriteAuxiliaryFile /Users/admin/builder/spi-builder-workspace/.derivedData/Build/Intermediates.noindex/Mercato.build/Debug-watchos/AdvancedCommerceMercato-t.build/Objects-normal/arm64_32/AdvancedCommerceMercato-OutputFileMap.json (in target 'AdvancedCommerceMercato' from project 'Mercato')
    cd /Users/admin/builder/spi-builder-workspace
    write-file /Users/admin/builder/spi-builder-workspace/.derivedData/Build/Intermediates.noindex/Mercato.build/Debug-watchos/AdvancedCommerceMercato-t.build/Objects-normal/arm64_32/AdvancedCommerceMercato-OutputFileMap.json
WriteAuxiliaryFile /Users/admin/builder/spi-builder-workspace/.derivedData/Build/Intermediates.noindex/Mercato.build/Debug-watchos/AdvancedCommerceMercato-t.build/Objects-normal/arm64/AdvancedCommerceMercato.SwiftConstValuesFileList (in target 'AdvancedCommerceMercato' from project 'Mercato')
    cd /Users/admin/builder/spi-builder-workspace
    write-file /Users/admin/builder/spi-builder-workspace/.derivedData/Build/Intermediates.noindex/Mercato.build/Debug-watchos/AdvancedCommerceMercato-t.build/Objects-normal/arm64/AdvancedCommerceMercato.SwiftConstValuesFileList
WriteAuxiliaryFile /Users/admin/builder/spi-builder-workspace/.derivedData/Build/Intermediates.noindex/Mercato.build/Debug-watchos/AdvancedCommerceMercato-t.build/Objects-normal/arm64/AdvancedCommerceMercato_const_extract_protocols.json (in target 'AdvancedCommerceMercato' from project 'Mercato')
    cd /Users/admin/builder/spi-builder-workspace
    write-file /Users/admin/builder/spi-builder-workspace/.derivedData/Build/Intermediates.noindex/Mercato.build/Debug-watchos/AdvancedCommerceMercato-t.build/Objects-normal/arm64/AdvancedCommerceMercato_const_extract_protocols.json
WriteAuxiliaryFile /Users/admin/builder/spi-builder-workspace/.derivedData/Build/Intermediates.noindex/Mercato.build/Debug-watchos/AdvancedCommerceMercato-t.build/Objects-normal/arm64/AdvancedCommerceMercato.SwiftFileList (in target 'AdvancedCommerceMercato' from project 'Mercato')
    cd /Users/admin/builder/spi-builder-workspace
    write-file /Users/admin/builder/spi-builder-workspace/.derivedData/Build/Intermediates.noindex/Mercato.build/Debug-watchos/AdvancedCommerceMercato-t.build/Objects-normal/arm64/AdvancedCommerceMercato.SwiftFileList
WriteAuxiliaryFile /Users/admin/builder/spi-builder-workspace/.derivedData/Build/Intermediates.noindex/Mercato.build/Debug-watchos/AdvancedCommerceMercato-t.build/Objects-normal/arm64/AdvancedCommerceMercato.LinkFileList (in target 'AdvancedCommerceMercato' from project 'Mercato')
    cd /Users/admin/builder/spi-builder-workspace
    write-file /Users/admin/builder/spi-builder-workspace/.derivedData/Build/Intermediates.noindex/Mercato.build/Debug-watchos/AdvancedCommerceMercato-t.build/Objects-normal/arm64/AdvancedCommerceMercato.LinkFileList
WriteAuxiliaryFile /Users/admin/builder/spi-builder-workspace/.derivedData/Build/Intermediates.noindex/Mercato.build/Debug-watchos/AdvancedCommerceMercato-t.build/AdvancedCommerceMercato.modulemap (in target 'AdvancedCommerceMercato' from project 'Mercato')
    cd /Users/admin/builder/spi-builder-workspace
    write-file /Users/admin/builder/spi-builder-workspace/.derivedData/Build/Intermediates.noindex/Mercato.build/Debug-watchos/AdvancedCommerceMercato-t.build/AdvancedCommerceMercato.modulemap
WriteAuxiliaryFile /Users/admin/builder/spi-builder-workspace/.derivedData/Build/Intermediates.noindex/Mercato.build/Debug-watchos/AdvancedCommerceMercato-t.build/Objects-normal/arm64/AdvancedCommerceMercato-OutputFileMap.json (in target 'AdvancedCommerceMercato' from project 'Mercato')
    cd /Users/admin/builder/spi-builder-workspace
    write-file /Users/admin/builder/spi-builder-workspace/.derivedData/Build/Intermediates.noindex/Mercato.build/Debug-watchos/AdvancedCommerceMercato-t.build/Objects-normal/arm64/AdvancedCommerceMercato-OutputFileMap.json
WriteAuxiliaryFile /Users/admin/builder/spi-builder-workspace/.derivedData/Build/Intermediates.noindex/Mercato.build/Debug-watchos/AdvancedCommerceMercato-t.build/AdvancedCommerceMercato.DependencyStaticMetadataFileList (in target 'AdvancedCommerceMercato' from project 'Mercato')
    cd /Users/admin/builder/spi-builder-workspace
    write-file /Users/admin/builder/spi-builder-workspace/.derivedData/Build/Intermediates.noindex/Mercato.build/Debug-watchos/AdvancedCommerceMercato-t.build/AdvancedCommerceMercato.DependencyStaticMetadataFileList
WriteAuxiliaryFile /Users/admin/builder/spi-builder-workspace/.derivedData/Build/Intermediates.noindex/Mercato.build/Debug-watchos/AdvancedCommerceMercato-t.build/AdvancedCommerceMercato.DependencyMetadataFileList (in target 'AdvancedCommerceMercato' from project 'Mercato')
    cd /Users/admin/builder/spi-builder-workspace
    write-file /Users/admin/builder/spi-builder-workspace/.derivedData/Build/Intermediates.noindex/Mercato.build/Debug-watchos/AdvancedCommerceMercato-t.build/AdvancedCommerceMercato.DependencyMetadataFileList
Copy /Users/admin/builder/spi-builder-workspace/.derivedData/Build/Intermediates.noindex/GeneratedModuleMaps-watchos/AdvancedCommerceMercato.modulemap /Users/admin/builder/spi-builder-workspace/.derivedData/Build/Intermediates.noindex/Mercato.build/Debug-watchos/AdvancedCommerceMercato-t.build/AdvancedCommerceMercato.modulemap (in target 'AdvancedCommerceMercato' from project 'Mercato')
    cd /Users/admin/builder/spi-builder-workspace
    builtin-copy -exclude .DS_Store -exclude CVS -exclude .svn -exclude .git -exclude .hg -resolve-src-symlinks /Users/admin/builder/spi-builder-workspace/.derivedData/Build/Intermediates.noindex/Mercato.build/Debug-watchos/AdvancedCommerceMercato-t.build/AdvancedCommerceMercato.modulemap /Users/admin/builder/spi-builder-workspace/.derivedData/Build/Intermediates.noindex/GeneratedModuleMaps-watchos
SwiftDriver Mercato normal arm64 com.apple.xcode.tools.swift.compiler (in target 'Mercato' from project 'Mercato')
    cd /Users/admin/builder/spi-builder-workspace/.swiftpm/xcode
    builtin-SwiftDriver -- /Applications/Xcode-27.0.0-Release.Candidate.app/Contents/Developer/Toolchains/XcodeDefault.xctoolchain/usr/bin/swiftc -parse-as-library -module-name Mercato -Onone @/Users/admin/builder/spi-builder-workspace/.derivedData/Build/Intermediates.noindex/Mercato.build/Debug-watchos/Mercato-t.build/Objects-normal/arm64/Mercato.SwiftFileList -DSWIFT_PACKAGE -DDEBUG -DSWIFT_MODULE_RESOURCE_BUNDLE_UNAVAILABLE -DXcode -plugin-path /Applications/Xcode-27.0.0-Release.Candidate.app/Contents/Developer/Toolchains/XcodeDefault.xctoolchain/usr/lib/swift/host/plugins/testing -enable-experimental-feature DebugDescriptionMacro -sdk /Applications/Xcode-27.0.0-Release.Candidate.app/Contents/Developer/Platforms/WatchOS.platform/Developer/SDKs/WatchOS27.0.sdk -target arm64-apple-watchos10.0 -g -module-cache-path /Users/admin/builder/spi-builder-workspace/.derivedData/ModuleCache.noindex -Xfrontend -serialize-debugging-options -profile-coverage-mapping -profile-generate -enable-testing -index-store-path /Users/admin/builder/spi-builder-workspace/.derivedData/Index.noindex/DataStore -Xcc -D_LIBCPP_HARDENING_MODE\=_LIBCPP_HARDENING_MODE_DEBUG -swift-version 6 -I /Users/admin/builder/spi-builder-workspace/.derivedData/Build/Products/Debug-watchos -Isystem /Applications/Xcode-27.0.0-Release.Candidate.app/Contents/Developer/Platforms/WatchOS.platform/Developer/usr/lib -F /Users/admin/builder/spi-builder-workspace/.derivedData/Build/Products/Debug-watchos -F /Applications/Xcode-27.0.0-Release.Candidate.app/Contents/Developer/Platforms/WatchOS.platform/Developer/Library/Frameworks -F /Applications/Xcode-27.0.0-Release.Candidate.app/Contents/Developer/Platforms/WatchOS.platform/Developer/SDKs/WatchOS27.0.sdk/Developer/Library/Frameworks -c -j10 -enable-batch-mode -incremental -Xcc -ivfsstatcache -Xcc /Users/admin/builder/spi-builder-workspace/.derivedData/SDKStatCaches.noindex/watchos27.0-24R360-e829b21a6f8c9b70876ba0858053c04477534ef55a1706bf4c1112bbb242f0a2.sdkstatcache -output-file-map /Users/admin/builder/spi-builder-workspace/.derivedData/Build/Intermediates.noindex/Mercato.build/Debug-watchos/Mercato-t.build/Objects-normal/arm64/Mercato-OutputFileMap.json -save-temps -no-color-diagnostics -explicit-module-build -module-cache-path /Users/admin/builder/spi-builder-workspace/.derivedData/Build/Intermediates.noindex/SwiftExplicitPrecompiledModules -clang-scanner-module-cache-path /Users/admin/builder/spi-builder-workspace/.derivedData/ModuleCache.noindex -sdk-module-cache-path /Users/admin/builder/spi-builder-workspace/.derivedData/SDKExplicitPrecompiledModules -emit-dependencies -emit-module -emit-module-path /Users/admin/builder/spi-builder-workspace/.derivedData/Build/Intermediates.noindex/Mercato.build/Debug-watchos/Mercato-t.build/Objects-normal/arm64/Mercato.swiftmodule -serialize-diagnostics -dependency-scan-serialize-diagnostics-path /Users/admin/builder/spi-builder-workspace/.derivedData/Build/Intermediates.noindex/Mercato.build/Debug-watchos/Mercato-t.build/Objects-normal/arm64/Mercato-dependency-scan.dia -validate-clang-modules-once -clang-build-session-file /Users/admin/builder/spi-builder-workspace/.derivedData/ModuleCache.noindex/Session.modulevalidation -Xcc -fmodules-prune-interval\=86400 -Xcc -fmodules-prune-after\=345600 -package-name spi_builder_workspace -emit-const-values -const-gather-protocols-list /Users/admin/builder/spi-builder-workspace/.derivedData/Build/Intermediates.noindex/Mercato.build/Debug-watchos/Mercato-t.build/Objects-normal/arm64/Mercato_const_extract_protocols.json -Xcc -I/Users/admin/builder/spi-builder-workspace/.derivedData/Build/Products/Debug-watchos/include -Xcc -I/Users/admin/builder/spi-builder-workspace/.derivedData/Build/Intermediates.noindex/Mercato.build/Debug-watchos/Mercato-t.build/DerivedSources-normal/arm64 -Xcc -I/Users/admin/builder/spi-builder-workspace/.derivedData/Build/Intermediates.noindex/Mercato.build/Debug-watchos/Mercato-t.build/DerivedSources/arm64 -Xcc -I/Users/admin/builder/spi-builder-workspace/.derivedData/Build/Intermediates.noindex/Mercato.build/Debug-watchos/Mercato-t.build/DerivedSources -Xcc -DSWIFT_PACKAGE -Xcc -DDEBUG\=1 -emit-objc-header -emit-objc-header-path /Users/admin/builder/spi-builder-workspace/.derivedData/Build/Intermediates.noindex/Mercato.build/Debug-watchos/Mercato-t.build/Objects-normal/arm64/Mercato-Swift.h -working-directory /Users/admin/builder/spi-builder-workspace/.swiftpm/xcode -experimental-emit-module-separately -disable-cmo
SwiftDriver Mercato normal arm64_32 com.apple.xcode.tools.swift.compiler (in target 'Mercato' from project 'Mercato')
    cd /Users/admin/builder/spi-builder-workspace/.swiftpm/xcode
    builtin-SwiftDriver -- /Applications/Xcode-27.0.0-Release.Candidate.app/Contents/Developer/Toolchains/XcodeDefault.xctoolchain/usr/bin/swiftc -parse-as-library -module-name Mercato -Onone @/Users/admin/builder/spi-builder-workspace/.derivedData/Build/Intermediates.noindex/Mercato.build/Debug-watchos/Mercato-t.build/Objects-normal/arm64_32/Mercato.SwiftFileList -DSWIFT_PACKAGE -DDEBUG -DSWIFT_MODULE_RESOURCE_BUNDLE_UNAVAILABLE -DXcode -plugin-path /Applications/Xcode-27.0.0-Release.Candidate.app/Contents/Developer/Toolchains/XcodeDefault.xctoolchain/usr/lib/swift/host/plugins/testing -enable-experimental-feature DebugDescriptionMacro -sdk /Applications/Xcode-27.0.0-Release.Candidate.app/Contents/Developer/Platforms/WatchOS.platform/Developer/SDKs/WatchOS27.0.sdk -target arm64_32-apple-watchos10.0 -g -module-cache-path /Users/admin/builder/spi-builder-workspace/.derivedData/ModuleCache.noindex -Xfrontend -serialize-debugging-options -profile-coverage-mapping -profile-generate -enable-testing -index-store-path /Users/admin/builder/spi-builder-workspace/.derivedData/Index.noindex/DataStore -Xcc -D_LIBCPP_HARDENING_MODE\=_LIBCPP_HARDENING_MODE_DEBUG -swift-version 6 -I /Users/admin/builder/spi-builder-workspace/.derivedData/Build/Products/Debug-watchos -Isystem /Applications/Xcode-27.0.0-Release.Candidate.app/Contents/Developer/Platforms/WatchOS.platform/Developer/usr/lib -F /Users/admin/builder/spi-builder-workspace/.derivedData/Build/Products/Debug-watchos -F /Applications/Xcode-27.0.0-Release.Candidate.app/Contents/Developer/Platforms/WatchOS.platform/Developer/Library/Frameworks -F /Applications/Xcode-27.0.0-Release.Candidate.app/Contents/Developer/Platforms/WatchOS.platform/Developer/SDKs/WatchOS27.0.sdk/Developer/Library/Frameworks -c -j10 -enable-batch-mode -incremental -Xcc -ivfsstatcache -Xcc /Users/admin/builder/spi-builder-workspace/.derivedData/SDKStatCaches.noindex/watchos27.0-24R360-e829b21a6f8c9b70876ba0858053c04477534ef55a1706bf4c1112bbb242f0a2.sdkstatcache -output-file-map /Users/admin/builder/spi-builder-workspace/.derivedData/Build/Intermediates.noindex/Mercato.build/Debug-watchos/Mercato-t.build/Objects-normal/arm64_32/Mercato-OutputFileMap.json -save-temps -no-color-diagnostics -explicit-module-build -module-cache-path /Users/admin/builder/spi-builder-workspace/.derivedData/Build/Intermediates.noindex/SwiftExplicitPrecompiledModules -clang-scanner-module-cache-path /Users/admin/builder/spi-builder-workspace/.derivedData/ModuleCache.noindex -sdk-module-cache-path /Users/admin/builder/spi-builder-workspace/.derivedData/SDKExplicitPrecompiledModules -emit-dependencies -emit-module -emit-module-path /Users/admin/builder/spi-builder-workspace/.derivedData/Build/Intermediates.noindex/Mercato.build/Debug-watchos/Mercato-t.build/Objects-normal/arm64_32/Mercato.swiftmodule -serialize-diagnostics -dependency-scan-serialize-diagnostics-path /Users/admin/builder/spi-builder-workspace/.derivedData/Build/Intermediates.noindex/Mercato.build/Debug-watchos/Mercato-t.build/Objects-normal/arm64_32/Mercato-dependency-scan.dia -validate-clang-modules-once -clang-build-session-file /Users/admin/builder/spi-builder-workspace/.derivedData/ModuleCache.noindex/Session.modulevalidation -Xcc -fmodules-prune-interval\=86400 -Xcc -fmodules-prune-after\=345600 -package-name spi_builder_workspace -emit-const-values -const-gather-protocols-list /Users/admin/builder/spi-builder-workspace/.derivedData/Build/Intermediates.noindex/Mercato.build/Debug-watchos/Mercato-t.build/Objects-normal/arm64_32/Mercato_const_extract_protocols.json -Xcc -I/Users/admin/builder/spi-builder-workspace/.derivedData/Build/Products/Debug-watchos/include -Xcc -I/Users/admin/builder/spi-builder-workspace/.derivedData/Build/Intermediates.noindex/Mercato.build/Debug-watchos/Mercato-t.build/DerivedSources-normal/arm64_32 -Xcc -I/Users/admin/builder/spi-builder-workspace/.derivedData/Build/Intermediates.noindex/Mercato.build/Debug-watchos/Mercato-t.build/DerivedSources/arm64_32 -Xcc -I/Users/admin/builder/spi-builder-workspace/.derivedData/Build/Intermediates.noindex/Mercato.build/Debug-watchos/Mercato-t.build/DerivedSources -Xcc -DSWIFT_PACKAGE -Xcc -DDEBUG\=1 -emit-objc-header -emit-objc-header-path /Users/admin/builder/spi-builder-workspace/.derivedData/Build/Intermediates.noindex/Mercato.build/Debug-watchos/Mercato-t.build/Objects-normal/arm64_32/Mercato-Swift.h -working-directory /Users/admin/builder/spi-builder-workspace/.swiftpm/xcode -experimental-emit-module-separately -disable-cmo
SwiftExplicitDependencyGeneratePcm arm64_32 /Users/admin/builder/spi-builder-workspace/.derivedData/SDKExplicitPrecompiledModules/DeveloperToolsSupport-3FQKKPF3BW0SWE1YUZ86OZWIB.pcm
SwiftExplicitDependencyGeneratePcm arm64_32 /Users/admin/builder/spi-builder-workspace/.derivedData/SDKExplicitPrecompiledModules/_Builtin_stddef-2F9BFIPBQ5EWNSK5G7G7V4EKL.pcm
SwiftExplicitDependencyGeneratePcm arm64_32 /Users/admin/builder/spi-builder-workspace/.derivedData/SDKExplicitPrecompiledModules/_Builtin_stdbool-84ZA1VDW90AGWZ2LF5KOCM8DZ.pcm
SwiftExplicitDependencyGeneratePcm arm64_32 /Users/admin/builder/spi-builder-workspace/.derivedData/SDKExplicitPrecompiledModules/_AvailabilityInternal-22ZP1ILSQW16KHXZS5GBZHOCS.pcm
SwiftExplicitDependencyGeneratePcm arm64_32 /Users/admin/builder/spi-builder-workspace/.derivedData/SDKExplicitPrecompiledModules/_SwiftConcurrencyShims-58G4ISYSYDV3AT1DDGEE0QCUF.pcm
SwiftExplicitDependencyGeneratePcm arm64_32 /Users/admin/builder/spi-builder-workspace/.derivedData/SDKExplicitPrecompiledModules/_Builtin_float-372PLGDQ1U3B6Z5EA5DJMDORJ.pcm
SwiftExplicitDependencyGeneratePcm arm64_32 /Users/admin/builder/spi-builder-workspace/.derivedData/SDKExplicitPrecompiledModules/ptrauth-EW7YZZ7LEZE1QZF2T8148IPSA.pcm
SwiftExplicitDependencyGeneratePcm arm64_32 /Users/admin/builder/spi-builder-workspace/.derivedData/SDKExplicitPrecompiledModules/SwiftShims-D9VBB138U50XYYGW2C2V21N3L.pcm
SwiftExplicitDependencyGeneratePcm arm64_32 /Users/admin/builder/spi-builder-workspace/.derivedData/SDKExplicitPrecompiledModules/ptrcheck-EAZ3I917ZFA9H6ZCL6PGLG4TR.pcm
SwiftExplicitDependencyGeneratePcm arm64_32 /Users/admin/builder/spi-builder-workspace/.derivedData/SDKExplicitPrecompiledModules/_Builtin_stdarg-EYJP6DFYQL9GJLH1TJ84A8MHV.pcm
SwiftExplicitDependencyGeneratePcm arm64 /Users/admin/builder/spi-builder-workspace/.derivedData/SDKExplicitPrecompiledModules/ptrcheck-8K07997SIHO7YGY7UQ3LOQ3TJ.pcm
SwiftExplicitDependencyGeneratePcm arm64 /Users/admin/builder/spi-builder-workspace/.derivedData/SDKExplicitPrecompiledModules/_Builtin_stdarg-3X4KLXUYEI0UGBILP4X7D0CYW.pcm
SwiftExplicitDependencyGeneratePcm arm64 /Users/admin/builder/spi-builder-workspace/.derivedData/SDKExplicitPrecompiledModules/DeveloperToolsSupport-CL5QT3CW0ZM498PFTWG64QMLA.pcm
SwiftExplicitDependencyGeneratePcm arm64 /Users/admin/builder/spi-builder-workspace/.derivedData/SDKExplicitPrecompiledModules/_Builtin_stdbool-B692L2PMR118794VVYBG37897.pcm
SwiftExplicitDependencyGeneratePcm arm64 /Users/admin/builder/spi-builder-workspace/.derivedData/SDKExplicitPrecompiledModules/SwiftShims-AJ4AZYHQNC33R5RLN7AGEIOMP.pcm
SwiftExplicitDependencyGeneratePcm arm64 /Users/admin/builder/spi-builder-workspace/.derivedData/SDKExplicitPrecompiledModules/_Builtin_stddef-5OH846KKUPSJJT7GCX9XU1TKG.pcm
SwiftExplicitDependencyGeneratePcm arm64 /Users/admin/builder/spi-builder-workspace/.derivedData/SDKExplicitPrecompiledModules/_AvailabilityInternal-42EVAC8Q6P1ZT6G3A168N97G4.pcm
SwiftExplicitDependencyGeneratePcm arm64 /Users/admin/builder/spi-builder-workspace/.derivedData/SDKExplicitPrecompiledModules/_SwiftConcurrencyShims-CTPSFSTDCBVSSQFHL6I305U72.pcm
SwiftExplicitDependencyGeneratePcm arm64 /Users/admin/builder/spi-builder-workspace/.derivedData/SDKExplicitPrecompiledModules/_Builtin_float-E4M4A8689VXF1T7P7BV56IKBT.pcm
SwiftExplicitDependencyGeneratePcm arm64 /Users/admin/builder/spi-builder-workspace/.derivedData/SDKExplicitPrecompiledModules/ptrauth-C7VQASAJ967Q4Q6SRD4I3CFWZ.pcm
SwiftExplicitDependencyGeneratePcm arm64_32 /Users/admin/builder/spi-builder-workspace/.derivedData/SDKExplicitPrecompiledModules/_DarwinFoundation1-5SNIO0SFHX9KJZTLQGIPAPXUZ.pcm
SwiftExplicitDependencyGeneratePcm arm64 /Users/admin/builder/spi-builder-workspace/.derivedData/SDKExplicitPrecompiledModules/_DarwinFoundation1-7YQ9TVI7XTOGQU9OADRXP33D1.pcm
SwiftExplicitDependencyGeneratePcm arm64_32 /Users/admin/builder/spi-builder-workspace/.derivedData/SDKExplicitPrecompiledModules/_DarwinFoundation2-FP2Q8F1Q2HR151SBYKTU6Q8B.pcm
SwiftExplicitDependencyGeneratePcm arm64_32 /Users/admin/builder/spi-builder-workspace/.derivedData/SDKExplicitPrecompiledModules/_Builtin_limits-AQMEC9CLG0FZQN6TLGDQ6WF78.pcm
SwiftExplicitDependencyGeneratePcm arm64 /Users/admin/builder/spi-builder-workspace/.derivedData/SDKExplicitPrecompiledModules/_DarwinFoundation2-CUPL4FH2SA95GMALQP4M6O8UA.pcm
SwiftExplicitDependencyGeneratePcm arm64 /Users/admin/builder/spi-builder-workspace/.derivedData/SDKExplicitPrecompiledModules/_Builtin_limits-75TRA1C7IHYOFCG3KJXQVTHJ4.pcm
SwiftExplicitDependencyGeneratePcm arm64_32 /Users/admin/builder/spi-builder-workspace/.derivedData/SDKExplicitPrecompiledModules/_Builtin_stdint-6IWJLTRH2WB6RCG4THPA65RDS.pcm
SwiftExplicitDependencyGeneratePcm arm64_32 /Users/admin/builder/spi-builder-workspace/.derivedData/SDKExplicitPrecompiledModules/sys_types-65NN51P1G7GN2GUAUPC53JJ7N.pcm
SwiftExplicitDependencyGeneratePcm arm64_32 /Users/admin/builder/spi-builder-workspace/.derivedData/SDKExplicitPrecompiledModules/string_h-8QY7P4ZQXQAF14WVDITTM4R70.pcm
SwiftExplicitDependencyGeneratePcm arm64_32 /Users/admin/builder/spi-builder-workspace/.derivedData/SDKExplicitPrecompiledModules/_Builtin_tgmath-414CVW1GW3IL0HRLCNNCS6Q0U.pcm
SwiftExplicitDependencyGeneratePcm arm64 /Users/admin/builder/spi-builder-workspace/.derivedData/SDKExplicitPrecompiledModules/string_h-4N9Z22C0HUO8GV7GFPCLZRZA2.pcm
SwiftExplicitDependencyGeneratePcm arm64 /Users/admin/builder/spi-builder-workspace/.derivedData/SDKExplicitPrecompiledModules/_Builtin_tgmath-7JP2AE1NQHA1DV5JYP2OHQ3BF.pcm
SwiftExplicitDependencyGeneratePcm arm64 /Users/admin/builder/spi-builder-workspace/.derivedData/SDKExplicitPrecompiledModules/_Builtin_stdint-6TUACK4YPMARFT56PLIO388SJ.pcm
SwiftExplicitDependencyGeneratePcm arm64 /Users/admin/builder/spi-builder-workspace/.derivedData/SDKExplicitPrecompiledModules/sys_types-9KPVYINL86WUSHF45TU8PWZZ1.pcm
SwiftExplicitDependencyGeneratePcm arm64_32 /Users/admin/builder/spi-builder-workspace/.derivedData/SDKExplicitPrecompiledModules/_Builtin_stdatomic-D2FE5M7JS5NQA5JDADVERWJM4.pcm
SwiftExplicitDependencyGeneratePcm arm64_32 /Users/admin/builder/spi-builder-workspace/.derivedData/SDKExplicitPrecompiledModules/_DarwinFoundation3-3YOBOPIW2MF1LRNQH7JBUBY4G.pcm
SwiftExplicitDependencyGeneratePcm arm64_32 /Users/admin/builder/spi-builder-workspace/.derivedData/SDKExplicitPrecompiledModules/_Builtin_intrinsics-2K07JIG9ZANIKHSNPO3O6L1K6.pcm
SwiftExplicitDependencyGeneratePcm arm64 /Users/admin/builder/spi-builder-workspace/.derivedData/SDKExplicitPrecompiledModules/_Builtin_intrinsics-SQV576LJA0QE7RW5HF7CQ1BX.pcm
SwiftExplicitDependencyGeneratePcm arm64 /Users/admin/builder/spi-builder-workspace/.derivedData/SDKExplicitPrecompiledModules/_DarwinFoundation3-EJXZKD8LN9EYM9OWP9VLJ49PK.pcm
SwiftExplicitDependencyGeneratePcm arm64 /Users/admin/builder/spi-builder-workspace/.derivedData/SDKExplicitPrecompiledModules/_Builtin_stdatomic-25T9UW3XDYID74302F31PX0RP.pcm
SwiftExplicitDependencyGeneratePcm arm64_32 /Users/admin/builder/spi-builder-workspace/.derivedData/SDKExplicitPrecompiledModules/_Builtin_inttypes-BPZJ68HW1IMYWSHROAZ0IMUJP.pcm
SwiftExplicitDependencyGeneratePcm arm64 /Users/admin/builder/spi-builder-workspace/.derivedData/SDKExplicitPrecompiledModules/_Builtin_inttypes-86YTNV5YADPJXFMJ82N3R4GWQ.pcm
SwiftExplicitDependencyGeneratePcm arm64_32 /Users/admin/builder/spi-builder-workspace/.derivedData/SDKExplicitPrecompiledModules/Darwin-10D35ZJWCWG7LJAF579U7I5V7.pcm
SwiftExplicitDependencyGeneratePcm arm64 /Users/admin/builder/spi-builder-workspace/.derivedData/SDKExplicitPrecompiledModules/Darwin-CSB8C43KELVSFIQVR0803IZPN.pcm
SwiftExplicitDependencyGeneratePcm arm64_32 /Users/admin/builder/spi-builder-workspace/.derivedData/SDKExplicitPrecompiledModules/simd-1W6O8NR1QUSWJGAN44DNNWVHX.pcm
SwiftExplicitDependencyGeneratePcm arm64 /Users/admin/builder/spi-builder-workspace/.derivedData/SDKExplicitPrecompiledModules/simd-2C11HKTI5TJB05T724EWNFZXD.pcm
SwiftExplicitDependencyGeneratePcm arm64_32 /Users/admin/builder/spi-builder-workspace/.derivedData/SDKExplicitPrecompiledModules/MachO-F47JQRYVH1SLPOQSJD8RK9MSX.pcm
SwiftExplicitDependencyGeneratePcm arm64_32 /Users/admin/builder/spi-builder-workspace/.derivedData/SDKExplicitPrecompiledModules/ObjectiveC-71AGZNHLBMR2QK817EJNUN54E.pcm
SwiftExplicitDependencyGeneratePcm arm64 /Users/admin/builder/spi-builder-workspace/.derivedData/SDKExplicitPrecompiledModules/ObjectiveC-22CZPC4WYQC9G8T393WT2KKLW.pcm
SwiftExplicitDependencyGeneratePcm arm64 /Users/admin/builder/spi-builder-workspace/.derivedData/SDKExplicitPrecompiledModules/MachO-4RYXFVY68ZDEUZYFMVL57WEKU.pcm
SwiftExplicitDependencyGeneratePcm arm64_32 /Users/admin/builder/spi-builder-workspace/.derivedData/SDKExplicitPrecompiledModules/os_object-CTXVQBCWDOH6JHUXIFDUOWFRL.pcm
SwiftExplicitDependencyGeneratePcm arm64 /Users/admin/builder/spi-builder-workspace/.derivedData/SDKExplicitPrecompiledModules/os_object-6KYGGZ4DPVZ3BBAZ6QICZN8LI.pcm
SwiftExplicitDependencyGeneratePcm arm64_32 /Users/admin/builder/spi-builder-workspace/.derivedData/SDKExplicitPrecompiledModules/os_workgroup-9L9R05BT5LTFRZ2NM68BZTVV2.pcm
SwiftExplicitDependencyGeneratePcm arm64 /Users/admin/builder/spi-builder-workspace/.derivedData/SDKExplicitPrecompiledModules/os_workgroup-AHE7ULDQBKER38CYPIKDTZF4M.pcm
SwiftExplicitDependencyGeneratePcm arm64_32 /Users/admin/builder/spi-builder-workspace/.derivedData/SDKExplicitPrecompiledModules/Dispatch-CGIMI9KQKHNRQHR2IECIPRG14.pcm
SwiftExplicitDependencyGeneratePcm arm64_32 /Users/admin/builder/spi-builder-workspace/.derivedData/SDKExplicitPrecompiledModules/Spatial-4XS0QRL16224ZE9KE9TMKASKT.pcm
SwiftExplicitDependencyGeneratePcm arm64 /Users/admin/builder/spi-builder-workspace/.derivedData/SDKExplicitPrecompiledModules/Spatial-EZKKX4XFW72RZCTOIG80Z93AP.pcm
SwiftExplicitDependencyGeneratePcm arm64 /Users/admin/builder/spi-builder-workspace/.derivedData/SDKExplicitPrecompiledModules/Dispatch-39VR0G01IUJ09PQKMFGOHXZ4L.pcm
SwiftExplicitDependencyGeneratePcm arm64_32 /Users/admin/builder/spi-builder-workspace/.derivedData/SDKExplicitPrecompiledModules/CoreFoundation-76B9WJP9MDYT33HZQVSNNZQZD.pcm
SwiftExplicitDependencyGeneratePcm arm64_32 /Users/admin/builder/spi-builder-workspace/.derivedData/SDKExplicitPrecompiledModules/XPC-7SLKI45KYLKXH9QET2WYS3UZ4.pcm
SwiftExplicitDependencyGeneratePcm arm64 /Users/admin/builder/spi-builder-workspace/.derivedData/SDKExplicitPrecompiledModules/XPC-650JAZBTM6I0OMHYO6CKM0CWJ.pcm
SwiftExplicitDependencyGeneratePcm arm64 /Users/admin/builder/spi-builder-workspace/.derivedData/SDKExplicitPrecompiledModules/CoreFoundation-59XKO8YNRGGYNC5U5LK8B4EM.pcm
SwiftExplicitDependencyGeneratePcm arm64_32 /Users/admin/builder/spi-builder-workspace/.derivedData/SDKExplicitPrecompiledModules/os-D9NWGT7PQGY2OD43XMA2KGLJK.pcm
SwiftExplicitDependencyGeneratePcm arm64 /Users/admin/builder/spi-builder-workspace/.derivedData/SDKExplicitPrecompiledModules/os-6BCTB8I5DCBBKFJ0Y0G4WQDDJ.pcm
SwiftExplicitDependencyGeneratePcm arm64_32 /Users/admin/builder/spi-builder-workspace/.derivedData/SDKExplicitPrecompiledModules/CoreGraphics-A4WOQTM8SYZAQP223LI6RRPEK.pcm
SwiftExplicitDependencyGeneratePcm arm64_32 /Users/admin/builder/spi-builder-workspace/.derivedData/SDKExplicitPrecompiledModules/Security-1W411BS4UH2UNMNII2341429S.pcm
SwiftExplicitDependencyGeneratePcm arm64 /Users/admin/builder/spi-builder-workspace/.derivedData/SDKExplicitPrecompiledModules/Security-69WNGEAVQP55EDBQHP3BLE8QU.pcm
SwiftExplicitDependencyGeneratePcm arm64 /Users/admin/builder/spi-builder-workspace/.derivedData/SDKExplicitPrecompiledModules/CoreGraphics-5488DA9QVJJ7QOFXPYOYIYFUX.pcm
SwiftExplicitDependencyGeneratePcm arm64_32 /Users/admin/builder/spi-builder-workspace/.derivedData/SDKExplicitPrecompiledModules/Foundation-AIQ30TCDC2B0LBUU6FPQZ0HWI.pcm
SwiftExplicitDependencyGeneratePcm arm64 /Users/admin/builder/spi-builder-workspace/.derivedData/SDKExplicitPrecompiledModules/Foundation-B3IXODHI7VO4VRX2RWRXLVJZT.pcm
SwiftExplicitDependencyGeneratePcm arm64_32 /Users/admin/builder/spi-builder-workspace/.derivedData/SDKExplicitPrecompiledModules/CoreText-34U50N378SZT64826L0B62MN6.pcm
SwiftExplicitDependencyGeneratePcm arm64_32 /Users/admin/builder/spi-builder-workspace/.derivedData/SDKExplicitPrecompiledModules/CoreVideo-BX0NALWCB2F1YOTF0NZGV9FWU.pcm
SwiftExplicitDependencyGeneratePcm arm64 /Users/admin/builder/spi-builder-workspace/.derivedData/SDKExplicitPrecompiledModules/CoreText-BEC0M2J7FJN53VXNFDZDKL9U2.pcm
SwiftExplicitDependencyGeneratePcm arm64 /Users/admin/builder/spi-builder-workspace/.derivedData/SDKExplicitPrecompiledModules/CoreVideo-2YRZ292TS6QDW2V2V92NZMPWM.pcm
SwiftExplicitDependencyGeneratePcm arm64_32 /Users/admin/builder/spi-builder-workspace/.derivedData/SDKExplicitPrecompiledModules/StoreKit-E9RBAFGLOIACW3EM63MA7NGAB.pcm
SwiftExplicitDependencyGeneratePcm arm64_32 /Users/admin/builder/spi-builder-workspace/.derivedData/SDKExplicitPrecompiledModules/DataDetection-8EDL8T61430CB5CU94L1E3L0C.pcm
SwiftExplicitDependencyGeneratePcm arm64_32 /Users/admin/builder/spi-builder-workspace/.derivedData/SDKExplicitPrecompiledModules/UniformTypeIdentifiers-EH256724QTCKT0XATY095QHVP.pcm
SwiftExplicitDependencyGeneratePcm arm64_32 /Users/admin/builder/spi-builder-workspace/.derivedData/SDKExplicitPrecompiledModules/_LocationEssentials-1XWTF8V96VX3IAHKJO7PJZDU0.pcm
SwiftExplicitDependencyGeneratePcm arm64_32 /Users/admin/builder/spi-builder-workspace/.derivedData/SDKExplicitPrecompiledModules/Accessibility-BBXP8Z81UOB3UBBTO3GG9FEEO.pcm
SwiftExplicitDependencyGeneratePcm arm64_32 /Users/admin/builder/spi-builder-workspace/.derivedData/SDKExplicitPrecompiledModules/QuartzCore-72UYR37X0O2APTD1XMSJ20X5X.pcm
SwiftExplicitDependencyGeneratePcm arm64_32 /Users/admin/builder/spi-builder-workspace/.derivedData/SDKExplicitPrecompiledModules/OSLog-DXCLJ0K1EEBRV5MFYJOV1HIUX.pcm
SwiftExplicitDependencyGeneratePcm arm64_32 /Users/admin/builder/spi-builder-workspace/.derivedData/SDKExplicitPrecompiledModules/CoreTransferable-DSXZOKFM7XQLZ0FRNNKFDWZT0.pcm
SwiftExplicitDependencyGeneratePcm arm64_32 /Users/admin/builder/spi-builder-workspace/.derivedData/SDKExplicitPrecompiledModules/UIUtilities-ABH83C7CSGMIJAARTF384TV0L.pcm
SwiftExplicitDependencyGeneratePcm arm64_32 /Users/admin/builder/spi-builder-workspace/.derivedData/SDKExplicitPrecompiledModules/Symbols-DP67QJL9W7VSYP70ZVEBE3KRT.pcm
SwiftExplicitDependencyGeneratePcm arm64 /Users/admin/builder/spi-builder-workspace/.derivedData/SDKExplicitPrecompiledModules/CoreTransferable-EULYJN53RZTIP2D6F171CT1YZ.pcm
SwiftExplicitDependencyGeneratePcm arm64 /Users/admin/builder/spi-builder-workspace/.derivedData/SDKExplicitPrecompiledModules/_LocationEssentials-C3HYVW8P89QAUDLD9VRHUF48Q.pcm
SwiftExplicitDependencyGeneratePcm arm64 /Users/admin/builder/spi-builder-workspace/.derivedData/SDKExplicitPrecompiledModules/StoreKit-2T6I8Y0VBC11UMC6KK6P2CTB.pcm
SwiftExplicitDependencyGeneratePcm arm64 /Users/admin/builder/spi-builder-workspace/.derivedData/SDKExplicitPrecompiledModules/UniformTypeIdentifiers-47SS6PHE8KOUZX5UOQUNKH397.pcm
SwiftExplicitDependencyGeneratePcm arm64_32 /Users/admin/builder/spi-builder-workspace/.derivedData/SDKExplicitPrecompiledModules/CoreLocation-4AZRAZ8X3W0CS36SZ1GS4LT05.pcm
SwiftExplicitDependencyGeneratePcm arm64 /Users/admin/builder/spi-builder-workspace/.derivedData/SDKExplicitPrecompiledModules/QuartzCore-BRDP6VIMJ6A6HG4W4NYXZ8BI3.pcm
SwiftExplicitDependencyGeneratePcm arm64 /Users/admin/builder/spi-builder-workspace/.derivedData/SDKExplicitPrecompiledModules/UIUtilities-AR3EDJH6PMDGNUXQGV2JND65S.pcm
SwiftExplicitDependencyGeneratePcm arm64_32 /Users/admin/builder/spi-builder-workspace/.derivedData/SDKExplicitPrecompiledModules/UserNotifications-F5AOMF9V2Y10QV8U00QNX8B7Q.pcm
SwiftExplicitDependencyGeneratePcm arm64 /Users/admin/builder/spi-builder-workspace/.derivedData/SDKExplicitPrecompiledModules/Accessibility-DB0V1GY4JDAXG2CZ5MW826DDE.pcm
SwiftExplicitDependencyGeneratePcm arm64 /Users/admin/builder/spi-builder-workspace/.derivedData/SDKExplicitPrecompiledModules/Symbols-B8SNL2YULCKW9SYIL0T5QLMV.pcm
SwiftExplicitDependencyGeneratePcm arm64_32 /Users/admin/builder/spi-builder-workspace/.derivedData/SDKExplicitPrecompiledModules/LocalAuthentication-1XZC5548OHHHWETB1RPNV8QDG.pcm
SwiftExplicitDependencyGeneratePcm arm64 /Users/admin/builder/spi-builder-workspace/.derivedData/SDKExplicitPrecompiledModules/DataDetection-8RQ09UCIV0XSYRF8TQQD54MWN.pcm
SwiftExplicitDependencyGeneratePcm arm64 /Users/admin/builder/spi-builder-workspace/.derivedData/SDKExplicitPrecompiledModules/CoreLocation-B0A9Z3B1UDU8OLBQROLWD03N3.pcm
SwiftExplicitDependencyGeneratePcm arm64 /Users/admin/builder/spi-builder-workspace/.derivedData/SDKExplicitPrecompiledModules/OSLog-ESJZZ70KT229YQNKF5CWYQVLA.pcm
SwiftExplicitDependencyGeneratePcm arm64 /Users/admin/builder/spi-builder-workspace/.derivedData/SDKExplicitPrecompiledModules/UserNotifications-7VIERZPAA371031RT8VBKFYKJ.pcm
SwiftExplicitDependencyGeneratePcm arm64 /Users/admin/builder/spi-builder-workspace/.derivedData/SDKExplicitPrecompiledModules/LocalAuthentication-B2TFMTPZVFFVZ7Y4SFJ4HJEBL.pcm
SwiftExplicitDependencyGeneratePcm arm64_32 /Users/admin/builder/spi-builder-workspace/.derivedData/SDKExplicitPrecompiledModules/SwiftUICore-TURER010MQ2QH6SN4BGDJJKP.pcm
SwiftExplicitDependencyGeneratePcm arm64_32 /Users/admin/builder/spi-builder-workspace/.derivedData/SDKExplicitPrecompiledModules/CoreMotion-E9C6K7MOTJF3RC93DULCZ130U.pcm
SwiftExplicitDependencyGeneratePcm arm64 /Users/admin/builder/spi-builder-workspace/.derivedData/SDKExplicitPrecompiledModules/SwiftUICore-D4BOUT6VJWDXKNATG8P2F95W3.pcm
SwiftExplicitDependencyGeneratePcm arm64 /Users/admin/builder/spi-builder-workspace/.derivedData/SDKExplicitPrecompiledModules/CoreMotion-70RNUQRT1QM2F8WR42WPP4KQV.pcm
SwiftExplicitDependencyGeneratePcm arm64_32 /Users/admin/builder/spi-builder-workspace/.derivedData/SDKExplicitPrecompiledModules/UIKit-BGAQE5HOOTG6M9C46O1HHPCDR.pcm
SwiftExplicitDependencyGeneratePcm arm64 /Users/admin/builder/spi-builder-workspace/.derivedData/SDKExplicitPrecompiledModules/UIKit-2XWL6VFNA7WRWSTXI42YLU909.pcm
SwiftEmitModule normal arm64_32 Emitting\ module\ for\ Mercato (in target 'Mercato' from project 'Mercato')
SwiftCompile normal arm64_32 (in target 'Mercato' from project 'Mercato')
    cd /Users/admin/builder/spi-builder-workspace/.swiftpm/xcode

SwiftCompile normal arm64_32 Compiling\ Lock.swift /Users/admin/builder/spi-builder-workspace/Sources/Mercato/Utils/Lock.swift (in target 'Mercato' from project 'Mercato')
SwiftCompile normal arm64_32 /Users/admin/builder/spi-builder-workspace/Sources/Mercato/Utils/Lock.swift (in target 'Mercato' from project 'Mercato')
    cd /Users/admin/builder/spi-builder-workspace/.swiftpm/xcode
    builtin-SwiftPerFileCompile Lock.swift
SwiftCompile normal arm64_32 Compiling\ Mercato+Extras.swift,\ Mercato+StoreKit.swift /Users/admin/builder/spi-builder-workspace/Sources/Mercato/Mercato+Extras.swift /Users/admin/builder/spi-builder-workspace/Sources/Mercato/Mercato+StoreKit.swift (in target 'Mercato' from project 'Mercato')
SwiftCompile normal arm64_32 /Users/admin/builder/spi-builder-workspace/Sources/Mercato/Mercato+Extras.swift (in target 'Mercato' from project 'Mercato')
    cd /Users/admin/builder/spi-builder-workspace/.swiftpm/xcode
    builtin-SwiftPerFileCompile Mercato+Extras.swift
SwiftCompile normal arm64_32 /Users/admin/builder/spi-builder-workspace/Sources/Mercato/Mercato+StoreKit.swift (in target 'Mercato' from project 'Mercato')
    cd /Users/admin/builder/spi-builder-workspace/.swiftpm/xcode
    builtin-SwiftPerFileCompile Mercato+StoreKit.swift
SwiftCompile normal arm64_32 Compiling\ Mercato.swift /Users/admin/builder/spi-builder-workspace/Sources/Mercato/Mercato.swift (in target 'Mercato' from project 'Mercato')
SwiftCompile normal arm64_32 /Users/admin/builder/spi-builder-workspace/Sources/Mercato/Mercato.swift (in target 'Mercato' from project 'Mercato')
    cd /Users/admin/builder/spi-builder-workspace/.swiftpm/xcode
    builtin-SwiftPerFileCompile Mercato.swift
SwiftCompile normal arm64_32 Compiling\ PriceFormatter.swift /Users/admin/builder/spi-builder-workspace/Sources/Mercato/Utils/PriceFormatter.swift (in target 'Mercato' from project 'Mercato')
/Users/admin/builder/spi-builder-workspace/Sources/Mercato/Utils/PriceFormatter.swift:81:13: warning: initialization of immutable value 'originalCurrencyCode' was never used; consider replacing with assignment to '_' or removing it [#NoUsage]
 79 |         let formatted = self.formatted(style)
 80 |
 81 |         let originalCurrencyCode = currencyStyle.locale.currency?.identifier ?? ""
    |             `- warning: initialization of immutable value 'originalCurrencyCode' was never used; consider replacing with assignment to '_' or removing it [#NoUsage]
 82 |
 83 |         if let originalCurrencyCode = currencyStyle.locale.currency?.identifier,
[#NoUsage]: <https://docs.swift.org/compiler/documentation/diagnostics/no-usage>
SwiftCompile normal arm64_32 /Users/admin/builder/spi-builder-workspace/Sources/Mercato/Utils/PriceFormatter.swift (in target 'Mercato' from project 'Mercato')
    cd /Users/admin/builder/spi-builder-workspace/.swiftpm/xcode
    builtin-SwiftPerFileCompile PriceFormatter.swift
SwiftCompile normal arm64_32 Compiling\ ProductService.swift /Users/admin/builder/spi-builder-workspace/Sources/Mercato/ProductService.swift (in target 'Mercato' from project 'Mercato')
SwiftCompile normal arm64_32 /Users/admin/builder/spi-builder-workspace/Sources/Mercato/ProductService.swift (in target 'Mercato' from project 'Mercato')
    cd /Users/admin/builder/spi-builder-workspace/.swiftpm/xcode
    builtin-SwiftPerFileCompile ProductService.swift
SwiftCompile normal arm64_32 Compiling\ CurrencySymbolsLibrary.swift /Users/admin/builder/spi-builder-workspace/Sources/Mercato/Utils/CurrencySymbolsLibrary.swift (in target 'Mercato' from project 'Mercato')
SwiftCompile normal arm64_32 /Users/admin/builder/spi-builder-workspace/Sources/Mercato/Utils/CurrencySymbolsLibrary.swift (in target 'Mercato' from project 'Mercato')
    cd /Users/admin/builder/spi-builder-workspace/.swiftpm/xcode
    builtin-SwiftPerFileCompile CurrencySymbolsLibrary.swift
SwiftCompile normal arm64_32 Compiling\ PeriodFormatter.swift /Users/admin/builder/spi-builder-workspace/Sources/Mercato/Utils/PeriodFormatter.swift (in target 'Mercato' from project 'Mercato')
SwiftCompile normal arm64_32 /Users/admin/builder/spi-builder-workspace/Sources/Mercato/Utils/PeriodFormatter.swift (in target 'Mercato' from project 'Mercato')
    cd /Users/admin/builder/spi-builder-workspace/.swiftpm/xcode
    builtin-SwiftPerFileCompile PeriodFormatter.swift
SwiftCompile normal arm64_32 Compiling\ Purchase.swift /Users/admin/builder/spi-builder-workspace/Sources/Mercato/Purchase.swift (in target 'Mercato' from project 'Mercato')
SwiftCompile normal arm64_32 /Users/admin/builder/spi-builder-workspace/Sources/Mercato/Purchase.swift (in target 'Mercato' from project 'Mercato')
    cd /Users/admin/builder/spi-builder-workspace/.swiftpm/xcode
    builtin-SwiftPerFileCompile Purchase.swift
SwiftCompile normal arm64_32 Compiling\ MercatoError.swift /Users/admin/builder/spi-builder-workspace/Sources/Mercato/MercatoError.swift (in target 'Mercato' from project 'Mercato')
SwiftCompile normal arm64_32 /Users/admin/builder/spi-builder-workspace/Sources/Mercato/MercatoError.swift (in target 'Mercato' from project 'Mercato')
    cd /Users/admin/builder/spi-builder-workspace/.swiftpm/xcode
    builtin-SwiftPerFileCompile MercatoError.swift
SwiftEmitModule normal arm64 Emitting\ module\ for\ Mercato (in target 'Mercato' from project 'Mercato')
SwiftCompile normal arm64 (in target 'Mercato' from project 'Mercato')
    cd /Users/admin/builder/spi-builder-workspace/.swiftpm/xcode

SwiftDriverJobDiscovery normal arm64_32 Emitting module for Mercato (in target 'Mercato' from project 'Mercato')
SwiftDriver\ Compilation\ Requirements Mercato normal arm64_32 com.apple.xcode.tools.swift.compiler (in target 'Mercato' from project 'Mercato')
    cd /Users/admin/builder/spi-builder-workspace/.swiftpm/xcode
    builtin-Swift-Compilation-Requirements -- /Applications/Xcode-27.0.0-Release.Candidate.app/Contents/Developer/Toolchains/XcodeDefault.xctoolchain/usr/bin/swiftc -parse-as-library -module-name Mercato -Onone @/Users/admin/builder/spi-builder-workspace/.derivedData/Build/Intermediates.noindex/Mercato.build/Debug-watchos/Mercato-t.build/Objects-normal/arm64_32/Mercato.SwiftFileList -DSWIFT_PACKAGE -DDEBUG -DSWIFT_MODULE_RESOURCE_BUNDLE_UNAVAILABLE -DXcode -plugin-path /Applications/Xcode-27.0.0-Release.Candidate.app/Contents/Developer/Toolchains/XcodeDefault.xctoolchain/usr/lib/swift/host/plugins/testing -enable-experimental-feature DebugDescriptionMacro -sdk /Applications/Xcode-27.0.0-Release.Candidate.app/Contents/Developer/Platforms/WatchOS.platform/Developer/SDKs/WatchOS27.0.sdk -target arm64_32-apple-watchos10.0 -g -module-cache-path /Users/admin/builder/spi-builder-workspace/.derivedData/ModuleCache.noindex -Xfrontend -serialize-debugging-options -profile-coverage-mapping -profile-generate -enable-testing -index-store-path /Users/admin/builder/spi-builder-workspace/.derivedData/Index.noindex/DataStore -Xcc -D_LIBCPP_HARDENING_MODE\=_LIBCPP_HARDENING_MODE_DEBUG -swift-version 6 -I /Users/admin/builder/spi-builder-workspace/.derivedData/Build/Products/Debug-watchos -Isystem /Applications/Xcode-27.0.0-Release.Candidate.app/Contents/Developer/Platforms/WatchOS.platform/Developer/usr/lib -F /Users/admin/builder/spi-builder-workspace/.derivedData/Build/Products/Debug-watchos -F /Applications/Xcode-27.0.0-Release.Candidate.app/Contents/Developer/Platforms/WatchOS.platform/Developer/Library/Frameworks -F /Applications/Xcode-27.0.0-Release.Candidate.app/Contents/Developer/Platforms/WatchOS.platform/Developer/SDKs/WatchOS27.0.sdk/Developer/Library/Frameworks -c -j10 -enable-batch-mode -incremental -Xcc -ivfsstatcache -Xcc /Users/admin/builder/spi-builder-workspace/.derivedData/SDKStatCaches.noindex/watchos27.0-24R360-e829b21a6f8c9b70876ba0858053c04477534ef55a1706bf4c1112bbb242f0a2.sdkstatcache -output-file-map /Users/admin/builder/spi-builder-workspace/.derivedData/Build/Intermediates.noindex/Mercato.build/Debug-watchos/Mercato-t.build/Objects-normal/arm64_32/Mercato-OutputFileMap.json -save-temps -no-color-diagnostics -explicit-module-build -module-cache-path /Users/admin/builder/spi-builder-workspace/.derivedData/Build/Intermediates.noindex/SwiftExplicitPrecompiledModules -clang-scanner-module-cache-path /Users/admin/builder/spi-builder-workspace/.derivedData/ModuleCache.noindex -sdk-module-cache-path /Users/admin/builder/spi-builder-workspace/.derivedData/SDKExplicitPrecompiledModules -emit-dependencies -emit-module -emit-module-path /Users/admin/builder/spi-builder-workspace/.derivedData/Build/Intermediates.noindex/Mercato.build/Debug-watchos/Mercato-t.build/Objects-normal/arm64_32/Mercato.swiftmodule -serialize-diagnostics -dependency-scan-serialize-diagnostics-path /Users/admin/builder/spi-builder-workspace/.derivedData/Build/Intermediates.noindex/Mercato.build/Debug-watchos/Mercato-t.build/Objects-normal/arm64_32/Mercato-dependency-scan.dia -validate-clang-modules-once -clang-build-session-file /Users/admin/builder/spi-builder-workspace/.derivedData/ModuleCache.noindex/Session.modulevalidation -Xcc -fmodules-prune-interval\=86400 -Xcc -fmodules-prune-after\=345600 -package-name spi_builder_workspace -emit-const-values -const-gather-protocols-list /Users/admin/builder/spi-builder-workspace/.derivedData/Build/Intermediates.noindex/Mercato.build/Debug-watchos/Mercato-t.build/Objects-normal/arm64_32/Mercato_const_extract_protocols.json -Xcc -I/Users/admin/builder/spi-builder-workspace/.derivedData/Build/Products/Debug-watchos/include -Xcc -I/Users/admin/builder/spi-builder-workspace/.derivedData/Build/Intermediates.noindex/Mercato.build/Debug-watchos/Mercato-t.build/DerivedSources-normal/arm64_32 -Xcc -I/Users/admin/builder/spi-builder-workspace/.derivedData/Build/Intermediates.noindex/Mercato.build/Debug-watchos/Mercato-t.build/DerivedSources/arm64_32 -Xcc -I/Users/admin/builder/spi-builder-workspace/.derivedData/Build/Intermediates.noindex/Mercato.build/Debug-watchos/Mercato-t.build/DerivedSources -Xcc -DSWIFT_PACKAGE -Xcc -DDEBUG\=1 -emit-objc-header -emit-objc-header-path /Users/admin/builder/spi-builder-workspace/.derivedData/Build/Intermediates.noindex/Mercato.build/Debug-watchos/Mercato-t.build/Objects-normal/arm64_32/Mercato-Swift.h -working-directory /Users/admin/builder/spi-builder-workspace/.swiftpm/xcode -experimental-emit-module-separately -disable-cmo
SwiftDriverJobDiscovery normal arm64 Emitting module for Mercato (in target 'Mercato' from project 'Mercato')
SwiftCompile normal arm64 Compiling\ ProductService.swift /Users/admin/builder/spi-builder-workspace/Sources/Mercato/ProductService.swift (in target 'Mercato' from project 'Mercato')
SwiftCompile normal arm64 /Users/admin/builder/spi-builder-workspace/Sources/Mercato/ProductService.swift (in target 'Mercato' from project 'Mercato')
    cd /Users/admin/builder/spi-builder-workspace/.swiftpm/xcode
    builtin-SwiftPerFileCompile ProductService.swift
SwiftDriver\ Compilation\ Requirements Mercato normal arm64 com.apple.xcode.tools.swift.compiler (in target 'Mercato' from project 'Mercato')
    cd /Users/admin/builder/spi-builder-workspace/.swiftpm/xcode
    builtin-Swift-Compilation-Requirements -- /Applications/Xcode-27.0.0-Release.Candidate.app/Contents/Developer/Toolchains/XcodeDefault.xctoolchain/usr/bin/swiftc -parse-as-library -module-name Mercato -Onone @/Users/admin/builder/spi-builder-workspace/.derivedData/Build/Intermediates.noindex/Mercato.build/Debug-watchos/Mercato-t.build/Objects-normal/arm64/Mercato.SwiftFileList -DSWIFT_PACKAGE -DDEBUG -DSWIFT_MODULE_RESOURCE_BUNDLE_UNAVAILABLE -DXcode -plugin-path /Applications/Xcode-27.0.0-Release.Candidate.app/Contents/Developer/Toolchains/XcodeDefault.xctoolchain/usr/lib/swift/host/plugins/testing -enable-experimental-feature DebugDescriptionMacro -sdk /Applications/Xcode-27.0.0-Release.Candidate.app/Contents/Developer/Platforms/WatchOS.platform/Developer/SDKs/WatchOS27.0.sdk -target arm64-apple-watchos10.0 -g -module-cache-path /Users/admin/builder/spi-builder-workspace/.derivedData/ModuleCache.noindex -Xfrontend -serialize-debugging-options -profile-coverage-mapping -profile-generate -enable-testing -index-store-path /Users/admin/builder/spi-builder-workspace/.derivedData/Index.noindex/DataStore -Xcc -D_LIBCPP_HARDENING_MODE\=_LIBCPP_HARDENING_MODE_DEBUG -swift-version 6 -I /Users/admin/builder/spi-builder-workspace/.derivedData/Build/Products/Debug-watchos -Isystem /Applications/Xcode-27.0.0-Release.Candidate.app/Contents/Developer/Platforms/WatchOS.platform/Developer/usr/lib -F /Users/admin/builder/spi-builder-workspace/.derivedData/Build/Products/Debug-watchos -F /Applications/Xcode-27.0.0-Release.Candidate.app/Contents/Developer/Platforms/WatchOS.platform/Developer/Library/Frameworks -F /Applications/Xcode-27.0.0-Release.Candidate.app/Contents/Developer/Platforms/WatchOS.platform/Developer/SDKs/WatchOS27.0.sdk/Developer/Library/Frameworks -c -j10 -enable-batch-mode -incremental -Xcc -ivfsstatcache -Xcc /Users/admin/builder/spi-builder-workspace/.derivedData/SDKStatCaches.noindex/watchos27.0-24R360-e829b21a6f8c9b70876ba0858053c04477534ef55a1706bf4c1112bbb242f0a2.sdkstatcache -output-file-map /Users/admin/builder/spi-builder-workspace/.derivedData/Build/Intermediates.noindex/Mercato.build/Debug-watchos/Mercato-t.build/Objects-normal/arm64/Mercato-OutputFileMap.json -save-temps -no-color-diagnostics -explicit-module-build -module-cache-path /Users/admin/builder/spi-builder-workspace/.derivedData/Build/Intermediates.noindex/SwiftExplicitPrecompiledModules -clang-scanner-module-cache-path /Users/admin/builder/spi-builder-workspace/.derivedData/ModuleCache.noindex -sdk-module-cache-path /Users/admin/builder/spi-builder-workspace/.derivedData/SDKExplicitPrecompiledModules -emit-dependencies -emit-module -emit-module-path /Users/admin/builder/spi-builder-workspace/.derivedData/Build/Intermediates.noindex/Mercato.build/Debug-watchos/Mercato-t.build/Objects-normal/arm64/Mercato.swiftmodule -serialize-diagnostics -dependency-scan-serialize-diagnostics-path /Users/admin/builder/spi-builder-workspace/.derivedData/Build/Intermediates.noindex/Mercato.build/Debug-watchos/Mercato-t.build/Objects-normal/arm64/Mercato-dependency-scan.dia -validate-clang-modules-once -clang-build-session-file /Users/admin/builder/spi-builder-workspace/.derivedData/ModuleCache.noindex/Session.modulevalidation -Xcc -fmodules-prune-interval\=86400 -Xcc -fmodules-prune-after\=345600 -package-name spi_builder_workspace -emit-const-values -const-gather-protocols-list /Users/admin/builder/spi-builder-workspace/.derivedData/Build/Intermediates.noindex/Mercato.build/Debug-watchos/Mercato-t.build/Objects-normal/arm64/Mercato_const_extract_protocols.json -Xcc -I/Users/admin/builder/spi-builder-workspace/.derivedData/Build/Products/Debug-watchos/include -Xcc -I/Users/admin/builder/spi-builder-workspace/.derivedData/Build/Intermediates.noindex/Mercato.build/Debug-watchos/Mercato-t.build/DerivedSources-normal/arm64 -Xcc -I/Users/admin/builder/spi-builder-workspace/.derivedData/Build/Intermediates.noindex/Mercato.build/Debug-watchos/Mercato-t.build/DerivedSources/arm64 -Xcc -I/Users/admin/builder/spi-builder-workspace/.derivedData/Build/Intermediates.noindex/Mercato.build/Debug-watchos/Mercato-t.build/DerivedSources -Xcc -DSWIFT_PACKAGE -Xcc -DDEBUG\=1 -emit-objc-header -emit-objc-header-path /Users/admin/builder/spi-builder-workspace/.derivedData/Build/Intermediates.noindex/Mercato.build/Debug-watchos/Mercato-t.build/Objects-normal/arm64/Mercato-Swift.h -working-directory /Users/admin/builder/spi-builder-workspace/.swiftpm/xcode -experimental-emit-module-separately -disable-cmo
SwiftDriverJobDiscovery normal arm64_32 Compiling PeriodFormatter.swift (in target 'Mercato' from project 'Mercato')
Copy /Users/admin/builder/spi-builder-workspace/.derivedData/Build/Products/Debug-watchos/Mercato.swiftmodule/arm64_32-apple-watchos.swiftmodule /Users/admin/builder/spi-builder-workspace/.derivedData/Build/Intermediates.noindex/Mercato.build/Debug-watchos/Mercato-t.build/Objects-normal/arm64_32/Mercato.swiftmodule (in target 'Mercato' from project 'Mercato')
    cd /Users/admin/builder/spi-builder-workspace
    builtin-copy -exclude .DS_Store -exclude CVS -exclude .svn -exclude .git -exclude .hg -resolve-src-symlinks -rename /Users/admin/builder/spi-builder-workspace/.derivedData/Build/Intermediates.noindex/Mercato.build/Debug-watchos/Mercato-t.build/Objects-normal/arm64_32/Mercato.swiftmodule /Users/admin/builder/spi-builder-workspace/.derivedData/Build/Products/Debug-watchos/Mercato.swiftmodule/arm64_32-apple-watchos.swiftmodule
Copy /Users/admin/builder/spi-builder-workspace/.derivedData/Build/Products/Debug-watchos/Mercato.swiftmodule/arm64_32-apple-watchos.swiftdoc /Users/admin/builder/spi-builder-workspace/.derivedData/Build/Intermediates.noindex/Mercato.build/Debug-watchos/Mercato-t.build/Objects-normal/arm64_32/Mercato.swiftdoc (in target 'Mercato' from project 'Mercato')
    cd /Users/admin/builder/spi-builder-workspace
    builtin-copy -exclude .DS_Store -exclude CVS -exclude .svn -exclude .git -exclude .hg -resolve-src-symlinks -rename /Users/admin/builder/spi-builder-workspace/.derivedData/Build/Intermediates.noindex/Mercato.build/Debug-watchos/Mercato-t.build/Objects-normal/arm64_32/Mercato.swiftdoc /Users/admin/builder/spi-builder-workspace/.derivedData/Build/Products/Debug-watchos/Mercato.swiftmodule/arm64_32-apple-watchos.swiftdoc
SwiftDriverJobDiscovery normal arm64_32 Compiling CurrencySymbolsLibrary.swift (in target 'Mercato' from project 'Mercato')
Copy /Users/admin/builder/spi-builder-workspace/.derivedData/Build/Products/Debug-watchos/Mercato.swiftmodule/arm64_32-apple-watchos.abi.json /Users/admin/builder/spi-builder-workspace/.derivedData/Build/Intermediates.noindex/Mercato.build/Debug-watchos/Mercato-t.build/Objects-normal/arm64_32/Mercato.abi.json (in target 'Mercato' from project 'Mercato')
    cd /Users/admin/builder/spi-builder-workspace
    builtin-copy -exclude .DS_Store -exclude CVS -exclude .svn -exclude .git -exclude .hg -resolve-src-symlinks -rename /Users/admin/builder/spi-builder-workspace/.derivedData/Build/Intermediates.noindex/Mercato.build/Debug-watchos/Mercato-t.build/Objects-normal/arm64_32/Mercato.abi.json /Users/admin/builder/spi-builder-workspace/.derivedData/Build/Products/Debug-watchos/Mercato.swiftmodule/arm64_32-apple-watchos.abi.json
SwiftCompile normal arm64 Compiling\ Lock.swift /Users/admin/builder/spi-builder-workspace/Sources/Mercato/Utils/Lock.swift (in target 'Mercato' from project 'Mercato')
SwiftCompile normal arm64 /Users/admin/builder/spi-builder-workspace/Sources/Mercato/Utils/Lock.swift (in target 'Mercato' from project 'Mercato')
    cd /Users/admin/builder/spi-builder-workspace/.swiftpm/xcode
    builtin-SwiftPerFileCompile Lock.swift
Copy /Users/admin/builder/spi-builder-workspace/.derivedData/Build/Products/Debug-watchos/Mercato.swiftmodule/Project/arm64_32-apple-watchos.swiftsourceinfo /Users/admin/builder/spi-builder-workspace/.derivedData/Build/Intermediates.noindex/Mercato.build/Debug-watchos/Mercato-t.build/Objects-normal/arm64_32/Mercato.swiftsourceinfo (in target 'Mercato' from project 'Mercato')
    cd /Users/admin/builder/spi-builder-workspace
    builtin-copy -exclude .DS_Store -exclude CVS -exclude .svn -exclude .git -exclude .hg -resolve-src-symlinks -rename /Users/admin/builder/spi-builder-workspace/.derivedData/Build/Intermediates.noindex/Mercato.build/Debug-watchos/Mercato-t.build/Objects-normal/arm64_32/Mercato.swiftsourceinfo /Users/admin/builder/spi-builder-workspace/.derivedData/Build/Products/Debug-watchos/Mercato.swiftmodule/Project/arm64_32-apple-watchos.swiftsourceinfo
SwiftDriverJobDiscovery normal arm64_32 Compiling PriceFormatter.swift (in target 'Mercato' from project 'Mercato')
SwiftCompile normal arm64 Compiling\ CurrencySymbolsLibrary.swift /Users/admin/builder/spi-builder-workspace/Sources/Mercato/Utils/CurrencySymbolsLibrary.swift (in target 'Mercato' from project 'Mercato')
SwiftCompile normal arm64 /Users/admin/builder/spi-builder-workspace/Sources/Mercato/Utils/CurrencySymbolsLibrary.swift (in target 'Mercato' from project 'Mercato')
    cd /Users/admin/builder/spi-builder-workspace/.swiftpm/xcode
    builtin-SwiftPerFileCompile CurrencySymbolsLibrary.swift
SwiftCompile normal arm64 Compiling\ PriceFormatter.swift /Users/admin/builder/spi-builder-workspace/Sources/Mercato/Utils/PriceFormatter.swift (in target 'Mercato' from project 'Mercato')
/Users/admin/builder/spi-builder-workspace/Sources/Mercato/Utils/PriceFormatter.swift:81:13: warning: initialization of immutable value 'originalCurrencyCode' was never used; consider replacing with assignment to '_' or removing it [#NoUsage]
 79 |         let formatted = self.formatted(style)
 80 |
 81 |         let originalCurrencyCode = currencyStyle.locale.currency?.identifier ?? ""
    |             `- warning: initialization of immutable value 'originalCurrencyCode' was never used; consider replacing with assignment to '_' or removing it [#NoUsage]
 82 |
 83 |         if let originalCurrencyCode = currencyStyle.locale.currency?.identifier,
[#NoUsage]: <https://docs.swift.org/compiler/documentation/diagnostics/no-usage>
SwiftCompile normal arm64 /Users/admin/builder/spi-builder-workspace/Sources/Mercato/Utils/PriceFormatter.swift (in target 'Mercato' from project 'Mercato')
    cd /Users/admin/builder/spi-builder-workspace/.swiftpm/xcode
    builtin-SwiftPerFileCompile PriceFormatter.swift
SwiftMergeGeneratedHeaders /Users/admin/builder/spi-builder-workspace/.derivedData/Build/Intermediates.noindex/GeneratedModuleMaps-watchos/Mercato-Swift.h /Users/admin/builder/spi-builder-workspace/.derivedData/Build/Intermediates.noindex/Mercato.build/Debug-watchos/Mercato-t.build/Objects-normal/arm64/Mercato-Swift.h /Users/admin/builder/spi-builder-workspace/.derivedData/Build/Intermediates.noindex/Mercato.build/Debug-watchos/Mercato-t.build/Objects-normal/arm64_32/Mercato-Swift.h (in target 'Mercato' from project 'Mercato')
    cd /Users/admin/builder/spi-builder-workspace
    builtin-swiftHeaderTool -arch arm64 /Users/admin/builder/spi-builder-workspace/.derivedData/Build/Intermediates.noindex/Mercato.build/Debug-watchos/Mercato-t.build/Objects-normal/arm64/Mercato-Swift.h -arch arm64_32 /Users/admin/builder/spi-builder-workspace/.derivedData/Build/Intermediates.noindex/Mercato.build/Debug-watchos/Mercato-t.build/Objects-normal/arm64_32/Mercato-Swift.h -o /Users/admin/builder/spi-builder-workspace/.derivedData/Build/Intermediates.noindex/GeneratedModuleMaps-watchos/Mercato-Swift.h
SwiftDriverJobDiscovery normal arm64_32 Compiling Lock.swift (in target 'Mercato' from project 'Mercato')
Copy /Users/admin/builder/spi-builder-workspace/.derivedData/Build/Products/Debug-watchos/Mercato.swiftmodule/arm64-apple-watchos.swiftmodule /Users/admin/builder/spi-builder-workspace/.derivedData/Build/Intermediates.noindex/Mercato.build/Debug-watchos/Mercato-t.build/Objects-normal/arm64/Mercato.swiftmodule (in target 'Mercato' from project 'Mercato')
    cd /Users/admin/builder/spi-builder-workspace
    builtin-copy -exclude .DS_Store -exclude CVS -exclude .svn -exclude .git -exclude .hg -resolve-src-symlinks -rename /Users/admin/builder/spi-builder-workspace/.derivedData/Build/Intermediates.noindex/Mercato.build/Debug-watchos/Mercato-t.build/Objects-normal/arm64/Mercato.swiftmodule /Users/admin/builder/spi-builder-workspace/.derivedData/Build/Products/Debug-watchos/Mercato.swiftmodule/arm64-apple-watchos.swiftmodule
Copy /Users/admin/builder/spi-builder-workspace/.derivedData/Build/Products/Debug-watchos/Mercato.swiftmodule/arm64-apple-watchos.swiftdoc /Users/admin/builder/spi-builder-workspace/.derivedData/Build/Intermediates.noindex/Mercato.build/Debug-watchos/Mercato-t.build/Objects-normal/arm64/Mercato.swiftdoc (in target 'Mercato' from project 'Mercato')
    cd /Users/admin/builder/spi-builder-workspace
    builtin-copy -exclude .DS_Store -exclude CVS -exclude .svn -exclude .git -exclude .hg -resolve-src-symlinks -rename /Users/admin/builder/spi-builder-workspace/.derivedData/Build/Intermediates.noindex/Mercato.build/Debug-watchos/Mercato-t.build/Objects-normal/arm64/Mercato.swiftdoc /Users/admin/builder/spi-builder-workspace/.derivedData/Build/Products/Debug-watchos/Mercato.swiftmodule/arm64-apple-watchos.swiftdoc
Copy /Users/admin/builder/spi-builder-workspace/.derivedData/Build/Products/Debug-watchos/Mercato.swiftmodule/arm64-apple-watchos.abi.json /Users/admin/builder/spi-builder-workspace/.derivedData/Build/Intermediates.noindex/Mercato.build/Debug-watchos/Mercato-t.build/Objects-normal/arm64/Mercato.abi.json (in target 'Mercato' from project 'Mercato')
    cd /Users/admin/builder/spi-builder-workspace
    builtin-copy -exclude .DS_Store -exclude CVS -exclude .svn -exclude .git -exclude .hg -resolve-src-symlinks -rename /Users/admin/builder/spi-builder-workspace/.derivedData/Build/Intermediates.noindex/Mercato.build/Debug-watchos/Mercato-t.build/Objects-normal/arm64/Mercato.abi.json /Users/admin/builder/spi-builder-workspace/.derivedData/Build/Products/Debug-watchos/Mercato.swiftmodule/arm64-apple-watchos.abi.json
Copy /Users/admin/builder/spi-builder-workspace/.derivedData/Build/Products/Debug-watchos/Mercato.swiftmodule/Project/arm64-apple-watchos.swiftsourceinfo /Users/admin/builder/spi-builder-workspace/.derivedData/Build/Intermediates.noindex/Mercato.build/Debug-watchos/Mercato-t.build/Objects-normal/arm64/Mercato.swiftsourceinfo (in target 'Mercato' from project 'Mercato')
    cd /Users/admin/builder/spi-builder-workspace
    builtin-copy -exclude .DS_Store -exclude CVS -exclude .svn -exclude .git -exclude .hg -resolve-src-symlinks -rename /Users/admin/builder/spi-builder-workspace/.derivedData/Build/Intermediates.noindex/Mercato.build/Debug-watchos/Mercato-t.build/Objects-normal/arm64/Mercato.swiftsourceinfo /Users/admin/builder/spi-builder-workspace/.derivedData/Build/Products/Debug-watchos/Mercato.swiftmodule/Project/arm64-apple-watchos.swiftsourceinfo
SwiftCompile normal arm64 Compiling\ Mercato.swift /Users/admin/builder/spi-builder-workspace/Sources/Mercato/Mercato.swift (in target 'Mercato' from project 'Mercato')
SwiftCompile normal arm64 /Users/admin/builder/spi-builder-workspace/Sources/Mercato/Mercato.swift (in target 'Mercato' from project 'Mercato')
    cd /Users/admin/builder/spi-builder-workspace/.swiftpm/xcode
    builtin-SwiftPerFileCompile Mercato.swift
SwiftDriverJobDiscovery normal arm64 Compiling Lock.swift (in target 'Mercato' from project 'Mercato')
SwiftCompile normal arm64 Compiling\ PromotionalOffer.swift /Users/admin/builder/spi-builder-workspace/Sources/Mercato/Models/PromotionalOffer.swift (in target 'Mercato' from project 'Mercato')
SwiftCompile normal arm64 /Users/admin/builder/spi-builder-workspace/Sources/Mercato/Models/PromotionalOffer.swift (in target 'Mercato' from project 'Mercato')
    cd /Users/admin/builder/spi-builder-workspace/.swiftpm/xcode
    builtin-SwiftPerFileCompile PromotionalOffer.swift
SwiftDriverJobDiscovery normal arm64 Compiling CurrencySymbolsLibrary.swift (in target 'Mercato' from project 'Mercato')
SwiftCompile normal arm64 Compiling\ MercatoError.swift /Users/admin/builder/spi-builder-workspace/Sources/Mercato/MercatoError.swift (in target 'Mercato' from project 'Mercato')
SwiftCompile normal arm64 /Users/admin/builder/spi-builder-workspace/Sources/Mercato/MercatoError.swift (in target 'Mercato' from project 'Mercato')
    cd /Users/admin/builder/spi-builder-workspace/.swiftpm/xcode
    builtin-SwiftPerFileCompile MercatoError.swift
SwiftDriverJobDiscovery normal arm64 Compiling PriceFormatter.swift (in target 'Mercato' from project 'Mercato')
SwiftCompile normal arm64 Compiling\ Mercato+Extras.swift,\ Mercato+StoreKit.swift /Users/admin/builder/spi-builder-workspace/Sources/Mercato/Mercato+Extras.swift /Users/admin/builder/spi-builder-workspace/Sources/Mercato/Mercato+StoreKit.swift (in target 'Mercato' from project 'Mercato')
SwiftCompile normal arm64 /Users/admin/builder/spi-builder-workspace/Sources/Mercato/Mercato+Extras.swift (in target 'Mercato' from project 'Mercato')
    cd /Users/admin/builder/spi-builder-workspace/.swiftpm/xcode
    builtin-SwiftPerFileCompile Mercato+Extras.swift
SwiftCompile normal arm64 /Users/admin/builder/spi-builder-workspace/Sources/Mercato/Mercato+StoreKit.swift (in target 'Mercato' from project 'Mercato')
    cd /Users/admin/builder/spi-builder-workspace/.swiftpm/xcode
    builtin-SwiftPerFileCompile Mercato+StoreKit.swift
SwiftCompile normal arm64 Compiling\ Purchase.swift /Users/admin/builder/spi-builder-workspace/Sources/Mercato/Purchase.swift (in target 'Mercato' from project 'Mercato')
SwiftCompile normal arm64 /Users/admin/builder/spi-builder-workspace/Sources/Mercato/Purchase.swift (in target 'Mercato' from project 'Mercato')
    cd /Users/admin/builder/spi-builder-workspace/.swiftpm/xcode
    builtin-SwiftPerFileCompile Purchase.swift
SwiftDriverJobDiscovery normal arm64 Compiling PromotionalOffer.swift (in target 'Mercato' from project 'Mercato')
SwiftCompile normal arm64 Compiling\ PeriodFormatter.swift /Users/admin/builder/spi-builder-workspace/Sources/Mercato/Utils/PeriodFormatter.swift (in target 'Mercato' from project 'Mercato')
SwiftCompile normal arm64 /Users/admin/builder/spi-builder-workspace/Sources/Mercato/Utils/PeriodFormatter.swift (in target 'Mercato' from project 'Mercato')
    cd /Users/admin/builder/spi-builder-workspace/.swiftpm/xcode
    builtin-SwiftPerFileCompile PeriodFormatter.swift
SwiftDriverJobDiscovery normal arm64 Compiling Mercato+Extras.swift, Mercato+StoreKit.swift (in target 'Mercato' from project 'Mercato')
SwiftCompile normal arm64_32 Compiling\ PromotionalOffer.swift /Users/admin/builder/spi-builder-workspace/Sources/Mercato/Models/PromotionalOffer.swift (in target 'Mercato' from project 'Mercato')
SwiftCompile normal arm64_32 /Users/admin/builder/spi-builder-workspace/Sources/Mercato/Models/PromotionalOffer.swift (in target 'Mercato' from project 'Mercato')
    cd /Users/admin/builder/spi-builder-workspace/.swiftpm/xcode
    builtin-SwiftPerFileCompile PromotionalOffer.swift
SwiftDriverJobDiscovery normal arm64 Compiling Purchase.swift (in target 'Mercato' from project 'Mercato')
SwiftDriverJobDiscovery normal arm64 Compiling MercatoError.swift (in target 'Mercato' from project 'Mercato')
SwiftDriver AdvancedCommerceMercato normal arm64 com.apple.xcode.tools.swift.compiler (in target 'AdvancedCommerceMercato' from project 'Mercato')
    cd /Users/admin/builder/spi-builder-workspace/.swiftpm/xcode
    builtin-SwiftDriver -- /Applications/Xcode-27.0.0-Release.Candidate.app/Contents/Developer/Toolchains/XcodeDefault.xctoolchain/usr/bin/swiftc -parse-as-library -module-name AdvancedCommerceMercato -Onone @/Users/admin/builder/spi-builder-workspace/.derivedData/Build/Intermediates.noindex/Mercato.build/Debug-watchos/AdvancedCommerceMercato-t.build/Objects-normal/arm64/AdvancedCommerceMercato.SwiftFileList -DSWIFT_PACKAGE -DDEBUG -DSWIFT_MODULE_RESOURCE_BUNDLE_UNAVAILABLE -DXcode -plugin-path /Applications/Xcode-27.0.0-Release.Candidate.app/Contents/Developer/Toolchains/XcodeDefault.xctoolchain/usr/lib/swift/host/plugins/testing -enable-experimental-feature DebugDescriptionMacro -sdk /Applications/Xcode-27.0.0-Release.Candidate.app/Contents/Developer/Platforms/WatchOS.platform/Developer/SDKs/WatchOS27.0.sdk -target arm64-apple-watchos10.0 -g -module-cache-path /Users/admin/builder/spi-builder-workspace/.derivedData/ModuleCache.noindex -Xfrontend -serialize-debugging-options -profile-coverage-mapping -profile-generate -enable-testing -index-store-path /Users/admin/builder/spi-builder-workspace/.derivedData/Index.noindex/DataStore -Xcc -D_LIBCPP_HARDENING_MODE\=_LIBCPP_HARDENING_MODE_DEBUG -swift-version 6 -I /Users/admin/builder/spi-builder-workspace/.derivedData/Build/Products/Debug-watchos -Isystem /Applications/Xcode-27.0.0-Release.Candidate.app/Contents/Developer/Platforms/WatchOS.platform/Developer/usr/lib -F /Users/admin/builder/spi-builder-workspace/.derivedData/Build/Products/Debug-watchos/PackageFrameworks -F /Users/admin/builder/spi-builder-workspace/.derivedData/Build/Products/Debug-watchos -F /Applications/Xcode-27.0.0-Release.Candidate.app/Contents/Developer/Platforms/WatchOS.platform/Developer/Library/Frameworks -F /Applications/Xcode-27.0.0-Release.Candidate.app/Contents/Developer/Platforms/WatchOS.platform/Developer/SDKs/WatchOS27.0.sdk/Developer/Library/Frameworks -c -j10 -enable-batch-mode -incremental -Xcc -ivfsstatcache -Xcc /Users/admin/builder/spi-builder-workspace/.derivedData/SDKStatCaches.noindex/watchos27.0-24R360-e829b21a6f8c9b70876ba0858053c04477534ef55a1706bf4c1112bbb242f0a2.sdkstatcache -output-file-map /Users/admin/builder/spi-builder-workspace/.derivedData/Build/Intermediates.noindex/Mercato.build/Debug-watchos/AdvancedCommerceMercato-t.build/Objects-normal/arm64/AdvancedCommerceMercato-OutputFileMap.json -save-temps -no-color-diagnostics -explicit-module-build -module-cache-path /Users/admin/builder/spi-builder-workspace/.derivedData/Build/Intermediates.noindex/SwiftExplicitPrecompiledModules -clang-scanner-module-cache-path /Users/admin/builder/spi-builder-workspace/.derivedData/ModuleCache.noindex -sdk-module-cache-path /Users/admin/builder/spi-builder-workspace/.derivedData/SDKExplicitPrecompiledModules -emit-dependencies -emit-module -emit-module-path /Users/admin/builder/spi-builder-workspace/.derivedData/Build/Intermediates.noindex/Mercato.build/Debug-watchos/AdvancedCommerceMercato-t.build/Objects-normal/arm64/AdvancedCommerceMercato.swiftmodule -serialize-diagnostics -dependency-scan-serialize-diagnostics-path /Users/admin/builder/spi-builder-workspace/.derivedData/Build/Intermediates.noindex/Mercato.build/Debug-watchos/AdvancedCommerceMercato-t.build/Objects-normal/arm64/AdvancedCommerceMercato-dependency-scan.dia -validate-clang-modules-once -clang-build-session-file /Users/admin/builder/spi-builder-workspace/.derivedData/ModuleCache.noindex/Session.modulevalidation -Xcc -fmodules-prune-interval\=86400 -Xcc -fmodules-prune-after\=345600 -package-name spi_builder_workspace -emit-const-values -const-gather-protocols-list /Users/admin/builder/spi-builder-workspace/.derivedData/Build/Intermediates.noindex/Mercato.build/Debug-watchos/AdvancedCommerceMercato-t.build/Objects-normal/arm64/AdvancedCommerceMercato_const_extract_protocols.json -Xcc -I/Users/admin/builder/spi-builder-workspace/.derivedData/Build/Products/Debug-watchos/include -Xcc -I/Users/admin/builder/spi-builder-workspace/.derivedData/Build/Intermediates.noindex/Mercato.build/Debug-watchos/AdvancedCommerceMercato-t.build/DerivedSources-normal/arm64 -Xcc -I/Users/admin/builder/spi-builder-workspace/.derivedData/Build/Intermediates.noindex/Mercato.build/Debug-watchos/AdvancedCommerceMercato-t.build/DerivedSources/arm64 -Xcc -I/Users/admin/builder/spi-builder-workspace/.derivedData/Build/Intermediates.noindex/Mercato.build/Debug-watchos/AdvancedCommerceMercato-t.build/DerivedSources -Xcc -DSWIFT_PACKAGE -Xcc -DDEBUG\=1 -emit-objc-header -emit-objc-header-path /Users/admin/builder/spi-builder-workspace/.derivedData/Build/Intermediates.noindex/Mercato.build/Debug-watchos/AdvancedCommerceMercato-t.build/Objects-normal/arm64/AdvancedCommerceMercato-Swift.h -working-directory /Users/admin/builder/spi-builder-workspace/.swiftpm/xcode -experimental-emit-module-separately -disable-cmo
SwiftDriver AdvancedCommerceMercato normal arm64_32 com.apple.xcode.tools.swift.compiler (in target 'AdvancedCommerceMercato' from project 'Mercato')
    cd /Users/admin/builder/spi-builder-workspace/.swiftpm/xcode
    builtin-SwiftDriver -- /Applications/Xcode-27.0.0-Release.Candidate.app/Contents/Developer/Toolchains/XcodeDefault.xctoolchain/usr/bin/swiftc -parse-as-library -module-name AdvancedCommerceMercato -Onone @/Users/admin/builder/spi-builder-workspace/.derivedData/Build/Intermediates.noindex/Mercato.build/Debug-watchos/AdvancedCommerceMercato-t.build/Objects-normal/arm64_32/AdvancedCommerceMercato.SwiftFileList -DSWIFT_PACKAGE -DDEBUG -DSWIFT_MODULE_RESOURCE_BUNDLE_UNAVAILABLE -DXcode -plugin-path /Applications/Xcode-27.0.0-Release.Candidate.app/Contents/Developer/Toolchains/XcodeDefault.xctoolchain/usr/lib/swift/host/plugins/testing -enable-experimental-feature DebugDescriptionMacro -sdk /Applications/Xcode-27.0.0-Release.Candidate.app/Contents/Developer/Platforms/WatchOS.platform/Developer/SDKs/WatchOS27.0.sdk -target arm64_32-apple-watchos10.0 -g -module-cache-path /Users/admin/builder/spi-builder-workspace/.derivedData/ModuleCache.noindex -Xfrontend -serialize-debugging-options -profile-coverage-mapping -profile-generate -enable-testing -index-store-path /Users/admin/builder/spi-builder-workspace/.derivedData/Index.noindex/DataStore -Xcc -D_LIBCPP_HARDENING_MODE\=_LIBCPP_HARDENING_MODE_DEBUG -swift-version 6 -I /Users/admin/builder/spi-builder-workspace/.derivedData/Build/Products/Debug-watchos -Isystem /Applications/Xcode-27.0.0-Release.Candidate.app/Contents/Developer/Platforms/WatchOS.platform/Developer/usr/lib -F /Users/admin/builder/spi-builder-workspace/.derivedData/Build/Products/Debug-watchos/PackageFrameworks -F /Users/admin/builder/spi-builder-workspace/.derivedData/Build/Products/Debug-watchos -F /Applications/Xcode-27.0.0-Release.Candidate.app/Contents/Developer/Platforms/WatchOS.platform/Developer/Library/Frameworks -F /Applications/Xcode-27.0.0-Release.Candidate.app/Contents/Developer/Platforms/WatchOS.platform/Developer/SDKs/WatchOS27.0.sdk/Developer/Library/Frameworks -c -j10 -enable-batch-mode -incremental -Xcc -ivfsstatcache -Xcc /Users/admin/builder/spi-builder-workspace/.derivedData/SDKStatCaches.noindex/watchos27.0-24R360-e829b21a6f8c9b70876ba0858053c04477534ef55a1706bf4c1112bbb242f0a2.sdkstatcache -output-file-map /Users/admin/builder/spi-builder-workspace/.derivedData/Build/Intermediates.noindex/Mercato.build/Debug-watchos/AdvancedCommerceMercato-t.build/Objects-normal/arm64_32/AdvancedCommerceMercato-OutputFileMap.json -save-temps -no-color-diagnostics -explicit-module-build -module-cache-path /Users/admin/builder/spi-builder-workspace/.derivedData/Build/Intermediates.noindex/SwiftExplicitPrecompiledModules -clang-scanner-module-cache-path /Users/admin/builder/spi-builder-workspace/.derivedData/ModuleCache.noindex -sdk-module-cache-path /Users/admin/builder/spi-builder-workspace/.derivedData/SDKExplicitPrecompiledModules -emit-dependencies -emit-module -emit-module-path /Users/admin/builder/spi-builder-workspace/.derivedData/Build/Intermediates.noindex/Mercato.build/Debug-watchos/AdvancedCommerceMercato-t.build/Objects-normal/arm64_32/AdvancedCommerceMercato.swiftmodule -serialize-diagnostics -dependency-scan-serialize-diagnostics-path /Users/admin/builder/spi-builder-workspace/.derivedData/Build/Intermediates.noindex/Mercato.build/Debug-watchos/AdvancedCommerceMercato-t.build/Objects-normal/arm64_32/AdvancedCommerceMercato-dependency-scan.dia -validate-clang-modules-once -clang-build-session-file /Users/admin/builder/spi-builder-workspace/.derivedData/ModuleCache.noindex/Session.modulevalidation -Xcc -fmodules-prune-interval\=86400 -Xcc -fmodules-prune-after\=345600 -package-name spi_builder_workspace -emit-const-values -const-gather-protocols-list /Users/admin/builder/spi-builder-workspace/.derivedData/Build/Intermediates.noindex/Mercato.build/Debug-watchos/AdvancedCommerceMercato-t.build/Objects-normal/arm64_32/AdvancedCommerceMercato_const_extract_protocols.json -Xcc -I/Users/admin/builder/spi-builder-workspace/.derivedData/Build/Products/Debug-watchos/include -Xcc -I/Users/admin/builder/spi-builder-workspace/.derivedData/Build/Intermediates.noindex/Mercato.build/Debug-watchos/AdvancedCommerceMercato-t.build/DerivedSources-normal/arm64_32 -Xcc -I/Users/admin/builder/spi-builder-workspace/.derivedData/Build/Intermediates.noindex/Mercato.build/Debug-watchos/AdvancedCommerceMercato-t.build/DerivedSources/arm64_32 -Xcc -I/Users/admin/builder/spi-builder-workspace/.derivedData/Build/Intermediates.noindex/Mercato.build/Debug-watchos/AdvancedCommerceMercato-t.build/DerivedSources -Xcc -DSWIFT_PACKAGE -Xcc -DDEBUG\=1 -emit-objc-header -emit-objc-header-path /Users/admin/builder/spi-builder-workspace/.derivedData/Build/Intermediates.noindex/Mercato.build/Debug-watchos/AdvancedCommerceMercato-t.build/Objects-normal/arm64_32/AdvancedCommerceMercato-Swift.h -working-directory /Users/admin/builder/spi-builder-workspace/.swiftpm/xcode -experimental-emit-module-separately -disable-cmo
SwiftDriverJobDiscovery normal arm64_32 Compiling Mercato+Extras.swift, Mercato+StoreKit.swift (in target 'Mercato' from project 'Mercato')
SwiftDriverJobDiscovery normal arm64_32 Compiling Purchase.swift (in target 'Mercato' from project 'Mercato')
SwiftDriverJobDiscovery normal arm64_32 Compiling MercatoError.swift (in target 'Mercato' from project 'Mercato')
SwiftDriverJobDiscovery normal arm64 Compiling ProductService.swift (in target 'Mercato' from project 'Mercato')
SwiftDriverJobDiscovery normal arm64_32 Compiling ProductService.swift (in target 'Mercato' from project 'Mercato')
SwiftDriverJobDiscovery normal arm64 Compiling Mercato.swift (in target 'Mercato' from project 'Mercato')
SwiftDriverJobDiscovery normal arm64_32 Compiling Mercato.swift (in target 'Mercato' from project 'Mercato')
SwiftDriverJobDiscovery normal arm64_32 Compiling PromotionalOffer.swift (in target 'Mercato' from project 'Mercato')
SwiftDriver\ Compilation Mercato normal arm64_32 com.apple.xcode.tools.swift.compiler (in target 'Mercato' from project 'Mercato')
    cd /Users/admin/builder/spi-builder-workspace/.swiftpm/xcode
    builtin-Swift-Compilation -- /Applications/Xcode-27.0.0-Release.Candidate.app/Contents/Developer/Toolchains/XcodeDefault.xctoolchain/usr/bin/swiftc -parse-as-library -module-name Mercato -Onone @/Users/admin/builder/spi-builder-workspace/.derivedData/Build/Intermediates.noindex/Mercato.build/Debug-watchos/Mercato-t.build/Objects-normal/arm64_32/Mercato.SwiftFileList -DSWIFT_PACKAGE -DDEBUG -DSWIFT_MODULE_RESOURCE_BUNDLE_UNAVAILABLE -DXcode -plugin-path /Applications/Xcode-27.0.0-Release.Candidate.app/Contents/Developer/Toolchains/XcodeDefault.xctoolchain/usr/lib/swift/host/plugins/testing -enable-experimental-feature DebugDescriptionMacro -sdk /Applications/Xcode-27.0.0-Release.Candidate.app/Contents/Developer/Platforms/WatchOS.platform/Developer/SDKs/WatchOS27.0.sdk -target arm64_32-apple-watchos10.0 -g -module-cache-path /Users/admin/builder/spi-builder-workspace/.derivedData/ModuleCache.noindex -Xfrontend -serialize-debugging-options -profile-coverage-mapping -profile-generate -enable-testing -index-store-path /Users/admin/builder/spi-builder-workspace/.derivedData/Index.noindex/DataStore -Xcc -D_LIBCPP_HARDENING_MODE\=_LIBCPP_HARDENING_MODE_DEBUG -swift-version 6 -I /Users/admin/builder/spi-builder-workspace/.derivedData/Build/Products/Debug-watchos -Isystem /Applications/Xcode-27.0.0-Release.Candidate.app/Contents/Developer/Platforms/WatchOS.platform/Developer/usr/lib -F /Users/admin/builder/spi-builder-workspace/.derivedData/Build/Products/Debug-watchos -F /Applications/Xcode-27.0.0-Release.Candidate.app/Contents/Developer/Platforms/WatchOS.platform/Developer/Library/Frameworks -F /Applications/Xcode-27.0.0-Release.Candidate.app/Contents/Developer/Platforms/WatchOS.platform/Developer/SDKs/WatchOS27.0.sdk/Developer/Library/Frameworks -c -j10 -enable-batch-mode -incremental -Xcc -ivfsstatcache -Xcc /Users/admin/builder/spi-builder-workspace/.derivedData/SDKStatCaches.noindex/watchos27.0-24R360-e829b21a6f8c9b70876ba0858053c04477534ef55a1706bf4c1112bbb242f0a2.sdkstatcache -output-file-map /Users/admin/builder/spi-builder-workspace/.derivedData/Build/Intermediates.noindex/Mercato.build/Debug-watchos/Mercato-t.build/Objects-normal/arm64_32/Mercato-OutputFileMap.json -save-temps -no-color-diagnostics -explicit-module-build -module-cache-path /Users/admin/builder/spi-builder-workspace/.derivedData/Build/Intermediates.noindex/SwiftExplicitPrecompiledModules -clang-scanner-module-cache-path /Users/admin/builder/spi-builder-workspace/.derivedData/ModuleCache.noindex -sdk-module-cache-path /Users/admin/builder/spi-builder-workspace/.derivedData/SDKExplicitPrecompiledModules -emit-dependencies -emit-module -emit-module-path /Users/admin/builder/spi-builder-workspace/.derivedData/Build/Intermediates.noindex/Mercato.build/Debug-watchos/Mercato-t.build/Objects-normal/arm64_32/Mercato.swiftmodule -serialize-diagnostics -dependency-scan-serialize-diagnostics-path /Users/admin/builder/spi-builder-workspace/.derivedData/Build/Intermediates.noindex/Mercato.build/Debug-watchos/Mercato-t.build/Objects-normal/arm64_32/Mercato-dependency-scan.dia -validate-clang-modules-once -clang-build-session-file /Users/admin/builder/spi-builder-workspace/.derivedData/ModuleCache.noindex/Session.modulevalidation -Xcc -fmodules-prune-interval\=86400 -Xcc -fmodules-prune-after\=345600 -package-name spi_builder_workspace -emit-const-values -const-gather-protocols-list /Users/admin/builder/spi-builder-workspace/.derivedData/Build/Intermediates.noindex/Mercato.build/Debug-watchos/Mercato-t.build/Objects-normal/arm64_32/Mercato_const_extract_protocols.json -Xcc -I/Users/admin/builder/spi-builder-workspace/.derivedData/Build/Products/Debug-watchos/include -Xcc -I/Users/admin/builder/spi-builder-workspace/.derivedData/Build/Intermediates.noindex/Mercato.build/Debug-watchos/Mercato-t.build/DerivedSources-normal/arm64_32 -Xcc -I/Users/admin/builder/spi-builder-workspace/.derivedData/Build/Intermediates.noindex/Mercato.build/Debug-watchos/Mercato-t.build/DerivedSources/arm64_32 -Xcc -I/Users/admin/builder/spi-builder-workspace/.derivedData/Build/Intermediates.noindex/Mercato.build/Debug-watchos/Mercato-t.build/DerivedSources -Xcc -DSWIFT_PACKAGE -Xcc -DDEBUG\=1 -emit-objc-header -emit-objc-header-path /Users/admin/builder/spi-builder-workspace/.derivedData/Build/Intermediates.noindex/Mercato.build/Debug-watchos/Mercato-t.build/Objects-normal/arm64_32/Mercato-Swift.h -working-directory /Users/admin/builder/spi-builder-workspace/.swiftpm/xcode -experimental-emit-module-separately -disable-cmo
Ld /Users/admin/builder/spi-builder-workspace/.derivedData/Build/Intermediates.noindex/Mercato.build/Debug-watchos/Mercato-t.build/Objects-normal/arm64_32/Binary/Mercato.o normal arm64_32 (in target 'Mercato' from project 'Mercato')
    cd /Users/admin/builder/spi-builder-workspace
    /Applications/Xcode-27.0.0-Release.Candidate.app/Contents/Developer/Toolchains/XcodeDefault.xctoolchain/usr/bin/clang -Xlinker -reproducible -target arm64_32-apple-watchos10.0 -r -isysroot /Applications/Xcode-27.0.0-Release.Candidate.app/Contents/Developer/Platforms/WatchOS.platform/Developer/SDKs/WatchOS27.0.sdk -O0 -Xlinker -no_warn_duplicate_libraries -F/Users/admin/builder/spi-builder-workspace/.derivedData/Build/Intermediates.noindex/EagerLinkingTBDs/Debug-watchos -F/Users/admin/builder/spi-builder-workspace/.derivedData/Build/Products/Debug-watchos -iframework /Applications/Xcode-27.0.0-Release.Candidate.app/Contents/Developer/Platforms/WatchOS.platform/Developer/Library/Frameworks -iframework /Applications/Xcode-27.0.0-Release.Candidate.app/Contents/Developer/Platforms/WatchOS.platform/Developer/SDKs/WatchOS27.0.sdk/Developer/Library/Frameworks -filelist /Users/admin/builder/spi-builder-workspace/.derivedData/Build/Intermediates.noindex/Mercato.build/Debug-watchos/Mercato-t.build/Objects-normal/arm64_32/Mercato.LinkFileList -nostdlib -Xlinker -object_path_lto -Xlinker /Users/admin/builder/spi-builder-workspace/.derivedData/Build/Intermediates.noindex/Mercato.build/Debug-watchos/Mercato-t.build/Objects-normal/arm64_32/Mercato_lto.o -Xlinker -no_deduplicate -Xlinker -debug_variant -Xlinker -dependency_info -Xlinker /Users/admin/builder/spi-builder-workspace/.derivedData/Build/Intermediates.noindex/Mercato.build/Debug-watchos/Mercato-t.build/Objects-normal/arm64_32/Mercato_dependency_info.dat -fobjc-link-runtime -L/Applications/Xcode-27.0.0-Release.Candidate.app/Contents/Developer/Toolchains/XcodeDefault.xctoolchain/usr/lib/swift/watchos -L/usr/lib/swift -Xlinker -add_ast_path -Xlinker /Users/admin/builder/spi-builder-workspace/.derivedData/Build/Intermediates.noindex/Mercato.build/Debug-watchos/Mercato-t.build/Objects-normal/arm64_32/Mercato.swiftmodule -o /Users/admin/builder/spi-builder-workspace/.derivedData/Build/Intermediates.noindex/Mercato.build/Debug-watchos/Mercato-t.build/Objects-normal/arm64_32/Binary/Mercato.o
SwiftDriverJobDiscovery normal arm64 Compiling PeriodFormatter.swift (in target 'Mercato' from project 'Mercato')
SwiftDriver\ Compilation Mercato normal arm64 com.apple.xcode.tools.swift.compiler (in target 'Mercato' from project 'Mercato')
    cd /Users/admin/builder/spi-builder-workspace/.swiftpm/xcode
    builtin-Swift-Compilation -- /Applications/Xcode-27.0.0-Release.Candidate.app/Contents/Developer/Toolchains/XcodeDefault.xctoolchain/usr/bin/swiftc -parse-as-library -module-name Mercato -Onone @/Users/admin/builder/spi-builder-workspace/.derivedData/Build/Intermediates.noindex/Mercato.build/Debug-watchos/Mercato-t.build/Objects-normal/arm64/Mercato.SwiftFileList -DSWIFT_PACKAGE -DDEBUG -DSWIFT_MODULE_RESOURCE_BUNDLE_UNAVAILABLE -DXcode -plugin-path /Applications/Xcode-27.0.0-Release.Candidate.app/Contents/Developer/Toolchains/XcodeDefault.xctoolchain/usr/lib/swift/host/plugins/testing -enable-experimental-feature DebugDescriptionMacro -sdk /Applications/Xcode-27.0.0-Release.Candidate.app/Contents/Developer/Platforms/WatchOS.platform/Developer/SDKs/WatchOS27.0.sdk -target arm64-apple-watchos10.0 -g -module-cache-path /Users/admin/builder/spi-builder-workspace/.derivedData/ModuleCache.noindex -Xfrontend -serialize-debugging-options -profile-coverage-mapping -profile-generate -enable-testing -index-store-path /Users/admin/builder/spi-builder-workspace/.derivedData/Index.noindex/DataStore -Xcc -D_LIBCPP_HARDENING_MODE\=_LIBCPP_HARDENING_MODE_DEBUG -swift-version 6 -I /Users/admin/builder/spi-builder-workspace/.derivedData/Build/Products/Debug-watchos -Isystem /Applications/Xcode-27.0.0-Release.Candidate.app/Contents/Developer/Platforms/WatchOS.platform/Developer/usr/lib -F /Users/admin/builder/spi-builder-workspace/.derivedData/Build/Products/Debug-watchos -F /Applications/Xcode-27.0.0-Release.Candidate.app/Contents/Developer/Platforms/WatchOS.platform/Developer/Library/Frameworks -F /Applications/Xcode-27.0.0-Release.Candidate.app/Contents/Developer/Platforms/WatchOS.platform/Developer/SDKs/WatchOS27.0.sdk/Developer/Library/Frameworks -c -j10 -enable-batch-mode -incremental -Xcc -ivfsstatcache -Xcc /Users/admin/builder/spi-builder-workspace/.derivedData/SDKStatCaches.noindex/watchos27.0-24R360-e829b21a6f8c9b70876ba0858053c04477534ef55a1706bf4c1112bbb242f0a2.sdkstatcache -output-file-map /Users/admin/builder/spi-builder-workspace/.derivedData/Build/Intermediates.noindex/Mercato.build/Debug-watchos/Mercato-t.build/Objects-normal/arm64/Mercato-OutputFileMap.json -save-temps -no-color-diagnostics -explicit-module-build -module-cache-path /Users/admin/builder/spi-builder-workspace/.derivedData/Build/Intermediates.noindex/SwiftExplicitPrecompiledModules -clang-scanner-module-cache-path /Users/admin/builder/spi-builder-workspace/.derivedData/ModuleCache.noindex -sdk-module-cache-path /Users/admin/builder/spi-builder-workspace/.derivedData/SDKExplicitPrecompiledModules -emit-dependencies -emit-module -emit-module-path /Users/admin/builder/spi-builder-workspace/.derivedData/Build/Intermediates.noindex/Mercato.build/Debug-watchos/Mercato-t.build/Objects-normal/arm64/Mercato.swiftmodule -serialize-diagnostics -dependency-scan-serialize-diagnostics-path /Users/admin/builder/spi-builder-workspace/.derivedData/Build/Intermediates.noindex/Mercato.build/Debug-watchos/Mercato-t.build/Objects-normal/arm64/Mercato-dependency-scan.dia -validate-clang-modules-once -clang-build-session-file /Users/admin/builder/spi-builder-workspace/.derivedData/ModuleCache.noindex/Session.modulevalidation -Xcc -fmodules-prune-interval\=86400 -Xcc -fmodules-prune-after\=345600 -package-name spi_builder_workspace -emit-const-values -const-gather-protocols-list /Users/admin/builder/spi-builder-workspace/.derivedData/Build/Intermediates.noindex/Mercato.build/Debug-watchos/Mercato-t.build/Objects-normal/arm64/Mercato_const_extract_protocols.json -Xcc -I/Users/admin/builder/spi-builder-workspace/.derivedData/Build/Products/Debug-watchos/include -Xcc -I/Users/admin/builder/spi-builder-workspace/.derivedData/Build/Intermediates.noindex/Mercato.build/Debug-watchos/Mercato-t.build/DerivedSources-normal/arm64 -Xcc -I/Users/admin/builder/spi-builder-workspace/.derivedData/Build/Intermediates.noindex/Mercato.build/Debug-watchos/Mercato-t.build/DerivedSources/arm64 -Xcc -I/Users/admin/builder/spi-builder-workspace/.derivedData/Build/Intermediates.noindex/Mercato.build/Debug-watchos/Mercato-t.build/DerivedSources -Xcc -DSWIFT_PACKAGE -Xcc -DDEBUG\=1 -emit-objc-header -emit-objc-header-path /Users/admin/builder/spi-builder-workspace/.derivedData/Build/Intermediates.noindex/Mercato.build/Debug-watchos/Mercato-t.build/Objects-normal/arm64/Mercato-Swift.h -working-directory /Users/admin/builder/spi-builder-workspace/.swiftpm/xcode -experimental-emit-module-separately -disable-cmo
Ld /Users/admin/builder/spi-builder-workspace/.derivedData/Build/Intermediates.noindex/Mercato.build/Debug-watchos/Mercato-t.build/Objects-normal/arm64/Binary/Mercato.o normal arm64 (in target 'Mercato' from project 'Mercato')
    cd /Users/admin/builder/spi-builder-workspace
    /Applications/Xcode-27.0.0-Release.Candidate.app/Contents/Developer/Toolchains/XcodeDefault.xctoolchain/usr/bin/clang -Xlinker -reproducible -target arm64-apple-watchos10.0 -r -isysroot /Applications/Xcode-27.0.0-Release.Candidate.app/Contents/Developer/Platforms/WatchOS.platform/Developer/SDKs/WatchOS27.0.sdk -O0 -Xlinker -no_warn_duplicate_libraries -F/Users/admin/builder/spi-builder-workspace/.derivedData/Build/Intermediates.noindex/EagerLinkingTBDs/Debug-watchos -F/Users/admin/builder/spi-builder-workspace/.derivedData/Build/Products/Debug-watchos -iframework /Applications/Xcode-27.0.0-Release.Candidate.app/Contents/Developer/Platforms/WatchOS.platform/Developer/Library/Frameworks -iframework /Applications/Xcode-27.0.0-Release.Candidate.app/Contents/Developer/Platforms/WatchOS.platform/Developer/SDKs/WatchOS27.0.sdk/Developer/Library/Frameworks -filelist /Users/admin/builder/spi-builder-workspace/.derivedData/Build/Intermediates.noindex/Mercato.build/Debug-watchos/Mercato-t.build/Objects-normal/arm64/Mercato.LinkFileList -nostdlib -Xlinker -object_path_lto -Xlinker /Users/admin/builder/spi-builder-workspace/.derivedData/Build/Intermediates.noindex/Mercato.build/Debug-watchos/Mercato-t.build/Objects-normal/arm64/Mercato_lto.o -Xlinker -no_deduplicate -Xlinker -debug_variant -Xlinker -dependency_info -Xlinker /Users/admin/builder/spi-builder-workspace/.derivedData/Build/Intermediates.noindex/Mercato.build/Debug-watchos/Mercato-t.build/Objects-normal/arm64/Mercato_dependency_info.dat -fobjc-link-runtime -L/Applications/Xcode-27.0.0-Release.Candidate.app/Contents/Developer/Toolchains/XcodeDefault.xctoolchain/usr/lib/swift/watchos -L/usr/lib/swift -Xlinker -add_ast_path -Xlinker /Users/admin/builder/spi-builder-workspace/.derivedData/Build/Intermediates.noindex/Mercato.build/Debug-watchos/Mercato-t.build/Objects-normal/arm64/Mercato.swiftmodule -o /Users/admin/builder/spi-builder-workspace/.derivedData/Build/Intermediates.noindex/Mercato.build/Debug-watchos/Mercato-t.build/Objects-normal/arm64/Binary/Mercato.o
CreateUniversalBinary /Users/admin/builder/spi-builder-workspace/.derivedData/Build/Products/Debug-watchos/Mercato.o normal arm64\ arm64_32 (in target 'Mercato' from project 'Mercato')
    cd /Users/admin/builder/spi-builder-workspace
    /Applications/Xcode-27.0.0-Release.Candidate.app/Contents/Developer/Toolchains/XcodeDefault.xctoolchain/usr/bin/lipo -create /Users/admin/builder/spi-builder-workspace/.derivedData/Build/Intermediates.noindex/Mercato.build/Debug-watchos/Mercato-t.build/Objects-normal/arm64/Binary/Mercato.o /Users/admin/builder/spi-builder-workspace/.derivedData/Build/Intermediates.noindex/Mercato.build/Debug-watchos/Mercato-t.build/Objects-normal/arm64_32/Binary/Mercato.o -output /Users/admin/builder/spi-builder-workspace/.derivedData/Build/Products/Debug-watchos/Mercato.o
ExtractAppIntentsMetadata (in target 'Mercato' from project 'Mercato')
    cd /Users/admin/builder/spi-builder-workspace
    /Applications/Xcode-27.0.0-Release.Candidate.app/Contents/Developer/Toolchains/XcodeDefault.xctoolchain/usr/bin/appintentsmetadataprocessor --toolchain-dir /var/run/com.apple.security.cryptexd/mnt/com.apple.MobileAsset.MetalToolchain-v27.1.266.1.wrZ5LZ/Metal.xctoolchain --module-name Mercato --sdk-root /Applications/Xcode-27.0.0-Release.Candidate.app/Contents/Developer/Platforms/WatchOS.platform/Developer/SDKs/WatchOS27.0.sdk --xcode-version 27A266a --platform-family watchOS --deployment-target 10.0 --bundle-identifier spi-builder-workspace.Mercato --output /Users/admin/builder/spi-builder-workspace/.derivedData/Build/Products/Debug-watchos/Mercato.appintents --target-triple arm64-apple-watchos10.0 --target-triple arm64_32-apple-watchos10.0 --binary-file /Users/admin/builder/spi-builder-workspace/.derivedData/Build/Products/Debug-watchos/Mercato.o --dependency-file /Users/admin/builder/spi-builder-workspace/.derivedData/Build/Intermediates.noindex/Mercato.build/Debug-watchos/Mercato-t.build/Objects-normal/arm64/Mercato_dependency_info.dat --dependency-file /Users/admin/builder/spi-builder-workspace/.derivedData/Build/Intermediates.noindex/Mercato.build/Debug-watchos/Mercato-t.build/Objects-normal/arm64_32/Mercato_dependency_info.dat --stringsdata-file /Users/admin/builder/spi-builder-workspace/.derivedData/Build/Intermediates.noindex/Mercato.build/Debug-watchos/Mercato-t.build/Objects-normal/arm64/ExtractedAppShortcutsMetadata.stringsdata --stringsdata-file /Users/admin/builder/spi-builder-workspace/.derivedData/Build/Intermediates.noindex/Mercato.build/Debug-watchos/Mercato-t.build/Objects-normal/arm64_32/ExtractedAppShortcutsMetadata.stringsdata --source-file-list /Users/admin/builder/spi-builder-workspace/.derivedData/Build/Intermediates.noindex/Mercato.build/Debug-watchos/Mercato-t.build/Objects-normal/arm64/Mercato.SwiftFileList --source-file-list /Users/admin/builder/spi-builder-workspace/.derivedData/Build/Intermediates.noindex/Mercato.build/Debug-watchos/Mercato-t.build/Objects-normal/arm64_32/Mercato.SwiftFileList --metadata-file-list /Users/admin/builder/spi-builder-workspace/.derivedData/Build/Intermediates.noindex/Mercato.build/Debug-watchos/Mercato-t.build/Mercato.DependencyMetadataFileList --static-metadata-file-list /Users/admin/builder/spi-builder-workspace/.derivedData/Build/Intermediates.noindex/Mercato.build/Debug-watchos/Mercato-t.build/Mercato.DependencyStaticMetadataFileList --swift-const-vals-list /Users/admin/builder/spi-builder-workspace/.derivedData/Build/Intermediates.noindex/Mercato.build/Debug-watchos/Mercato-t.build/Objects-normal/arm64/Mercato.SwiftConstValuesFileList --swift-const-vals-list /Users/admin/builder/spi-builder-workspace/.derivedData/Build/Intermediates.noindex/Mercato.build/Debug-watchos/Mercato-t.build/Objects-normal/arm64_32/Mercato.SwiftConstValuesFileList --force --compile-time-extraction --deployment-aware-processing --no-app-shortcuts-localization
2026-09-22 22:45:16.848 appintentsmetadataprocessor[775:4561] Starting appintentsmetadataprocessor export
2026-09-22 22:45:16.939 appintentsmetadataprocessor[775:4561] Extracted no relevant App Intents symbols, skipping writing output
SwiftEmitModule normal arm64_32 Emitting\ module\ for\ AdvancedCommerceMercato (in target 'AdvancedCommerceMercato' from project 'Mercato')
SwiftCompile normal arm64_32 (in target 'AdvancedCommerceMercato' from project 'Mercato')
    cd /Users/admin/builder/spi-builder-workspace/.swiftpm/xcode

SwiftCompile normal arm64_32 Compiling\ OneTimeChargeItem.swift,\ Period.swift,\ Reason.swift /Users/admin/builder/spi-builder-workspace/Sources/AdvancedCommerceMercato/Models/OneTimeChargeItem.swift /Users/admin/builder/spi-builder-workspace/Sources/AdvancedCommerceMercato/Models/Period.swift /Users/admin/builder/spi-builder-workspace/Sources/AdvancedCommerceMercato/Models/Reason.swift (in target 'AdvancedCommerceMercato' from project 'Mercato')
SwiftCompile normal arm64_32 /Users/admin/builder/spi-builder-workspace/Sources/AdvancedCommerceMercato/Models/OneTimeChargeItem.swift (in target 'AdvancedCommerceMercato' from project 'Mercato')
    cd /Users/admin/builder/spi-builder-workspace/.swiftpm/xcode
    builtin-SwiftPerFileCompile OneTimeChargeItem.swift
SwiftCompile normal arm64_32 /Users/admin/builder/spi-builder-workspace/Sources/AdvancedCommerceMercato/Models/Period.swift (in target 'AdvancedCommerceMercato' from project 'Mercato')
    cd /Users/admin/builder/spi-builder-workspace/.swiftpm/xcode
    builtin-SwiftPerFileCompile Period.swift
SwiftCompile normal arm64_32 /Users/admin/builder/spi-builder-workspace/Sources/AdvancedCommerceMercato/Models/Reason.swift (in target 'AdvancedCommerceMercato' from project 'Mercato')
    cd /Users/admin/builder/spi-builder-workspace/.swiftpm/xcode
    builtin-SwiftPerFileCompile Reason.swift
SwiftCompile normal arm64_32 Compiling\ AdvancedCommerceProductService.swift,\ AdvancedCommercePurchase.swift,\ Mercato+AdvancedCommerce.swift /Users/admin/builder/spi-builder-workspace/Sources/AdvancedCommerceMercato/AdvancedCommerceProductService.swift /Users/admin/builder/spi-builder-workspace/Sources/AdvancedCommerceMercato/AdvancedCommercePurchase.swift /Users/admin/builder/spi-builder-workspace/Sources/AdvancedCommerceMercato/Mercato+AdvancedCommerce.swift (in target 'AdvancedCommerceMercato' from project 'Mercato')
/Users/admin/builder/spi-builder-workspace/Sources/AdvancedCommerceMercato/Mercato+AdvancedCommerce.swift:113:39: error: cannot find 'productService' in scope
111 |         options: Set<AdvancedCommerceProduct.PurchaseOption> = []
112 |     ) async throws -> AdvancedCommercePurchase {
113 |         guard let product = try await productService.retrieveProducts(productIds: [productId]).first else {
    |                                       `- error: cannot find 'productService' in scope
114 |             throw MercatoError.productNotFound(productId)
115 |         }
/Users/admin/builder/spi-builder-workspace/Sources/AdvancedCommerceMercato/Mercato+AdvancedCommerce.swift:113:33: warning: no 'async' operations occur within 'await' expression [#UnnecessaryEffectMarker]
111 |         options: Set<AdvancedCommerceProduct.PurchaseOption> = []
112 |     ) async throws -> AdvancedCommercePurchase {
113 |         guard let product = try await productService.retrieveProducts(productIds: [productId]).first else {
    |                                 `- warning: no 'async' operations occur within 'await' expression [#UnnecessaryEffectMarker]
114 |             throw MercatoError.productNotFound(productId)
115 |         }
/Users/admin/builder/spi-builder-workspace/Sources/AdvancedCommerceMercato/Mercato+AdvancedCommerce.swift:113:29: warning: no calls to throwing functions occur within 'try' expression [#UnnecessaryEffectMarker]
111 |         options: Set<AdvancedCommerceProduct.PurchaseOption> = []
112 |     ) async throws -> AdvancedCommercePurchase {
113 |         guard let product = try await productService.retrieveProducts(productIds: [productId]).first else {
    |                             `- warning: no calls to throwing functions occur within 'try' expression [#UnnecessaryEffectMarker]
114 |             throw MercatoError.productNotFound(productId)
115 |         }
[#UnnecessaryEffectMarker]: <https://docs.swift.org/compiler/documentation/diagnostics/unnecessary-effect-marker>
Failed frontend command:
/Applications/Xcode-27.0.0-Release.Candidate.app/Contents/Developer/Toolchains/XcodeDefault.xctoolchain/usr/bin/swift-frontend -frontend -c -primary-file /Users/admin/builder/spi-builder-workspace/Sources/AdvancedCommerceMercato/AdvancedCommerceProductService.swift -primary-file /Users/admin/builder/spi-builder-workspace/Sources/AdvancedCommerceMercato/AdvancedCommercePurchase.swift -primary-file /Users/admin/builder/spi-builder-workspace/Sources/AdvancedCommerceMercato/Mercato+AdvancedCommerce.swift /Users/admin/builder/spi-builder-workspace/Sources/AdvancedCommerceMercato/Models/Descriptors.swift /Users/admin/builder/spi-builder-workspace/Sources/AdvancedCommerceMercato/Models/Effective.swift /Users/admin/builder/spi-builder-workspace/Sources/AdvancedCommerceMercato/Models/Offer.swift /Users/admin/builder/spi-builder-workspace/Sources/AdvancedCommerceMercato/Models/OfferPeriod.swift /Users/admin/builder/spi-builder-workspace/Sources/AdvancedCommerceMercato/Models/OfferReason.swift /Users/admin/builder/spi-builder-workspace/Sources/AdvancedCommerceMercato/Models/OneTimeChargeCreateRequest.swift /Users/admin/builder/spi-builder-workspace/Sources/AdvancedCommerceMercato/Models/OneTimeChargeItem.swift /Users/admin/builder/spi-builder-workspace/Sources/AdvancedCommerceMercato/Models/Period.swift /Users/admin/builder/spi-builder-workspace/Sources/AdvancedCommerceMercato/Models/Reason.swift /Users/admin/builder/spi-builder-workspace/Sources/AdvancedCommerceMercato/Models/RequestInfo.swift /Users/admin/builder/spi-builder-workspace/Sources/AdvancedCommerceMercato/Models/RequestOperation.swift /Users/admin/builder/spi-builder-workspace/Sources/AdvancedCommerceMercato/Models/RequestVersion.swift /Users/admin/builder/spi-builder-workspace/Sources/AdvancedCommerceMercato/Models/SubscriptionCreateItem.swift /Users/admin/builder/spi-builder-workspace/Sources/AdvancedCommerceMercato/Models/SubscriptionCreateRequest.swift /Users/admin/builder/spi-builder-workspace/Sources/AdvancedCommerceMercato/Models/SubscriptionModifyAddItem.swift /Users/admin/builder/spi-builder-workspace/Sources/AdvancedCommerceMercato/Models/SubscriptionModifyChangeItem.swift /Users/admin/builder/spi-builder-workspace/Sources/AdvancedCommerceMercato/Models/SubscriptionModifyDescriptors.swift /Users/admin/builder/spi-builder-workspace/Sources/AdvancedCommerceMercato/Models/SubscriptionModifyInAppRequest.swift /Users/admin/builder/spi-builder-workspace/Sources/AdvancedCommerceMercato/Models/SubscriptionModifyPeriodChange.swift /Users/admin/builder/spi-builder-workspace/Sources/AdvancedCommerceMercato/Models/SubscriptionModifyRemoveItem.swift /Users/admin/builder/spi-builder-workspace/Sources/AdvancedCommerceMercato/Models/SubscriptionReactivateInAppRequest.swift /Users/admin/builder/spi-builder-workspace/Sources/AdvancedCommerceMercato/Models/SubscriptionReactivateItem.swift /Users/admin/builder/spi-builder-workspace/Sources/AdvancedCommerceMercato/Models/ValidationUtils.swift -supplementary-output-file-map /Users/admin/builder/spi-builder-workspace/.derivedData/Build/Intermediates.noindex/Mercato.build/Debug-watchos/AdvancedCommerceMercato-t.build/Objects-normal/arm64_32/supplementaryOutputs-3 -target arm64_32-apple-watchos10.0 -disable-cross-import-overlay-search -swift-module-cross-import StoreKit /Applications/Xcode-27.0.0-Release.Candidate.app/Contents/Developer/Platforms/WatchOS.platform/Developer/SDKs/WatchOS.sdk/System/Library/Frameworks/StoreKit.framework/Modules/StoreKit.swiftcrossimport/SwiftUI.swiftoverlay -swift-module-cross-import StoreKit /Applications/Xcode-27.0.0-Release.Candidate.app/Contents/Developer/Platforms/WatchOS.platform/Developer/SDKs/WatchOS27.0.sdk/System/Library/Frameworks/StoreKit.framework/Modules/StoreKit.swiftcrossimport/SwiftUI.swiftoverlay -load-resolved-plugin /Applications/Xcode-27.0.0-Release.Candidate.app/Contents/Developer/Platforms/WatchOS.platform/Developer/usr/lib/swift/host/plugins/libFoundationMacros.dylib\#/Applications/Xcode-27.0.0-Release.Candidate.app/Contents/Developer/Platforms/WatchOS.platform/Developer/usr/bin/swift-plugin-server\#FoundationMacros -load-resolved-plugin /Applications/Xcode-27.0.0-Release.Candidate.app/Contents/Developer/Platforms/WatchOS.platform/Developer/usr/lib/swift/host/plugins/libObservationMacros.dylib\#/Applications/Xcode-27.0.0-Release.Candidate.app/Contents/Developer/Platforms/WatchOS.platform/Developer/usr/bin/swift-plugin-server\#ObservationMacros -load-resolved-plugin /Applications/Xcode-27.0.0-Release.Candidate.app/Contents/Developer/Platforms/WatchOS.platform/Developer/usr/lib/swift/host/plugins/libSwiftMacros.dylib\#/Applications/Xcode-27.0.0-Release.Candidate.app/Contents/Developer/Platforms/WatchOS.platform/Developer/usr/bin/swift-plugin-server\#SwiftMacros -load-resolved-plugin /Applications/Xcode-27.0.0-Release.Candidate.app/Contents/Developer/Platforms/WatchOS.platform/Developer/usr/lib/swift/host/plugins/libSwiftUIMacros.dylib\#/Applications/Xcode-27.0.0-Release.Candidate.app/Contents/Developer/Platforms/WatchOS.platform/Developer/usr/bin/swift-plugin-server\#SwiftUIMacros -disable-implicit-swift-modules -Xcc -fno-implicit-modules -Xcc -fno-implicit-module-maps -explicit-swift-module-map-file /Users/admin/builder/spi-builder-workspace/.derivedData/Build/Intermediates.noindex/Mercato.build/Debug-watchos/AdvancedCommerceMercato-t.build/Objects-normal/arm64_32/AdvancedCommerceMercato-dependencies-2.json -enable-objc-interop -sdk /Applications/Xcode-27.0.0-Release.Candidate.app/Contents/Developer/Platforms/WatchOS.platform/Developer/SDKs/WatchOS27.0.sdk -I /Users/admin/builder/spi-builder-workspace/.derivedData/Build/Products/Debug-watchos -Isystem /Applications/Xcode-27.0.0-Release.Candidate.app/Contents/Developer/Platforms/WatchOS.platform/Developer/usr/lib -F /Users/admin/builder/spi-builder-workspace/.derivedData/Build/Products/Debug-watchos/PackageFrameworks -F /Users/admin/builder/spi-builder-workspace/.derivedData/Build/Products/Debug-watchos -F /Applications/Xcode-27.0.0-Release.Candidate.app/Contents/Developer/Platforms/WatchOS.platform/Developer/Library/Frameworks -F /Applications/Xcode-27.0.0-Release.Candidate.app/Contents/Developer/Platforms/WatchOS.platform/Developer/SDKs/WatchOS27.0.sdk/Developer/Library/Frameworks -module-cache-path /Users/admin/builder/spi-builder-workspace/.derivedData/Build/Intermediates.noindex/SwiftExplicitPrecompiledModules -no-color-diagnostics -Xcc -fno-color-diagnostics -enable-testing -g -debug-info-format\=dwarf -dwarf-version\=4 -profile-generate -profile-coverage-mapping -swift-version 6 -Onone -D SWIFT_PACKAGE -D DEBUG -D SWIFT_MODULE_RESOURCE_BUNDLE_UNAVAILABLE -D Xcode -serialize-debugging-options -enable-experimental-feature DebugDescriptionMacro -empty-abi-descriptor -validate-clang-modules-once -clang-build-session-file /Users/admin/builder/spi-builder-workspace/.derivedData/ModuleCache.noindex/Session.modulevalidation -Xcc -working-directory -Xcc /Users/admin/builder/spi-builder-workspace/.swiftpm/xcode -enable-anonymous-context-mangled-names -file-compilation-dir /Users/admin/builder/spi-builder-workspace/.swiftpm/xcode -Xcc -D_LIBCPP_HARDENING_MODE\=_LIBCPP_HARDENING_MODE_DEBUG -Xcc -ivfsstatcache -Xcc /Users/admin/builder/spi-builder-workspace/.derivedData/SDKStatCaches.noindex/watchos27.0-24R360-e829b21a6f8c9b70876ba0858053c04477534ef55a1706bf4c1112bbb242f0a2.sdkstatcache -Xcc -fmodules-prune-interval\=86400 -Xcc -fmodules-prune-after\=345600 -Xcc -I/Users/admin/builder/spi-builder-workspace/.derivedData/Build/Products/Debug-watchos/include -Xcc -I/Users/admin/builder/spi-builder-workspace/.derivedData/Build/Intermediates.noindex/Mercato.build/Debug-watchos/AdvancedCommerceMercato-t.build/DerivedSources-normal/arm64_32 -Xcc -I/Users/admin/builder/spi-builder-workspace/.derivedData/Build/Intermediates.noindex/Mercato.build/Debug-watchos/AdvancedCommerceMercato-t.build/DerivedSources/arm64_32 -Xcc -I/Users/admin/builder/spi-builder-workspace/.derivedData/Build/Intermediates.noindex/Mercato.build/Debug-watchos/AdvancedCommerceMercato-t.build/DerivedSources -Xcc -DSWIFT_PACKAGE -Xcc -DDEBUG\=1 -no-auto-bridging-header-chaining -module-name AdvancedCommerceMercato -package-name spi_builder_workspace -const-gather-protocols-file /Users/admin/builder/spi-builder-workspace/.derivedData/Build/Intermediates.noindex/Mercato.build/Debug-watchos/AdvancedCommerceMercato-t.build/Objects-normal/arm64_32/AdvancedCommerceMercato_const_extract_protocols.json -disable-clang-spi -clang-target arm64_32-apple-watchos27.0 -target-sdk-version 27.0 -target-sdk-name watchos27.0 -in-process-plugin-server-path /Applications/Xcode-27.0.0-Release.Candidate.app/Contents/Developer/Toolchains/XcodeDefault.xctoolchain/usr/lib/swift/host/libSwiftInProcPluginServer.dylib -parse-as-library -o /Users/admin/builder/spi-builder-workspace/.derivedData/Build/Intermediates.noindex/Mercato.build/Debug-watchos/AdvancedCommerceMercato-t.build/Objects-normal/arm64_32/AdvancedCommerceProductService.o -o /Users/admin/builder/spi-builder-workspace/.derivedData/Build/Intermediates.noindex/Mercato.build/Debug-watchos/AdvancedCommerceMercato-t.build/Objects-normal/arm64_32/AdvancedCommercePurchase.o -o /Users/admin/builder/spi-builder-workspace/.derivedData/Build/Intermediates.noindex/Mercato.build/Debug-watchos/AdvancedCommerceMercato-t.build/Objects-normal/arm64_32/Mercato+AdvancedCommerce.o -debug-module-path /Users/admin/builder/spi-builder-workspace/.derivedData/Build/Intermediates.noindex/Mercato.build/Debug-watchos/AdvancedCommerceMercato-t.build/Objects-normal/arm64_32/AdvancedCommerceMercato.swiftmodule -index-unit-output-path /Mercato.build/Debug-watchos/AdvancedCommerceMercato-t.build/Objects-normal/arm64_32/AdvancedCommerceProductService.o -index-unit-output-path /Mercato.build/Debug-watchos/AdvancedCommerceMercato-t.build/Objects-normal/arm64_32/AdvancedCommercePurchase.o -index-unit-output-path /Mercato.build/Debug-watchos/AdvancedCommerceMercato-t.build/Objects-normal/arm64_32/Mercato+AdvancedCommerce.o -index-store-path /Users/admin/builder/spi-builder-workspace/.derivedData/Index.noindex/DataStore -index-system-modules
SwiftCompile normal arm64_32 /Users/admin/builder/spi-builder-workspace/Sources/AdvancedCommerceMercato/AdvancedCommerceProductService.swift (in target 'AdvancedCommerceMercato' from project 'Mercato')
    cd /Users/admin/builder/spi-builder-workspace/.swiftpm/xcode
    builtin-SwiftPerFileCompile AdvancedCommerceProductService.swift
SwiftCompile normal arm64_32 /Users/admin/builder/spi-builder-workspace/Sources/AdvancedCommerceMercato/AdvancedCommercePurchase.swift (in target 'AdvancedCommerceMercato' from project 'Mercato')
    cd /Users/admin/builder/spi-builder-workspace/.swiftpm/xcode
    builtin-SwiftPerFileCompile AdvancedCommercePurchase.swift
SwiftCompile normal arm64_32 /Users/admin/builder/spi-builder-workspace/Sources/AdvancedCommerceMercato/Mercato+AdvancedCommerce.swift (in target 'AdvancedCommerceMercato' from project 'Mercato')
    cd /Users/admin/builder/spi-builder-workspace/.swiftpm/xcode
    builtin-SwiftPerFileCompile Mercato+AdvancedCommerce.swift
SwiftCompile normal arm64_32 Compiling\ OfferPeriod.swift,\ OfferReason.swift,\ OneTimeChargeCreateRequest.swift /Users/admin/builder/spi-builder-workspace/Sources/AdvancedCommerceMercato/Models/OfferPeriod.swift /Users/admin/builder/spi-builder-workspace/Sources/AdvancedCommerceMercato/Models/OfferReason.swift /Users/admin/builder/spi-builder-workspace/Sources/AdvancedCommerceMercato/Models/OneTimeChargeCreateRequest.swift (in target 'AdvancedCommerceMercato' from project 'Mercato')
SwiftCompile normal arm64_32 /Users/admin/builder/spi-builder-workspace/Sources/AdvancedCommerceMercato/Models/OfferPeriod.swift (in target 'AdvancedCommerceMercato' from project 'Mercato')
    cd /Users/admin/builder/spi-builder-workspace/.swiftpm/xcode
    builtin-SwiftPerFileCompile OfferPeriod.swift
SwiftCompile normal arm64_32 /Users/admin/builder/spi-builder-workspace/Sources/AdvancedCommerceMercato/Models/OfferReason.swift (in target 'AdvancedCommerceMercato' from project 'Mercato')
    cd /Users/admin/builder/spi-builder-workspace/.swiftpm/xcode
    builtin-SwiftPerFileCompile OfferReason.swift
SwiftCompile normal arm64_32 /Users/admin/builder/spi-builder-workspace/Sources/AdvancedCommerceMercato/Models/OneTimeChargeCreateRequest.swift (in target 'AdvancedCommerceMercato' from project 'Mercato')
    cd /Users/admin/builder/spi-builder-workspace/.swiftpm/xcode
    builtin-SwiftPerFileCompile OneTimeChargeCreateRequest.swift
SwiftCompile normal arm64_32 Compiling\ RequestInfo.swift,\ RequestOperation.swift,\ RequestVersion.swift /Users/admin/builder/spi-builder-workspace/Sources/AdvancedCommerceMercato/Models/RequestInfo.swift /Users/admin/builder/spi-builder-workspace/Sources/AdvancedCommerceMercato/Models/RequestOperation.swift /Users/admin/builder/spi-builder-workspace/Sources/AdvancedCommerceMercato/Models/RequestVersion.swift (in target 'AdvancedCommerceMercato' from project 'Mercato')
SwiftCompile normal arm64_32 /Users/admin/builder/spi-builder-workspace/Sources/AdvancedCommerceMercato/Models/RequestInfo.swift (in target 'AdvancedCommerceMercato' from project 'Mercato')
    cd /Users/admin/builder/spi-builder-workspace/.swiftpm/xcode
    builtin-SwiftPerFileCompile RequestInfo.swift
SwiftCompile normal arm64_32 /Users/admin/builder/spi-builder-workspace/Sources/AdvancedCommerceMercato/Models/RequestOperation.swift (in target 'AdvancedCommerceMercato' from project 'Mercato')
    cd /Users/admin/builder/spi-builder-workspace/.swiftpm/xcode
    builtin-SwiftPerFileCompile RequestOperation.swift
SwiftCompile normal arm64_32 /Users/admin/builder/spi-builder-workspace/Sources/AdvancedCommerceMercato/Models/RequestVersion.swift (in target 'AdvancedCommerceMercato' from project 'Mercato')
    cd /Users/admin/builder/spi-builder-workspace/.swiftpm/xcode
    builtin-SwiftPerFileCompile RequestVersion.swift
SwiftCompile normal arm64_32 Compiling\ SubscriptionModifyChangeItem.swift,\ SubscriptionModifyDescriptors.swift /Users/admin/builder/spi-builder-workspace/Sources/AdvancedCommerceMercato/Models/SubscriptionModifyChangeItem.swift /Users/admin/builder/spi-builder-workspace/Sources/AdvancedCommerceMercato/Models/SubscriptionModifyDescriptors.swift (in target 'AdvancedCommerceMercato' from project 'Mercato')
SwiftCompile normal arm64_32 /Users/admin/builder/spi-builder-workspace/Sources/AdvancedCommerceMercato/Models/SubscriptionModifyChangeItem.swift (in target 'AdvancedCommerceMercato' from project 'Mercato')
    cd /Users/admin/builder/spi-builder-workspace/.swiftpm/xcode
    builtin-SwiftPerFileCompile SubscriptionModifyChangeItem.swift
SwiftCompile normal arm64_32 /Users/admin/builder/spi-builder-workspace/Sources/AdvancedCommerceMercato/Models/SubscriptionModifyDescriptors.swift (in target 'AdvancedCommerceMercato' from project 'Mercato')
    cd /Users/admin/builder/spi-builder-workspace/.swiftpm/xcode
    builtin-SwiftPerFileCompile SubscriptionModifyDescriptors.swift
SwiftEmitModule normal arm64 Emitting\ module\ for\ AdvancedCommerceMercato (in target 'AdvancedCommerceMercato' from project 'Mercato')
SwiftCompile normal arm64 (in target 'AdvancedCommerceMercato' from project 'Mercato')
    cd /Users/admin/builder/spi-builder-workspace/.swiftpm/xcode

SwiftCompile normal arm64_32 Compiling\ SubscriptionModifyInAppRequest.swift,\ SubscriptionModifyPeriodChange.swift /Users/admin/builder/spi-builder-workspace/Sources/AdvancedCommerceMercato/Models/SubscriptionModifyInAppRequest.swift /Users/admin/builder/spi-builder-workspace/Sources/AdvancedCommerceMercato/Models/SubscriptionModifyPeriodChange.swift (in target 'AdvancedCommerceMercato' from project 'Mercato')
SwiftCompile normal arm64_32 /Users/admin/builder/spi-builder-workspace/Sources/AdvancedCommerceMercato/Models/SubscriptionModifyInAppRequest.swift (in target 'AdvancedCommerceMercato' from project 'Mercato')
    cd /Users/admin/builder/spi-builder-workspace/.swiftpm/xcode
    builtin-SwiftPerFileCompile SubscriptionModifyInAppRequest.swift
SwiftCompile normal arm64_32 /Users/admin/builder/spi-builder-workspace/Sources/AdvancedCommerceMercato/Models/SubscriptionModifyPeriodChange.swift (in target 'AdvancedCommerceMercato' from project 'Mercato')
    cd /Users/admin/builder/spi-builder-workspace/.swiftpm/xcode
    builtin-SwiftPerFileCompile SubscriptionModifyPeriodChange.swift
SwiftCompile normal arm64_32 Compiling\ SubscriptionReactivateItem.swift,\ ValidationUtils.swift /Users/admin/builder/spi-builder-workspace/Sources/AdvancedCommerceMercato/Models/SubscriptionReactivateItem.swift /Users/admin/builder/spi-builder-workspace/Sources/AdvancedCommerceMercato/Models/ValidationUtils.swift (in target 'AdvancedCommerceMercato' from project 'Mercato')
SwiftCompile normal arm64_32 /Users/admin/builder/spi-builder-workspace/Sources/AdvancedCommerceMercato/Models/SubscriptionReactivateItem.swift (in target 'AdvancedCommerceMercato' from project 'Mercato')
    cd /Users/admin/builder/spi-builder-workspace/.swiftpm/xcode
    builtin-SwiftPerFileCompile SubscriptionReactivateItem.swift
SwiftCompile normal arm64_32 /Users/admin/builder/spi-builder-workspace/Sources/AdvancedCommerceMercato/Models/ValidationUtils.swift (in target 'AdvancedCommerceMercato' from project 'Mercato')
    cd /Users/admin/builder/spi-builder-workspace/.swiftpm/xcode
    builtin-SwiftPerFileCompile ValidationUtils.swift
SwiftCompile normal arm64 Compiling\ OneTimeChargeItem.swift,\ Period.swift,\ Reason.swift /Users/admin/builder/spi-builder-workspace/Sources/AdvancedCommerceMercato/Models/OneTimeChargeItem.swift /Users/admin/builder/spi-builder-workspace/Sources/AdvancedCommerceMercato/Models/Period.swift /Users/admin/builder/spi-builder-workspace/Sources/AdvancedCommerceMercato/Models/Reason.swift (in target 'AdvancedCommerceMercato' from project 'Mercato')
SwiftCompile normal arm64 /Users/admin/builder/spi-builder-workspace/Sources/AdvancedCommerceMercato/Models/OneTimeChargeItem.swift (in target 'AdvancedCommerceMercato' from project 'Mercato')
    cd /Users/admin/builder/spi-builder-workspace/.swiftpm/xcode
    builtin-SwiftPerFileCompile OneTimeChargeItem.swift
SwiftCompile normal arm64 /Users/admin/builder/spi-builder-workspace/Sources/AdvancedCommerceMercato/Models/Period.swift (in target 'AdvancedCommerceMercato' from project 'Mercato')
    cd /Users/admin/builder/spi-builder-workspace/.swiftpm/xcode
    builtin-SwiftPerFileCompile Period.swift
SwiftCompile normal arm64 /Users/admin/builder/spi-builder-workspace/Sources/AdvancedCommerceMercato/Models/Reason.swift (in target 'AdvancedCommerceMercato' from project 'Mercato')
    cd /Users/admin/builder/spi-builder-workspace/.swiftpm/xcode
    builtin-SwiftPerFileCompile Reason.swift
SwiftCompile normal arm64 Compiling\ SubscriptionCreateItem.swift,\ SubscriptionCreateRequest.swift,\ SubscriptionModifyAddItem.swift /Users/admin/builder/spi-builder-workspace/Sources/AdvancedCommerceMercato/Models/SubscriptionCreateItem.swift /Users/admin/builder/spi-builder-workspace/Sources/AdvancedCommerceMercato/Models/SubscriptionCreateRequest.swift /Users/admin/builder/spi-builder-workspace/Sources/AdvancedCommerceMercato/Models/SubscriptionModifyAddItem.swift (in target 'AdvancedCommerceMercato' from project 'Mercato')
SwiftCompile normal arm64 /Users/admin/builder/spi-builder-workspace/Sources/AdvancedCommerceMercato/Models/SubscriptionCreateItem.swift (in target 'AdvancedCommerceMercato' from project 'Mercato')
    cd /Users/admin/builder/spi-builder-workspace/.swiftpm/xcode
    builtin-SwiftPerFileCompile SubscriptionCreateItem.swift
SwiftCompile normal arm64 /Users/admin/builder/spi-builder-workspace/Sources/AdvancedCommerceMercato/Models/SubscriptionCreateRequest.swift (in target 'AdvancedCommerceMercato' from project 'Mercato')
    cd /Users/admin/builder/spi-builder-workspace/.swiftpm/xcode
    builtin-SwiftPerFileCompile SubscriptionCreateRequest.swift
SwiftCompile normal arm64 /Users/admin/builder/spi-builder-workspace/Sources/AdvancedCommerceMercato/Models/SubscriptionModifyAddItem.swift (in target 'AdvancedCommerceMercato' from project 'Mercato')
    cd /Users/admin/builder/spi-builder-workspace/.swiftpm/xcode
    builtin-SwiftPerFileCompile SubscriptionModifyAddItem.swift
PruneExplicitPrecompiledModules /Users/admin/builder/spi-builder-workspace/.derivedData/Build/Intermediates.noindex/ExplicitPrecompiledModules
PruneExplicitPrecompiledModules /Users/admin/builder/spi-builder-workspace/.derivedData/SDKExplicitPrecompiledModules
PruneExplicitPrecompiledModules /Users/admin/builder/spi-builder-workspace/.derivedData/Build/Intermediates.noindex/SwiftExplicitPrecompiledModules
2026-09-22 22:45:08.766 xcodebuild[626:3895] [MT] IDERunDestination: Supported platforms for the buildables in the current scheme is empty.
** BUILD FAILED **
The following build commands failed:
	SwiftCompile normal arm64_32 Compiling\ AdvancedCommerceProductService.swift,\ AdvancedCommercePurchase.swift,\ Mercato+AdvancedCommerce.swift /Users/admin/builder/spi-builder-workspace/Sources/AdvancedCommerceMercato/AdvancedCommerceProductService.swift /Users/admin/builder/spi-builder-workspace/Sources/AdvancedCommerceMercato/AdvancedCommercePurchase.swift /Users/admin/builder/spi-builder-workspace/Sources/AdvancedCommerceMercato/Mercato+AdvancedCommerce.swift (in target 'AdvancedCommerceMercato' from project 'Mercato')
	SwiftCompile normal arm64_32 /Users/admin/builder/spi-builder-workspace/Sources/AdvancedCommerceMercato/Mercato+AdvancedCommerce.swift (in target 'AdvancedCommerceMercato' from project 'Mercato')
	Building workspace Mercato with scheme Mercato-Package
(3 failures)
Command line invocation:
    /Applications/Xcode-27.0.0-Release.Candidate.app/Contents/Developer/usr/bin/xcodebuild -IDEClonedSourcePackagesDirPathOverride=/Users/admin/builder/spi-builder-workspace/.dependencies -resolvePackageDependencies
Resolve Package Graph
Resolved source packages:
  Mercato: /Users/admin/builder/spi-builder-workspace
resolved source packages: Mercato
2026-09-22 22:45:18.375 xcodebuild[786:4649] [MT] IDERunDestination: Supported platforms for the buildables in the current scheme is empty.
{
  "dependencies" : [
  ],
  "manifest_display_name" : "Mercato",
  "name" : "Mercato",
  "path" : "/Users/admin/builder/spi-builder-workspace",
  "platforms" : [
    {
      "name" : "ios",
      "version" : "15.4"
    },
    {
      "name" : "tvos",
      "version" : "17.0"
    },
    {
      "name" : "watchos",
      "version" : "10.0"
    },
    {
      "name" : "macos",
      "version" : "13.0"
    },
    {
      "name" : "visionos",
      "version" : "1.0"
    }
  ],
  "products" : [
    {
      "name" : "Mercato",
      "targets" : [
        "Mercato"
      ],
      "type" : {
        "library" : [
          "automatic"
        ]
      }
    },
    {
      "name" : "AdvancedCommerceMercato",
      "targets" : [
        "AdvancedCommerceMercato"
      ],
      "type" : {
        "library" : [
          "automatic"
        ]
      }
    }
  ],
  "targets" : [
    {
      "c99name" : "MercatoTests",
      "module_type" : "SwiftTarget",
      "name" : "MercatoTests",
      "path" : "Tests/MercatoTests",
      "resources" : [
        {
          "path" : "/Users/admin/builder/spi-builder-workspace/Tests/MercatoTests/Mercato.storekit",
          "rule" : {
            "copy" : {
            }
          }
        }
      ],
      "sources" : [
        "CurrencySymbolsLibraryTests.swift",
        "MercatoTests.swift",
        "PeriodFormatterTests.swift",
        "PriceFormatterTests.swift",
        "ProductServiceTests.swift",
        "ProductTests.swift",
        "PurchaseOptionsTests.swift",
        "TestHelper.swift"
      ],
      "target_dependencies" : [
        "Mercato",
        "AdvancedCommerceMercato"
      ],
      "type" : "test"
    },
    {
      "c99name" : "Mercato",
      "module_type" : "SwiftTarget",
      "name" : "Mercato",
      "path" : "Sources/Mercato",
      "product_memberships" : [
        "Mercato",
        "AdvancedCommerceMercato"
      ],
      "sources" : [
        "Mercato+Extras.swift",
        "Mercato+StoreKit.swift",
        "Mercato.swift",
        "MercatoError.swift",
        "Models/PromotionalOffer.swift",
        "ProductService.swift",
        "Purchase.swift",
        "Utils/CurrencySymbolsLibrary.swift",
        "Utils/Lock.swift",
        "Utils/PeriodFormatter.swift",
        "Utils/PriceFormatter.swift"
      ],
      "type" : "library"
    },
    {
      "c99name" : "AdvancedCommerceMercato",
      "module_type" : "SwiftTarget",
      "name" : "AdvancedCommerceMercato",
      "path" : "Sources/AdvancedCommerceMercato",
      "product_memberships" : [
        "AdvancedCommerceMercato"
      ],
      "sources" : [
        "AdvancedCommerceProductService.swift",
        "AdvancedCommercePurchase.swift",
        "Mercato+AdvancedCommerce.swift",
        "Models/Descriptors.swift",
        "Models/Effective.swift",
        "Models/Offer.swift",
        "Models/OfferPeriod.swift",
        "Models/OfferReason.swift",
        "Models/OneTimeChargeCreateRequest.swift",
        "Models/OneTimeChargeItem.swift",
        "Models/Period.swift",
        "Models/Reason.swift",
        "Models/RequestInfo.swift",
        "Models/RequestOperation.swift",
        "Models/RequestVersion.swift",
        "Models/SubscriptionCreateItem.swift",
        "Models/SubscriptionCreateRequest.swift",
        "Models/SubscriptionModifyAddItem.swift",
        "Models/SubscriptionModifyChangeItem.swift",
        "Models/SubscriptionModifyDescriptors.swift",
        "Models/SubscriptionModifyInAppRequest.swift",
        "Models/SubscriptionModifyPeriodChange.swift",
        "Models/SubscriptionModifyRemoveItem.swift",
        "Models/SubscriptionReactivateInAppRequest.swift",
        "Models/SubscriptionReactivateItem.swift",
        "Models/ValidationUtils.swift"
      ],
      "target_dependencies" : [
        "Mercato"
      ],
      "type" : "library"
    }
  ],
  "tools_version" : "6.0"
}
{
  "workspace" : {
    "name" : "Mercato",
    "schemes" : [
      "AdvancedCommerceMercato",
      "Mercato",
      "Mercato-Package"
    ]
  }
}
2026-09-22 22:45:19.615 xcodebuild[819:4911] [MT] IDERunDestination: Supported platforms for the buildables in the current scheme is empty.
Running build ...
env DEVELOPER_DIR=/Applications/Xcode-27.0.0-Release.Candidate.app xcrun xcodebuild -IDEClonedSourcePackagesDirPathOverride=$PWD/.dependencies -skipMacroValidation -skipPackagePluginValidation -derivedDataPath $PWD/.derivedData build -scheme Mercato-Package -destination generic/platform=watchOS
Command line invocation:
    /Applications/Xcode-27.0.0-Release.Candidate.app/Contents/Developer/usr/bin/xcodebuild -IDEClonedSourcePackagesDirPathOverride=/Users/admin/builder/spi-builder-workspace/.dependencies -skipMacroValidation -skipPackagePluginValidation -derivedDataPath /Users/admin/builder/spi-builder-workspace/.derivedData build -scheme Mercato-Package -destination generic/platform=watchOS
Resolve Package Graph
Resolved source packages:
  Mercato: /Users/admin/builder/spi-builder-workspace
ComputePackagePrebuildTargetDependencyGraph
Prepare packages
CreateBuildRequest
SendProjectDescription
CreateBuildOperation
ComputeTargetDependencyGraph
note: Building targets in dependency order
note: Target dependency graph (4 targets)
    Target 'AdvancedCommerceMercato-product' in project 'Mercato'
        ➜ Explicit dependency on target 'AdvancedCommerceMercato' in project 'Mercato'
        ➜ Explicit dependency on target 'Mercato' in project 'Mercato'
    Target 'AdvancedCommerceMercato' in project 'Mercato'
        ➜ Explicit dependency on target 'Mercato' in project 'Mercato'
    Target 'Mercato-product' in project 'Mercato'
        ➜ Explicit dependency on target 'Mercato' in project 'Mercato'
    Target 'Mercato' in project 'Mercato' (no dependencies)
GatherProvisioningInputs
CreateBuildDescription
ClangStatCache /Applications/Xcode-27.0.0-Release.Candidate.app/Contents/Developer/Toolchains/XcodeDefault.xctoolchain/usr/bin/clang-stat-cache /Applications/Xcode-27.0.0-Release.Candidate.app/Contents/Developer/Platforms/WatchOS.platform/Developer/SDKs/WatchOS27.0.sdk /Users/admin/builder/spi-builder-workspace/.derivedData/SDKStatCaches.noindex/watchos27.0-24R360-e829b21a6f8c9b70876ba0858053c04477534ef55a1706bf4c1112bbb242f0a2.sdkstatcache
    cd /Users/admin/builder/spi-builder-workspace/.swiftpm/xcode
    /Applications/Xcode-27.0.0-Release.Candidate.app/Contents/Developer/Toolchains/XcodeDefault.xctoolchain/usr/bin/clang-stat-cache /Applications/Xcode-27.0.0-Release.Candidate.app/Contents/Developer/Platforms/WatchOS.platform/Developer/SDKs/WatchOS27.0.sdk -o /Users/admin/builder/spi-builder-workspace/.derivedData/SDKStatCaches.noindex/watchos27.0-24R360-e829b21a6f8c9b70876ba0858053c04477534ef55a1706bf4c1112bbb242f0a2.sdkstatcache
SwiftDriver AdvancedCommerceMercato normal arm64_32 com.apple.xcode.tools.swift.compiler (in target 'AdvancedCommerceMercato' from project 'Mercato')
    cd /Users/admin/builder/spi-builder-workspace/.swiftpm/xcode
    builtin-SwiftDriver -- /Applications/Xcode-27.0.0-Release.Candidate.app/Contents/Developer/Toolchains/XcodeDefault.xctoolchain/usr/bin/swiftc -parse-as-library -module-name AdvancedCommerceMercato -Onone @/Users/admin/builder/spi-builder-workspace/.derivedData/Build/Intermediates.noindex/Mercato.build/Debug-watchos/AdvancedCommerceMercato-t.build/Objects-normal/arm64_32/AdvancedCommerceMercato.SwiftFileList -DSWIFT_PACKAGE -DDEBUG -DSWIFT_MODULE_RESOURCE_BUNDLE_UNAVAILABLE -DXcode -plugin-path /Applications/Xcode-27.0.0-Release.Candidate.app/Contents/Developer/Toolchains/XcodeDefault.xctoolchain/usr/lib/swift/host/plugins/testing -enable-experimental-feature DebugDescriptionMacro -sdk /Applications/Xcode-27.0.0-Release.Candidate.app/Contents/Developer/Platforms/WatchOS.platform/Developer/SDKs/WatchOS27.0.sdk -target arm64_32-apple-watchos10.0 -g -module-cache-path /Users/admin/builder/spi-builder-workspace/.derivedData/ModuleCache.noindex -Xfrontend -serialize-debugging-options -profile-coverage-mapping -profile-generate -enable-testing -index-store-path /Users/admin/builder/spi-builder-workspace/.derivedData/Index.noindex/DataStore -Xcc -D_LIBCPP_HARDENING_MODE\=_LIBCPP_HARDENING_MODE_DEBUG -swift-version 6 -I /Users/admin/builder/spi-builder-workspace/.derivedData/Build/Products/Debug-watchos -Isystem /Applications/Xcode-27.0.0-Release.Candidate.app/Contents/Developer/Platforms/WatchOS.platform/Developer/usr/lib -F /Users/admin/builder/spi-builder-workspace/.derivedData/Build/Products/Debug-watchos/PackageFrameworks -F /Users/admin/builder/spi-builder-workspace/.derivedData/Build/Products/Debug-watchos -F /Applications/Xcode-27.0.0-Release.Candidate.app/Contents/Developer/Platforms/WatchOS.platform/Developer/Library/Frameworks -F /Applications/Xcode-27.0.0-Release.Candidate.app/Contents/Developer/Platforms/WatchOS.platform/Developer/SDKs/WatchOS27.0.sdk/Developer/Library/Frameworks -c -j10 -enable-batch-mode -incremental -Xcc -ivfsstatcache -Xcc /Users/admin/builder/spi-builder-workspace/.derivedData/SDKStatCaches.noindex/watchos27.0-24R360-e829b21a6f8c9b70876ba0858053c04477534ef55a1706bf4c1112bbb242f0a2.sdkstatcache -output-file-map /Users/admin/builder/spi-builder-workspace/.derivedData/Build/Intermediates.noindex/Mercato.build/Debug-watchos/AdvancedCommerceMercato-t.build/Objects-normal/arm64_32/AdvancedCommerceMercato-OutputFileMap.json -save-temps -no-color-diagnostics -explicit-module-build -module-cache-path /Users/admin/builder/spi-builder-workspace/.derivedData/Build/Intermediates.noindex/SwiftExplicitPrecompiledModules -clang-scanner-module-cache-path /Users/admin/builder/spi-builder-workspace/.derivedData/ModuleCache.noindex -sdk-module-cache-path /Users/admin/builder/spi-builder-workspace/.derivedData/SDKExplicitPrecompiledModules -emit-dependencies -emit-module -emit-module-path /Users/admin/builder/spi-builder-workspace/.derivedData/Build/Intermediates.noindex/Mercato.build/Debug-watchos/AdvancedCommerceMercato-t.build/Objects-normal/arm64_32/AdvancedCommerceMercato.swiftmodule -serialize-diagnostics -dependency-scan-serialize-diagnostics-path /Users/admin/builder/spi-builder-workspace/.derivedData/Build/Intermediates.noindex/Mercato.build/Debug-watchos/AdvancedCommerceMercato-t.build/Objects-normal/arm64_32/AdvancedCommerceMercato-dependency-scan.dia -validate-clang-modules-once -clang-build-session-file /Users/admin/builder/spi-builder-workspace/.derivedData/ModuleCache.noindex/Session.modulevalidation -Xcc -fmodules-prune-interval\=86400 -Xcc -fmodules-prune-after\=345600 -package-name spi_builder_workspace -emit-const-values -const-gather-protocols-list /Users/admin/builder/spi-builder-workspace/.derivedData/Build/Intermediates.noindex/Mercato.build/Debug-watchos/AdvancedCommerceMercato-t.build/Objects-normal/arm64_32/AdvancedCommerceMercato_const_extract_protocols.json -Xcc -I/Users/admin/builder/spi-builder-workspace/.derivedData/Build/Products/Debug-watchos/include -Xcc -I/Users/admin/builder/spi-builder-workspace/.derivedData/Build/Intermediates.noindex/Mercato.build/Debug-watchos/AdvancedCommerceMercato-t.build/DerivedSources-normal/arm64_32 -Xcc -I/Users/admin/builder/spi-builder-workspace/.derivedData/Build/Intermediates.noindex/Mercato.build/Debug-watchos/AdvancedCommerceMercato-t.build/DerivedSources/arm64_32 -Xcc -I/Users/admin/builder/spi-builder-workspace/.derivedData/Build/Intermediates.noindex/Mercato.build/Debug-watchos/AdvancedCommerceMercato-t.build/DerivedSources -Xcc -DSWIFT_PACKAGE -Xcc -DDEBUG\=1 -emit-objc-header -emit-objc-header-path /Users/admin/builder/spi-builder-workspace/.derivedData/Build/Intermediates.noindex/Mercato.build/Debug-watchos/AdvancedCommerceMercato-t.build/Objects-normal/arm64_32/AdvancedCommerceMercato-Swift.h -working-directory /Users/admin/builder/spi-builder-workspace/.swiftpm/xcode -experimental-emit-module-separately -disable-cmo
SwiftDriver AdvancedCommerceMercato normal arm64 com.apple.xcode.tools.swift.compiler (in target 'AdvancedCommerceMercato' from project 'Mercato')
    cd /Users/admin/builder/spi-builder-workspace/.swiftpm/xcode
    builtin-SwiftDriver -- /Applications/Xcode-27.0.0-Release.Candidate.app/Contents/Developer/Toolchains/XcodeDefault.xctoolchain/usr/bin/swiftc -parse-as-library -module-name AdvancedCommerceMercato -Onone @/Users/admin/builder/spi-builder-workspace/.derivedData/Build/Intermediates.noindex/Mercato.build/Debug-watchos/AdvancedCommerceMercato-t.build/Objects-normal/arm64/AdvancedCommerceMercato.SwiftFileList -DSWIFT_PACKAGE -DDEBUG -DSWIFT_MODULE_RESOURCE_BUNDLE_UNAVAILABLE -DXcode -plugin-path /Applications/Xcode-27.0.0-Release.Candidate.app/Contents/Developer/Toolchains/XcodeDefault.xctoolchain/usr/lib/swift/host/plugins/testing -enable-experimental-feature DebugDescriptionMacro -sdk /Applications/Xcode-27.0.0-Release.Candidate.app/Contents/Developer/Platforms/WatchOS.platform/Developer/SDKs/WatchOS27.0.sdk -target arm64-apple-watchos10.0 -g -module-cache-path /Users/admin/builder/spi-builder-workspace/.derivedData/ModuleCache.noindex -Xfrontend -serialize-debugging-options -profile-coverage-mapping -profile-generate -enable-testing -index-store-path /Users/admin/builder/spi-builder-workspace/.derivedData/Index.noindex/DataStore -Xcc -D_LIBCPP_HARDENING_MODE\=_LIBCPP_HARDENING_MODE_DEBUG -swift-version 6 -I /Users/admin/builder/spi-builder-workspace/.derivedData/Build/Products/Debug-watchos -Isystem /Applications/Xcode-27.0.0-Release.Candidate.app/Contents/Developer/Platforms/WatchOS.platform/Developer/usr/lib -F /Users/admin/builder/spi-builder-workspace/.derivedData/Build/Products/Debug-watchos/PackageFrameworks -F /Users/admin/builder/spi-builder-workspace/.derivedData/Build/Products/Debug-watchos -F /Applications/Xcode-27.0.0-Release.Candidate.app/Contents/Developer/Platforms/WatchOS.platform/Developer/Library/Frameworks -F /Applications/Xcode-27.0.0-Release.Candidate.app/Contents/Developer/Platforms/WatchOS.platform/Developer/SDKs/WatchOS27.0.sdk/Developer/Library/Frameworks -c -j10 -enable-batch-mode -incremental -Xcc -ivfsstatcache -Xcc /Users/admin/builder/spi-builder-workspace/.derivedData/SDKStatCaches.noindex/watchos27.0-24R360-e829b21a6f8c9b70876ba0858053c04477534ef55a1706bf4c1112bbb242f0a2.sdkstatcache -output-file-map /Users/admin/builder/spi-builder-workspace/.derivedData/Build/Intermediates.noindex/Mercato.build/Debug-watchos/AdvancedCommerceMercato-t.build/Objects-normal/arm64/AdvancedCommerceMercato-OutputFileMap.json -save-temps -no-color-diagnostics -explicit-module-build -module-cache-path /Users/admin/builder/spi-builder-workspace/.derivedData/Build/Intermediates.noindex/SwiftExplicitPrecompiledModules -clang-scanner-module-cache-path /Users/admin/builder/spi-builder-workspace/.derivedData/ModuleCache.noindex -sdk-module-cache-path /Users/admin/builder/spi-builder-workspace/.derivedData/SDKExplicitPrecompiledModules -emit-dependencies -emit-module -emit-module-path /Users/admin/builder/spi-builder-workspace/.derivedData/Build/Intermediates.noindex/Mercato.build/Debug-watchos/AdvancedCommerceMercato-t.build/Objects-normal/arm64/AdvancedCommerceMercato.swiftmodule -serialize-diagnostics -dependency-scan-serialize-diagnostics-path /Users/admin/builder/spi-builder-workspace/.derivedData/Build/Intermediates.noindex/Mercato.build/Debug-watchos/AdvancedCommerceMercato-t.build/Objects-normal/arm64/AdvancedCommerceMercato-dependency-scan.dia -validate-clang-modules-once -clang-build-session-file /Users/admin/builder/spi-builder-workspace/.derivedData/ModuleCache.noindex/Session.modulevalidation -Xcc -fmodules-prune-interval\=86400 -Xcc -fmodules-prune-after\=345600 -package-name spi_builder_workspace -emit-const-values -const-gather-protocols-list /Users/admin/builder/spi-builder-workspace/.derivedData/Build/Intermediates.noindex/Mercato.build/Debug-watchos/AdvancedCommerceMercato-t.build/Objects-normal/arm64/AdvancedCommerceMercato_const_extract_protocols.json -Xcc -I/Users/admin/builder/spi-builder-workspace/.derivedData/Build/Products/Debug-watchos/include -Xcc -I/Users/admin/builder/spi-builder-workspace/.derivedData/Build/Intermediates.noindex/Mercato.build/Debug-watchos/AdvancedCommerceMercato-t.build/DerivedSources-normal/arm64 -Xcc -I/Users/admin/builder/spi-builder-workspace/.derivedData/Build/Intermediates.noindex/Mercato.build/Debug-watchos/AdvancedCommerceMercato-t.build/DerivedSources/arm64 -Xcc -I/Users/admin/builder/spi-builder-workspace/.derivedData/Build/Intermediates.noindex/Mercato.build/Debug-watchos/AdvancedCommerceMercato-t.build/DerivedSources -Xcc -DSWIFT_PACKAGE -Xcc -DDEBUG\=1 -emit-objc-header -emit-objc-header-path /Users/admin/builder/spi-builder-workspace/.derivedData/Build/Intermediates.noindex/Mercato.build/Debug-watchos/AdvancedCommerceMercato-t.build/Objects-normal/arm64/AdvancedCommerceMercato-Swift.h -working-directory /Users/admin/builder/spi-builder-workspace/.swiftpm/xcode -experimental-emit-module-separately -disable-cmo
SwiftCompile normal arm64 Compiling\ Descriptors.swift,\ Effective.swift,\ Offer.swift /Users/admin/builder/spi-builder-workspace/Sources/AdvancedCommerceMercato/Models/Descriptors.swift /Users/admin/builder/spi-builder-workspace/Sources/AdvancedCommerceMercato/Models/Effective.swift /Users/admin/builder/spi-builder-workspace/Sources/AdvancedCommerceMercato/Models/Offer.swift (in target 'AdvancedCommerceMercato' from project 'Mercato')
SwiftCompile normal arm64 /Users/admin/builder/spi-builder-workspace/Sources/AdvancedCommerceMercato/Models/Descriptors.swift (in target 'AdvancedCommerceMercato' from project 'Mercato')
    cd /Users/admin/builder/spi-builder-workspace/.swiftpm/xcode
    builtin-SwiftPerFileCompile Descriptors.swift
SwiftCompile normal arm64 /Users/admin/builder/spi-builder-workspace/Sources/AdvancedCommerceMercato/Models/Effective.swift (in target 'AdvancedCommerceMercato' from project 'Mercato')
    cd /Users/admin/builder/spi-builder-workspace/.swiftpm/xcode
    builtin-SwiftPerFileCompile Effective.swift
SwiftCompile normal arm64 /Users/admin/builder/spi-builder-workspace/Sources/AdvancedCommerceMercato/Models/Offer.swift (in target 'AdvancedCommerceMercato' from project 'Mercato')
    cd /Users/admin/builder/spi-builder-workspace/.swiftpm/xcode
    builtin-SwiftPerFileCompile Offer.swift
SwiftCompile normal arm64 Compiling\ OfferPeriod.swift,\ OfferReason.swift,\ OneTimeChargeCreateRequest.swift /Users/admin/builder/spi-builder-workspace/Sources/AdvancedCommerceMercato/Models/OfferPeriod.swift /Users/admin/builder/spi-builder-workspace/Sources/AdvancedCommerceMercato/Models/OfferReason.swift /Users/admin/builder/spi-builder-workspace/Sources/AdvancedCommerceMercato/Models/OneTimeChargeCreateRequest.swift (in target 'AdvancedCommerceMercato' from project 'Mercato')
SwiftCompile normal arm64 /Users/admin/builder/spi-builder-workspace/Sources/AdvancedCommerceMercato/Models/OfferPeriod.swift (in target 'AdvancedCommerceMercato' from project 'Mercato')
    cd /Users/admin/builder/spi-builder-workspace/.swiftpm/xcode
    builtin-SwiftPerFileCompile OfferPeriod.swift
SwiftCompile normal arm64 /Users/admin/builder/spi-builder-workspace/Sources/AdvancedCommerceMercato/Models/OfferReason.swift (in target 'AdvancedCommerceMercato' from project 'Mercato')
    cd /Users/admin/builder/spi-builder-workspace/.swiftpm/xcode
    builtin-SwiftPerFileCompile OfferReason.swift
SwiftCompile normal arm64 /Users/admin/builder/spi-builder-workspace/Sources/AdvancedCommerceMercato/Models/OneTimeChargeCreateRequest.swift (in target 'AdvancedCommerceMercato' from project 'Mercato')
    cd /Users/admin/builder/spi-builder-workspace/.swiftpm/xcode
    builtin-SwiftPerFileCompile OneTimeChargeCreateRequest.swift
SwiftCompile normal arm64 Compiling\ AdvancedCommerceProductService.swift,\ AdvancedCommercePurchase.swift,\ Mercato+AdvancedCommerce.swift /Users/admin/builder/spi-builder-workspace/Sources/AdvancedCommerceMercato/AdvancedCommerceProductService.swift /Users/admin/builder/spi-builder-workspace/Sources/AdvancedCommerceMercato/AdvancedCommercePurchase.swift /Users/admin/builder/spi-builder-workspace/Sources/AdvancedCommerceMercato/Mercato+AdvancedCommerce.swift (in target 'AdvancedCommerceMercato' from project 'Mercato')
/Users/admin/builder/spi-builder-workspace/Sources/AdvancedCommerceMercato/Mercato+AdvancedCommerce.swift:113:39: error: cannot find 'productService' in scope
111 |         options: Set<AdvancedCommerceProduct.PurchaseOption> = []
112 |     ) async throws -> AdvancedCommercePurchase {
113 |         guard let product = try await productService.retrieveProducts(productIds: [productId]).first else {
    |                                       `- error: cannot find 'productService' in scope
114 |             throw MercatoError.productNotFound(productId)
115 |         }
/Users/admin/builder/spi-builder-workspace/Sources/AdvancedCommerceMercato/Mercato+AdvancedCommerce.swift:113:33: warning: no 'async' operations occur within 'await' expression [#UnnecessaryEffectMarker]
111 |         options: Set<AdvancedCommerceProduct.PurchaseOption> = []
112 |     ) async throws -> AdvancedCommercePurchase {
113 |         guard let product = try await productService.retrieveProducts(productIds: [productId]).first else {
    |                                 `- warning: no 'async' operations occur within 'await' expression [#UnnecessaryEffectMarker]
114 |             throw MercatoError.productNotFound(productId)
115 |         }
/Users/admin/builder/spi-builder-workspace/Sources/AdvancedCommerceMercato/Mercato+AdvancedCommerce.swift:113:29: warning: no calls to throwing functions occur within 'try' expression [#UnnecessaryEffectMarker]
111 |         options: Set<AdvancedCommerceProduct.PurchaseOption> = []
112 |     ) async throws -> AdvancedCommercePurchase {
113 |         guard let product = try await productService.retrieveProducts(productIds: [productId]).first else {
    |                             `- warning: no calls to throwing functions occur within 'try' expression [#UnnecessaryEffectMarker]
114 |             throw MercatoError.productNotFound(productId)
115 |         }
[#UnnecessaryEffectMarker]: <https://docs.swift.org/compiler/documentation/diagnostics/unnecessary-effect-marker>
Failed frontend command:
/Applications/Xcode-27.0.0-Release.Candidate.app/Contents/Developer/Toolchains/XcodeDefault.xctoolchain/usr/bin/swift-frontend -frontend -c -primary-file /Users/admin/builder/spi-builder-workspace/Sources/AdvancedCommerceMercato/AdvancedCommerceProductService.swift -primary-file /Users/admin/builder/spi-builder-workspace/Sources/AdvancedCommerceMercato/AdvancedCommercePurchase.swift -primary-file /Users/admin/builder/spi-builder-workspace/Sources/AdvancedCommerceMercato/Mercato+AdvancedCommerce.swift /Users/admin/builder/spi-builder-workspace/Sources/AdvancedCommerceMercato/Models/Descriptors.swift /Users/admin/builder/spi-builder-workspace/Sources/AdvancedCommerceMercato/Models/Effective.swift /Users/admin/builder/spi-builder-workspace/Sources/AdvancedCommerceMercato/Models/Offer.swift /Users/admin/builder/spi-builder-workspace/Sources/AdvancedCommerceMercato/Models/OfferPeriod.swift /Users/admin/builder/spi-builder-workspace/Sources/AdvancedCommerceMercato/Models/OfferReason.swift /Users/admin/builder/spi-builder-workspace/Sources/AdvancedCommerceMercato/Models/OneTimeChargeCreateRequest.swift /Users/admin/builder/spi-builder-workspace/Sources/AdvancedCommerceMercato/Models/OneTimeChargeItem.swift /Users/admin/builder/spi-builder-workspace/Sources/AdvancedCommerceMercato/Models/Period.swift /Users/admin/builder/spi-builder-workspace/Sources/AdvancedCommerceMercato/Models/Reason.swift /Users/admin/builder/spi-builder-workspace/Sources/AdvancedCommerceMercato/Models/RequestInfo.swift /Users/admin/builder/spi-builder-workspace/Sources/AdvancedCommerceMercato/Models/RequestOperation.swift /Users/admin/builder/spi-builder-workspace/Sources/AdvancedCommerceMercato/Models/RequestVersion.swift /Users/admin/builder/spi-builder-workspace/Sources/AdvancedCommerceMercato/Models/SubscriptionCreateItem.swift /Users/admin/builder/spi-builder-workspace/Sources/AdvancedCommerceMercato/Models/SubscriptionCreateRequest.swift /Users/admin/builder/spi-builder-workspace/Sources/AdvancedCommerceMercato/Models/SubscriptionModifyAddItem.swift /Users/admin/builder/spi-builder-workspace/Sources/AdvancedCommerceMercato/Models/SubscriptionModifyChangeItem.swift /Users/admin/builder/spi-builder-workspace/Sources/AdvancedCommerceMercato/Models/SubscriptionModifyDescriptors.swift /Users/admin/builder/spi-builder-workspace/Sources/AdvancedCommerceMercato/Models/SubscriptionModifyInAppRequest.swift /Users/admin/builder/spi-builder-workspace/Sources/AdvancedCommerceMercato/Models/SubscriptionModifyPeriodChange.swift /Users/admin/builder/spi-builder-workspace/Sources/AdvancedCommerceMercato/Models/SubscriptionModifyRemoveItem.swift /Users/admin/builder/spi-builder-workspace/Sources/AdvancedCommerceMercato/Models/SubscriptionReactivateInAppRequest.swift /Users/admin/builder/spi-builder-workspace/Sources/AdvancedCommerceMercato/Models/SubscriptionReactivateItem.swift /Users/admin/builder/spi-builder-workspace/Sources/AdvancedCommerceMercato/Models/ValidationUtils.swift -supplementary-output-file-map /Users/admin/builder/spi-builder-workspace/.derivedData/Build/Intermediates.noindex/Mercato.build/Debug-watchos/AdvancedCommerceMercato-t.build/Objects-normal/arm64/supplementaryOutputs-2 -target arm64-apple-watchos10.0 -disable-cross-import-overlay-search -swift-module-cross-import StoreKit /Applications/Xcode-27.0.0-Release.Candidate.app/Contents/Developer/Platforms/WatchOS.platform/Developer/SDKs/WatchOS.sdk/System/Library/Frameworks/StoreKit.framework/Modules/StoreKit.swiftcrossimport/SwiftUI.swiftoverlay -swift-module-cross-import StoreKit /Applications/Xcode-27.0.0-Release.Candidate.app/Contents/Developer/Platforms/WatchOS.platform/Developer/SDKs/WatchOS27.0.sdk/System/Library/Frameworks/StoreKit.framework/Modules/StoreKit.swiftcrossimport/SwiftUI.swiftoverlay -load-resolved-plugin /Applications/Xcode-27.0.0-Release.Candidate.app/Contents/Developer/Platforms/WatchOS.platform/Developer/usr/lib/swift/host/plugins/libFoundationMacros.dylib\#/Applications/Xcode-27.0.0-Release.Candidate.app/Contents/Developer/Platforms/WatchOS.platform/Developer/usr/bin/swift-plugin-server\#FoundationMacros -load-resolved-plugin /Applications/Xcode-27.0.0-Release.Candidate.app/Contents/Developer/Platforms/WatchOS.platform/Developer/usr/lib/swift/host/plugins/libObservationMacros.dylib\#/Applications/Xcode-27.0.0-Release.Candidate.app/Contents/Developer/Platforms/WatchOS.platform/Developer/usr/bin/swift-plugin-server\#ObservationMacros -load-resolved-plugin /Applications/Xcode-27.0.0-Release.Candidate.app/Contents/Developer/Platforms/WatchOS.platform/Developer/usr/lib/swift/host/plugins/libSwiftMacros.dylib\#/Applications/Xcode-27.0.0-Release.Candidate.app/Contents/Developer/Platforms/WatchOS.platform/Developer/usr/bin/swift-plugin-server\#SwiftMacros -load-resolved-plugin /Applications/Xcode-27.0.0-Release.Candidate.app/Contents/Developer/Platforms/WatchOS.platform/Developer/usr/lib/swift/host/plugins/libSwiftUIMacros.dylib\#/Applications/Xcode-27.0.0-Release.Candidate.app/Contents/Developer/Platforms/WatchOS.platform/Developer/usr/bin/swift-plugin-server\#SwiftUIMacros -disable-implicit-swift-modules -Xcc -fno-implicit-modules -Xcc -fno-implicit-module-maps -explicit-swift-module-map-file /Users/admin/builder/spi-builder-workspace/.derivedData/Build/Intermediates.noindex/Mercato.build/Debug-watchos/AdvancedCommerceMercato-t.build/Objects-normal/arm64/AdvancedCommerceMercato-dependencies-1.json -Xllvm -aarch64-use-tbi -enable-objc-interop -stack-check -sdk /Applications/Xcode-27.0.0-Release.Candidate.app/Contents/Developer/Platforms/WatchOS.platform/Developer/SDKs/WatchOS27.0.sdk -I /Users/admin/builder/spi-builder-workspace/.derivedData/Build/Products/Debug-watchos -Isystem /Applications/Xcode-27.0.0-Release.Candidate.app/Contents/Developer/Platforms/WatchOS.platform/Developer/usr/lib -F /Users/admin/builder/spi-builder-workspace/.derivedData/Build/Products/Debug-watchos/PackageFrameworks -F /Users/admin/builder/spi-builder-workspace/.derivedData/Build/Products/Debug-watchos -F /Applications/Xcode-27.0.0-Release.Candidate.app/Contents/Developer/Platforms/WatchOS.platform/Developer/Library/Frameworks -F /Applications/Xcode-27.0.0-Release.Candidate.app/Contents/Developer/Platforms/WatchOS.platform/Developer/SDKs/WatchOS27.0.sdk/Developer/Library/Frameworks -module-cache-path /Users/admin/builder/spi-builder-workspace/.derivedData/Build/Intermediates.noindex/SwiftExplicitPrecompiledModules -no-color-diagnostics -Xcc -fno-color-diagnostics -enable-testing -g -debug-info-format\=dwarf -dwarf-version\=4 -profile-generate -profile-coverage-mapping -swift-version 6 -Onone -D SWIFT_PACKAGE -D DEBUG -D SWIFT_MODULE_RESOURCE_BUNDLE_UNAVAILABLE -D Xcode -serialize-debugging-options -enable-experimental-feature DebugDescriptionMacro -empty-abi-descriptor -validate-clang-modules-once -clang-build-session-file /Users/admin/builder/spi-builder-workspace/.derivedData/ModuleCache.noindex/Session.modulevalidation -Xcc -working-directory -Xcc /Users/admin/builder/spi-builder-workspace/.swiftpm/xcode -enable-anonymous-context-mangled-names -file-compilation-dir /Users/admin/builder/spi-builder-workspace/.swiftpm/xcode -Xcc -D_LIBCPP_HARDENING_MODE\=_LIBCPP_HARDENING_MODE_DEBUG -Xcc -ivfsstatcache -Xcc /Users/admin/builder/spi-builder-workspace/.derivedData/SDKStatCaches.noindex/watchos27.0-24R360-e829b21a6f8c9b70876ba0858053c04477534ef55a1706bf4c1112bbb242f0a2.sdkstatcache -Xcc -fmodules-prune-interval\=86400 -Xcc -fmodules-prune-after\=345600 -Xcc -I/Users/admin/builder/spi-builder-workspace/.derivedData/Build/Products/Debug-watchos/include -Xcc -I/Users/admin/builder/spi-builder-workspace/.derivedData/Build/Intermediates.noindex/Mercato.build/Debug-watchos/AdvancedCommerceMercato-t.build/DerivedSources-normal/arm64 -Xcc -I/Users/admin/builder/spi-builder-workspace/.derivedData/Build/Intermediates.noindex/Mercato.build/Debug-watchos/AdvancedCommerceMercato-t.build/DerivedSources/arm64 -Xcc -I/Users/admin/builder/spi-builder-workspace/.derivedData/Build/Intermediates.noindex/Mercato.build/Debug-watchos/AdvancedCommerceMercato-t.build/DerivedSources -Xcc -DSWIFT_PACKAGE -Xcc -DDEBUG\=1 -no-auto-bridging-header-chaining -module-name AdvancedCommerceMercato -package-name spi_builder_workspace -const-gather-protocols-file /Users/admin/builder/spi-builder-workspace/.derivedData/Build/Intermediates.noindex/Mercato.build/Debug-watchos/AdvancedCommerceMercato-t.build/Objects-normal/arm64/AdvancedCommerceMercato_const_extract_protocols.json -disable-clang-spi -clang-target arm64-apple-watchos27.0 -target-sdk-version 27.0 -target-sdk-name watchos27.0 -in-process-plugin-server-path /Applications/Xcode-27.0.0-Release.Candidate.app/Contents/Developer/Toolchains/XcodeDefault.xctoolchain/usr/lib/swift/host/libSwiftInProcPluginServer.dylib -parse-as-library -o /Users/admin/builder/spi-builder-workspace/.derivedData/Build/Intermediates.noindex/Mercato.build/Debug-watchos/AdvancedCommerceMercato-t.build/Objects-normal/arm64/AdvancedCommerceProductService.o -o /Users/admin/builder/spi-builder-workspace/.derivedData/Build/Intermediates.noindex/Mercato.build/Debug-watchos/AdvancedCommerceMercato-t.build/Objects-normal/arm64/AdvancedCommercePurchase.o -o /Users/admin/builder/spi-builder-workspace/.derivedData/Build/Intermediates.noindex/Mercato.build/Debug-watchos/AdvancedCommerceMercato-t.build/Objects-normal/arm64/Mercato+AdvancedCommerce.o -debug-module-path /Users/admin/builder/spi-builder-workspace/.derivedData/Build/Intermediates.noindex/Mercato.build/Debug-watchos/AdvancedCommerceMercato-t.build/Objects-normal/arm64/AdvancedCommerceMercato.swiftmodule -index-unit-output-path /Mercato.build/Debug-watchos/AdvancedCommerceMercato-t.build/Objects-normal/arm64/AdvancedCommerceProductService.o -index-unit-output-path /Mercato.build/Debug-watchos/AdvancedCommerceMercato-t.build/Objects-normal/arm64/AdvancedCommercePurchase.o -index-unit-output-path /Mercato.build/Debug-watchos/AdvancedCommerceMercato-t.build/Objects-normal/arm64/Mercato+AdvancedCommerce.o -index-store-path /Users/admin/builder/spi-builder-workspace/.derivedData/Index.noindex/DataStore -index-system-modules
SwiftCompile normal arm64 /Users/admin/builder/spi-builder-workspace/Sources/AdvancedCommerceMercato/AdvancedCommerceProductService.swift (in target 'AdvancedCommerceMercato' from project 'Mercato')
    cd /Users/admin/builder/spi-builder-workspace/.swiftpm/xcode
    builtin-SwiftPerFileCompile AdvancedCommerceProductService.swift
SwiftCompile normal arm64 /Users/admin/builder/spi-builder-workspace/Sources/AdvancedCommerceMercato/AdvancedCommercePurchase.swift (in target 'AdvancedCommerceMercato' from project 'Mercato')
    cd /Users/admin/builder/spi-builder-workspace/.swiftpm/xcode
    builtin-SwiftPerFileCompile AdvancedCommercePurchase.swift
SwiftCompile normal arm64 /Users/admin/builder/spi-builder-workspace/Sources/AdvancedCommerceMercato/Mercato+AdvancedCommerce.swift (in target 'AdvancedCommerceMercato' from project 'Mercato')
    cd /Users/admin/builder/spi-builder-workspace/.swiftpm/xcode
    builtin-SwiftPerFileCompile Mercato+AdvancedCommerce.swift
SwiftCompile normal arm64 Compiling\ OneTimeChargeItem.swift,\ Period.swift,\ Reason.swift /Users/admin/builder/spi-builder-workspace/Sources/AdvancedCommerceMercato/Models/OneTimeChargeItem.swift /Users/admin/builder/spi-builder-workspace/Sources/AdvancedCommerceMercato/Models/Period.swift /Users/admin/builder/spi-builder-workspace/Sources/AdvancedCommerceMercato/Models/Reason.swift (in target 'AdvancedCommerceMercato' from project 'Mercato')
SwiftCompile normal arm64 /Users/admin/builder/spi-builder-workspace/Sources/AdvancedCommerceMercato/Models/OneTimeChargeItem.swift (in target 'AdvancedCommerceMercato' from project 'Mercato')
    cd /Users/admin/builder/spi-builder-workspace/.swiftpm/xcode
    builtin-SwiftPerFileCompile OneTimeChargeItem.swift
SwiftCompile normal arm64 /Users/admin/builder/spi-builder-workspace/Sources/AdvancedCommerceMercato/Models/Period.swift (in target 'AdvancedCommerceMercato' from project 'Mercato')
    cd /Users/admin/builder/spi-builder-workspace/.swiftpm/xcode
    builtin-SwiftPerFileCompile Period.swift
SwiftCompile normal arm64 /Users/admin/builder/spi-builder-workspace/Sources/AdvancedCommerceMercato/Models/Reason.swift (in target 'AdvancedCommerceMercato' from project 'Mercato')
    cd /Users/admin/builder/spi-builder-workspace/.swiftpm/xcode
    builtin-SwiftPerFileCompile Reason.swift
SwiftCompile normal arm64 Compiling\ SubscriptionCreateItem.swift,\ SubscriptionCreateRequest.swift,\ SubscriptionModifyAddItem.swift /Users/admin/builder/spi-builder-workspace/Sources/AdvancedCommerceMercato/Models/SubscriptionCreateItem.swift /Users/admin/builder/spi-builder-workspace/Sources/AdvancedCommerceMercato/Models/SubscriptionCreateRequest.swift /Users/admin/builder/spi-builder-workspace/Sources/AdvancedCommerceMercato/Models/SubscriptionModifyAddItem.swift (in target 'AdvancedCommerceMercato' from project 'Mercato')
SwiftCompile normal arm64 /Users/admin/builder/spi-builder-workspace/Sources/AdvancedCommerceMercato/Models/SubscriptionCreateItem.swift (in target 'AdvancedCommerceMercato' from project 'Mercato')
    cd /Users/admin/builder/spi-builder-workspace/.swiftpm/xcode
    builtin-SwiftPerFileCompile SubscriptionCreateItem.swift
SwiftCompile normal arm64 /Users/admin/builder/spi-builder-workspace/Sources/AdvancedCommerceMercato/Models/SubscriptionCreateRequest.swift (in target 'AdvancedCommerceMercato' from project 'Mercato')
    cd /Users/admin/builder/spi-builder-workspace/.swiftpm/xcode
    builtin-SwiftPerFileCompile SubscriptionCreateRequest.swift
SwiftCompile normal arm64 /Users/admin/builder/spi-builder-workspace/Sources/AdvancedCommerceMercato/Models/SubscriptionModifyAddItem.swift (in target 'AdvancedCommerceMercato' from project 'Mercato')
    cd /Users/admin/builder/spi-builder-workspace/.swiftpm/xcode
    builtin-SwiftPerFileCompile SubscriptionModifyAddItem.swift
SwiftCompile normal arm64 Compiling\ SubscriptionModifyInAppRequest.swift,\ SubscriptionModifyPeriodChange.swift /Users/admin/builder/spi-builder-workspace/Sources/AdvancedCommerceMercato/Models/SubscriptionModifyInAppRequest.swift /Users/admin/builder/spi-builder-workspace/Sources/AdvancedCommerceMercato/Models/SubscriptionModifyPeriodChange.swift (in target 'AdvancedCommerceMercato' from project 'Mercato')
SwiftCompile normal arm64 /Users/admin/builder/spi-builder-workspace/Sources/AdvancedCommerceMercato/Models/SubscriptionModifyInAppRequest.swift (in target 'AdvancedCommerceMercato' from project 'Mercato')
    cd /Users/admin/builder/spi-builder-workspace/.swiftpm/xcode
    builtin-SwiftPerFileCompile SubscriptionModifyInAppRequest.swift
SwiftCompile normal arm64 /Users/admin/builder/spi-builder-workspace/Sources/AdvancedCommerceMercato/Models/SubscriptionModifyPeriodChange.swift (in target 'AdvancedCommerceMercato' from project 'Mercato')
    cd /Users/admin/builder/spi-builder-workspace/.swiftpm/xcode
    builtin-SwiftPerFileCompile SubscriptionModifyPeriodChange.swift
SwiftCompile normal arm64 Compiling\ SubscriptionModifyChangeItem.swift,\ SubscriptionModifyDescriptors.swift /Users/admin/builder/spi-builder-workspace/Sources/AdvancedCommerceMercato/Models/SubscriptionModifyChangeItem.swift /Users/admin/builder/spi-builder-workspace/Sources/AdvancedCommerceMercato/Models/SubscriptionModifyDescriptors.swift (in target 'AdvancedCommerceMercato' from project 'Mercato')
SwiftCompile normal arm64 /Users/admin/builder/spi-builder-workspace/Sources/AdvancedCommerceMercato/Models/SubscriptionModifyChangeItem.swift (in target 'AdvancedCommerceMercato' from project 'Mercato')
    cd /Users/admin/builder/spi-builder-workspace/.swiftpm/xcode
    builtin-SwiftPerFileCompile SubscriptionModifyChangeItem.swift
SwiftCompile normal arm64 /Users/admin/builder/spi-builder-workspace/Sources/AdvancedCommerceMercato/Models/SubscriptionModifyDescriptors.swift (in target 'AdvancedCommerceMercato' from project 'Mercato')
    cd /Users/admin/builder/spi-builder-workspace/.swiftpm/xcode
    builtin-SwiftPerFileCompile SubscriptionModifyDescriptors.swift
SwiftCompile normal arm64 Compiling\ RequestInfo.swift,\ RequestOperation.swift,\ RequestVersion.swift /Users/admin/builder/spi-builder-workspace/Sources/AdvancedCommerceMercato/Models/RequestInfo.swift /Users/admin/builder/spi-builder-workspace/Sources/AdvancedCommerceMercato/Models/RequestOperation.swift /Users/admin/builder/spi-builder-workspace/Sources/AdvancedCommerceMercato/Models/RequestVersion.swift (in target 'AdvancedCommerceMercato' from project 'Mercato')
SwiftCompile normal arm64 /Users/admin/builder/spi-builder-workspace/Sources/AdvancedCommerceMercato/Models/RequestInfo.swift (in target 'AdvancedCommerceMercato' from project 'Mercato')
    cd /Users/admin/builder/spi-builder-workspace/.swiftpm/xcode
    builtin-SwiftPerFileCompile RequestInfo.swift
SwiftCompile normal arm64 /Users/admin/builder/spi-builder-workspace/Sources/AdvancedCommerceMercato/Models/RequestOperation.swift (in target 'AdvancedCommerceMercato' from project 'Mercato')
    cd /Users/admin/builder/spi-builder-workspace/.swiftpm/xcode
    builtin-SwiftPerFileCompile RequestOperation.swift
SwiftCompile normal arm64 /Users/admin/builder/spi-builder-workspace/Sources/AdvancedCommerceMercato/Models/RequestVersion.swift (in target 'AdvancedCommerceMercato' from project 'Mercato')
    cd /Users/admin/builder/spi-builder-workspace/.swiftpm/xcode
    builtin-SwiftPerFileCompile RequestVersion.swift
SwiftCompile normal arm64 Compiling\ SubscriptionModifyRemoveItem.swift,\ SubscriptionReactivateInAppRequest.swift /Users/admin/builder/spi-builder-workspace/Sources/AdvancedCommerceMercato/Models/SubscriptionModifyRemoveItem.swift /Users/admin/builder/spi-builder-workspace/Sources/AdvancedCommerceMercato/Models/SubscriptionReactivateInAppRequest.swift (in target 'AdvancedCommerceMercato' from project 'Mercato')
SwiftCompile normal arm64 /Users/admin/builder/spi-builder-workspace/Sources/AdvancedCommerceMercato/Models/SubscriptionModifyRemoveItem.swift (in target 'AdvancedCommerceMercato' from project 'Mercato')
    cd /Users/admin/builder/spi-builder-workspace/.swiftpm/xcode
    builtin-SwiftPerFileCompile SubscriptionModifyRemoveItem.swift
SwiftCompile normal arm64 /Users/admin/builder/spi-builder-workspace/Sources/AdvancedCommerceMercato/Models/SubscriptionReactivateInAppRequest.swift (in target 'AdvancedCommerceMercato' from project 'Mercato')
    cd /Users/admin/builder/spi-builder-workspace/.swiftpm/xcode
    builtin-SwiftPerFileCompile SubscriptionReactivateInAppRequest.swift
SwiftEmitModule normal arm64 Emitting\ module\ for\ AdvancedCommerceMercato (in target 'AdvancedCommerceMercato' from project 'Mercato')
SwiftCompile normal arm64 (in target 'AdvancedCommerceMercato' from project 'Mercato')
    cd /Users/admin/builder/spi-builder-workspace/.swiftpm/xcode

SwiftEmitModule normal arm64_32 Emitting\ module\ for\ AdvancedCommerceMercato (in target 'AdvancedCommerceMercato' from project 'Mercato')
SwiftCompile normal arm64_32 (in target 'AdvancedCommerceMercato' from project 'Mercato')
    cd /Users/admin/builder/spi-builder-workspace/.swiftpm/xcode

PruneExplicitPrecompiledModules /Users/admin/builder/spi-builder-workspace/.derivedData/Build/Intermediates.noindex/ExplicitPrecompiledModules
PruneExplicitPrecompiledModules /Users/admin/builder/spi-builder-workspace/.derivedData/Build/Intermediates.noindex/SwiftExplicitPrecompiledModules
PruneExplicitPrecompiledModules /Users/admin/builder/spi-builder-workspace/.derivedData/SDKExplicitPrecompiledModules
2026-09-22 22:45:20.583 xcodebuild[820:4936] [MT] IDERunDestination: Supported platforms for the buildables in the current scheme is empty.
** BUILD FAILED **
The following build commands failed:
	SwiftCompile normal arm64 Compiling\ AdvancedCommerceProductService.swift,\ AdvancedCommercePurchase.swift,\ Mercato+AdvancedCommerce.swift /Users/admin/builder/spi-builder-workspace/Sources/AdvancedCommerceMercato/AdvancedCommerceProductService.swift /Users/admin/builder/spi-builder-workspace/Sources/AdvancedCommerceMercato/AdvancedCommercePurchase.swift /Users/admin/builder/spi-builder-workspace/Sources/AdvancedCommerceMercato/Mercato+AdvancedCommerce.swift (in target 'AdvancedCommerceMercato' from project 'Mercato')
	SwiftCompile normal arm64 /Users/admin/builder/spi-builder-workspace/Sources/AdvancedCommerceMercato/Mercato+AdvancedCommerce.swift (in target 'AdvancedCommerceMercato' from project 'Mercato')
	Building workspace Mercato with scheme Mercato-Package
(3 failures)
BUILD FAILURE 6.4 watchOS