Build Information
Failed to build OvergraphSwiftBridge, reference 1.0.1 (2fae93), with Swift 6.2 for Linux on 28 Jun 2026 06:56:44 UTC.
Build Command
bash -c docker run --pull=always --rm -v "checkouts-53886768-0":/host -w "$PWD" -e JAVA_HOME="/root/.sdkman/candidates/java/current" -e SPI_BUILD="1" -e SPI_PROCESSING="1" registry.gitlab.com/saguaro1/spi-images:basic-6.2-latest swift build --triple x86_64-unknown-linux-gnu 2>&1Build Log
========================================
RunAll
========================================
Builder version: 0e64495ecc1688c3b3e031a5ef1348b5c05091ae
Interrupt handler set up.
========================================
Checkout
========================================
Clone URL: https://github.com/wildthink/OvergraphSwiftBridge.git
Reference: 1.0.1
Initialized empty Git repository in /host/spi-builder-workspace/.git/
hint: Using 'master' as the name for the initial branch. This default branch name
hint: is subject to change. To configure the initial branch name to use in all
hint: of your new repositories, which will suppress this warning, call:
hint:
hint: git config --global init.defaultBranch <name>
hint:
hint: Names commonly chosen instead of 'master' are 'main', 'trunk' and
hint: 'development'. The just-created branch can be renamed via this command:
hint:
hint: git branch -m <name>
From https://github.com/wildthink/OvergraphSwiftBridge
* tag 1.0.1 -> FETCH_HEAD
HEAD is now at 2fae935 Merge pull request #1 from bhensley5/overgraph-label-api
Cloned https://github.com/wildthink/OvergraphSwiftBridge.git
Revision (git rev-parse @):
2fae935d424b768ac420947a8066ebf5c93bf403
SUCCESS checkout https://github.com/wildthink/OvergraphSwiftBridge.git at 1.0.1
========================================
Build
========================================
Selected platform: linux
Swift version: 6.2
Building package at path: $PWD
https://github.com/wildthink/OvergraphSwiftBridge.git
Running build ...
bash -c docker run --pull=always --rm -v "checkouts-53886768-0":/host -w "$PWD" -e JAVA_HOME="/root/.sdkman/candidates/java/current" -e SPI_BUILD="1" -e SPI_PROCESSING="1" registry.gitlab.com/saguaro1/spi-images:basic-6.2-latest swift build --triple x86_64-unknown-linux-gnu 2>&1
basic-6.2-latest: Pulling from saguaro1/spi-images
Digest: sha256:146297aca0eb7f3e338453cbf4c0aa72424647d7d0d3f35fda2f7ef7698dd3aa
Status: Image is up to date for registry.gitlab.com/saguaro1/spi-images:basic-6.2-latest
Fetching https://github.com/apple/swift-argument-parser
[1/17949] Fetching swift-argument-parser
Fetched https://github.com/apple/swift-argument-parser from cache (0.70s)
Computing version for https://github.com/apple/swift-argument-parser
Computed https://github.com/apple/swift-argument-parser at 1.8.2 (0.86s)
Creating working copy for https://github.com/apple/swift-argument-parser
Working copy of https://github.com/apple/swift-argument-parser resolved at 1.8.2
[1/1] Compiling plugin GenerateManual
[2/2] Compiling plugin GenerateDoccReference
Building for debugging...
[2/14] Write sources
[6/14] Write swift-version-24593BA9C3E375BF.txt
[7/14] Compiling COvergraphBridge bridge_stub.c
[9/19] Emitting module ArgumentParserToolInfo
[10/19] Compiling ArgumentParserToolInfo ToolInfo.swift
[11/20] Wrapping AST for ArgumentParserToolInfo for debugging
[13/67] Emitting module ArgumentParser
[14/73] Compiling ArgumentParser ParentCommand.swift
[15/73] Compiling ArgumentParser AsyncParsableCommand.swift
[16/73] Compiling ArgumentParser CommandConfiguration.swift
[17/73] Compiling ArgumentParser CommandGroup.swift
[18/73] Compiling ArgumentParser EnumerableFlag.swift
[19/73] Compiling ArgumentParser ExpressibleByArgument.swift
[20/73] Compiling ArgumentParser ParsableArguments.swift
[21/73] Compiling ArgumentParser AsyncCompletionsValidator.swift
[22/73] Compiling ArgumentParser CodingKeyValidator.swift
[23/73] Compiling ArgumentParser NonsenseFlagsValidator.swift
[24/73] Compiling ArgumentParser ParsableArgumentsValidation.swift
[25/73] Compiling ArgumentParser PositionalArgumentsValidator.swift
[26/73] Compiling ArgumentParser UniqueNamesValidator.swift
[27/73] Compiling ArgumentParser BashCompletionsGenerator.swift
[28/73] Compiling ArgumentParser CompletionsGenerator.swift
[29/73] Compiling ArgumentParser FishCompletionsGenerator.swift
[30/73] Compiling ArgumentParser ZshCompletionsGenerator.swift
[31/73] Compiling ArgumentParser Argument.swift
[32/73] Compiling ArgumentParser ArgumentDiscussion.swift
[33/73] Compiling ArgumentParser ArgumentHelp.swift
[34/73] Compiling ArgumentParser Mutex.swift
[35/73] Compiling ArgumentParser Platform.swift
[36/73] Compiling ArgumentParser SequenceExtensions.swift
[37/73] Compiling ArgumentParser StringExtensions.swift
[38/73] Compiling ArgumentParser SwiftExtensions.swift
[39/73] Compiling ArgumentParser Tree.swift
[40/73] Compiling OvergraphSwiftBridge GeoInternals.swift
[41/73] Emitting module OvergraphSwiftBridge
[42/73] Compiling OvergraphSwiftBridge OvergraphSwiftBridge.swift
/host/spi-builder-workspace/Sources/OvergraphSwiftBridge/OvergraphSwiftBridge.swift:488:10: error: cannot find 'CFGetTypeID' in scope
486 | return .string(value)
487 | case let value as NSNumber:
488 | if CFGetTypeID(value) == CFBooleanGetTypeID() {
| `- error: cannot find 'CFGetTypeID' in scope
489 | return .bool(value.boolValue)
490 | }
/host/spi-builder-workspace/Sources/OvergraphSwiftBridge/OvergraphSwiftBridge.swift:488:32: error: cannot find 'CFBooleanGetTypeID' in scope
486 | return .string(value)
487 | case let value as NSNumber:
488 | if CFGetTypeID(value) == CFBooleanGetTypeID() {
| `- error: cannot find 'CFBooleanGetTypeID' in scope
489 | return .bool(value.boolValue)
490 | }
[43/73] Compiling ArgumentParser HelpCommand.swift
[44/73] Compiling ArgumentParser HelpGenerator.swift
[45/73] Compiling ArgumentParser MessageInfo.swift
[46/73] Compiling ArgumentParser UsageGenerator.swift
[47/73] Compiling ArgumentParser CollectionExtensions.swift
[48/73] Compiling ArgumentParser Foundation.swift
[49/73] Compiling ArgumentParser Name.swift
[50/73] Compiling ArgumentParser Parsed.swift
[51/73] Compiling ArgumentParser ParsedValues.swift
[52/73] Compiling ArgumentParser ParserError.swift
[53/73] Compiling ArgumentParser SplitArguments.swift
[54/73] Compiling ArgumentParser DumpHelpGenerator.swift
[55/73] Compiling ArgumentParser ArgumentVisibility.swift
[56/73] Compiling ArgumentParser CompletionKind.swift
[57/73] Compiling ArgumentParser Errors.swift
[58/73] Compiling ArgumentParser Flag.swift
[59/73] Compiling ArgumentParser NameSpecification.swift
[60/73] Compiling ArgumentParser Option.swift
[61/73] Compiling ArgumentParser OptionGroup.swift
BUILD FAILURE 6.2 linux