The Swift Package Index logo.Swift Package Index

Build Information

Failed to build Genything, reference 3.0.0 (4b4b8a), with Swift 6.4 for Wasm on 23 Sep 2026 15:00:26 UTC.

Build Command

bash -c docker run --pull=always --rm -v "checkouts-54344844-0":/host -w "$PWD" -e JAVA_HOME="/root/.sdkman/candidates/java/current" -e SPI_BUILD="1" -e SPI_PROCESSING="1" registry.gitlab.com/saguaro1/spi-images:wasm-6.4-latest swift build --swift-sdk swift-6.4.x-DEVELOPMENT-SNAPSHOT-2026-09-04-a_wasm 2>&1

Build Log

========================================
RunAll
========================================
Builder version: 5.1.0
Interrupt handler set up.
========================================
Checkout
========================================
Clone URL: https://github.com/justeattakeaway/Genything.git
Reference: 3.0.0
Initialized empty Git repository in /host/spi-builder-workspace/.git/
hint: Using 'master' as the name for the initial branch. This default branch name
hint: is subject to change. To configure the initial branch name to use in all
hint: of your new repositories, which will suppress this warning, call:
hint:
hint: 	git config --global init.defaultBranch <name>
hint:
hint: Names commonly chosen instead of 'master' are 'main', 'trunk' and
hint: 'development'. The just-created branch can be renamed via this command:
hint:
hint: 	git branch -m <name>
From https://github.com/justeattakeaway/Genything
 * tag               3.0.0      -> FETCH_HEAD
HEAD is now at 4b4b8aa Separate the GenythingTest library from the main library (#60)
Cloned https://github.com/justeattakeaway/Genything.git
Revision (git rev-parse @):
4b4b8aa8d3a10e7088e75a03e017f6afae5de896
SUCCESS checkout https://github.com/justeattakeaway/Genything.git at 3.0.0
========================================
Build
========================================
Selected platform:         wasm
Swift version:             6.4
Building package at path:  $PWD
https://github.com/justeattakeaway/Genything.git
Running build ...
bash -c docker run --pull=always --rm -v "checkouts-54344844-0":/host -w "$PWD" -e JAVA_HOME="/root/.sdkman/candidates/java/current" -e SPI_BUILD="1" -e SPI_PROCESSING="1" registry.gitlab.com/saguaro1/spi-images:wasm-6.4-latest swift build --swift-sdk swift-6.4.x-DEVELOPMENT-SNAPSHOT-2026-09-04-a_wasm 2>&1
wasm-6.4-latest: Pulling from saguaro1/spi-images
Digest: sha256:4328fdb43c680d205c1d6761b1e3267aa38277eefdda9ddfb17b6a0f1a77857a
Status: Image is up to date for registry.gitlab.com/saguaro1/spi-images:wasm-6.4-latest
Fetching https://github.com/apple/swift-docc-plugin
[1/2345] Fetching swift-docc-plugin
Fetched https://github.com/apple/swift-docc-plugin (0.59s)
Computing version for https://github.com/apple/swift-docc-plugin
Computed https://github.com/apple/swift-docc-plugin at 1.5.0 (0.81s)
Fetching https://github.com/swiftlang/swift-docc-symbolkit
[1/3829] Fetching swift-docc-symbolkit
Fetched https://github.com/swiftlang/swift-docc-symbolkit (0.63s)
Computing version for https://github.com/swiftlang/swift-docc-symbolkit
Computed https://github.com/swiftlang/swift-docc-symbolkit at 1.0.0 (0.87s)
Creating working copy for https://github.com/apple/swift-docc-plugin
Working copy of https://github.com/apple/swift-docc-plugin resolved at 1.5.0
Creating working copy for https://github.com/swiftlang/swift-docc-symbolkit
Working copy of https://github.com/swiftlang/swift-docc-symbolkit resolved at 1.0.0
Building for debugging...
[Pre-planning 1 / 211]
[Starting]
[51 / 75] Genything
error: SwiftCompile normal wasm32 failed with a nonzero exit code. Command line:     cd /host

/host/spi-builder-workspace/Sources/GenythingTest/Core/TestReport.swift:31:17: warning: generic parameter 'T' shadows generic parameter from outer scope with the same name; this is an error in the Swift 6 language mode
23 |
24 | /// Information regarding a test's failure
25 | struct FailedTestReport<T>: Error, TestReport {
   |                         `- note: 'T' previously declared here
26 |     let iteration: Int
27 |     let seed: UInt64?
   :
29 |
30 |     /// A reason for the test's failure
31 |     enum Reason<T> {
   |                 `- warning: generic parameter 'T' shadows generic parameter from outer scope with the same name; this is an error in the Swift 6 language mode
32 |         case predicate(value: T)
33 |     }
/host/spi-builder-workspace/Sources/GenythingTest/XCTest/fail.swift:18:5: error: cannot find 'dlsym' in scope
16 |
17 | private let handler = unsafeBitCast(
18 |     dlsym(dlopen(nil, RTLD_LAZY), "_XCTFailureHandler"),
   |     `- error: cannot find 'dlsym' in scope
19 |     to: XCTFailureHandler.self
20 | )
/host/spi-builder-workspace/Sources/GenythingTest/XCTest/fail.swift:18:11: error: cannot find 'dlopen' in scope
16 |
17 | private let handler = unsafeBitCast(
18 |     dlsym(dlopen(nil, RTLD_LAZY), "_XCTFailureHandler"),
   |           `- error: cannot find 'dlopen' in scope
19 |     to: XCTFailureHandler.self
20 | )
/host/spi-builder-workspace/Sources/GenythingTest/XCTest/fail.swift:18:23: error: cannot find 'RTLD_LAZY' in scope
16 |
17 | private let handler = unsafeBitCast(
18 |     dlsym(dlopen(nil, RTLD_LAZY), "_XCTFailureHandler"),
   |                       `- error: cannot find 'RTLD_LAZY' in scope
19 |     to: XCTFailureHandler.self
20 | )
Failed frontend command:
/usr/bin/swift-frontend -frontend -emit-module -experimental-skip-non-inlinable-function-bodies-without-types /host/spi-builder-workspace/Sources/GenythingTest/Core/Gen+test.swift /host/spi-builder-workspace/Sources/GenythingTest/Core/TestConfig.swift /host/spi-builder-workspace/Sources/GenythingTest/Core/TestReport.swift /host/spi-builder-workspace/Sources/GenythingTest/XCTest/Assertion.swift /host/spi-builder-workspace/Sources/GenythingTest/XCTest/fail.swift /host/spi-builder-workspace/Sources/GenythingTest/XCTest/testAll.swift /host/spi-builder-workspace/Sources/GenythingTest/XCTest/testAllSatisfy.swift -target wasm32-unknown-wasip1 -disable-objc-interop -sdk /root/.swiftpm/swift-sdks/swift-6.4.x-DEVELOPMENT-SNAPSHOT-2026-09-04-a_wasm.artifactbundle/swift-6.4.x-DEVELOPMENT-SNAPSHOT-2026-09-04-a_wasm/wasm32-unknown-wasip1/WASI.sdk -sysroot /root/.swiftpm/swift-sdks/swift-6.4.x-DEVELOPMENT-SNAPSHOT-2026-09-04-a_wasm.artifactbundle/swift-6.4.x-DEVELOPMENT-SNAPSHOT-2026-09-04-a_wasm/wasm32-unknown-wasip1/WASI.sdk -I /host/spi-builder-workspace/.build/out/Products/Debug-webassembly-wasm32 -module-cache-path /host/spi-builder-workspace/.build/out/ModuleCache.noindex -color-diagnostics -Xcc -fcolor-diagnostics -enable-testing -g -debug-info-format\=dwarf -dwarf-version\=4 -swift-version 5 -Onone -D SWIFT_PACKAGE -D DEBUG -D SWIFT_MODULE_RESOURCE_BUNDLE_UNAVAILABLE -D Xcode -serialize-debugging-options -enable-experimental-feature DebugDescriptionMacro -empty-abi-descriptor -external-plugin-path /usr/lib/swift/host/plugins/testing\#/usr/bin/swift-plugin-server -validate-clang-modules-once -clang-build-session-file /host/spi-builder-workspace/.build/out/ModuleCache.noindex/Session.modulevalidation -Xcc -working-directory -Xcc /host -resource-dir /root/.swiftpm/swift-sdks/swift-6.4.x-DEVELOPMENT-SNAPSHOT-2026-09-04-a_wasm.artifactbundle/swift-6.4.x-DEVELOPMENT-SNAPSHOT-2026-09-04-a_wasm/wasm32-unknown-wasip1/swift.xctoolchain/usr/lib/swift_static -use-static-resource-dir -enable-anonymous-context-mangled-names -file-compilation-dir /host -Xcc -resource-dir -Xcc /root/.swiftpm/swift-sdks/swift-6.4.x-DEVELOPMENT-SNAPSHOT-2026-09-04-a_wasm.artifactbundle/swift-6.4.x-DEVELOPMENT-SNAPSHOT-2026-09-04-a_wasm/wasm32-unknown-wasip1/swift.xctoolchain/usr/lib/swift_static/clang -Xcc -D_LIBCPP_HARDENING_MODE\=_LIBCPP_HARDENING_MODE_DEBUG -Xcc -fmodules-prune-interval\=86400 -Xcc -fmodules-prune-after\=345600 -Xcc -I/host/spi-builder-workspace/.build/out/Products/Debug-webassembly-wasm32/include -Xcc -I/host/spi-builder-workspace/.build/out/Intermediates.noindex/Genything.build/Debug-webassembly-wasm32/GenythingTest-t.build/DerivedSources-normal/wasm32 -Xcc -I/host/spi-builder-workspace/.build/out/Intermediates.noindex/Genything.build/Debug-webassembly-wasm32/GenythingTest-t.build/DerivedSources/wasm32 -Xcc -I/host/spi-builder-workspace/.build/out/Intermediates.noindex/Genything.build/Debug-webassembly-wasm32/GenythingTest-t.build/DerivedSources -Xcc -DSWIFT_PACKAGE -Xcc -DDEBUG\=1 -no-auto-bridging-header-chaining -module-name GenythingTest -const-gather-protocols-file /host/spi-builder-workspace/.build/out/Intermediates.noindex/Genything.build/Debug-webassembly-wasm32/GenythingTest-t.build/Objects-normal/wasm32/GenythingTest_const_extract_protocols.json -in-process-plugin-server-path /usr/lib/swift/host/libSwiftInProcPluginServer.so -plugin-path /usr/lib/swift/host/plugins -plugin-path /usr/local/lib/swift/host/plugins -emit-module-doc-path /host/spi-builder-workspace/.build/out/Intermediates.noindex/Genything.build/Debug-webassembly-wasm32/GenythingTest-t.build/Objects-normal/wasm32/Modules/GenythingTest.swiftdoc -emit-module-source-info-path /host/spi-builder-workspace/.build/out/Intermediates.noindex/Genything.build/Debug-webassembly-wasm32/GenythingTest-t.build/Objects-normal/wasm32/Modules/GenythingTest.swiftsourceinfo -emit-objc-header-path /host/spi-builder-workspace/.build/out/Intermediates.noindex/Genything.build/Debug-webassembly-wasm32/GenythingTest-t.build/Objects-normal/wasm32/GenythingTest-Swift.h -serialize-diagnostics-path /host/spi-builder-workspace/.build/out/Intermediates.noindex/Genything.build/Debug-webassembly-wasm32/GenythingTest-t.build/Objects-normal/wasm32/GenythingTest-primary-emit-module.dia -emit-dependencies-path /host/spi-builder-workspace/.build/out/Intermediates.noindex/Genything.build/Debug-webassembly-wasm32/GenythingTest-t.build/Objects-normal/wasm32/GenythingTest-primary-emit-module.d -parse-as-library -o /host/spi-builder-workspace/.build/out/Intermediates.noindex/Genything.build/Debug-webassembly-wasm32/GenythingTest-t.build/Objects-normal/wasm32/Modules/GenythingTest.swiftmodule
error: Build failed
BUILD FAILURE 6.4 wasm