The Swift Package Index logo.Swift Package Index

Build Information

Failed to build TermiNetwork, reference master (e142d3), with Swift 6.4 for visionOS using Xcode 27.0 on 21 Sep 2026 17:03:23 UTC.

Build Command

env DEVELOPER_DIR=/Applications/Xcode-27.0.0-Release.Candidate.app xcrun xcodebuild -IDEClonedSourcePackagesDirPathOverride=$PWD/.dependencies -skipMacroValidation -skipPackagePluginValidation -derivedDataPath $PWD/.derivedData build -scheme TermiNetwork -destination generic/platform=xrOS

Build Log

========================================
RunAll
========================================
Builder version: 5.1.0
Interrupt handler set up.
========================================
Checkout
========================================
Clone URL: https://github.com/billp/TermiNetwork.git
Reference: master
Initialized empty Git repository in /Users/admin/builder/spi-builder-workspace/.git/
From https://github.com/billp/TermiNetwork
 * branch            master     -> FETCH_HEAD
 * [new branch]      master     -> origin/master
HEAD is now at e142d37 Update main.yml
Cloned https://github.com/billp/TermiNetwork.git
Revision (git rev-parse @):
e142d379de59f31d47f391021e79d76a852acce6
SUCCESS checkout https://github.com/billp/TermiNetwork.git at master
========================================
Build
========================================
Selected platform:         visionOS
Swift version:             6.4
Building package at path:  $PWD
https://github.com/billp/TermiNetwork.git
Command line invocation:
    /Applications/Xcode-27.0.0-Release.Candidate.app/Contents/Developer/usr/bin/xcodebuild -IDEClonedSourcePackagesDirPathOverride=/Users/admin/builder/spi-builder-workspace/.dependencies -resolvePackageDependencies
Resolve Package Graph
Fetching from https://github.com/krzyzanowskim/CryptoSwift
Creating working copy of package ‘CryptoSwift’
Checking out 1.3.8 of package ‘CryptoSwift’
Resolved source packages:
  CryptoSwift: https://github.com/krzyzanowskim/CryptoSwift @ 1.3.8
resolved source packages: CryptoSwift
{
  "dependencies" : [
  ],
  "manifest_display_name" : "TermiNetwork",
  "name" : "TermiNetwork",
  "path" : "/Users/admin/builder/spi-builder-workspace",
  "platforms" : [
    {
      "name" : "macos",
      "version" : "10.15"
    },
    {
      "name" : "ios",
      "version" : "14.0"
    },
    {
      "name" : "tvos",
      "version" : "14.0"
    },
    {
      "name" : "watchos",
      "version" : "6.0"
    }
  ],
  "products" : [
    {
      "name" : "TermiNetwork",
      "targets" : [
        "TermiNetwork"
      ],
      "type" : {
        "library" : [
          "automatic"
        ]
      }
    }
  ],
  "swift_languages_versions" : [
    "5"
  ],
  "targets" : [
    {
      "c99name" : "TermiNetwork",
      "module_type" : "SwiftTarget",
      "name" : "TermiNetwork",
      "path" : "Source",
      "product_memberships" : [
        "TermiNetwork"
      ],
      "sources" : [
        "Cache.swift",
        "CertificatePinningManager.swift",
        "Client.swift",
        "Configuration.swift",
        "EndpointConfiguration.swift",
        "Enums/EnvironmentType.swift",
        "Enums/HttpMethod.swift",
        "Enums/InterceptionAction.swift",
        "Enums/MultipartFormDataStream.swift",
        "Enums/Path.swift",
        "Enums/PathType.swift",
        "Enums/QueueFailureMode.swift",
        "Enums/RequestBodyType.swift",
        "Enums/RequestType.swift",
        "Enums/TNError.swift",
        "Enums/URLScheme.swift",
        "Environment.swift",
        "Extensions/Data+Extensions.swift",
        "Extensions/Dictionary+Extensions.swift",
        "Extensions/Operations/Decodable+Transformer.swift",
        "Extensions/Operations/Request+DataOperations.swift",
        "Extensions/Operations/Request+FileOperations.swift",
        "Extensions/Operations/Request+FileOperationsAsync.swift",
        "Extensions/Request+Async.swift",
        "Extensions/Request+Interceptors.swift",
        "Extensions/Request+Middleware.swift",
        "Extensions/Request+Mock.swift",
        "Extensions/Request+NSCopying.swift",
        "Extensions/Request+ResponseHeaders.swift",
        "Extensions/Request+ResponseTypes.swift",
        "Extensions/UIImage+Extensions.swift",
        "Extensions/UIImageView+Extensions.swift",
        "Extensions/URLRequest+Extensions.swift",
        "FileStreamer.swift",
        "Helpers/MultipartFormDataHelpers.swift",
        "Helpers/RequestBodyGenerators.swift",
        "Helpers/RequestHelpers.swift",
        "Log.swift",
        "MultipartFormDataPartType.swift",
        "Operation.swift",
        "Protocols/EndpointProtocol.swift",
        "Protocols/InterceptorProtocol.swift",
        "Protocols/RequestMiddlewareProtocol.swift",
        "Queue.swift",
        "Reachability.swift",
        "Request.swift",
        "Session.swift",
        "SessionTaskFactory.swift",
        "SwiftUI/Image.swift",
        "Types.swift"
      ],
      "type" : "library"
    }
  ],
  "tools_version" : "5.7"
}
{
  "project" : {
    "configurations" : [
      "Debug",
      "Release"
    ],
    "name" : "TermiNetwork",
    "schemes" : [
      "TermiNetwork",
      "TermiNetworkExamples (iOS)",
      "TermiNetworkTests"
    ],
    "targets" : [
      "TermiNetwork",
      "TermiNetworkTests",
      "TermiNetworkExamples (iOS)"
    ]
  }
}
{
  "workspace" : {
    "name" : "TermiNetwork",
    "schemes" : [
      "TermiNetwork"
    ]
  }
}
2026-09-21 13:03:10.659 xcodebuild[706:4495] [MT] IDERunDestination: Supported platforms for the buildables in the current scheme is empty.
Running build ...
env DEVELOPER_DIR=/Applications/Xcode-27.0.0-Release.Candidate.app xcrun xcodebuild -IDEClonedSourcePackagesDirPathOverride=$PWD/.dependencies -skipMacroValidation -skipPackagePluginValidation -derivedDataPath $PWD/.derivedData build -scheme TermiNetwork -destination generic/platform=xrOS
Command line invocation:
    /Applications/Xcode-27.0.0-Release.Candidate.app/Contents/Developer/usr/bin/xcodebuild -IDEClonedSourcePackagesDirPathOverride=/Users/admin/builder/spi-builder-workspace/.dependencies -skipMacroValidation -skipPackagePluginValidation -derivedDataPath /Users/admin/builder/spi-builder-workspace/.derivedData build -scheme TermiNetwork -destination generic/platform=xrOS
Resolve Package Graph
Resolved source packages:
  TermiNetwork: /Users/admin/builder/spi-builder-workspace
ComputePackagePrebuildTargetDependencyGraph
Prepare packages
CreateBuildRequest
SendProjectDescription
CreateBuildOperation
ComputeTargetDependencyGraph
note: Building targets in dependency order
note: Target dependency graph (2 targets)
    Target 'TermiNetwork-product' in project 'TermiNetwork'
        ➜ Explicit dependency on target 'TermiNetwork' in project 'TermiNetwork'
    Target 'TermiNetwork' in project 'TermiNetwork' (no dependencies)
GatherProvisioningInputs
CreateBuildDescription
ExecuteExternalTool /Applications/Xcode-27.0.0-Release.Candidate.app/Contents/Developer/Toolchains/XcodeDefault.xctoolchain/usr/bin/clang -v -E -dM -isysroot /Applications/Xcode-27.0.0-Release.Candidate.app/Contents/Developer/Platforms/XROS.platform/Developer/SDKs/XROS27.0.sdk -x c -c /dev/null
ExecuteExternalTool /Applications/Xcode-27.0.0-Release.Candidate.app/Contents/Developer/Toolchains/XcodeDefault.xctoolchain/usr/bin/swiftc --version
ExecuteExternalTool /Applications/Xcode-27.0.0-Release.Candidate.app/Contents/Developer/Toolchains/XcodeDefault.xctoolchain/usr/bin/ld -version_details
Build description signature: 630da83bea2e59562288b14b4ddc7249
Build description path: /Users/admin/builder/spi-builder-workspace/.derivedData/Build/Intermediates.noindex/XCBuildData/630da83bea2e59562288b14b4ddc7249.xcbuilddata
CreateBuildDirectory /Users/admin/builder/spi-builder-workspace/.derivedData/ModuleCache.noindex
    cd /Users/admin/builder/spi-builder-workspace/.swiftpm/xcode
    builtin-create-build-directory /Users/admin/builder/spi-builder-workspace/.derivedData/ModuleCache.noindex
CreateBuildDirectory /Users/admin/builder/spi-builder-workspace/.derivedData/SDKExplicitPrecompiledModules
    cd /Users/admin/builder/spi-builder-workspace/.swiftpm/xcode
    builtin-create-build-directory /Users/admin/builder/spi-builder-workspace/.derivedData/SDKExplicitPrecompiledModules
CreateBuildDirectory /Users/admin/builder/spi-builder-workspace/.derivedData/CompilationCache.noindex
    cd /Users/admin/builder/spi-builder-workspace/.swiftpm/xcode
    builtin-create-build-directory /Users/admin/builder/spi-builder-workspace/.derivedData/CompilationCache.noindex
ClangStatCache /Applications/Xcode-27.0.0-Release.Candidate.app/Contents/Developer/Toolchains/XcodeDefault.xctoolchain/usr/bin/clang-stat-cache /Applications/Xcode-27.0.0-Release.Candidate.app/Contents/Developer/Platforms/XROS.platform/Developer/SDKs/XROS27.0.sdk /Users/admin/builder/spi-builder-workspace/.derivedData/SDKStatCaches.noindex/xros27.0-24M361-e829b21a6f8c9b70876ba0858053c044735bd543db762f57723cac368afd1ce4.sdkstatcache
    cd /Users/admin/builder/spi-builder-workspace/.swiftpm/xcode
    /Applications/Xcode-27.0.0-Release.Candidate.app/Contents/Developer/Toolchains/XcodeDefault.xctoolchain/usr/bin/clang-stat-cache /Applications/Xcode-27.0.0-Release.Candidate.app/Contents/Developer/Platforms/XROS.platform/Developer/SDKs/XROS27.0.sdk -o /Users/admin/builder/spi-builder-workspace/.derivedData/SDKStatCaches.noindex/xros27.0-24M361-e829b21a6f8c9b70876ba0858053c044735bd543db762f57723cac368afd1ce4.sdkstatcache
CreateBuildDirectory /Users/admin/builder/spi-builder-workspace/.derivedData/Build/Intermediates.noindex
    cd /Users/admin/builder/spi-builder-workspace/.swiftpm/xcode
    builtin-create-build-directory /Users/admin/builder/spi-builder-workspace/.derivedData/Build/Intermediates.noindex
CreateBuildDirectory /Users/admin/builder/spi-builder-workspace/.derivedData/Build/Products
    cd /Users/admin/builder/spi-builder-workspace/.swiftpm/xcode
    builtin-create-build-directory /Users/admin/builder/spi-builder-workspace/.derivedData/Build/Products
CreateBuildDirectory /Users/admin/builder/spi-builder-workspace/.derivedData/Build/Intermediates.noindex/SwiftExplicitPrecompiledModules
    cd /Users/admin/builder/spi-builder-workspace/.swiftpm/xcode
    builtin-create-build-directory /Users/admin/builder/spi-builder-workspace/.derivedData/Build/Intermediates.noindex/SwiftExplicitPrecompiledModules
CreateBuildDirectory /Users/admin/builder/spi-builder-workspace/.derivedData/Build/Intermediates.noindex/ExplicitPrecompiledModules
    cd /Users/admin/builder/spi-builder-workspace/.swiftpm/xcode
    builtin-create-build-directory /Users/admin/builder/spi-builder-workspace/.derivedData/Build/Intermediates.noindex/ExplicitPrecompiledModules
CreateBuildDirectory /Users/admin/builder/spi-builder-workspace/.derivedData/Build/Intermediates.noindex/PrecompiledHeaders
    cd /Users/admin/builder/spi-builder-workspace/.swiftpm/xcode
    builtin-create-build-directory /Users/admin/builder/spi-builder-workspace/.derivedData/Build/Intermediates.noindex/PrecompiledHeaders
CreateBuildDirectory /Users/admin/builder/spi-builder-workspace/.derivedData/Build/Intermediates.noindex/EagerLinkingTBDs/Debug-xros
    cd /Users/admin/builder/spi-builder-workspace/.swiftpm/xcode
    builtin-create-build-directory /Users/admin/builder/spi-builder-workspace/.derivedData/Build/Intermediates.noindex/EagerLinkingTBDs/Debug-xros
CreateBuildDirectory /Users/admin/builder/spi-builder-workspace/.derivedData/Build/Products/Debug-xros
    cd /Users/admin/builder/spi-builder-workspace/.swiftpm/xcode
    builtin-create-build-directory /Users/admin/builder/spi-builder-workspace/.derivedData/Build/Products/Debug-xros
CreateBuildDirectory /Users/admin/builder/spi-builder-workspace/.derivedData/Build/Products/Debug-xros/PackageFrameworks
    cd /Users/admin/builder/spi-builder-workspace/.swiftpm/xcode
    builtin-create-build-directory /Users/admin/builder/spi-builder-workspace/.derivedData/Build/Products/Debug-xros/PackageFrameworks
WriteAuxiliaryFile /Users/admin/builder/spi-builder-workspace/.derivedData/Build/Intermediates.noindex/TermiNetwork.build/Debug-xros/TermiNetwork-t.build/TermiNetwork.DependencyStaticMetadataFileList (in target 'TermiNetwork' from project 'TermiNetwork')
    cd /Users/admin/builder/spi-builder-workspace
    write-file /Users/admin/builder/spi-builder-workspace/.derivedData/Build/Intermediates.noindex/TermiNetwork.build/Debug-xros/TermiNetwork-t.build/TermiNetwork.DependencyStaticMetadataFileList
WriteAuxiliaryFile /Users/admin/builder/spi-builder-workspace/.derivedData/Build/Intermediates.noindex/TermiNetwork.build/Debug-xros/TermiNetwork-t.build/TermiNetwork.modulemap (in target 'TermiNetwork' from project 'TermiNetwork')
    cd /Users/admin/builder/spi-builder-workspace
    write-file /Users/admin/builder/spi-builder-workspace/.derivedData/Build/Intermediates.noindex/TermiNetwork.build/Debug-xros/TermiNetwork-t.build/TermiNetwork.modulemap
WriteAuxiliaryFile /Users/admin/builder/spi-builder-workspace/.derivedData/Build/Intermediates.noindex/TermiNetwork.build/Debug-xros/TermiNetwork-t.build/TermiNetwork.DependencyMetadataFileList (in target 'TermiNetwork' from project 'TermiNetwork')
    cd /Users/admin/builder/spi-builder-workspace
    write-file /Users/admin/builder/spi-builder-workspace/.derivedData/Build/Intermediates.noindex/TermiNetwork.build/Debug-xros/TermiNetwork-t.build/TermiNetwork.DependencyMetadataFileList
WriteAuxiliaryFile /Users/admin/builder/spi-builder-workspace/.derivedData/Build/Intermediates.noindex/TermiNetwork.build/Debug-xros/TermiNetwork-t.build/Objects-normal/arm64/TermiNetwork.SwiftFileList (in target 'TermiNetwork' from project 'TermiNetwork')
    cd /Users/admin/builder/spi-builder-workspace
    write-file /Users/admin/builder/spi-builder-workspace/.derivedData/Build/Intermediates.noindex/TermiNetwork.build/Debug-xros/TermiNetwork-t.build/Objects-normal/arm64/TermiNetwork.SwiftFileList
WriteAuxiliaryFile /Users/admin/builder/spi-builder-workspace/.derivedData/Build/Intermediates.noindex/TermiNetwork.build/Debug-xros/TermiNetwork-t.build/Objects-normal/arm64/TermiNetwork_const_extract_protocols.json (in target 'TermiNetwork' from project 'TermiNetwork')
    cd /Users/admin/builder/spi-builder-workspace
    write-file /Users/admin/builder/spi-builder-workspace/.derivedData/Build/Intermediates.noindex/TermiNetwork.build/Debug-xros/TermiNetwork-t.build/Objects-normal/arm64/TermiNetwork_const_extract_protocols.json
WriteAuxiliaryFile /Users/admin/builder/spi-builder-workspace/.derivedData/Build/Intermediates.noindex/TermiNetwork.build/Debug-xros/TermiNetwork-t.build/Objects-normal/arm64/TermiNetwork.SwiftConstValuesFileList (in target 'TermiNetwork' from project 'TermiNetwork')
    cd /Users/admin/builder/spi-builder-workspace
    write-file /Users/admin/builder/spi-builder-workspace/.derivedData/Build/Intermediates.noindex/TermiNetwork.build/Debug-xros/TermiNetwork-t.build/Objects-normal/arm64/TermiNetwork.SwiftConstValuesFileList
WriteAuxiliaryFile /Users/admin/builder/spi-builder-workspace/.derivedData/Build/Intermediates.noindex/TermiNetwork.build/Debug-xros/TermiNetwork-t.build/Objects-normal/arm64/TermiNetwork-OutputFileMap.json (in target 'TermiNetwork' from project 'TermiNetwork')
    cd /Users/admin/builder/spi-builder-workspace
    write-file /Users/admin/builder/spi-builder-workspace/.derivedData/Build/Intermediates.noindex/TermiNetwork.build/Debug-xros/TermiNetwork-t.build/Objects-normal/arm64/TermiNetwork-OutputFileMap.json
WriteAuxiliaryFile /Users/admin/builder/spi-builder-workspace/.derivedData/Build/Intermediates.noindex/TermiNetwork.build/Debug-xros/TermiNetwork-t.build/Objects-normal/arm64/TermiNetwork.LinkFileList (in target 'TermiNetwork' from project 'TermiNetwork')
    cd /Users/admin/builder/spi-builder-workspace
    write-file /Users/admin/builder/spi-builder-workspace/.derivedData/Build/Intermediates.noindex/TermiNetwork.build/Debug-xros/TermiNetwork-t.build/Objects-normal/arm64/TermiNetwork.LinkFileList
Copy /Users/admin/builder/spi-builder-workspace/.derivedData/Build/Intermediates.noindex/GeneratedModuleMaps-xros/TermiNetwork.modulemap /Users/admin/builder/spi-builder-workspace/.derivedData/Build/Intermediates.noindex/TermiNetwork.build/Debug-xros/TermiNetwork-t.build/TermiNetwork.modulemap (in target 'TermiNetwork' from project 'TermiNetwork')
    cd /Users/admin/builder/spi-builder-workspace
    builtin-copy -exclude .DS_Store -exclude CVS -exclude .svn -exclude .git -exclude .hg -resolve-src-symlinks /Users/admin/builder/spi-builder-workspace/.derivedData/Build/Intermediates.noindex/TermiNetwork.build/Debug-xros/TermiNetwork-t.build/TermiNetwork.modulemap /Users/admin/builder/spi-builder-workspace/.derivedData/Build/Intermediates.noindex/GeneratedModuleMaps-xros
SwiftDriver TermiNetwork normal arm64 com.apple.xcode.tools.swift.compiler (in target 'TermiNetwork' from project 'TermiNetwork')
    cd /Users/admin/builder/spi-builder-workspace/.swiftpm/xcode
    builtin-SwiftDriver -- /Applications/Xcode-27.0.0-Release.Candidate.app/Contents/Developer/Toolchains/XcodeDefault.xctoolchain/usr/bin/swiftc -parse-as-library -module-name TermiNetwork -Onone @/Users/admin/builder/spi-builder-workspace/.derivedData/Build/Intermediates.noindex/TermiNetwork.build/Debug-xros/TermiNetwork-t.build/Objects-normal/arm64/TermiNetwork.SwiftFileList -DSWIFT_PACKAGE -DDEBUG -DSWIFT_MODULE_RESOURCE_BUNDLE_UNAVAILABLE -DXcode -plugin-path /Applications/Xcode-27.0.0-Release.Candidate.app/Contents/Developer/Toolchains/XcodeDefault.xctoolchain/usr/lib/swift/host/plugins/testing -enable-experimental-feature DebugDescriptionMacro -sdk /Applications/Xcode-27.0.0-Release.Candidate.app/Contents/Developer/Platforms/XROS.platform/Developer/SDKs/XROS27.0.sdk -target arm64-apple-xros1.0 -g -module-cache-path /Users/admin/builder/spi-builder-workspace/.derivedData/ModuleCache.noindex -Xfrontend -serialize-debugging-options -enable-testing -index-store-path /Users/admin/builder/spi-builder-workspace/.derivedData/Index.noindex/DataStore -Xcc -D_LIBCPP_HARDENING_MODE\=_LIBCPP_HARDENING_MODE_DEBUG -swift-version 5 -I /Users/admin/builder/spi-builder-workspace/.derivedData/Build/Products/Debug-xros -Isystem /Applications/Xcode-27.0.0-Release.Candidate.app/Contents/Developer/Platforms/XROS.platform/Developer/usr/lib -F /Users/admin/builder/spi-builder-workspace/.derivedData/Build/Products/Debug-xros -F /Applications/Xcode-27.0.0-Release.Candidate.app/Contents/Developer/Platforms/XROS.platform/Developer/Library/Frameworks -F /Applications/Xcode-27.0.0-Release.Candidate.app/Contents/Developer/Platforms/XROS.platform/Developer/SDKs/XROS27.0.sdk/Developer/Library/Frameworks -c -j10 -enable-batch-mode -incremental -Xcc -ivfsstatcache -Xcc /Users/admin/builder/spi-builder-workspace/.derivedData/SDKStatCaches.noindex/xros27.0-24M361-e829b21a6f8c9b70876ba0858053c044735bd543db762f57723cac368afd1ce4.sdkstatcache -output-file-map /Users/admin/builder/spi-builder-workspace/.derivedData/Build/Intermediates.noindex/TermiNetwork.build/Debug-xros/TermiNetwork-t.build/Objects-normal/arm64/TermiNetwork-OutputFileMap.json -save-temps -no-color-diagnostics -explicit-module-build -module-cache-path /Users/admin/builder/spi-builder-workspace/.derivedData/Build/Intermediates.noindex/SwiftExplicitPrecompiledModules -clang-scanner-module-cache-path /Users/admin/builder/spi-builder-workspace/.derivedData/ModuleCache.noindex -sdk-module-cache-path /Users/admin/builder/spi-builder-workspace/.derivedData/SDKExplicitPrecompiledModules -emit-dependencies -emit-module -emit-module-path /Users/admin/builder/spi-builder-workspace/.derivedData/Build/Intermediates.noindex/TermiNetwork.build/Debug-xros/TermiNetwork-t.build/Objects-normal/arm64/TermiNetwork.swiftmodule -serialize-diagnostics -dependency-scan-serialize-diagnostics-path /Users/admin/builder/spi-builder-workspace/.derivedData/Build/Intermediates.noindex/TermiNetwork.build/Debug-xros/TermiNetwork-t.build/Objects-normal/arm64/TermiNetwork-dependency-scan.dia -validate-clang-modules-once -clang-build-session-file /Users/admin/builder/spi-builder-workspace/.derivedData/ModuleCache.noindex/Session.modulevalidation -Xcc -fmodules-prune-interval\=86400 -Xcc -fmodules-prune-after\=345600 -emit-const-values -const-gather-protocols-list /Users/admin/builder/spi-builder-workspace/.derivedData/Build/Intermediates.noindex/TermiNetwork.build/Debug-xros/TermiNetwork-t.build/Objects-normal/arm64/TermiNetwork_const_extract_protocols.json -Xcc -I/Users/admin/builder/spi-builder-workspace/.derivedData/Build/Products/Debug-xros/include -Xcc -I/Users/admin/builder/spi-builder-workspace/.derivedData/Build/Intermediates.noindex/TermiNetwork.build/Debug-xros/TermiNetwork-t.build/DerivedSources-normal/arm64 -Xcc -I/Users/admin/builder/spi-builder-workspace/.derivedData/Build/Intermediates.noindex/TermiNetwork.build/Debug-xros/TermiNetwork-t.build/DerivedSources/arm64 -Xcc -I/Users/admin/builder/spi-builder-workspace/.derivedData/Build/Intermediates.noindex/TermiNetwork.build/Debug-xros/TermiNetwork-t.build/DerivedSources -Xcc -DSWIFT_PACKAGE -Xcc -DDEBUG\=1 -emit-objc-header -emit-objc-header-path /Users/admin/builder/spi-builder-workspace/.derivedData/Build/Intermediates.noindex/TermiNetwork.build/Debug-xros/TermiNetwork-t.build/Objects-normal/arm64/TermiNetwork-Swift.h -working-directory /Users/admin/builder/spi-builder-workspace/.swiftpm/xcode -experimental-emit-module-separately -disable-cmo
SwiftExplicitDependencyGeneratePcm arm64 /Users/admin/builder/spi-builder-workspace/.derivedData/SDKExplicitPrecompiledModules/_Builtin_stdbool-5BU2ADS7JXQMYENKQHW9X8XOU.pcm
SwiftExplicitDependencyGeneratePcm arm64 /Users/admin/builder/spi-builder-workspace/.derivedData/SDKExplicitPrecompiledModules/ShaderGraph-AW1O397P711WTY8KSK8LZX9YA.pcm
SwiftExplicitDependencyGeneratePcm arm64 /Users/admin/builder/spi-builder-workspace/.derivedData/SDKExplicitPrecompiledModules/DeveloperToolsSupport-46GOQP8J1QTHLYQSJW81T8UZ3.pcm
SwiftExplicitDependencyGeneratePcm arm64 /Users/admin/builder/spi-builder-workspace/.derivedData/SDKExplicitPrecompiledModules/_Builtin_float-6WKHNW5S40U2QGHXXGETUDIRA.pcm
SwiftExplicitDependencyGeneratePcm arm64 /Users/admin/builder/spi-builder-workspace/.derivedData/SDKExplicitPrecompiledModules/_SwiftConcurrencyShims-C8XHKSHX96D5YYALNM4W70Z0O.pcm
SwiftExplicitDependencyGeneratePcm arm64 /Users/admin/builder/spi-builder-workspace/.derivedData/SDKExplicitPrecompiledModules/SwiftShims-CI4H5RO9IYFFWQ2COB512Q2S9.pcm
SwiftExplicitDependencyGeneratePcm arm64 /Users/admin/builder/spi-builder-workspace/.derivedData/SDKExplicitPrecompiledModules/ptrcheck-BXA97MNLI4BB0HF5I8MJE403D.pcm
SwiftExplicitDependencyGeneratePcm arm64 /Users/admin/builder/spi-builder-workspace/.derivedData/SDKExplicitPrecompiledModules/ptrauth-1WBA714DZSVUL5JQDJ08CLKZ.pcm
SwiftExplicitDependencyGeneratePcm arm64 /Users/admin/builder/spi-builder-workspace/.derivedData/SDKExplicitPrecompiledModules/_Builtin_stddef-5NQ9Z1GV07GBSRQGAQCGXGVRI.pcm
SwiftExplicitDependencyGeneratePcm arm64 /Users/admin/builder/spi-builder-workspace/.derivedData/SDKExplicitPrecompiledModules/_AvailabilityInternal-1Q8IQP6M38UWSGZ95UCEY2M44.pcm
SwiftExplicitDependencyGeneratePcm arm64 /Users/admin/builder/spi-builder-workspace/.derivedData/SDKExplicitPrecompiledModules/_Builtin_stdarg-CDA349K2K4US766844K8E0PVA.pcm
SwiftExplicitDependencyGeneratePcm arm64 /Users/admin/builder/spi-builder-workspace/.derivedData/SDKExplicitPrecompiledModules/_DarwinFoundation1-5RGRVV2TZ6WC4WZW5IXF8NQ04.pcm
SwiftExplicitDependencyGeneratePcm arm64 /Users/admin/builder/spi-builder-workspace/.derivedData/SDKExplicitPrecompiledModules/_DarwinFoundation2-ENTECK156YEWITZRRBTOCE4KR.pcm
SwiftExplicitDependencyGeneratePcm arm64 /Users/admin/builder/spi-builder-workspace/.derivedData/SDKExplicitPrecompiledModules/_Builtin_limits-425JDMN5HPM3D0UEI8LEHP6NM.pcm
SwiftExplicitDependencyGeneratePcm arm64 /Users/admin/builder/spi-builder-workspace/.derivedData/SDKExplicitPrecompiledModules/_Builtin_stdint-8OR6T47OOYJA90ZBO3N1USDE.pcm
SwiftExplicitDependencyGeneratePcm arm64 /Users/admin/builder/spi-builder-workspace/.derivedData/SDKExplicitPrecompiledModules/_Builtin_tgmath-BPYSMHWI520EQRL2HW519ZY7Z.pcm
SwiftExplicitDependencyGeneratePcm arm64 /Users/admin/builder/spi-builder-workspace/.derivedData/SDKExplicitPrecompiledModules/sys_types-AYM0BHR77VKMWZCO2T0XGV2HF.pcm
SwiftExplicitDependencyGeneratePcm arm64 /Users/admin/builder/spi-builder-workspace/.derivedData/SDKExplicitPrecompiledModules/string_h-2GT67HHHHK5CF1V1S31LH0PU2.pcm
SwiftExplicitDependencyGeneratePcm arm64 /Users/admin/builder/spi-builder-workspace/.derivedData/SDKExplicitPrecompiledModules/_Builtin_stdatomic-1VUZPM79PNCAHXVBERD53WRSF.pcm
SwiftExplicitDependencyGeneratePcm arm64 /Users/admin/builder/spi-builder-workspace/.derivedData/SDKExplicitPrecompiledModules/_Builtin_intrinsics-BC5IJI3YI34RQ61ZNVDRDZ6RN.pcm
SwiftExplicitDependencyGeneratePcm arm64 /Users/admin/builder/spi-builder-workspace/.derivedData/SDKExplicitPrecompiledModules/_DarwinFoundation3-9ZHN6JKBS40BBA81RQMV8H0IC.pcm
SwiftExplicitDependencyGeneratePcm arm64 /Users/admin/builder/spi-builder-workspace/.derivedData/SDKExplicitPrecompiledModules/_Builtin_inttypes-11B64KJD36B3YOHBR1BBXBJY8.pcm
SwiftExplicitDependencyGeneratePcm arm64 /Users/admin/builder/spi-builder-workspace/.derivedData/SDKExplicitPrecompiledModules/Darwin-60P5LVNQO3ESRRM5DCJ05PFNK.pcm
SwiftExplicitDependencyGeneratePcm arm64 /Users/admin/builder/spi-builder-workspace/.derivedData/SDKExplicitPrecompiledModules/simd-9XXAB17Y6E4BBPQADD61NZ23.pcm
SwiftExplicitDependencyGeneratePcm arm64 /Users/admin/builder/spi-builder-workspace/.derivedData/SDKExplicitPrecompiledModules/MachO-3XTHY7HWV6RF3KXKYQVHUBUXK.pcm
SwiftExplicitDependencyGeneratePcm arm64 /Users/admin/builder/spi-builder-workspace/.derivedData/SDKExplicitPrecompiledModules/ObjectiveC-26TIBFYCEJZVP216ZZAU1X8KN.pcm
SwiftExplicitDependencyGeneratePcm arm64 /Users/admin/builder/spi-builder-workspace/.derivedData/SDKExplicitPrecompiledModules/os_object-692CJ8BG6RE5H04487EJJOVXW.pcm
SwiftExplicitDependencyGeneratePcm arm64 /Users/admin/builder/spi-builder-workspace/.derivedData/SDKExplicitPrecompiledModules/os_workgroup-4U1VXMWIZD80E7PRUQF2G7P9X.pcm
SwiftExplicitDependencyGeneratePcm arm64 /Users/admin/builder/spi-builder-workspace/.derivedData/SDKExplicitPrecompiledModules/Dispatch-CLT3466HKC22GCKAWSCNG0H7T.pcm
SwiftExplicitDependencyGeneratePcm arm64 /Users/admin/builder/spi-builder-workspace/.derivedData/SDKExplicitPrecompiledModules/Spatial-5E0I2846LO3ZE24CSVR2O57TI.pcm
SwiftExplicitDependencyGeneratePcm arm64 /Users/admin/builder/spi-builder-workspace/.derivedData/SDKExplicitPrecompiledModules/CoreFoundation-AVLTZVCXBU2TO75JCN4AGU8XJ.pcm
SwiftExplicitDependencyGeneratePcm arm64 /Users/admin/builder/spi-builder-workspace/.derivedData/SDKExplicitPrecompiledModules/dnssd-CCUV1M8EULNEQJUXO7L0PJAL4.pcm
SwiftExplicitDependencyGeneratePcm arm64 /Users/admin/builder/spi-builder-workspace/.derivedData/SDKExplicitPrecompiledModules/XPC-EP5EU7FNGP4VOA3EDM18P1KHO.pcm
SwiftExplicitDependencyGeneratePcm arm64 /Users/admin/builder/spi-builder-workspace/.derivedData/SDKExplicitPrecompiledModules/os-1004XEJ3IXOOAU0KL58SM3D0K.pcm
SwiftExplicitDependencyGeneratePcm arm64 /Users/admin/builder/spi-builder-workspace/.derivedData/SDKExplicitPrecompiledModules/CoreAudioTypes-45UXYEQRN95KG6BF2CW0QIYK9.pcm
SwiftExplicitDependencyGeneratePcm arm64 /Users/admin/builder/spi-builder-workspace/.derivedData/SDKExplicitPrecompiledModules/CFNetwork-5MI70N1VLDQSWTX4COWLMSIRO.pcm
SwiftExplicitDependencyGeneratePcm arm64 /Users/admin/builder/spi-builder-workspace/.derivedData/SDKExplicitPrecompiledModules/SystemConfiguration-9ZRTM3I7E0VI9U5I2YVCU37YI.pcm
SwiftExplicitDependencyGeneratePcm arm64 /Users/admin/builder/spi-builder-workspace/.derivedData/SDKExplicitPrecompiledModules/Security-8TH2M8WJIQMET4SADWX0N8372.pcm
SwiftExplicitDependencyGeneratePcm arm64 /Users/admin/builder/spi-builder-workspace/.derivedData/SDKExplicitPrecompiledModules/CoreGraphics-BFUJ177R223UT2ZI327ZTZY91.pcm
SwiftExplicitDependencyGeneratePcm arm64 /Users/admin/builder/spi-builder-workspace/.derivedData/SDKExplicitPrecompiledModules/CoreAudio-CXS3C78T5TQDGLEGXIBJ04WJ4.pcm
SwiftExplicitDependencyGeneratePcm arm64 /Users/admin/builder/spi-builder-workspace/.derivedData/SDKExplicitPrecompiledModules/Foundation-8GON1KVEKRN3NOQI8RETBRWJP.pcm
SwiftExplicitDependencyGeneratePcm arm64 /Users/admin/builder/spi-builder-workspace/.derivedData/SDKExplicitPrecompiledModules/ImageIO-5CC6COR9KJYI1UBL7CSHLU2OG.pcm
SwiftExplicitDependencyGeneratePcm arm64 /Users/admin/builder/spi-builder-workspace/.derivedData/SDKExplicitPrecompiledModules/CoreText-6F9TY5TEPCCZ1K2KYM4GMEGHD.pcm
SwiftExplicitDependencyGeneratePcm arm64 /Users/admin/builder/spi-builder-workspace/.derivedData/SDKExplicitPrecompiledModules/UIUtilities-AOVGLUWEAN6CG2UZFNESGSP6C.pcm
SwiftExplicitDependencyGeneratePcm arm64 /Users/admin/builder/spi-builder-workspace/.derivedData/SDKExplicitPrecompiledModules/IOSurface-5FE9U89GVFF9A7X7AGO2R8ENI.pcm
SwiftExplicitDependencyGeneratePcm arm64 /Users/admin/builder/spi-builder-workspace/.derivedData/SDKExplicitPrecompiledModules/CoreTransferable-8TBYAKHCX6UC8QQSS7BD8GQK5.pcm
SwiftExplicitDependencyGeneratePcm arm64 /Users/admin/builder/spi-builder-workspace/.derivedData/SDKExplicitPrecompiledModules/CoreData-73N6Z547OZUEZ8ADGEC6XRHWN.pcm
SwiftExplicitDependencyGeneratePcm arm64 /Users/admin/builder/spi-builder-workspace/.derivedData/SDKExplicitPrecompiledModules/OSLog-BNGT87TS0GMBFF7TY70HHB69.pcm
SwiftExplicitDependencyGeneratePcm arm64 /Users/admin/builder/spi-builder-workspace/.derivedData/SDKExplicitPrecompiledModules/CoreMIDI-7L19IC4ZH9BPYLVTD8IIFWN9R.pcm
SwiftExplicitDependencyGeneratePcm arm64 /Users/admin/builder/spi-builder-workspace/.derivedData/SDKExplicitPrecompiledModules/LocalAuthentication-9MSPUJ85OBXBTOD7NJCT1GZ0O.pcm
SwiftExplicitDependencyGeneratePcm arm64 /Users/admin/builder/spi-builder-workspace/.derivedData/SDKExplicitPrecompiledModules/FileProvider-C9I28SI56F2SEVH1BCWTKGODO.pcm
SwiftExplicitDependencyGeneratePcm arm64 /Users/admin/builder/spi-builder-workspace/.derivedData/SDKExplicitPrecompiledModules/Accessibility-1DR4J4YDVDGAYQTZ0FKZ1PU09.pcm
SwiftExplicitDependencyGeneratePcm arm64 /Users/admin/builder/spi-builder-workspace/.derivedData/SDKExplicitPrecompiledModules/UniformTypeIdentifiers-E5KMWDZEKS4QW9RO1KBRDEXV6.pcm
SwiftExplicitDependencyGeneratePcm arm64 /Users/admin/builder/spi-builder-workspace/.derivedData/SDKExplicitPrecompiledModules/UserNotifications-8IIV1V1FPNAPA4LY1Y23LOM2N.pcm
SwiftExplicitDependencyGeneratePcm arm64 /Users/admin/builder/spi-builder-workspace/.derivedData/SDKExplicitPrecompiledModules/Symbols-8G2XC01RPQ5HYIZE6JNUT864I.pcm
SwiftExplicitDependencyGeneratePcm arm64 /Users/admin/builder/spi-builder-workspace/.derivedData/SDKExplicitPrecompiledModules/DataDetection-BANTQ3WXXGKZJYC0LLB3MD9K0.pcm
SwiftExplicitDependencyGeneratePcm arm64 /Users/admin/builder/spi-builder-workspace/.derivedData/SDKExplicitPrecompiledModules/Network-EQPZZF3W6BWG89K0PY9NZO3T0.pcm
SwiftExplicitDependencyGeneratePcm arm64 /Users/admin/builder/spi-builder-workspace/.derivedData/SDKExplicitPrecompiledModules/_LocationEssentials-8GQGFVARUE99D8VJX3TINY0VP.pcm
SwiftExplicitDependencyGeneratePcm arm64 /Users/admin/builder/spi-builder-workspace/.derivedData/SDKExplicitPrecompiledModules/OpenGLES-56BKSYXNVAP91BYZRWAKQZKGI.pcm
SwiftExplicitDependencyGeneratePcm arm64 /Users/admin/builder/spi-builder-workspace/.derivedData/SDKExplicitPrecompiledModules/Metal-EKNUM9P3PRIBHZK1ZBD6BA2T7.pcm
SwiftExplicitDependencyGeneratePcm arm64 /Users/admin/builder/spi-builder-workspace/.derivedData/SDKExplicitPrecompiledModules/AudioToolbox-2K3S8EA590EB3GMH6D6784BWZ.pcm
SwiftExplicitDependencyGeneratePcm arm64 /Users/admin/builder/spi-builder-workspace/.derivedData/SDKExplicitPrecompiledModules/CoreLocation-1SN37095DAPVJ068LLP9TBDQX.pcm
SwiftExplicitDependencyGeneratePcm arm64 /Users/admin/builder/spi-builder-workspace/.derivedData/SDKExplicitPrecompiledModules/AVRouting-55P8FRNK50AFZOMMB2LBBOX33.pcm
SwiftExplicitDependencyGeneratePcm arm64 /Users/admin/builder/spi-builder-workspace/.derivedData/SDKExplicitPrecompiledModules/CoreMotion-10LV922UPGE28QX2SOIO7ALIZ.pcm
SwiftExplicitDependencyCompileModuleFromInterface arm64 /Users/admin/builder/spi-builder-workspace/.derivedData/SDKExplicitPrecompiledModules/ShaderGraph-URHKVVOFZL5Z.swiftmodule
SwiftExplicitDependencyGeneratePcm arm64 /Users/admin/builder/spi-builder-workspace/.derivedData/SDKExplicitPrecompiledModules/CoreVideo-E12HJSJSLO0YKWYBES11UKJ02.pcm
SwiftExplicitDependencyGeneratePcm arm64 /Users/admin/builder/spi-builder-workspace/.derivedData/SDKExplicitPrecompiledModules/CoreMedia-D1IBHC28BRHWLNUG1Q75G5YN0.pcm
SwiftExplicitDependencyGeneratePcm arm64 /Users/admin/builder/spi-builder-workspace/.derivedData/SDKExplicitPrecompiledModules/CoreImage-8WF1P230U10QM666EQMNV7OF1.pcm
SwiftExplicitDependencyGeneratePcm arm64 /Users/admin/builder/spi-builder-workspace/.derivedData/SDKExplicitPrecompiledModules/CoreML-37QYERWC0RQN4IY4377UD0TY1.pcm
SwiftExplicitDependencyGeneratePcm arm64 /Users/admin/builder/spi-builder-workspace/.derivedData/SDKExplicitPrecompiledModules/QuartzCore-12T8WVKUNCL1N7VXH87MM4YOB.pcm
SwiftExplicitDependencyGeneratePcm arm64 /Users/admin/builder/spi-builder-workspace/.derivedData/SDKExplicitPrecompiledModules/ARKitFoundation-3N77COW7DLP77CM0PWZXSR9BD.pcm
SwiftExplicitDependencyGeneratePcm arm64 /Users/admin/builder/spi-builder-workspace/.derivedData/SDKExplicitPrecompiledModules/SwiftUICore-6OBBMA39VFD4CB6SG2PE41FAP.pcm
SwiftExplicitDependencyGeneratePcm arm64 /Users/admin/builder/spi-builder-workspace/.derivedData/SDKExplicitPrecompiledModules/UIKit-2D2PMAAE45TMO6S28UCGCO5BR.pcm
SwiftExplicitDependencyGeneratePcm arm64 /Users/admin/builder/spi-builder-workspace/.derivedData/SDKExplicitPrecompiledModules/MediaToolbox-1J5U29ERBPNPI1HKEJHXOP8EV.pcm
SwiftExplicitDependencyGeneratePcm arm64 /Users/admin/builder/spi-builder-workspace/.derivedData/SDKExplicitPrecompiledModules/Vision-DVVG9MQGC3IMTVPTC1691MQ6Z.pcm
SwiftExplicitDependencyGeneratePcm arm64 /Users/admin/builder/spi-builder-workspace/.derivedData/SDKExplicitPrecompiledModules/AVFAudio-E8GATWFYYBEBB41O9N0LRRGYC.pcm
SwiftExplicitDependencyGeneratePcm arm64 /Users/admin/builder/spi-builder-workspace/.derivedData/SDKExplicitPrecompiledModules/VideoToolbox-7I4MDYIPJ4IWU1ZSL4JE3I7M6.pcm
SwiftExplicitDependencyGeneratePcm arm64 /Users/admin/builder/spi-builder-workspace/.derivedData/SDKExplicitPrecompiledModules/AVFoundation-DFCX8GQJWVA3CZBITWEHAZEFX.pcm
SwiftExplicitDependencyGeneratePcm arm64 /Users/admin/builder/spi-builder-workspace/.derivedData/SDKExplicitPrecompiledModules/ARKitCore-307YVPJLQNB66BTBIONHZNP86.pcm
SwiftExplicitDependencyGeneratePcm arm64 /Users/admin/builder/spi-builder-workspace/.derivedData/SDKExplicitPrecompiledModules/SwiftUI-77PUPXISY3V3TUF5FJEHUQC86.pcm
SwiftExplicitDependencyGeneratePcm arm64 /Users/admin/builder/spi-builder-workspace/.derivedData/SDKExplicitPrecompiledModules/GameController-7QL0VMQHE24OWQFUR0UFT89DW.pcm
SwiftExplicitDependencyGeneratePcm arm64 /Users/admin/builder/spi-builder-workspace/.derivedData/SDKExplicitPrecompiledModules/ARKit-27VDPOZ50FG2MJG7OFV6IFQYQ.pcm
SwiftEmitModule normal arm64 Emitting\ module\ for\ TermiNetwork (in target 'TermiNetwork' from project 'TermiNetwork')
/Users/admin/builder/spi-builder-workspace/Source/Extensions/Operations/Request+DataOperations.swift:129:39: error: cannot find type 'TNImageType' in scope
127 |     /// - returns: The Request object.
128 |     @discardableResult
129 |     public func success(responseType: TNImageType.Type,
    |                                       `- error: cannot find type 'TNImageType' in scope
130 |                         responseHandler: @escaping SuccessCallback<TNImageType>) -> Request {
131 |         self.successCompletionHandler = self.makeImageResponseSuccessHandler(responseHandler: responseHandler)
/Users/admin/builder/spi-builder-workspace/Source/Extensions/Operations/Request+DataOperations.swift:130:68: error: cannot find type 'TNImageType' in scope
128 |     @discardableResult
129 |     public func success(responseType: TNImageType.Type,
130 |                         responseHandler: @escaping SuccessCallback<TNImageType>) -> Request {
    |                                                                    `- error: cannot find type 'TNImageType' in scope
131 |         self.successCompletionHandler = self.makeImageResponseSuccessHandler(responseHandler: responseHandler)
132 |         executeCurrentOperationIfNeeded()
/Users/admin/builder/spi-builder-workspace/Source/Extensions/Operations/Request+DataOperations.swift:130:42: error: '@escaping' only applies to function types
128 |     @discardableResult
129 |     public func success(responseType: TNImageType.Type,
130 |                         responseHandler: @escaping SuccessCallback<TNImageType>) -> Request {
    |                                          `- error: '@escaping' only applies to function types
131 |         self.successCompletionHandler = self.makeImageResponseSuccessHandler(responseHandler: responseHandler)
132 |         executeCurrentOperationIfNeeded()
/Users/admin/builder/spi-builder-workspace/Source/Extensions/Request+Async.swift:109:59: error: cannot find type 'TNImageType' in scope
107 |     /// - throws: A TNError in case of failure.
108 |     @discardableResult
109 |     func async(as type: TNImageType.Type) async throws -> TNImageType {
    |                                                           `- error: cannot find type 'TNImageType' in scope
110 |         try await withTaskCancellationHandler {
111 |             try checkTaskCancellation()
/Users/admin/builder/spi-builder-workspace/Source/Extensions/Request+Async.swift:109:25: error: cannot find type 'TNImageType' in scope
107 |     /// - throws: A TNError in case of failure.
108 |     @discardableResult
109 |     func async(as type: TNImageType.Type) async throws -> TNImageType {
    |                         `- error: cannot find type 'TNImageType' in scope
110 |         try await withTaskCancellationHandler {
111 |             try checkTaskCancellation()
/Users/admin/builder/spi-builder-workspace/Source/Extensions/Request+ResponseTypes.swift:201:70: error: cannot find type 'TNImageType' in scope
199 |     // MARK: Image
200 |
201 |     func makeImageResponseSuccessHandler(responseHandler: @escaping (TNImageType) -> Void)
    |                                                                      `- error: cannot find type 'TNImageType' in scope
202 |         -> ((Data, URLResponse?) -> Void)? {
203 |         return { [weak self] data, urlResponse in
/Users/admin/builder/spi-builder-workspace/Source/Extensions/UIImageView+Extensions.swift:34:11: error: cannot find type 'ImageViewType' in scope
 32 | #endif
 33 |
 34 | extension ImageViewType {
    |           `- error: cannot find type 'ImageViewType' in scope
 35 |     private static var activeRequestsDictionary: [String: Request] = [:]
 36 |     private static var imageViewQueue: Queue = Queue()
/Users/admin/builder/spi-builder-workspace/Source/SwiftUI/Image.swift:37:50: error: cannot find type 'TNImageType' in scope
 35 | ///     - image: The downloaded image.
 36 | /// - returns: The new transformed image.
 37 | public typealias ImagePreprocessType = (_ image: TNImageType) -> (TNImageType)
    |                                                  `- error: cannot find type 'TNImageType' in scope
 38 | /// Callback type for image downloaded event.
 39 | /// - parameters:
/Users/admin/builder/spi-builder-workspace/Source/SwiftUI/Image.swift:37:67: error: cannot find type 'TNImageType' in scope
 35 | ///     - image: The downloaded image.
 36 | /// - returns: The new transformed image.
 37 | public typealias ImagePreprocessType = (_ image: TNImageType) -> (TNImageType)
    |                                                                   `- error: cannot find type 'TNImageType' in scope
 38 | /// Callback type for image downloaded event.
 39 | /// - parameters:
/Users/admin/builder/spi-builder-workspace/Source/SwiftUI/Image.swift:43:56: error: cannot find type 'TNImageType' in scope
 41 | ///     - error: A TNError object if it fails to download.
 42 | /// - returns: The new transformed image.
 43 | public typealias ImageOnFinishCallbackType = (_ image: TNImageType?, _ error: TNError?) -> Void
    |                                                        `- error: cannot find type 'TNImageType' in scope
 44 |
 45 | @available(iOS 13.0, *)
/Users/admin/builder/spi-builder-workspace/Source/SwiftUI/Image.swift:55:28: error: cannot find 'TNImageType' in scope
 53 |     private var onFinishImageClosure: ImageOnFinishCallbackType?
 54 |
 55 |     @Published var image = TNImageType()
    |                            `- error: cannot find 'TNImageType' in scope
 56 |
 57 |     init(with url: String,
/Users/admin/builder/spi-builder-workspace/Source/SwiftUI/Image.swift:55:6: error: failed to produce diagnostic for expression; please submit a bug report (https://swift.org/contributing/#reporting-bugs)
 53 |     private var onFinishImageClosure: ImageOnFinishCallbackType?
 54 |
 55 |     @Published var image = TNImageType()
    |      `- error: failed to produce diagnostic for expression; please submit a bug report (https://swift.org/contributing/#reporting-bugs)
 56 |
 57 |     init(with url: String,
/Users/admin/builder/spi-builder-workspace/Source/SwiftUI/Image.swift:50:31: error: cannot find type 'TNImageType' in scope
 48 |     private var request: Request
 49 |     private var url: String?
 50 |     private var defaultImage: TNImageType?
    |                               `- error: cannot find type 'TNImageType' in scope
 51 |     private var resize: CGSize?
 52 |     private var preprocessImageClosure: ImagePreprocessType?
/Users/admin/builder/spi-builder-workspace/Source/SwiftUI/Image.swift:59:24: error: cannot find type 'TNImageType' in scope
 57 |     init(with url: String,
 58 |          configuration: Configuration? = nil,
 59 |          defaultImage: TNImageType? = nil,
    |                        `- error: cannot find type 'TNImageType' in scope
 60 |          resize: CGSize? = nil,
 61 |          preprocessImage: ImagePreprocessType? = nil,
/Users/admin/builder/spi-builder-workspace/Source/SwiftUI/Image.swift:74:24: error: cannot find type 'TNImageType' in scope
 72 |
 73 |     init(with request: Request,
 74 |          defaultImage: TNImageType? = nil,
    |                        `- error: cannot find type 'TNImageType' in scope
 75 |          resize: CGSize? = nil,
 76 |          preprocessImage: ImagePreprocessType? = nil,
/Users/admin/builder/spi-builder-workspace/Source/SwiftUI/Image.swift:113:39: error: cannot find type 'TNImageType' in scope
111 |
112 |     // MARK: Helpers
113 |     private func updateImage(_ image: TNImageType) {
    |                                       `- error: cannot find type 'TNImageType' in scope
114 |         self.image = image
115 |         if let url = url {
/Users/admin/builder/spi-builder-workspace/Source/SwiftUI/Image.swift:130:47: error: cannot find type 'TNImageType' in scope
128 |     }
129 |
130 |     private func handlePreprocessImage(image: TNImageType,
    |                                               `- error: cannot find type 'TNImageType' in scope
131 |                                        onFinish: ((TNImageType?) -> Void)? = nil) {
132 |         var image = image
/Users/admin/builder/spi-builder-workspace/Source/SwiftUI/Image.swift:131:52: error: cannot find type 'TNImageType' in scope
129 |
130 |     private func handlePreprocessImage(image: TNImageType,
131 |                                        onFinish: ((TNImageType?) -> Void)? = nil) {
    |                                                    `- error: cannot find type 'TNImageType' in scope
132 |         var image = image
133 |         if let preprocessImage = self.preprocessImageClosure {
/Users/admin/builder/spi-builder-workspace/Source/SwiftUI/Image.swift:147:43: error: cannot find type 'TNImageType' in scope
145 |         }
146 |     }
147 |     private func handleResizeImage(image: TNImageType,
    |                                           `- error: cannot find type 'TNImageType' in scope
148 |                                    onFinish: ((TNImageType) -> Void)? = nil) {
149 |         if let size = self.resize {
/Users/admin/builder/spi-builder-workspace/Source/SwiftUI/Image.swift:148:48: error: cannot find type 'TNImageType' in scope
146 |     }
147 |     private func handleResizeImage(image: TNImageType,
148 |                                    onFinish: ((TNImageType) -> Void)? = nil) {
    |                                                `- error: cannot find type 'TNImageType' in scope
149 |         if let size = self.resize {
150 |             DispatchQueue.global(qos: .userInteractive).async {
/Users/admin/builder/spi-builder-workspace/Source/SwiftUI/Image.swift:193:31: error: cannot find type 'TNImageType' in scope
191 |     public init(url: String,
192 |                 configuration: Configuration? = nil,
193 |                 defaultImage: TNImageType? = nil,
    |                               `- error: cannot find type 'TNImageType' in scope
194 |                 resizeTo size: CGSize? = nil,
195 |                 preprocessImage: ImagePreprocessType? = nil,
/Users/admin/builder/spi-builder-workspace/Source/SwiftUI/Image.swift:216:31: error: cannot find type 'TNImageType' in scope
214 |     ///     This block will run in the background thread (optional)
215 |     public init(request: Request,
216 |                 defaultImage: TNImageType? = nil,
    |                               `- error: cannot find type 'TNImageType' in scope
217 |                 resizeTo size: CGSize? = nil,
218 |                 preprocessImage: ImagePreprocessType? = nil,
Failed frontend command:
SwiftCompile normal arm64 (in target 'TermiNetwork' from project 'TermiNetwork')
    cd /Users/admin/builder/spi-builder-workspace/.swiftpm/xcode

/Applications/Xcode-27.0.0-Release.Candidate.app/Contents/Developer/Toolchains/XcodeDefault.xctoolchain/usr/bin/swift-frontend -frontend -emit-module -experimental-skip-non-inlinable-function-bodies-without-types /Users/admin/builder/spi-builder-workspace/Source/Cache.swift /Users/admin/builder/spi-builder-workspace/Source/CertificatePinningManager.swift /Users/admin/builder/spi-builder-workspace/Source/Client.swift /Users/admin/builder/spi-builder-workspace/Source/Configuration.swift /Users/admin/builder/spi-builder-workspace/Source/EndpointConfiguration.swift /Users/admin/builder/spi-builder-workspace/Source/Enums/EnvironmentType.swift /Users/admin/builder/spi-builder-workspace/Source/Enums/HttpMethod.swift /Users/admin/builder/spi-builder-workspace/Source/Enums/InterceptionAction.swift /Users/admin/builder/spi-builder-workspace/Source/Enums/MultipartFormDataStream.swift /Users/admin/builder/spi-builder-workspace/Source/Enums/Path.swift /Users/admin/builder/spi-builder-workspace/Source/Enums/PathType.swift /Users/admin/builder/spi-builder-workspace/Source/Enums/QueueFailureMode.swift /Users/admin/builder/spi-builder-workspace/Source/Enums/RequestBodyType.swift /Users/admin/builder/spi-builder-workspace/Source/Enums/RequestType.swift /Users/admin/builder/spi-builder-workspace/Source/Enums/TNError.swift /Users/admin/builder/spi-builder-workspace/Source/Enums/URLScheme.swift /Users/admin/builder/spi-builder-workspace/Source/Environment.swift /Users/admin/builder/spi-builder-workspace/Source/Extensions/Data+Extensions.swift /Users/admin/builder/spi-builder-workspace/Source/Extensions/Dictionary+Extensions.swift /Users/admin/builder/spi-builder-workspace/Source/Extensions/Operations/Decodable+Transformer.swift /Users/admin/builder/spi-builder-workspace/Source/Extensions/Operations/Request+DataOperations.swift /Users/admin/builder/spi-builder-workspace/Source/Extensions/Operations/Request+FileOperations.swift /Users/admin/builder/spi-builder-workspace/Source/Extensions/Operations/Request+FileOperationsAsync.swift /Users/admin/builder/spi-builder-workspace/Source/Extensions/Request+Async.swift /Users/admin/builder/spi-builder-workspace/Source/Extensions/Request+Interceptors.swift /Users/admin/builder/spi-builder-workspace/Source/Extensions/Request+Middleware.swift /Users/admin/builder/spi-builder-workspace/Source/Extensions/Request+Mock.swift /Users/admin/builder/spi-builder-workspace/Source/Extensions/Request+NSCopying.swift /Users/admin/builder/spi-builder-workspace/Source/Extensions/Request+ResponseHeaders.swift /Users/admin/builder/spi-builder-workspace/Source/Extensions/Request+ResponseTypes.swift /Users/admin/builder/spi-builder-workspace/Source/Extensions/UIImage+Extensions.swift /Users/admin/builder/spi-builder-workspace/Source/Extensions/UIImageView+Extensions.swift /Users/admin/builder/spi-builder-workspace/Source/Extensions/URLRequest+Extensions.swift /Users/admin/builder/spi-builder-workspace/Source/FileStreamer.swift /Users/admin/builder/spi-builder-workspace/Source/Helpers/MultipartFormDataHelpers.swift /Users/admin/builder/spi-builder-workspace/Source/Helpers/RequestBodyGenerators.swift /Users/admin/builder/spi-builder-workspace/Source/Helpers/RequestHelpers.swift /Users/admin/builder/spi-builder-workspace/Source/Log.swift /Users/admin/builder/spi-builder-workspace/Source/MultipartFormDataPartType.swift /Users/admin/builder/spi-builder-workspace/Source/Operation.swift /Users/admin/builder/spi-builder-workspace/Source/Protocols/EndpointProtocol.swift /Users/admin/builder/spi-builder-workspace/Source/Protocols/InterceptorProtocol.swift /Users/admin/builder/spi-builder-workspace/Source/Protocols/RequestMiddlewareProtocol.swift /Users/admin/builder/spi-builder-workspace/Source/Queue.swift /Users/admin/builder/spi-builder-workspace/Source/Reachability.swift /Users/admin/builder/spi-builder-workspace/Source/Request.swift /Users/admin/builder/spi-builder-workspace/Source/Session.swift /Users/admin/builder/spi-builder-workspace/Source/SessionTaskFactory.swift /Users/admin/builder/spi-builder-workspace/Source/SwiftUI/Image.swift /Users/admin/builder/spi-builder-workspace/Source/Types.swift -target arm64-apple-xros1.0 -disable-cross-import-overlay-search -load-resolved-plugin /Applications/Xcode-27.0.0-Release.Candidate.app/Contents/Developer/Platforms/XROS.platform/Developer/usr/lib/swift/host/plugins/libFoundationMacros.dylib\#/Applications/Xcode-27.0.0-Release.Candidate.app/Contents/Developer/Platforms/XROS.platform/Developer/usr/bin/swift-plugin-server\#FoundationMacros -load-resolved-plugin /Applications/Xcode-27.0.0-Release.Candidate.app/Contents/Developer/Platforms/XROS.platform/Developer/usr/lib/swift/host/plugins/libObservationMacros.dylib\#/Applications/Xcode-27.0.0-Release.Candidate.app/Contents/Developer/Platforms/XROS.platform/Developer/usr/bin/swift-plugin-server\#ObservationMacros -load-resolved-plugin /Applications/Xcode-27.0.0-Release.Candidate.app/Contents/Developer/Platforms/XROS.platform/Developer/usr/lib/swift/host/plugins/libPreviewsMacros.dylib\#/Applications/Xcode-27.0.0-Release.Candidate.app/Contents/Developer/Platforms/XROS.platform/Developer/usr/bin/swift-plugin-server\#PreviewsMacros -load-resolved-plugin /Applications/Xcode-27.0.0-Release.Candidate.app/Contents/Developer/Platforms/XROS.platform/Developer/usr/lib/swift/host/plugins/libSwiftMacros.dylib\#/Applications/Xcode-27.0.0-Release.Candidate.app/Contents/Developer/Platforms/XROS.platform/Developer/usr/bin/swift-plugin-server\#SwiftMacros -load-resolved-plugin /Applications/Xcode-27.0.0-Release.Candidate.app/Contents/Developer/Platforms/XROS.platform/Developer/usr/lib/swift/host/plugins/libSwiftUIMacros.dylib\#/Applications/Xcode-27.0.0-Release.Candidate.app/Contents/Developer/Platforms/XROS.platform/Developer/usr/bin/swift-plugin-server\#SwiftUIMacros -disable-implicit-swift-modules -Xcc -fno-implicit-modules -Xcc -fno-implicit-module-maps -explicit-swift-module-map-file /Users/admin/builder/spi-builder-workspace/.derivedData/Build/Intermediates.noindex/TermiNetwork.build/Debug-xros/TermiNetwork-t.build/Objects-normal/arm64/TermiNetwork-dependencies-1.json -Xllvm -aarch64-use-tbi -enable-objc-interop -stack-check -sdk /Applications/Xcode-27.0.0-Release.Candidate.app/Contents/Developer/Platforms/XROS.platform/Developer/SDKs/XROS27.0.sdk -I /Users/admin/builder/spi-builder-workspace/.derivedData/Build/Products/Debug-xros -Isystem /Applications/Xcode-27.0.0-Release.Candidate.app/Contents/Developer/Platforms/XROS.platform/Developer/usr/lib -F /Users/admin/builder/spi-builder-workspace/.derivedData/Build/Products/Debug-xros -F /Applications/Xcode-27.0.0-Release.Candidate.app/Contents/Developer/Platforms/XROS.platform/Developer/Library/Frameworks -F /Applications/Xcode-27.0.0-Release.Candidate.app/Contents/Developer/Platforms/XROS.platform/Developer/SDKs/XROS27.0.sdk/Developer/Library/Frameworks -module-cache-path /Users/admin/builder/spi-builder-workspace/.derivedData/Build/Intermediates.noindex/SwiftExplicitPrecompiledModules -no-color-diagnostics -Xcc -fno-color-diagnostics -enable-testing -g -debug-info-format\=dwarf -dwarf-version\=4 -swift-version 5 -Onone -D SWIFT_PACKAGE -D DEBUG -D SWIFT_MODULE_RESOURCE_BUNDLE_UNAVAILABLE -D Xcode -serialize-debugging-options -enable-experimental-feature DebugDescriptionMacro -empty-abi-descriptor -validate-clang-modules-once -clang-build-session-file /Users/admin/builder/spi-builder-workspace/.derivedData/ModuleCache.noindex/Session.modulevalidation -Xcc -working-directory -Xcc /Users/admin/builder/spi-builder-workspace/.swiftpm/xcode -enable-anonymous-context-mangled-names -file-compilation-dir /Users/admin/builder/spi-builder-workspace/.swiftpm/xcode -Xcc -D_LIBCPP_HARDENING_MODE\=_LIBCPP_HARDENING_MODE_DEBUG -Xcc -ivfsstatcache -Xcc /Users/admin/builder/spi-builder-workspace/.derivedData/SDKStatCaches.noindex/xros27.0-24M361-e829b21a6f8c9b70876ba0858053c044735bd543db762f57723cac368afd1ce4.sdkstatcache -Xcc -fmodules-prune-interval\=86400 -Xcc -fmodules-prune-after\=345600 -Xcc -I/Users/admin/builder/spi-builder-workspace/.derivedData/Build/Products/Debug-xros/include -Xcc -I/Users/admin/builder/spi-builder-workspace/.derivedData/Build/Intermediates.noindex/TermiNetwork.build/Debug-xros/TermiNetwork-t.build/DerivedSources-normal/arm64 -Xcc -I/Users/admin/builder/spi-builder-workspace/.derivedData/Build/Intermediates.noindex/TermiNetwork.build/Debug-xros/TermiNetwork-t.build/DerivedSources/arm64 -Xcc -I/Users/admin/builder/spi-builder-workspace/.derivedData/Build/Intermediates.noindex/TermiNetwork.build/Debug-xros/TermiNetwork-t.build/DerivedSources -Xcc -DSWIFT_PACKAGE -Xcc -DDEBUG\=1 -no-auto-bridging-header-chaining -module-name TermiNetwork -const-gather-protocols-file /Users/admin/builder/spi-builder-workspace/.derivedData/Build/Intermediates.noindex/TermiNetwork.build/Debug-xros/TermiNetwork-t.build/Objects-normal/arm64/TermiNetwork_const_extract_protocols.json -disable-clang-spi -clang-target arm64-apple-xros27.0 -target-sdk-version 27.0 -target-sdk-name xros27.0 -in-process-plugin-server-path /Applications/Xcode-27.0.0-Release.Candidate.app/Contents/Developer/Toolchains/XcodeDefault.xctoolchain/usr/lib/swift/host/libSwiftInProcPluginServer.dylib -emit-module-doc-path /Users/admin/builder/spi-builder-workspace/.derivedData/Build/Intermediates.noindex/TermiNetwork.build/Debug-xros/TermiNetwork-t.build/Objects-normal/arm64/TermiNetwork.swiftdoc -emit-module-source-info-path /Users/admin/builder/spi-builder-workspace/.derivedData/Build/Intermediates.noindex/TermiNetwork.build/Debug-xros/TermiNetwork-t.build/Objects-normal/arm64/TermiNetwork.swiftsourceinfo -emit-objc-header-path /Users/admin/builder/spi-builder-workspace/.derivedData/Build/Intermediates.noindex/TermiNetwork.build/Debug-xros/TermiNetwork-t.build/Objects-normal/arm64/TermiNetwork-Swift.h -serialize-diagnostics-path /Users/admin/builder/spi-builder-workspace/.derivedData/Build/Intermediates.noindex/TermiNetwork.build/Debug-xros/TermiNetwork-t.build/Objects-normal/arm64/TermiNetwork-primary-emit-module.dia -emit-dependencies-path /Users/admin/builder/spi-builder-workspace/.derivedData/Build/Intermediates.noindex/TermiNetwork.build/Debug-xros/TermiNetwork-t.build/Objects-normal/arm64/TermiNetwork-primary-emit-module.d -parse-as-library -o /Users/admin/builder/spi-builder-workspace/.derivedData/Build/Intermediates.noindex/TermiNetwork.build/Debug-xros/TermiNetwork-t.build/Objects-normal/arm64/TermiNetwork.swiftmodule -emit-abi-descriptor-path /Users/admin/builder/spi-builder-workspace/.derivedData/Build/Intermediates.noindex/TermiNetwork.build/Debug-xros/TermiNetwork-t.build/Objects-normal/arm64/TermiNetwork.abi.json
SwiftCompile normal arm64 Compiling\ Request+Middleware.swift,\ Request+Mock.swift,\ Request+NSCopying.swift,\ Request+ResponseHeaders.swift,\ Request+ResponseTypes.swift /Users/admin/builder/spi-builder-workspace/Source/Extensions/Request+Middleware.swift /Users/admin/builder/spi-builder-workspace/Source/Extensions/Request+Mock.swift /Users/admin/builder/spi-builder-workspace/Source/Extensions/Request+NSCopying.swift /Users/admin/builder/spi-builder-workspace/Source/Extensions/Request+ResponseHeaders.swift /Users/admin/builder/spi-builder-workspace/Source/Extensions/Request+ResponseTypes.swift (in target 'TermiNetwork' from project 'TermiNetwork')
SwiftCompile normal arm64 /Users/admin/builder/spi-builder-workspace/Source/Extensions/Request+Middleware.swift (in target 'TermiNetwork' from project 'TermiNetwork')
    cd /Users/admin/builder/spi-builder-workspace/.swiftpm/xcode
    builtin-SwiftPerFileCompile Request+Middleware.swift
SwiftCompile normal arm64 /Users/admin/builder/spi-builder-workspace/Source/Extensions/Request+Mock.swift (in target 'TermiNetwork' from project 'TermiNetwork')
    cd /Users/admin/builder/spi-builder-workspace/.swiftpm/xcode
    builtin-SwiftPerFileCompile Request+Mock.swift
SwiftCompile normal arm64 /Users/admin/builder/spi-builder-workspace/Source/Extensions/Request+NSCopying.swift (in target 'TermiNetwork' from project 'TermiNetwork')
    cd /Users/admin/builder/spi-builder-workspace/.swiftpm/xcode
    builtin-SwiftPerFileCompile Request+NSCopying.swift
SwiftCompile normal arm64 /Users/admin/builder/spi-builder-workspace/Source/Extensions/Request+ResponseHeaders.swift (in target 'TermiNetwork' from project 'TermiNetwork')
    cd /Users/admin/builder/spi-builder-workspace/.swiftpm/xcode
    builtin-SwiftPerFileCompile Request+ResponseHeaders.swift
SwiftCompile normal arm64 /Users/admin/builder/spi-builder-workspace/Source/Extensions/Request+ResponseTypes.swift (in target 'TermiNetwork' from project 'TermiNetwork')
    cd /Users/admin/builder/spi-builder-workspace/.swiftpm/xcode
    builtin-SwiftPerFileCompile Request+ResponseTypes.swift
/Users/admin/builder/spi-builder-workspace/Source/Extensions/Request+ResponseTypes.swift:201:70: error: cannot find type 'TNImageType' in scope
199 |     // MARK: Image
200 |
201 |     func makeImageResponseSuccessHandler(responseHandler: @escaping (TNImageType) -> Void)
    |                                                                      `- error: cannot find type 'TNImageType' in scope
202 |         -> ((Data, URLResponse?) -> Void)? {
203 |         return { [weak self] data, urlResponse in
/Users/admin/builder/spi-builder-workspace/Source/Extensions/Request+ResponseTypes.swift:205:25: error: cannot find 'TNImageType' in scope
203 |         return { [weak self] data, urlResponse in
204 |             guard let self = self else { return }
205 |             let image = TNImageType(data: data)
    |                         `- error: cannot find 'TNImageType' in scope
206 |
207 |             if image == nil {
SwiftCompile normal arm64 Compiling\ Request+DataOperations.swift,\ Request+FileOperations.swift,\ Request+FileOperationsAsync.swift,\ Request+Async.swift,\ Request+Interceptors.swift /Users/admin/builder/spi-builder-workspace/Source/Extensions/Operations/Request+DataOperations.swift /Users/admin/builder/spi-builder-workspace/Source/Extensions/Operations/Request+FileOperations.swift /Users/admin/builder/spi-builder-workspace/Source/Extensions/Operations/Request+FileOperationsAsync.swift /Users/admin/builder/spi-builder-workspace/Source/Extensions/Request+Async.swift /Users/admin/builder/spi-builder-workspace/Source/Extensions/Request+Interceptors.swift (in target 'TermiNetwork' from project 'TermiNetwork')
SwiftCompile normal arm64 /Users/admin/builder/spi-builder-workspace/Source/Extensions/Operations/Request+DataOperations.swift (in target 'TermiNetwork' from project 'TermiNetwork')
    cd /Users/admin/builder/spi-builder-workspace/.swiftpm/xcode
    builtin-SwiftPerFileCompile Request+DataOperations.swift
SwiftCompile normal arm64 /Users/admin/builder/spi-builder-workspace/Source/Extensions/Operations/Request+FileOperations.swift (in target 'TermiNetwork' from project 'TermiNetwork')
    cd /Users/admin/builder/spi-builder-workspace/.swiftpm/xcode
    builtin-SwiftPerFileCompile Request+FileOperations.swift
SwiftCompile normal arm64 /Users/admin/builder/spi-builder-workspace/Source/Extensions/Operations/Request+FileOperationsAsync.swift (in target 'TermiNetwork' from project 'TermiNetwork')
    cd /Users/admin/builder/spi-builder-workspace/.swiftpm/xcode
    builtin-SwiftPerFileCompile Request+FileOperationsAsync.swift
SwiftCompile normal arm64 /Users/admin/builder/spi-builder-workspace/Source/Extensions/Request+Async.swift (in target 'TermiNetwork' from project 'TermiNetwork')
    cd /Users/admin/builder/spi-builder-workspace/.swiftpm/xcode
    builtin-SwiftPerFileCompile Request+Async.swift
SwiftCompile normal arm64 /Users/admin/builder/spi-builder-workspace/Source/Extensions/Request+Interceptors.swift (in target 'TermiNetwork' from project 'TermiNetwork')
    cd /Users/admin/builder/spi-builder-workspace/.swiftpm/xcode
    builtin-SwiftPerFileCompile Request+Interceptors.swift
/Users/admin/builder/spi-builder-workspace/Source/Extensions/Operations/Request+DataOperations.swift:129:39: error: cannot find type 'TNImageType' in scope
127 |     /// - returns: The Request object.
128 |     @discardableResult
129 |     public func success(responseType: TNImageType.Type,
    |                                       `- error: cannot find type 'TNImageType' in scope
130 |                         responseHandler: @escaping SuccessCallback<TNImageType>) -> Request {
131 |         self.successCompletionHandler = self.makeImageResponseSuccessHandler(responseHandler: responseHandler)
/Users/admin/builder/spi-builder-workspace/Source/Extensions/Operations/Request+DataOperations.swift:130:68: error: cannot find type 'TNImageType' in scope
128 |     @discardableResult
129 |     public func success(responseType: TNImageType.Type,
130 |                         responseHandler: @escaping SuccessCallback<TNImageType>) -> Request {
    |                                                                    `- error: cannot find type 'TNImageType' in scope
131 |         self.successCompletionHandler = self.makeImageResponseSuccessHandler(responseHandler: responseHandler)
132 |         executeCurrentOperationIfNeeded()
/Users/admin/builder/spi-builder-workspace/Source/Extensions/Operations/Request+DataOperations.swift:130:42: error: '@escaping' only applies to function types
128 |     @discardableResult
129 |     public func success(responseType: TNImageType.Type,
130 |                         responseHandler: @escaping SuccessCallback<TNImageType>) -> Request {
    |                                          `- error: '@escaping' only applies to function types
131 |         self.successCompletionHandler = self.makeImageResponseSuccessHandler(responseHandler: responseHandler)
132 |         executeCurrentOperationIfNeeded()
/Users/admin/builder/spi-builder-workspace/Source/Extensions/Request+ResponseTypes.swift:201:70: error: cannot find type 'TNImageType' in scope
199 |     // MARK: Image
200 |
201 |     func makeImageResponseSuccessHandler(responseHandler: @escaping (TNImageType) -> Void)
    |                                                                      `- error: cannot find type 'TNImageType' in scope
202 |         -> ((Data, URLResponse?) -> Void)? {
203 |         return { [weak self] data, urlResponse in
/Users/admin/builder/spi-builder-workspace/Source/Extensions/Request+Async.swift:109:59: error: cannot find type 'TNImageType' in scope
107 |     /// - throws: A TNError in case of failure.
108 |     @discardableResult
109 |     func async(as type: TNImageType.Type) async throws -> TNImageType {
    |                                                           `- error: cannot find type 'TNImageType' in scope
110 |         try await withTaskCancellationHandler {
111 |             try checkTaskCancellation()
/Users/admin/builder/spi-builder-workspace/Source/Extensions/Request+Async.swift:109:25: error: cannot find type 'TNImageType' in scope
107 |     /// - throws: A TNError in case of failure.
108 |     @discardableResult
109 |     func async(as type: TNImageType.Type) async throws -> TNImageType {
    |                         `- error: cannot find type 'TNImageType' in scope
110 |         try await withTaskCancellationHandler {
111 |             try checkTaskCancellation()
SwiftCompile normal arm64 Compiling\ UIImage+Extensions.swift,\ UIImageView+Extensions.swift,\ URLRequest+Extensions.swift,\ FileStreamer.swift,\ MultipartFormDataHelpers.swift /Users/admin/builder/spi-builder-workspace/Source/Extensions/UIImage+Extensions.swift /Users/admin/builder/spi-builder-workspace/Source/Extensions/UIImageView+Extensions.swift /Users/admin/builder/spi-builder-workspace/Source/Extensions/URLRequest+Extensions.swift /Users/admin/builder/spi-builder-workspace/Source/FileStreamer.swift /Users/admin/builder/spi-builder-workspace/Source/Helpers/MultipartFormDataHelpers.swift (in target 'TermiNetwork' from project 'TermiNetwork')
SwiftCompile normal arm64 /Users/admin/builder/spi-builder-workspace/Source/Extensions/UIImage+Extensions.swift (in target 'TermiNetwork' from project 'TermiNetwork')
    cd /Users/admin/builder/spi-builder-workspace/.swiftpm/xcode
    builtin-SwiftPerFileCompile UIImage+Extensions.swift
SwiftCompile normal arm64 /Users/admin/builder/spi-builder-workspace/Source/Extensions/UIImageView+Extensions.swift (in target 'TermiNetwork' from project 'TermiNetwork')
    cd /Users/admin/builder/spi-builder-workspace/.swiftpm/xcode
    builtin-SwiftPerFileCompile UIImageView+Extensions.swift
SwiftCompile normal arm64 /Users/admin/builder/spi-builder-workspace/Source/Extensions/URLRequest+Extensions.swift (in target 'TermiNetwork' from project 'TermiNetwork')
    cd /Users/admin/builder/spi-builder-workspace/.swiftpm/xcode
    builtin-SwiftPerFileCompile URLRequest+Extensions.swift
SwiftCompile normal arm64 /Users/admin/builder/spi-builder-workspace/Source/FileStreamer.swift (in target 'TermiNetwork' from project 'TermiNetwork')
    cd /Users/admin/builder/spi-builder-workspace/.swiftpm/xcode
    builtin-SwiftPerFileCompile FileStreamer.swift
SwiftCompile normal arm64 /Users/admin/builder/spi-builder-workspace/Source/Helpers/MultipartFormDataHelpers.swift (in target 'TermiNetwork' from project 'TermiNetwork')
    cd /Users/admin/builder/spi-builder-workspace/.swiftpm/xcode
    builtin-SwiftPerFileCompile MultipartFormDataHelpers.swift
/Users/admin/builder/spi-builder-workspace/Source/Extensions/UIImageView+Extensions.swift:34:11: error: cannot find type 'ImageViewType' in scope
 32 | #endif
 33 |
 34 | extension ImageViewType {
    |           `- error: cannot find type 'ImageViewType' in scope
 35 |     private static var activeRequestsDictionary: [String: Request] = [:]
 36 |     private static var imageViewQueue: Queue = Queue()
/Users/admin/builder/spi-builder-workspace/Source/Helpers/MultipartFormDataHelpers.swift:84:22: error: cannot find 'UTTypeCreatePreferredIdentifierForTag' in scope
 82 |
 83 |         #if !os(tvOS) && !os(watchOS)
 84 |         if let uti = UTTypeCreatePreferredIdentifierForTag(
    |                      `- error: cannot find 'UTTypeCreatePreferredIdentifierForTag' in scope
 85 |             kUTTagClassFilenameExtension, pathExtension! as NSString, nil)?.takeRetainedValue() {
 86 |             if let mimetype = UTTypeCopyPreferredTagWithClass(uti, kUTTagClassMIMEType)?.takeRetainedValue() {
/Users/admin/builder/spi-builder-workspace/Source/Helpers/MultipartFormDataHelpers.swift:85:13: error: cannot find 'kUTTagClassFilenameExtension' in scope
 83 |         #if !os(tvOS) && !os(watchOS)
 84 |         if let uti = UTTypeCreatePreferredIdentifierForTag(
 85 |             kUTTagClassFilenameExtension, pathExtension! as NSString, nil)?.takeRetainedValue() {
    |             `- error: cannot find 'kUTTagClassFilenameExtension' in scope
 86 |             if let mimetype = UTTypeCopyPreferredTagWithClass(uti, kUTTagClassMIMEType)?.takeRetainedValue() {
 87 |                 return mimetype as String
/Users/admin/builder/spi-builder-workspace/Source/Helpers/MultipartFormDataHelpers.swift:86:31: error: cannot find 'UTTypeCopyPreferredTagWithClass' in scope
 84 |         if let uti = UTTypeCreatePreferredIdentifierForTag(
 85 |             kUTTagClassFilenameExtension, pathExtension! as NSString, nil)?.takeRetainedValue() {
 86 |             if let mimetype = UTTypeCopyPreferredTagWithClass(uti, kUTTagClassMIMEType)?.takeRetainedValue() {
    |                               `- error: cannot find 'UTTypeCopyPreferredTagWithClass' in scope
 87 |                 return mimetype as String
 88 |             }
SwiftCompile normal arm64 Compiling\ PathType.swift,\ QueueFailureMode.swift,\ RequestBodyType.swift,\ RequestType.swift,\ TNError.swift /Users/admin/builder/spi-builder-workspace/Source/Enums/PathType.swift /Users/admin/builder/spi-builder-workspace/Source/Enums/QueueFailureMode.swift /Users/admin/builder/spi-builder-workspace/Source/Enums/RequestBodyType.swift /Users/admin/builder/spi-builder-workspace/Source/Enums/RequestType.swift /Users/admin/builder/spi-builder-workspace/Source/Enums/TNError.swift (in target 'TermiNetwork' from project 'TermiNetwork')
SwiftCompile normal arm64 /Users/admin/builder/spi-builder-workspace/Source/Enums/PathType.swift (in target 'TermiNetwork' from project 'TermiNetwork')
    cd /Users/admin/builder/spi-builder-workspace/.swiftpm/xcode
    builtin-SwiftPerFileCompile PathType.swift
SwiftCompile normal arm64 /Users/admin/builder/spi-builder-workspace/Source/Enums/QueueFailureMode.swift (in target 'TermiNetwork' from project 'TermiNetwork')
    cd /Users/admin/builder/spi-builder-workspace/.swiftpm/xcode
    builtin-SwiftPerFileCompile QueueFailureMode.swift
SwiftCompile normal arm64 /Users/admin/builder/spi-builder-workspace/Source/Enums/RequestBodyType.swift (in target 'TermiNetwork' from project 'TermiNetwork')
    cd /Users/admin/builder/spi-builder-workspace/.swiftpm/xcode
    builtin-SwiftPerFileCompile RequestBodyType.swift
SwiftCompile normal arm64 /Users/admin/builder/spi-builder-workspace/Source/Enums/RequestType.swift (in target 'TermiNetwork' from project 'TermiNetwork')
    cd /Users/admin/builder/spi-builder-workspace/.swiftpm/xcode
    builtin-SwiftPerFileCompile RequestType.swift
SwiftCompile normal arm64 /Users/admin/builder/spi-builder-workspace/Source/Enums/TNError.swift (in target 'TermiNetwork' from project 'TermiNetwork')
    cd /Users/admin/builder/spi-builder-workspace/.swiftpm/xcode
    builtin-SwiftPerFileCompile TNError.swift
SwiftCompile normal arm64 Compiling\ EndpointProtocol.swift,\ InterceptorProtocol.swift,\ RequestMiddlewareProtocol.swift,\ Queue.swift,\ Reachability.swift /Users/admin/builder/spi-builder-workspace/Source/Protocols/EndpointProtocol.swift /Users/admin/builder/spi-builder-workspace/Source/Protocols/InterceptorProtocol.swift /Users/admin/builder/spi-builder-workspace/Source/Protocols/RequestMiddlewareProtocol.swift /Users/admin/builder/spi-builder-workspace/Source/Queue.swift /Users/admin/builder/spi-builder-workspace/Source/Reachability.swift (in target 'TermiNetwork' from project 'TermiNetwork')
SwiftCompile normal arm64 /Users/admin/builder/spi-builder-workspace/Source/Protocols/EndpointProtocol.swift (in target 'TermiNetwork' from project 'TermiNetwork')
    cd /Users/admin/builder/spi-builder-workspace/.swiftpm/xcode
    builtin-SwiftPerFileCompile EndpointProtocol.swift
SwiftCompile normal arm64 /Users/admin/builder/spi-builder-workspace/Source/Protocols/InterceptorProtocol.swift (in target 'TermiNetwork' from project 'TermiNetwork')
    cd /Users/admin/builder/spi-builder-workspace/.swiftpm/xcode
    builtin-SwiftPerFileCompile InterceptorProtocol.swift
SwiftCompile normal arm64 /Users/admin/builder/spi-builder-workspace/Source/Protocols/RequestMiddlewareProtocol.swift (in target 'TermiNetwork' from project 'TermiNetwork')
    cd /Users/admin/builder/spi-builder-workspace/.swiftpm/xcode
    builtin-SwiftPerFileCompile RequestMiddlewareProtocol.swift
SwiftCompile normal arm64 /Users/admin/builder/spi-builder-workspace/Source/Queue.swift (in target 'TermiNetwork' from project 'TermiNetwork')
    cd /Users/admin/builder/spi-builder-workspace/.swiftpm/xcode
    builtin-SwiftPerFileCompile Queue.swift
SwiftCompile normal arm64 /Users/admin/builder/spi-builder-workspace/Source/Reachability.swift (in target 'TermiNetwork' from project 'TermiNetwork')
    cd /Users/admin/builder/spi-builder-workspace/.swiftpm/xcode
    builtin-SwiftPerFileCompile Reachability.swift
SwiftCompile normal arm64 Compiling\ EnvironmentType.swift,\ HttpMethod.swift,\ InterceptionAction.swift,\ MultipartFormDataStream.swift,\ Path.swift /Users/admin/builder/spi-builder-workspace/Source/Enums/EnvironmentType.swift /Users/admin/builder/spi-builder-workspace/Source/Enums/HttpMethod.swift /Users/admin/builder/spi-builder-workspace/Source/Enums/InterceptionAction.swift /Users/admin/builder/spi-builder-workspace/Source/Enums/MultipartFormDataStream.swift /Users/admin/builder/spi-builder-workspace/Source/Enums/Path.swift (in target 'TermiNetwork' from project 'TermiNetwork')
SwiftCompile normal arm64 /Users/admin/builder/spi-builder-workspace/Source/Enums/EnvironmentType.swift (in target 'TermiNetwork' from project 'TermiNetwork')
    cd /Users/admin/builder/spi-builder-workspace/.swiftpm/xcode
    builtin-SwiftPerFileCompile EnvironmentType.swift
SwiftCompile normal arm64 /Users/admin/builder/spi-builder-workspace/Source/Enums/HttpMethod.swift (in target 'TermiNetwork' from project 'TermiNetwork')
    cd /Users/admin/builder/spi-builder-workspace/.swiftpm/xcode
    builtin-SwiftPerFileCompile HttpMethod.swift
SwiftCompile normal arm64 /Users/admin/builder/spi-builder-workspace/Source/Enums/InterceptionAction.swift (in target 'TermiNetwork' from project 'TermiNetwork')
    cd /Users/admin/builder/spi-builder-workspace/.swiftpm/xcode
    builtin-SwiftPerFileCompile InterceptionAction.swift
SwiftCompile normal arm64 /Users/admin/builder/spi-builder-workspace/Source/Enums/MultipartFormDataStream.swift (in target 'TermiNetwork' from project 'TermiNetwork')
    cd /Users/admin/builder/spi-builder-workspace/.swiftpm/xcode
    builtin-SwiftPerFileCompile MultipartFormDataStream.swift
SwiftCompile normal arm64 /Users/admin/builder/spi-builder-workspace/Source/Enums/Path.swift (in target 'TermiNetwork' from project 'TermiNetwork')
    cd /Users/admin/builder/spi-builder-workspace/.swiftpm/xcode
    builtin-SwiftPerFileCompile Path.swift
SwiftCompile normal arm64 Compiling\ Request.swift,\ Session.swift,\ SessionTaskFactory.swift,\ Image.swift,\ Types.swift /Users/admin/builder/spi-builder-workspace/Source/Request.swift /Users/admin/builder/spi-builder-workspace/Source/Session.swift /Users/admin/builder/spi-builder-workspace/Source/SessionTaskFactory.swift /Users/admin/builder/spi-builder-workspace/Source/SwiftUI/Image.swift /Users/admin/builder/spi-builder-workspace/Source/Types.swift (in target 'TermiNetwork' from project 'TermiNetwork')
/Users/admin/builder/spi-builder-workspace/Source/SwiftUI/Image.swift:37:50: error: cannot find type 'TNImageType' in scope
 35 | ///     - image: The downloaded image.
 36 | /// - returns: The new transformed image.
 37 | public typealias ImagePreprocessType = (_ image: TNImageType) -> (TNImageType)
    |                                                  `- error: cannot find type 'TNImageType' in scope
 38 | /// Callback type for image downloaded event.
 39 | /// - parameters:
/Users/admin/builder/spi-builder-workspace/Source/SwiftUI/Image.swift:37:67: error: cannot find type 'TNImageType' in scope
 35 | ///     - image: The downloaded image.
 36 | /// - returns: The new transformed image.
 37 | public typealias ImagePreprocessType = (_ image: TNImageType) -> (TNImageType)
    |                                                                   `- error: cannot find type 'TNImageType' in scope
 38 | /// Callback type for image downloaded event.
 39 | /// - parameters:
/Users/admin/builder/spi-builder-workspace/Source/SwiftUI/Image.swift:43:56: error: cannot find type 'TNImageType' in scope
 41 | ///     - error: A TNError object if it fails to download.
 42 | /// - returns: The new transformed image.
 43 | public typealias ImageOnFinishCallbackType = (_ image: TNImageType?, _ error: TNError?) -> Void
    |                                                        `- error: cannot find type 'TNImageType' in scope
 44 |
 45 | @available(iOS 13.0, *)
/Users/admin/builder/spi-builder-workspace/Source/SwiftUI/Image.swift:55:28: error: cannot find 'TNImageType' in scope
 53 |     private var onFinishImageClosure: ImageOnFinishCallbackType?
 54 |
 55 |     @Published var image = TNImageType()
    |                            `- error: cannot find 'TNImageType' in scope
 56 |
 57 |     init(with url: String,
/Users/admin/builder/spi-builder-workspace/Source/SwiftUI/Image.swift:55:6: error: failed to produce diagnostic for expression; please submit a bug report (https://swift.org/contributing/#reporting-bugs)
 53 |     private var onFinishImageClosure: ImageOnFinishCallbackType?
 54 |
 55 |     @Published var image = TNImageType()
    |      `- error: failed to produce diagnostic for expression; please submit a bug report (https://swift.org/contributing/#reporting-bugs)
 56 |
 57 |     init(with url: String,
SwiftCompile normal arm64 /Users/admin/builder/spi-builder-workspace/Source/Request.swift (in target 'TermiNetwork' from project 'TermiNetwork')
    cd /Users/admin/builder/spi-builder-workspace/.swiftpm/xcode
    builtin-SwiftPerFileCompile Request.swift
SwiftCompile normal arm64 /Users/admin/builder/spi-builder-workspace/Source/Session.swift (in target 'TermiNetwork' from project 'TermiNetwork')
    cd /Users/admin/builder/spi-builder-workspace/.swiftpm/xcode
    builtin-SwiftPerFileCompile Session.swift
SwiftCompile normal arm64 /Users/admin/builder/spi-builder-workspace/Source/SessionTaskFactory.swift (in target 'TermiNetwork' from project 'TermiNetwork')
    cd /Users/admin/builder/spi-builder-workspace/.swiftpm/xcode
    builtin-SwiftPerFileCompile SessionTaskFactory.swift
SwiftCompile normal arm64 /Users/admin/builder/spi-builder-workspace/Source/SwiftUI/Image.swift (in target 'TermiNetwork' from project 'TermiNetwork')
    cd /Users/admin/builder/spi-builder-workspace/.swiftpm/xcode
    builtin-SwiftPerFileCompile Image.swift
SwiftCompile normal arm64 /Users/admin/builder/spi-builder-workspace/Source/Types.swift (in target 'TermiNetwork' from project 'TermiNetwork')
    cd /Users/admin/builder/spi-builder-workspace/.swiftpm/xcode
    builtin-SwiftPerFileCompile Types.swift
SwiftCompile normal arm64 Compiling\ URLScheme.swift,\ Environment.swift,\ Data+Extensions.swift,\ Dictionary+Extensions.swift,\ Decodable+Transformer.swift /Users/admin/builder/spi-builder-workspace/Source/Enums/URLScheme.swift /Users/admin/builder/spi-builder-workspace/Source/Environment.swift /Users/admin/builder/spi-builder-workspace/Source/Extensions/Data+Extensions.swift /Users/admin/builder/spi-builder-workspace/Source/Extensions/Dictionary+Extensions.swift /Users/admin/builder/spi-builder-workspace/Source/Extensions/Operations/Decodable+Transformer.swift (in target 'TermiNetwork' from project 'TermiNetwork')
SwiftCompile normal arm64 /Users/admin/builder/spi-builder-workspace/Source/Enums/URLScheme.swift (in target 'TermiNetwork' from project 'TermiNetwork')
    cd /Users/admin/builder/spi-builder-workspace/.swiftpm/xcode
    builtin-SwiftPerFileCompile URLScheme.swift
SwiftCompile normal arm64 /Users/admin/builder/spi-builder-workspace/Source/Environment.swift (in target 'TermiNetwork' from project 'TermiNetwork')
    cd /Users/admin/builder/spi-builder-workspace/.swiftpm/xcode
    builtin-SwiftPerFileCompile Environment.swift
SwiftCompile normal arm64 /Users/admin/builder/spi-builder-workspace/Source/Extensions/Data+Extensions.swift (in target 'TermiNetwork' from project 'TermiNetwork')
    cd /Users/admin/builder/spi-builder-workspace/.swiftpm/xcode
    builtin-SwiftPerFileCompile Data+Extensions.swift
SwiftCompile normal arm64 /Users/admin/builder/spi-builder-workspace/Source/Extensions/Dictionary+Extensions.swift (in target 'TermiNetwork' from project 'TermiNetwork')
    cd /Users/admin/builder/spi-builder-workspace/.swiftpm/xcode
    builtin-SwiftPerFileCompile Dictionary+Extensions.swift
SwiftCompile normal arm64 /Users/admin/builder/spi-builder-workspace/Source/Extensions/Operations/Decodable+Transformer.swift (in target 'TermiNetwork' from project 'TermiNetwork')
    cd /Users/admin/builder/spi-builder-workspace/.swiftpm/xcode
    builtin-SwiftPerFileCompile Decodable+Transformer.swift
SwiftCompile normal arm64 Compiling\ Cache.swift,\ CertificatePinningManager.swift,\ Client.swift,\ Configuration.swift,\ EndpointConfiguration.swift /Users/admin/builder/spi-builder-workspace/Source/Cache.swift /Users/admin/builder/spi-builder-workspace/Source/CertificatePinningManager.swift /Users/admin/builder/spi-builder-workspace/Source/Client.swift /Users/admin/builder/spi-builder-workspace/Source/Configuration.swift /Users/admin/builder/spi-builder-workspace/Source/EndpointConfiguration.swift (in target 'TermiNetwork' from project 'TermiNetwork')
SwiftCompile normal arm64 /Users/admin/builder/spi-builder-workspace/Source/Cache.swift (in target 'TermiNetwork' from project 'TermiNetwork')
    cd /Users/admin/builder/spi-builder-workspace/.swiftpm/xcode
    builtin-SwiftPerFileCompile Cache.swift
SwiftCompile normal arm64 /Users/admin/builder/spi-builder-workspace/Source/CertificatePinningManager.swift (in target 'TermiNetwork' from project 'TermiNetwork')
    cd /Users/admin/builder/spi-builder-workspace/.swiftpm/xcode
    builtin-SwiftPerFileCompile CertificatePinningManager.swift
SwiftCompile normal arm64 /Users/admin/builder/spi-builder-workspace/Source/Client.swift (in target 'TermiNetwork' from project 'TermiNetwork')
    cd /Users/admin/builder/spi-builder-workspace/.swiftpm/xcode
    builtin-SwiftPerFileCompile Client.swift
SwiftCompile normal arm64 /Users/admin/builder/spi-builder-workspace/Source/Configuration.swift (in target 'TermiNetwork' from project 'TermiNetwork')
    cd /Users/admin/builder/spi-builder-workspace/.swiftpm/xcode
    builtin-SwiftPerFileCompile Configuration.swift
SwiftCompile normal arm64 /Users/admin/builder/spi-builder-workspace/Source/EndpointConfiguration.swift (in target 'TermiNetwork' from project 'TermiNetwork')
    cd /Users/admin/builder/spi-builder-workspace/.swiftpm/xcode
    builtin-SwiftPerFileCompile EndpointConfiguration.swift
SwiftCompile normal arm64 Compiling\ RequestBodyGenerators.swift,\ RequestHelpers.swift,\ Log.swift,\ MultipartFormDataPartType.swift,\ Operation.swift /Users/admin/builder/spi-builder-workspace/Source/Helpers/RequestBodyGenerators.swift /Users/admin/builder/spi-builder-workspace/Source/Helpers/RequestHelpers.swift /Users/admin/builder/spi-builder-workspace/Source/Log.swift /Users/admin/builder/spi-builder-workspace/Source/MultipartFormDataPartType.swift /Users/admin/builder/spi-builder-workspace/Source/Operation.swift (in target 'TermiNetwork' from project 'TermiNetwork')
SwiftCompile normal arm64 /Users/admin/builder/spi-builder-workspace/Source/Helpers/RequestBodyGenerators.swift (in target 'TermiNetwork' from project 'TermiNetwork')
    cd /Users/admin/builder/spi-builder-workspace/.swiftpm/xcode
    builtin-SwiftPerFileCompile RequestBodyGenerators.swift
SwiftCompile normal arm64 /Users/admin/builder/spi-builder-workspace/Source/Helpers/RequestHelpers.swift (in target 'TermiNetwork' from project 'TermiNetwork')
    cd /Users/admin/builder/spi-builder-workspace/.swiftpm/xcode
    builtin-SwiftPerFileCompile RequestHelpers.swift
SwiftCompile normal arm64 /Users/admin/builder/spi-builder-workspace/Source/Log.swift (in target 'TermiNetwork' from project 'TermiNetwork')
    cd /Users/admin/builder/spi-builder-workspace/.swiftpm/xcode
    builtin-SwiftPerFileCompile Log.swift
SwiftCompile normal arm64 /Users/admin/builder/spi-builder-workspace/Source/MultipartFormDataPartType.swift (in target 'TermiNetwork' from project 'TermiNetwork')
    cd /Users/admin/builder/spi-builder-workspace/.swiftpm/xcode
    builtin-SwiftPerFileCompile MultipartFormDataPartType.swift
SwiftCompile normal arm64 /Users/admin/builder/spi-builder-workspace/Source/Operation.swift (in target 'TermiNetwork' from project 'TermiNetwork')
    cd /Users/admin/builder/spi-builder-workspace/.swiftpm/xcode
    builtin-SwiftPerFileCompile Operation.swift
PruneExplicitPrecompiledModules /Users/admin/builder/spi-builder-workspace/.derivedData/Build/Intermediates.noindex/ExplicitPrecompiledModules
PruneExplicitPrecompiledModules /Users/admin/builder/spi-builder-workspace/.derivedData/Build/Intermediates.noindex/SwiftExplicitPrecompiledModules
PruneExplicitPrecompiledModules /Users/admin/builder/spi-builder-workspace/.derivedData/SDKExplicitPrecompiledModules
2026-09-21 13:03:12.277 xcodebuild[715:4564] [MT] IDERunDestination: Supported platforms for the buildables in the current scheme is empty.
** BUILD FAILED **
The following build commands failed:
	SwiftCompile normal arm64 (in target 'TermiNetwork' from project 'TermiNetwork')
	SwiftEmitModule normal arm64 Emitting\ module\ for\ TermiNetwork (in target 'TermiNetwork' from project 'TermiNetwork')
	Building workspace TermiNetwork with scheme TermiNetwork
(3 failures)
Command line invocation:
    /Applications/Xcode-27.0.0-Release.Candidate.app/Contents/Developer/usr/bin/xcodebuild -IDEClonedSourcePackagesDirPathOverride=/Users/admin/builder/spi-builder-workspace/.dependencies -resolvePackageDependencies
Resolve Package Graph
Resolved source packages:
  TermiNetwork: /Users/admin/builder/spi-builder-workspace
resolved source packages: TermiNetwork
2026-09-21 13:03:19.901 xcodebuild[831:5024] [MT] IDERunDestination: Supported platforms for the buildables in the current scheme is empty.
{
  "dependencies" : [
  ],
  "manifest_display_name" : "TermiNetwork",
  "name" : "TermiNetwork",
  "path" : "/Users/admin/builder/spi-builder-workspace",
  "platforms" : [
    {
      "name" : "macos",
      "version" : "10.15"
    },
    {
      "name" : "ios",
      "version" : "14.0"
    },
    {
      "name" : "tvos",
      "version" : "14.0"
    },
    {
      "name" : "watchos",
      "version" : "6.0"
    }
  ],
  "products" : [
    {
      "name" : "TermiNetwork",
      "targets" : [
        "TermiNetwork"
      ],
      "type" : {
        "library" : [
          "automatic"
        ]
      }
    }
  ],
  "swift_languages_versions" : [
    "5"
  ],
  "targets" : [
    {
      "c99name" : "TermiNetwork",
      "module_type" : "SwiftTarget",
      "name" : "TermiNetwork",
      "path" : "Source",
      "product_memberships" : [
        "TermiNetwork"
      ],
      "sources" : [
        "Cache.swift",
        "CertificatePinningManager.swift",
        "Client.swift",
        "Configuration.swift",
        "EndpointConfiguration.swift",
        "Enums/EnvironmentType.swift",
        "Enums/HttpMethod.swift",
        "Enums/InterceptionAction.swift",
        "Enums/MultipartFormDataStream.swift",
        "Enums/Path.swift",
        "Enums/PathType.swift",
        "Enums/QueueFailureMode.swift",
        "Enums/RequestBodyType.swift",
        "Enums/RequestType.swift",
        "Enums/TNError.swift",
        "Enums/URLScheme.swift",
        "Environment.swift",
        "Extensions/Data+Extensions.swift",
        "Extensions/Dictionary+Extensions.swift",
        "Extensions/Operations/Decodable+Transformer.swift",
        "Extensions/Operations/Request+DataOperations.swift",
        "Extensions/Operations/Request+FileOperations.swift",
        "Extensions/Operations/Request+FileOperationsAsync.swift",
        "Extensions/Request+Async.swift",
        "Extensions/Request+Interceptors.swift",
        "Extensions/Request+Middleware.swift",
        "Extensions/Request+Mock.swift",
        "Extensions/Request+NSCopying.swift",
        "Extensions/Request+ResponseHeaders.swift",
        "Extensions/Request+ResponseTypes.swift",
        "Extensions/UIImage+Extensions.swift",
        "Extensions/UIImageView+Extensions.swift",
        "Extensions/URLRequest+Extensions.swift",
        "FileStreamer.swift",
        "Helpers/MultipartFormDataHelpers.swift",
        "Helpers/RequestBodyGenerators.swift",
        "Helpers/RequestHelpers.swift",
        "Log.swift",
        "MultipartFormDataPartType.swift",
        "Operation.swift",
        "Protocols/EndpointProtocol.swift",
        "Protocols/InterceptorProtocol.swift",
        "Protocols/RequestMiddlewareProtocol.swift",
        "Queue.swift",
        "Reachability.swift",
        "Request.swift",
        "Session.swift",
        "SessionTaskFactory.swift",
        "SwiftUI/Image.swift",
        "Types.swift"
      ],
      "type" : "library"
    }
  ],
  "tools_version" : "5.7"
}
{
  "workspace" : {
    "name" : "TermiNetwork",
    "schemes" : [
      "TermiNetwork"
    ]
  }
}
2026-09-21 13:03:21.104 xcodebuild[839:5094] [MT] IDERunDestination: Supported platforms for the buildables in the current scheme is empty.
Running build ...
env DEVELOPER_DIR=/Applications/Xcode-27.0.0-Release.Candidate.app xcrun xcodebuild -IDEClonedSourcePackagesDirPathOverride=$PWD/.dependencies -skipMacroValidation -skipPackagePluginValidation -derivedDataPath $PWD/.derivedData build -scheme TermiNetwork -destination generic/platform=xrOS
Command line invocation:
    /Applications/Xcode-27.0.0-Release.Candidate.app/Contents/Developer/usr/bin/xcodebuild -IDEClonedSourcePackagesDirPathOverride=/Users/admin/builder/spi-builder-workspace/.dependencies -skipMacroValidation -skipPackagePluginValidation -derivedDataPath /Users/admin/builder/spi-builder-workspace/.derivedData build -scheme TermiNetwork -destination generic/platform=xrOS
Resolve Package Graph
Resolved source packages:
  TermiNetwork: /Users/admin/builder/spi-builder-workspace
ComputePackagePrebuildTargetDependencyGraph
Prepare packages
CreateBuildRequest
SendProjectDescription
CreateBuildOperation
ComputeTargetDependencyGraph
note: Building targets in dependency order
note: Target dependency graph (2 targets)
    Target 'TermiNetwork-product' in project 'TermiNetwork'
        ➜ Explicit dependency on target 'TermiNetwork' in project 'TermiNetwork'
    Target 'TermiNetwork' in project 'TermiNetwork' (no dependencies)
GatherProvisioningInputs
CreateBuildDescription
ClangStatCache /Applications/Xcode-27.0.0-Release.Candidate.app/Contents/Developer/Toolchains/XcodeDefault.xctoolchain/usr/bin/clang-stat-cache /Applications/Xcode-27.0.0-Release.Candidate.app/Contents/Developer/Platforms/XROS.platform/Developer/SDKs/XROS27.0.sdk /Users/admin/builder/spi-builder-workspace/.derivedData/SDKStatCaches.noindex/xros27.0-24M361-e829b21a6f8c9b70876ba0858053c044735bd543db762f57723cac368afd1ce4.sdkstatcache
    cd /Users/admin/builder/spi-builder-workspace/.swiftpm/xcode
    /Applications/Xcode-27.0.0-Release.Candidate.app/Contents/Developer/Toolchains/XcodeDefault.xctoolchain/usr/bin/clang-stat-cache /Applications/Xcode-27.0.0-Release.Candidate.app/Contents/Developer/Platforms/XROS.platform/Developer/SDKs/XROS27.0.sdk -o /Users/admin/builder/spi-builder-workspace/.derivedData/SDKStatCaches.noindex/xros27.0-24M361-e829b21a6f8c9b70876ba0858053c044735bd543db762f57723cac368afd1ce4.sdkstatcache
SwiftDriver TermiNetwork normal arm64 com.apple.xcode.tools.swift.compiler (in target 'TermiNetwork' from project 'TermiNetwork')
    cd /Users/admin/builder/spi-builder-workspace/.swiftpm/xcode
    builtin-SwiftDriver -- /Applications/Xcode-27.0.0-Release.Candidate.app/Contents/Developer/Toolchains/XcodeDefault.xctoolchain/usr/bin/swiftc -parse-as-library -module-name TermiNetwork -Onone @/Users/admin/builder/spi-builder-workspace/.derivedData/Build/Intermediates.noindex/TermiNetwork.build/Debug-xros/TermiNetwork-t.build/Objects-normal/arm64/TermiNetwork.SwiftFileList -DSWIFT_PACKAGE -DDEBUG -DSWIFT_MODULE_RESOURCE_BUNDLE_UNAVAILABLE -DXcode -plugin-path /Applications/Xcode-27.0.0-Release.Candidate.app/Contents/Developer/Toolchains/XcodeDefault.xctoolchain/usr/lib/swift/host/plugins/testing -enable-experimental-feature DebugDescriptionMacro -sdk /Applications/Xcode-27.0.0-Release.Candidate.app/Contents/Developer/Platforms/XROS.platform/Developer/SDKs/XROS27.0.sdk -target arm64-apple-xros1.0 -g -module-cache-path /Users/admin/builder/spi-builder-workspace/.derivedData/ModuleCache.noindex -Xfrontend -serialize-debugging-options -enable-testing -index-store-path /Users/admin/builder/spi-builder-workspace/.derivedData/Index.noindex/DataStore -Xcc -D_LIBCPP_HARDENING_MODE\=_LIBCPP_HARDENING_MODE_DEBUG -swift-version 5 -I /Users/admin/builder/spi-builder-workspace/.derivedData/Build/Products/Debug-xros -Isystem /Applications/Xcode-27.0.0-Release.Candidate.app/Contents/Developer/Platforms/XROS.platform/Developer/usr/lib -F /Users/admin/builder/spi-builder-workspace/.derivedData/Build/Products/Debug-xros -F /Applications/Xcode-27.0.0-Release.Candidate.app/Contents/Developer/Platforms/XROS.platform/Developer/Library/Frameworks -F /Applications/Xcode-27.0.0-Release.Candidate.app/Contents/Developer/Platforms/XROS.platform/Developer/SDKs/XROS27.0.sdk/Developer/Library/Frameworks -c -j10 -enable-batch-mode -incremental -Xcc -ivfsstatcache -Xcc /Users/admin/builder/spi-builder-workspace/.derivedData/SDKStatCaches.noindex/xros27.0-24M361-e829b21a6f8c9b70876ba0858053c044735bd543db762f57723cac368afd1ce4.sdkstatcache -output-file-map /Users/admin/builder/spi-builder-workspace/.derivedData/Build/Intermediates.noindex/TermiNetwork.build/Debug-xros/TermiNetwork-t.build/Objects-normal/arm64/TermiNetwork-OutputFileMap.json -save-temps -no-color-diagnostics -explicit-module-build -module-cache-path /Users/admin/builder/spi-builder-workspace/.derivedData/Build/Intermediates.noindex/SwiftExplicitPrecompiledModules -clang-scanner-module-cache-path /Users/admin/builder/spi-builder-workspace/.derivedData/ModuleCache.noindex -sdk-module-cache-path /Users/admin/builder/spi-builder-workspace/.derivedData/SDKExplicitPrecompiledModules -emit-dependencies -emit-module -emit-module-path /Users/admin/builder/spi-builder-workspace/.derivedData/Build/Intermediates.noindex/TermiNetwork.build/Debug-xros/TermiNetwork-t.build/Objects-normal/arm64/TermiNetwork.swiftmodule -serialize-diagnostics -dependency-scan-serialize-diagnostics-path /Users/admin/builder/spi-builder-workspace/.derivedData/Build/Intermediates.noindex/TermiNetwork.build/Debug-xros/TermiNetwork-t.build/Objects-normal/arm64/TermiNetwork-dependency-scan.dia -validate-clang-modules-once -clang-build-session-file /Users/admin/builder/spi-builder-workspace/.derivedData/ModuleCache.noindex/Session.modulevalidation -Xcc -fmodules-prune-interval\=86400 -Xcc -fmodules-prune-after\=345600 -emit-const-values -const-gather-protocols-list /Users/admin/builder/spi-builder-workspace/.derivedData/Build/Intermediates.noindex/TermiNetwork.build/Debug-xros/TermiNetwork-t.build/Objects-normal/arm64/TermiNetwork_const_extract_protocols.json -Xcc -I/Users/admin/builder/spi-builder-workspace/.derivedData/Build/Products/Debug-xros/include -Xcc -I/Users/admin/builder/spi-builder-workspace/.derivedData/Build/Intermediates.noindex/TermiNetwork.build/Debug-xros/TermiNetwork-t.build/DerivedSources-normal/arm64 -Xcc -I/Users/admin/builder/spi-builder-workspace/.derivedData/Build/Intermediates.noindex/TermiNetwork.build/Debug-xros/TermiNetwork-t.build/DerivedSources/arm64 -Xcc -I/Users/admin/builder/spi-builder-workspace/.derivedData/Build/Intermediates.noindex/TermiNetwork.build/Debug-xros/TermiNetwork-t.build/DerivedSources -Xcc -DSWIFT_PACKAGE -Xcc -DDEBUG\=1 -emit-objc-header -emit-objc-header-path /Users/admin/builder/spi-builder-workspace/.derivedData/Build/Intermediates.noindex/TermiNetwork.build/Debug-xros/TermiNetwork-t.build/Objects-normal/arm64/TermiNetwork-Swift.h -working-directory /Users/admin/builder/spi-builder-workspace/.swiftpm/xcode -experimental-emit-module-separately -disable-cmo
SwiftCompile normal arm64 Compiling\ EnvironmentType.swift,\ HttpMethod.swift,\ InterceptionAction.swift,\ MultipartFormDataStream.swift,\ Path.swift /Users/admin/builder/spi-builder-workspace/Source/Enums/EnvironmentType.swift /Users/admin/builder/spi-builder-workspace/Source/Enums/HttpMethod.swift /Users/admin/builder/spi-builder-workspace/Source/Enums/InterceptionAction.swift /Users/admin/builder/spi-builder-workspace/Source/Enums/MultipartFormDataStream.swift /Users/admin/builder/spi-builder-workspace/Source/Enums/Path.swift (in target 'TermiNetwork' from project 'TermiNetwork')
SwiftCompile normal arm64 /Users/admin/builder/spi-builder-workspace/Source/Enums/EnvironmentType.swift (in target 'TermiNetwork' from project 'TermiNetwork')
    cd /Users/admin/builder/spi-builder-workspace/.swiftpm/xcode
    builtin-SwiftPerFileCompile EnvironmentType.swift
SwiftCompile normal arm64 /Users/admin/builder/spi-builder-workspace/Source/Enums/HttpMethod.swift (in target 'TermiNetwork' from project 'TermiNetwork')
    cd /Users/admin/builder/spi-builder-workspace/.swiftpm/xcode
    builtin-SwiftPerFileCompile HttpMethod.swift
SwiftCompile normal arm64 /Users/admin/builder/spi-builder-workspace/Source/Enums/InterceptionAction.swift (in target 'TermiNetwork' from project 'TermiNetwork')
    cd /Users/admin/builder/spi-builder-workspace/.swiftpm/xcode
    builtin-SwiftPerFileCompile InterceptionAction.swift
SwiftCompile normal arm64 /Users/admin/builder/spi-builder-workspace/Source/Enums/MultipartFormDataStream.swift (in target 'TermiNetwork' from project 'TermiNetwork')
    cd /Users/admin/builder/spi-builder-workspace/.swiftpm/xcode
    builtin-SwiftPerFileCompile MultipartFormDataStream.swift
SwiftCompile normal arm64 /Users/admin/builder/spi-builder-workspace/Source/Enums/Path.swift (in target 'TermiNetwork' from project 'TermiNetwork')
    cd /Users/admin/builder/spi-builder-workspace/.swiftpm/xcode
    builtin-SwiftPerFileCompile Path.swift
SwiftCompile normal arm64 Compiling\ URLScheme.swift,\ Environment.swift,\ Data+Extensions.swift,\ Dictionary+Extensions.swift,\ Decodable+Transformer.swift /Users/admin/builder/spi-builder-workspace/Source/Enums/URLScheme.swift /Users/admin/builder/spi-builder-workspace/Source/Environment.swift /Users/admin/builder/spi-builder-workspace/Source/Extensions/Data+Extensions.swift /Users/admin/builder/spi-builder-workspace/Source/Extensions/Dictionary+Extensions.swift /Users/admin/builder/spi-builder-workspace/Source/Extensions/Operations/Decodable+Transformer.swift (in target 'TermiNetwork' from project 'TermiNetwork')
SwiftCompile normal arm64 /Users/admin/builder/spi-builder-workspace/Source/Enums/URLScheme.swift (in target 'TermiNetwork' from project 'TermiNetwork')
    cd /Users/admin/builder/spi-builder-workspace/.swiftpm/xcode
    builtin-SwiftPerFileCompile URLScheme.swift
SwiftCompile normal arm64 /Users/admin/builder/spi-builder-workspace/Source/Environment.swift (in target 'TermiNetwork' from project 'TermiNetwork')
    cd /Users/admin/builder/spi-builder-workspace/.swiftpm/xcode
    builtin-SwiftPerFileCompile Environment.swift
SwiftCompile normal arm64 /Users/admin/builder/spi-builder-workspace/Source/Extensions/Data+Extensions.swift (in target 'TermiNetwork' from project 'TermiNetwork')
    cd /Users/admin/builder/spi-builder-workspace/.swiftpm/xcode
    builtin-SwiftPerFileCompile Data+Extensions.swift
SwiftCompile normal arm64 /Users/admin/builder/spi-builder-workspace/Source/Extensions/Dictionary+Extensions.swift (in target 'TermiNetwork' from project 'TermiNetwork')
    cd /Users/admin/builder/spi-builder-workspace/.swiftpm/xcode
    builtin-SwiftPerFileCompile Dictionary+Extensions.swift
SwiftCompile normal arm64 /Users/admin/builder/spi-builder-workspace/Source/Extensions/Operations/Decodable+Transformer.swift (in target 'TermiNetwork' from project 'TermiNetwork')
    cd /Users/admin/builder/spi-builder-workspace/.swiftpm/xcode
    builtin-SwiftPerFileCompile Decodable+Transformer.swift
SwiftCompile normal arm64 Compiling\ RequestBodyGenerators.swift,\ RequestHelpers.swift,\ Log.swift,\ MultipartFormDataPartType.swift,\ Operation.swift /Users/admin/builder/spi-builder-workspace/Source/Helpers/RequestBodyGenerators.swift /Users/admin/builder/spi-builder-workspace/Source/Helpers/RequestHelpers.swift /Users/admin/builder/spi-builder-workspace/Source/Log.swift /Users/admin/builder/spi-builder-workspace/Source/MultipartFormDataPartType.swift /Users/admin/builder/spi-builder-workspace/Source/Operation.swift (in target 'TermiNetwork' from project 'TermiNetwork')
SwiftCompile normal arm64 /Users/admin/builder/spi-builder-workspace/Source/Helpers/RequestBodyGenerators.swift (in target 'TermiNetwork' from project 'TermiNetwork')
    cd /Users/admin/builder/spi-builder-workspace/.swiftpm/xcode
    builtin-SwiftPerFileCompile RequestBodyGenerators.swift
SwiftCompile normal arm64 /Users/admin/builder/spi-builder-workspace/Source/Helpers/RequestHelpers.swift (in target 'TermiNetwork' from project 'TermiNetwork')
    cd /Users/admin/builder/spi-builder-workspace/.swiftpm/xcode
    builtin-SwiftPerFileCompile RequestHelpers.swift
SwiftCompile normal arm64 /Users/admin/builder/spi-builder-workspace/Source/Log.swift (in target 'TermiNetwork' from project 'TermiNetwork')
    cd /Users/admin/builder/spi-builder-workspace/.swiftpm/xcode
    builtin-SwiftPerFileCompile Log.swift
SwiftCompile normal arm64 /Users/admin/builder/spi-builder-workspace/Source/MultipartFormDataPartType.swift (in target 'TermiNetwork' from project 'TermiNetwork')
    cd /Users/admin/builder/spi-builder-workspace/.swiftpm/xcode
    builtin-SwiftPerFileCompile MultipartFormDataPartType.swift
SwiftCompile normal arm64 /Users/admin/builder/spi-builder-workspace/Source/Operation.swift (in target 'TermiNetwork' from project 'TermiNetwork')
    cd /Users/admin/builder/spi-builder-workspace/.swiftpm/xcode
    builtin-SwiftPerFileCompile Operation.swift
SwiftCompile normal arm64 Compiling\ Cache.swift,\ CertificatePinningManager.swift,\ Client.swift,\ Configuration.swift,\ EndpointConfiguration.swift /Users/admin/builder/spi-builder-workspace/Source/Cache.swift /Users/admin/builder/spi-builder-workspace/Source/CertificatePinningManager.swift /Users/admin/builder/spi-builder-workspace/Source/Client.swift /Users/admin/builder/spi-builder-workspace/Source/Configuration.swift /Users/admin/builder/spi-builder-workspace/Source/EndpointConfiguration.swift (in target 'TermiNetwork' from project 'TermiNetwork')
SwiftCompile normal arm64 /Users/admin/builder/spi-builder-workspace/Source/Cache.swift (in target 'TermiNetwork' from project 'TermiNetwork')
    cd /Users/admin/builder/spi-builder-workspace/.swiftpm/xcode
    builtin-SwiftPerFileCompile Cache.swift
SwiftCompile normal arm64 /Users/admin/builder/spi-builder-workspace/Source/CertificatePinningManager.swift (in target 'TermiNetwork' from project 'TermiNetwork')
    cd /Users/admin/builder/spi-builder-workspace/.swiftpm/xcode
    builtin-SwiftPerFileCompile CertificatePinningManager.swift
SwiftCompile normal arm64 /Users/admin/builder/spi-builder-workspace/Source/Client.swift (in target 'TermiNetwork' from project 'TermiNetwork')
    cd /Users/admin/builder/spi-builder-workspace/.swiftpm/xcode
    builtin-SwiftPerFileCompile Client.swift
SwiftCompile normal arm64 /Users/admin/builder/spi-builder-workspace/Source/Configuration.swift (in target 'TermiNetwork' from project 'TermiNetwork')
    cd /Users/admin/builder/spi-builder-workspace/.swiftpm/xcode
    builtin-SwiftPerFileCompile Configuration.swift
SwiftCompile normal arm64 /Users/admin/builder/spi-builder-workspace/Source/EndpointConfiguration.swift (in target 'TermiNetwork' from project 'TermiNetwork')
    cd /Users/admin/builder/spi-builder-workspace/.swiftpm/xcode
    builtin-SwiftPerFileCompile EndpointConfiguration.swift
SwiftCompile normal arm64 Compiling\ Request+DataOperations.swift,\ Request+FileOperations.swift,\ Request+FileOperationsAsync.swift,\ Request+Async.swift,\ Request+Interceptors.swift /Users/admin/builder/spi-builder-workspace/Source/Extensions/Operations/Request+DataOperations.swift /Users/admin/builder/spi-builder-workspace/Source/Extensions/Operations/Request+FileOperations.swift /Users/admin/builder/spi-builder-workspace/Source/Extensions/Operations/Request+FileOperationsAsync.swift /Users/admin/builder/spi-builder-workspace/Source/Extensions/Request+Async.swift /Users/admin/builder/spi-builder-workspace/Source/Extensions/Request+Interceptors.swift (in target 'TermiNetwork' from project 'TermiNetwork')
/Users/admin/builder/spi-builder-workspace/Source/Extensions/Operations/Request+DataOperations.swift:129:39: error: cannot find type 'TNImageType' in scope
127 |     /// - returns: The Request object.
128 |     @discardableResult
129 |     public func success(responseType: TNImageType.Type,
    |                                       `- error: cannot find type 'TNImageType' in scope
130 |                         responseHandler: @escaping SuccessCallback<TNImageType>) -> Request {
131 |         self.successCompletionHandler = self.makeImageResponseSuccessHandler(responseHandler: responseHandler)
/Users/admin/builder/spi-builder-workspace/Source/Extensions/Operations/Request+DataOperations.swift:130:68: error: cannot find type 'TNImageType' in scope
128 |     @discardableResult
129 |     public func success(responseType: TNImageType.Type,
130 |                         responseHandler: @escaping SuccessCallback<TNImageType>) -> Request {
    |                                                                    `- error: cannot find type 'TNImageType' in scope
131 |         self.successCompletionHandler = self.makeImageResponseSuccessHandler(responseHandler: responseHandler)
132 |         executeCurrentOperationIfNeeded()
/Users/admin/builder/spi-builder-workspace/Source/Extensions/Operations/Request+DataOperations.swift:130:42: error: '@escaping' only applies to function types
128 |     @discardableResult
129 |     public func success(responseType: TNImageType.Type,
130 |                         responseHandler: @escaping SuccessCallback<TNImageType>) -> Request {
    |                                          `- error: '@escaping' only applies to function types
131 |         self.successCompletionHandler = self.makeImageResponseSuccessHandler(responseHandler: responseHandler)
132 |         executeCurrentOperationIfNeeded()
/Users/admin/builder/spi-builder-workspace/Source/Extensions/Request+ResponseTypes.swift:201:70: error: cannot find type 'TNImageType' in scope
199 |     // MARK: Image
200 |
201 |     func makeImageResponseSuccessHandler(responseHandler: @escaping (TNImageType) -> Void)
    |                                                                      `- error: cannot find type 'TNImageType' in scope
202 |         -> ((Data, URLResponse?) -> Void)? {
203 |         return { [weak self] data, urlResponse in
/Users/admin/builder/spi-builder-workspace/Source/Extensions/Request+Async.swift:109:59: error: cannot find type 'TNImageType' in scope
107 |     /// - throws: A TNError in case of failure.
108 |     @discardableResult
109 |     func async(as type: TNImageType.Type) async throws -> TNImageType {
    |                                                           `- error: cannot find type 'TNImageType' in scope
110 |         try await withTaskCancellationHandler {
111 |             try checkTaskCancellation()
/Users/admin/builder/spi-builder-workspace/Source/Extensions/Request+Async.swift:109:25: error: cannot find type 'TNImageType' in scope
107 |     /// - throws: A TNError in case of failure.
108 |     @discardableResult
109 |     func async(as type: TNImageType.Type) async throws -> TNImageType {
    |                         `- error: cannot find type 'TNImageType' in scope
110 |         try await withTaskCancellationHandler {
111 |             try checkTaskCancellation()
SwiftCompile normal arm64 /Users/admin/builder/spi-builder-workspace/Source/Extensions/Operations/Request+DataOperations.swift (in target 'TermiNetwork' from project 'TermiNetwork')
    cd /Users/admin/builder/spi-builder-workspace/.swiftpm/xcode
    builtin-SwiftPerFileCompile Request+DataOperations.swift
SwiftCompile normal arm64 /Users/admin/builder/spi-builder-workspace/Source/Extensions/Operations/Request+FileOperations.swift (in target 'TermiNetwork' from project 'TermiNetwork')
    cd /Users/admin/builder/spi-builder-workspace/.swiftpm/xcode
    builtin-SwiftPerFileCompile Request+FileOperations.swift
SwiftCompile normal arm64 /Users/admin/builder/spi-builder-workspace/Source/Extensions/Operations/Request+FileOperationsAsync.swift (in target 'TermiNetwork' from project 'TermiNetwork')
    cd /Users/admin/builder/spi-builder-workspace/.swiftpm/xcode
    builtin-SwiftPerFileCompile Request+FileOperationsAsync.swift
SwiftCompile normal arm64 /Users/admin/builder/spi-builder-workspace/Source/Extensions/Request+Async.swift (in target 'TermiNetwork' from project 'TermiNetwork')
    cd /Users/admin/builder/spi-builder-workspace/.swiftpm/xcode
    builtin-SwiftPerFileCompile Request+Async.swift
SwiftCompile normal arm64 /Users/admin/builder/spi-builder-workspace/Source/Extensions/Request+Interceptors.swift (in target 'TermiNetwork' from project 'TermiNetwork')
    cd /Users/admin/builder/spi-builder-workspace/.swiftpm/xcode
    builtin-SwiftPerFileCompile Request+Interceptors.swift
SwiftCompile normal arm64 Compiling\ Request+Middleware.swift,\ Request+Mock.swift,\ Request+NSCopying.swift,\ Request+ResponseHeaders.swift,\ Request+ResponseTypes.swift /Users/admin/builder/spi-builder-workspace/Source/Extensions/Request+Middleware.swift /Users/admin/builder/spi-builder-workspace/Source/Extensions/Request+Mock.swift /Users/admin/builder/spi-builder-workspace/Source/Extensions/Request+NSCopying.swift /Users/admin/builder/spi-builder-workspace/Source/Extensions/Request+ResponseHeaders.swift /Users/admin/builder/spi-builder-workspace/Source/Extensions/Request+ResponseTypes.swift (in target 'TermiNetwork' from project 'TermiNetwork')
/Users/admin/builder/spi-builder-workspace/Source/Extensions/Request+ResponseTypes.swift:201:70: error: cannot find type 'TNImageType' in scope
199 |     // MARK: Image
200 |
201 |     func makeImageResponseSuccessHandler(responseHandler: @escaping (TNImageType) -> Void)
    |                                                                      `- error: cannot find type 'TNImageType' in scope
202 |         -> ((Data, URLResponse?) -> Void)? {
203 |         return { [weak self] data, urlResponse in
/Users/admin/builder/spi-builder-workspace/Source/Extensions/Request+ResponseTypes.swift:205:25: error: cannot find 'TNImageType' in scope
203 |         return { [weak self] data, urlResponse in
204 |             guard let self = self else { return }
205 |             let image = TNImageType(data: data)
    |                         `- error: cannot find 'TNImageType' in scope
206 |
207 |             if image == nil {
SwiftCompile normal arm64 /Users/admin/builder/spi-builder-workspace/Source/Extensions/Request+Middleware.swift (in target 'TermiNetwork' from project 'TermiNetwork')
    cd /Users/admin/builder/spi-builder-workspace/.swiftpm/xcode
    builtin-SwiftPerFileCompile Request+Middleware.swift
SwiftCompile normal arm64 /Users/admin/builder/spi-builder-workspace/Source/Extensions/Request+Mock.swift (in target 'TermiNetwork' from project 'TermiNetwork')
    cd /Users/admin/builder/spi-builder-workspace/.swiftpm/xcode
    builtin-SwiftPerFileCompile Request+Mock.swift
SwiftCompile normal arm64 /Users/admin/builder/spi-builder-workspace/Source/Extensions/Request+NSCopying.swift (in target 'TermiNetwork' from project 'TermiNetwork')
    cd /Users/admin/builder/spi-builder-workspace/.swiftpm/xcode
    builtin-SwiftPerFileCompile Request+NSCopying.swift
SwiftCompile normal arm64 /Users/admin/builder/spi-builder-workspace/Source/Extensions/Request+ResponseHeaders.swift (in target 'TermiNetwork' from project 'TermiNetwork')
    cd /Users/admin/builder/spi-builder-workspace/.swiftpm/xcode
    builtin-SwiftPerFileCompile Request+ResponseHeaders.swift
SwiftCompile normal arm64 /Users/admin/builder/spi-builder-workspace/Source/Extensions/Request+ResponseTypes.swift (in target 'TermiNetwork' from project 'TermiNetwork')
    cd /Users/admin/builder/spi-builder-workspace/.swiftpm/xcode
    builtin-SwiftPerFileCompile Request+ResponseTypes.swift
SwiftCompile normal arm64 Compiling\ UIImage+Extensions.swift,\ UIImageView+Extensions.swift,\ URLRequest+Extensions.swift,\ FileStreamer.swift,\ MultipartFormDataHelpers.swift /Users/admin/builder/spi-builder-workspace/Source/Extensions/UIImage+Extensions.swift /Users/admin/builder/spi-builder-workspace/Source/Extensions/UIImageView+Extensions.swift /Users/admin/builder/spi-builder-workspace/Source/Extensions/URLRequest+Extensions.swift /Users/admin/builder/spi-builder-workspace/Source/FileStreamer.swift /Users/admin/builder/spi-builder-workspace/Source/Helpers/MultipartFormDataHelpers.swift (in target 'TermiNetwork' from project 'TermiNetwork')
SwiftCompile normal arm64 /Users/admin/builder/spi-builder-workspace/Source/Extensions/UIImage+Extensions.swift (in target 'TermiNetwork' from project 'TermiNetwork')
    cd /Users/admin/builder/spi-builder-workspace/.swiftpm/xcode
    builtin-SwiftPerFileCompile UIImage+Extensions.swift
SwiftCompile normal arm64 /Users/admin/builder/spi-builder-workspace/Source/Extensions/UIImageView+Extensions.swift (in target 'TermiNetwork' from project 'TermiNetwork')
    cd /Users/admin/builder/spi-builder-workspace/.swiftpm/xcode
    builtin-SwiftPerFileCompile UIImageView+Extensions.swift
SwiftCompile normal arm64 /Users/admin/builder/spi-builder-workspace/Source/Extensions/URLRequest+Extensions.swift (in target 'TermiNetwork' from project 'TermiNetwork')
    cd /Users/admin/builder/spi-builder-workspace/.swiftpm/xcode
    builtin-SwiftPerFileCompile URLRequest+Extensions.swift
SwiftCompile normal arm64 /Users/admin/builder/spi-builder-workspace/Source/FileStreamer.swift (in target 'TermiNetwork' from project 'TermiNetwork')
    cd /Users/admin/builder/spi-builder-workspace/.swiftpm/xcode
    builtin-SwiftPerFileCompile FileStreamer.swift
SwiftCompile normal arm64 /Users/admin/builder/spi-builder-workspace/Source/Helpers/MultipartFormDataHelpers.swift (in target 'TermiNetwork' from project 'TermiNetwork')
    cd /Users/admin/builder/spi-builder-workspace/.swiftpm/xcode
    builtin-SwiftPerFileCompile MultipartFormDataHelpers.swift
/Users/admin/builder/spi-builder-workspace/Source/Extensions/UIImageView+Extensions.swift:34:11: error: cannot find type 'ImageViewType' in scope
 32 | #endif
 33 |
 34 | extension ImageViewType {
    |           `- error: cannot find type 'ImageViewType' in scope
 35 |     private static var activeRequestsDictionary: [String: Request] = [:]
 36 |     private static var imageViewQueue: Queue = Queue()
/Users/admin/builder/spi-builder-workspace/Source/Helpers/MultipartFormDataHelpers.swift:84:22: error: cannot find 'UTTypeCreatePreferredIdentifierForTag' in scope
 82 |
 83 |         #if !os(tvOS) && !os(watchOS)
 84 |         if let uti = UTTypeCreatePreferredIdentifierForTag(
    |                      `- error: cannot find 'UTTypeCreatePreferredIdentifierForTag' in scope
 85 |             kUTTagClassFilenameExtension, pathExtension! as NSString, nil)?.takeRetainedValue() {
 86 |             if let mimetype = UTTypeCopyPreferredTagWithClass(uti, kUTTagClassMIMEType)?.takeRetainedValue() {
/Users/admin/builder/spi-builder-workspace/Source/Helpers/MultipartFormDataHelpers.swift:85:13: error: cannot find 'kUTTagClassFilenameExtension' in scope
 83 |         #if !os(tvOS) && !os(watchOS)
 84 |         if let uti = UTTypeCreatePreferredIdentifierForTag(
 85 |             kUTTagClassFilenameExtension, pathExtension! as NSString, nil)?.takeRetainedValue() {
    |             `- error: cannot find 'kUTTagClassFilenameExtension' in scope
 86 |             if let mimetype = UTTypeCopyPreferredTagWithClass(uti, kUTTagClassMIMEType)?.takeRetainedValue() {
 87 |                 return mimetype as String
/Users/admin/builder/spi-builder-workspace/Source/Helpers/MultipartFormDataHelpers.swift:86:31: error: cannot find 'UTTypeCopyPreferredTagWithClass' in scope
 84 |         if let uti = UTTypeCreatePreferredIdentifierForTag(
 85 |             kUTTagClassFilenameExtension, pathExtension! as NSString, nil)?.takeRetainedValue() {
 86 |             if let mimetype = UTTypeCopyPreferredTagWithClass(uti, kUTTagClassMIMEType)?.takeRetainedValue() {
    |                               `- error: cannot find 'UTTypeCopyPreferredTagWithClass' in scope
 87 |                 return mimetype as String
 88 |             }
SwiftCompile normal arm64 Compiling\ EndpointProtocol.swift,\ InterceptorProtocol.swift,\ RequestMiddlewareProtocol.swift,\ Queue.swift,\ Reachability.swift /Users/admin/builder/spi-builder-workspace/Source/Protocols/EndpointProtocol.swift /Users/admin/builder/spi-builder-workspace/Source/Protocols/InterceptorProtocol.swift /Users/admin/builder/spi-builder-workspace/Source/Protocols/RequestMiddlewareProtocol.swift /Users/admin/builder/spi-builder-workspace/Source/Queue.swift /Users/admin/builder/spi-builder-workspace/Source/Reachability.swift (in target 'TermiNetwork' from project 'TermiNetwork')
SwiftCompile normal arm64 /Users/admin/builder/spi-builder-workspace/Source/Protocols/EndpointProtocol.swift (in target 'TermiNetwork' from project 'TermiNetwork')
    cd /Users/admin/builder/spi-builder-workspace/.swiftpm/xcode
    builtin-SwiftPerFileCompile EndpointProtocol.swift
SwiftCompile normal arm64 /Users/admin/builder/spi-builder-workspace/Source/Protocols/InterceptorProtocol.swift (in target 'TermiNetwork' from project 'TermiNetwork')
    cd /Users/admin/builder/spi-builder-workspace/.swiftpm/xcode
    builtin-SwiftPerFileCompile InterceptorProtocol.swift
SwiftCompile normal arm64 /Users/admin/builder/spi-builder-workspace/Source/Protocols/RequestMiddlewareProtocol.swift (in target 'TermiNetwork' from project 'TermiNetwork')
    cd /Users/admin/builder/spi-builder-workspace/.swiftpm/xcode
    builtin-SwiftPerFileCompile RequestMiddlewareProtocol.swift
SwiftCompile normal arm64 /Users/admin/builder/spi-builder-workspace/Source/Queue.swift (in target 'TermiNetwork' from project 'TermiNetwork')
    cd /Users/admin/builder/spi-builder-workspace/.swiftpm/xcode
    builtin-SwiftPerFileCompile Queue.swift
SwiftCompile normal arm64 /Users/admin/builder/spi-builder-workspace/Source/Reachability.swift (in target 'TermiNetwork' from project 'TermiNetwork')
    cd /Users/admin/builder/spi-builder-workspace/.swiftpm/xcode
    builtin-SwiftPerFileCompile Reachability.swift
SwiftEmitModule normal arm64 Emitting\ module\ for\ TermiNetwork (in target 'TermiNetwork' from project 'TermiNetwork')
/Users/admin/builder/spi-builder-workspace/Source/Extensions/Operations/Request+DataOperations.swift:129:39: error: cannot find type 'TNImageType' in scope
127 |     /// - returns: The Request object.
128 |     @discardableResult
129 |     public func success(responseType: TNImageType.Type,
    |                                       `- error: cannot find type 'TNImageType' in scope
130 |                         responseHandler: @escaping SuccessCallback<TNImageType>) -> Request {
131 |         self.successCompletionHandler = self.makeImageResponseSuccessHandler(responseHandler: responseHandler)
/Users/admin/builder/spi-builder-workspace/Source/Extensions/Operations/Request+DataOperations.swift:130:68: error: cannot find type 'TNImageType' in scope
128 |     @discardableResult
129 |     public func success(responseType: TNImageType.Type,
130 |                         responseHandler: @escaping SuccessCallback<TNImageType>) -> Request {
    |                                                                    `- error: cannot find type 'TNImageType' in scope
131 |         self.successCompletionHandler = self.makeImageResponseSuccessHandler(responseHandler: responseHandler)
132 |         executeCurrentOperationIfNeeded()
/Users/admin/builder/spi-builder-workspace/Source/Extensions/Operations/Request+DataOperations.swift:130:42: error: '@escaping' only applies to function types
128 |     @discardableResult
129 |     public func success(responseType: TNImageType.Type,
130 |                         responseHandler: @escaping SuccessCallback<TNImageType>) -> Request {
    |                                          `- error: '@escaping' only applies to function types
131 |         self.successCompletionHandler = self.makeImageResponseSuccessHandler(responseHandler: responseHandler)
132 |         executeCurrentOperationIfNeeded()
/Users/admin/builder/spi-builder-workspace/Source/Extensions/Request+Async.swift:109:59: error: cannot find type 'TNImageType' in scope
107 |     /// - throws: A TNError in case of failure.
108 |     @discardableResult
109 |     func async(as type: TNImageType.Type) async throws -> TNImageType {
    |                                                           `- error: cannot find type 'TNImageType' in scope
110 |         try await withTaskCancellationHandler {
111 |             try checkTaskCancellation()
/Users/admin/builder/spi-builder-workspace/Source/Extensions/Request+Async.swift:109:25: error: cannot find type 'TNImageType' in scope
107 |     /// - throws: A TNError in case of failure.
108 |     @discardableResult
109 |     func async(as type: TNImageType.Type) async throws -> TNImageType {
    |                         `- error: cannot find type 'TNImageType' in scope
110 |         try await withTaskCancellationHandler {
111 |             try checkTaskCancellation()
/Users/admin/builder/spi-builder-workspace/Source/Extensions/Request+ResponseTypes.swift:201:70: error: cannot find type 'TNImageType' in scope
199 |     // MARK: Image
200 |
201 |     func makeImageResponseSuccessHandler(responseHandler: @escaping (TNImageType) -> Void)
    |                                                                      `- error: cannot find type 'TNImageType' in scope
202 |         -> ((Data, URLResponse?) -> Void)? {
203 |         return { [weak self] data, urlResponse in
/Users/admin/builder/spi-builder-workspace/Source/Extensions/UIImageView+Extensions.swift:34:11: error: cannot find type 'ImageViewType' in scope
 32 | #endif
 33 |
 34 | extension ImageViewType {
    |           `- error: cannot find type 'ImageViewType' in scope
 35 |     private static var activeRequestsDictionary: [String: Request] = [:]
 36 |     private static var imageViewQueue: Queue = Queue()
/Users/admin/builder/spi-builder-workspace/Source/SwiftUI/Image.swift:37:50: error: cannot find type 'TNImageType' in scope
 35 | ///     - image: The downloaded image.
 36 | /// - returns: The new transformed image.
 37 | public typealias ImagePreprocessType = (_ image: TNImageType) -> (TNImageType)
    |                                                  `- error: cannot find type 'TNImageType' in scope
 38 | /// Callback type for image downloaded event.
 39 | /// - parameters:
/Users/admin/builder/spi-builder-workspace/Source/SwiftUI/Image.swift:37:67: error: cannot find type 'TNImageType' in scope
 35 | ///     - image: The downloaded image.
 36 | /// - returns: The new transformed image.
 37 | public typealias ImagePreprocessType = (_ image: TNImageType) -> (TNImageType)
    |                                                                   `- error: cannot find type 'TNImageType' in scope
 38 | /// Callback type for image downloaded event.
 39 | /// - parameters:
/Users/admin/builder/spi-builder-workspace/Source/SwiftUI/Image.swift:43:56: error: cannot find type 'TNImageType' in scope
 41 | ///     - error: A TNError object if it fails to download.
 42 | /// - returns: The new transformed image.
 43 | public typealias ImageOnFinishCallbackType = (_ image: TNImageType?, _ error: TNError?) -> Void
    |                                                        `- error: cannot find type 'TNImageType' in scope
 44 |
 45 | @available(iOS 13.0, *)
/Users/admin/builder/spi-builder-workspace/Source/SwiftUI/Image.swift:55:28: error: cannot find 'TNImageType' in scope
 53 |     private var onFinishImageClosure: ImageOnFinishCallbackType?
 54 |
 55 |     @Published var image = TNImageType()
    |                            `- error: cannot find 'TNImageType' in scope
 56 |
 57 |     init(with url: String,
/Users/admin/builder/spi-builder-workspace/Source/SwiftUI/Image.swift:55:6: error: failed to produce diagnostic for expression; please submit a bug report (https://swift.org/contributing/#reporting-bugs)
 53 |     private var onFinishImageClosure: ImageOnFinishCallbackType?
 54 |
 55 |     @Published var image = TNImageType()
    |      `- error: failed to produce diagnostic for expression; please submit a bug report (https://swift.org/contributing/#reporting-bugs)
 56 |
 57 |     init(with url: String,
/Users/admin/builder/spi-builder-workspace/Source/SwiftUI/Image.swift:50:31: error: cannot find type 'TNImageType' in scope
 48 |     private var request: Request
 49 |     private var url: String?
 50 |     private var defaultImage: TNImageType?
    |                               `- error: cannot find type 'TNImageType' in scope
 51 |     private var resize: CGSize?
 52 |     private var preprocessImageClosure: ImagePreprocessType?
/Users/admin/builder/spi-builder-workspace/Source/SwiftUI/Image.swift:59:24: error: cannot find type 'TNImageType' in scope
 57 |     init(with url: String,
 58 |          configuration: Configuration? = nil,
 59 |          defaultImage: TNImageType? = nil,
    |                        `- error: cannot find type 'TNImageType' in scope
 60 |          resize: CGSize? = nil,
 61 |          preprocessImage: ImagePreprocessType? = nil,
/Users/admin/builder/spi-builder-workspace/Source/SwiftUI/Image.swift:74:24: error: cannot find type 'TNImageType' in scope
 72 |
 73 |     init(with request: Request,
 74 |          defaultImage: TNImageType? = nil,
    |                        `- error: cannot find type 'TNImageType' in scope
 75 |          resize: CGSize? = nil,
 76 |          preprocessImage: ImagePreprocessType? = nil,
/Users/admin/builder/spi-builder-workspace/Source/SwiftUI/Image.swift:113:39: error: cannot find type 'TNImageType' in scope
111 |
112 |     // MARK: Helpers
113 |     private func updateImage(_ image: TNImageType) {
    |                                       `- error: cannot find type 'TNImageType' in scope
114 |         self.image = image
115 |         if let url = url {
/Users/admin/builder/spi-builder-workspace/Source/SwiftUI/Image.swift:130:47: error: cannot find type 'TNImageType' in scope
128 |     }
129 |
130 |     private func handlePreprocessImage(image: TNImageType,
    |                                               `- error: cannot find type 'TNImageType' in scope
131 |                                        onFinish: ((TNImageType?) -> Void)? = nil) {
132 |         var image = image
/Users/admin/builder/spi-builder-workspace/Source/SwiftUI/Image.swift:131:52: error: cannot find type 'TNImageType' in scope
129 |
130 |     private func handlePreprocessImage(image: TNImageType,
131 |                                        onFinish: ((TNImageType?) -> Void)? = nil) {
    |                                                    `- error: cannot find type 'TNImageType' in scope
132 |         var image = image
133 |         if let preprocessImage = self.preprocessImageClosure {
/Users/admin/builder/spi-builder-workspace/Source/SwiftUI/Image.swift:147:43: error: cannot find type 'TNImageType' in scope
145 |         }
146 |     }
147 |     private func handleResizeImage(image: TNImageType,
    |                                           `- error: cannot find type 'TNImageType' in scope
148 |                                    onFinish: ((TNImageType) -> Void)? = nil) {
149 |         if let size = self.resize {
/Users/admin/builder/spi-builder-workspace/Source/SwiftUI/Image.swift:148:48: error: cannot find type 'TNImageType' in scope
146 |     }
147 |     private func handleResizeImage(image: TNImageType,
148 |                                    onFinish: ((TNImageType) -> Void)? = nil) {
    |                                                `- error: cannot find type 'TNImageType' in scope
149 |         if let size = self.resize {
150 |             DispatchQueue.global(qos: .userInteractive).async {
/Users/admin/builder/spi-builder-workspace/Source/SwiftUI/Image.swift:193:31: error: cannot find type 'TNImageType' in scope
191 |     public init(url: String,
192 |                 configuration: Configuration? = nil,
193 |                 defaultImage: TNImageType? = nil,
    |                               `- error: cannot find type 'TNImageType' in scope
194 |                 resizeTo size: CGSize? = nil,
195 |                 preprocessImage: ImagePreprocessType? = nil,
/Users/admin/builder/spi-builder-workspace/Source/SwiftUI/Image.swift:216:31: error: cannot find type 'TNImageType' in scope
214 |     ///     This block will run in the background thread (optional)
215 |     public init(request: Request,
216 |                 defaultImage: TNImageType? = nil,
    |                               `- error: cannot find type 'TNImageType' in scope
217 |                 resizeTo size: CGSize? = nil,
218 |                 preprocessImage: ImagePreprocessType? = nil,
Failed frontend command:
/Applications/Xcode-27.0.0-Release.Candidate.app/Contents/Developer/Toolchains/XcodeDefault.xctoolchain/usr/bin/swift-frontend -frontend -emit-module -experimental-skip-non-inlinable-function-bodies-without-types /Users/admin/builder/spi-builder-workspace/Source/Cache.swift /Users/admin/builder/spi-builder-workspace/Source/CertificatePinningManager.swift /Users/admin/builder/spi-builder-workspace/Source/Client.swift /Users/admin/builder/spi-builder-workspace/Source/Configuration.swift /Users/admin/builder/spi-builder-workspace/Source/EndpointConfiguration.swift /Users/admin/builder/spi-builder-workspace/Source/Enums/EnvironmentType.swift /Users/admin/builder/spi-builder-workspace/Source/Enums/HttpMethod.swift /Users/admin/builder/spi-builder-workspace/Source/Enums/InterceptionAction.swift /Users/admin/builder/spi-builder-workspace/Source/Enums/MultipartFormDataStream.swift /Users/admin/builder/spi-builder-workspace/Source/Enums/Path.swift /Users/admin/builder/spi-builder-workspace/Source/Enums/PathType.swift /Users/admin/builder/spi-builder-workspace/Source/Enums/QueueFailureMode.swift /Users/admin/builder/spi-builder-workspace/Source/Enums/RequestBodyType.swift /Users/admin/builder/spi-builder-workspace/Source/Enums/RequestType.swift /Users/admin/builder/spi-builder-workspace/Source/Enums/TNError.swift /Users/admin/builder/spi-builder-workspace/Source/Enums/URLScheme.swift /Users/admin/builder/spi-builder-workspace/Source/Environment.swift /Users/admin/builder/spi-builder-workspace/Source/Extensions/Data+Extensions.swift /Users/admin/builder/spi-builder-workspace/Source/Extensions/Dictionary+Extensions.swift /Users/admin/builder/spi-builder-workspace/Source/Extensions/Operations/Decodable+Transformer.swift /Users/admin/builder/spi-builder-workspace/Source/Extensions/Operations/Request+DataOperations.swift /Users/admin/builder/spi-builder-workspace/Source/Extensions/Operations/Request+FileOperations.swift /Users/admin/builder/spi-builder-workspace/Source/Extensions/Operations/Request+FileOperationsAsync.swift /Users/admin/builder/spi-builder-workspace/Source/Extensions/Request+Async.swift /Users/admin/builder/spi-builder-workspace/Source/Extensions/Request+Interceptors.swift /Users/admin/builder/spi-builder-workspace/Source/Extensions/Request+Middleware.swift /Users/admin/builder/spi-builder-workspace/Source/Extensions/Request+Mock.swift /Users/admin/builder/spi-builder-workspace/Source/Extensions/Request+NSCopying.swift /Users/admin/builder/spi-builder-workspace/Source/Extensions/Request+ResponseHeaders.swift /Users/admin/builder/spi-builder-workspace/Source/Extensions/Request+ResponseTypes.swift /Users/admin/builder/spi-builder-workspace/Source/Extensions/UIImage+Extensions.swift /Users/admin/builder/spi-builder-workspace/Source/Extensions/UIImageView+Extensions.swift /Users/admin/builder/spi-builder-workspace/Source/Extensions/URLRequest+Extensions.swift /Users/admin/builder/spi-builder-workspace/Source/FileStreamer.swift /Users/admin/builder/spi-builder-workspace/Source/Helpers/MultipartFormDataHelpers.swift /Users/admin/builder/spi-builder-workspace/Source/Helpers/RequestBodyGenerators.swift /Users/admin/builder/spi-builder-workspace/Source/Helpers/RequestHelpers.swift /Users/admin/builder/spi-builder-workspace/Source/Log.swift /Users/admin/builder/spi-builder-workspace/Source/MultipartFormDataPartType.swift /Users/admin/builder/spi-builder-workspace/Source/Operation.swift /Users/admin/builder/spi-builder-workspace/Source/Protocols/EndpointProtocol.swift /Users/admin/builder/spi-builder-workspace/Source/Protocols/InterceptorProtocol.swift /Users/admin/builder/spi-builder-workspace/Source/Protocols/RequestMiddlewareProtocol.swift /Users/admin/builder/spi-builder-workspace/Source/Queue.swift /Users/admin/builder/spi-builder-workspace/Source/Reachability.swift /Users/admin/builder/spi-builder-workspace/Source/Request.swift /Users/admin/builder/spi-builder-workspace/Source/Session.swift /Users/admin/builder/spi-builder-workspace/Source/SessionTaskFactory.swift /Users/admin/builder/spi-builder-workspace/Source/SwiftUI/Image.swift /Users/admin/builder/spi-builder-workspace/Source/Types.swift -target arm64-apple-xros1.0 -disable-cross-import-overlay-search -load-resolved-plugin /Applications/Xcode-27.0.0-Release.Candidate.app/Contents/Developer/Platforms/XROS.platform/Developer/usr/lib/swift/host/plugins/libFoundationMacros.dylib\#/Applications/Xcode-27.0.0-Release.Candidate.app/Contents/Developer/Platforms/XROS.platform/Developer/usr/bin/swift-plugin-server\#FoundationMacros -load-resolved-plugin /Applications/Xcode-27.0.0-Release.Candidate.app/Contents/Developer/Platforms/XROS.platform/Developer/usr/lib/swift/host/plugins/libObservationMacros.dylib\#/Applications/Xcode-27.0.0-Release.Candidate.app/Contents/Developer/Platforms/XROS.platform/Developer/usr/bin/swift-plugin-server\#ObservationMacros -load-resolved-plugin /Applications/Xcode-27.0.0-Release.Candidate.app/Contents/Developer/Platforms/XROS.platform/Developer/usr/lib/swift/host/plugins/libPreviewsMacros.dylib\#/Applications/Xcode-27.0.0-Release.Candidate.app/Contents/Developer/Platforms/XROS.platform/Developer/usr/bin/swift-plugin-server\#PreviewsMacros -load-resolved-plugin /Applications/Xcode-27.0.0-Release.Candidate.app/Contents/Developer/Platforms/XROS.platform/Developer/usr/lib/swift/host/plugins/libSwiftMacros.dylib\#/Applications/Xcode-27.0.0-Release.Candidate.app/Contents/Developer/Platforms/XROS.platform/Developer/usr/bin/swift-plugin-server\#SwiftMacros -load-resolved-plugin /Applications/Xcode-27.0.0-Release.Candidate.app/Contents/Developer/Platforms/XROS.platform/Developer/usr/lib/swift/host/plugins/libSwiftUIMacros.dylib\#/Applications/Xcode-27.0.0-Release.Candidate.app/Contents/Developer/Platforms/XROS.platform/Developer/usr/bin/swift-plugin-server\#SwiftUIMacros -disable-implicit-swift-modules -Xcc -fno-implicit-modules -Xcc -fno-implicit-module-maps -explicit-swift-module-map-file /Users/admin/builder/spi-builder-workspace/.derivedData/Build/Intermediates.noindex/TermiNetwork.build/Debug-xros/TermiNetwork-t.build/Objects-normal/arm64/TermiNetwork-dependencies-1.json -Xllvm -aarch64-use-tbi -enable-objc-interop -stack-check -sdk /Applications/Xcode-27.0.0-Release.Candidate.app/Contents/Developer/Platforms/XROS.platform/Developer/SDKs/XROS27.0.sdk -I /Users/admin/builder/spi-builder-workspace/.derivedData/Build/Products/Debug-xros -Isystem /Applications/Xcode-27.0.0-Release.Candidate.app/Contents/Developer/Platforms/XROS.platform/Developer/usr/lib -F /Users/admin/builder/spi-builder-workspace/.derivedData/Build/Products/Debug-xros -F /Applications/Xcode-27.0.0-Release.Candidate.app/Contents/Developer/Platforms/XROS.platform/Developer/Library/Frameworks -F /Applications/Xcode-27.0.0-Release.Candidate.app/Contents/Developer/Platforms/XROS.platform/Developer/SDKs/XROS27.0.sdk/Developer/Library/Frameworks -module-cache-path /Users/admin/builder/spi-builder-workspace/.derivedData/Build/Intermediates.noindex/SwiftExplicitPrecompiledModules -no-color-diagnostics -Xcc -fno-color-diagnostics -enable-testing -g -debug-info-format\=dwarf -dwarf-version\=4 -swift-version 5 -Onone -D SWIFT_PACKAGE -D DEBUG -D SWIFT_MODULE_RESOURCE_BUNDLE_UNAVAILABLE -D Xcode -serialize-debugging-options -enable-experimental-feature DebugDescriptionMacro -empty-abi-descriptor -validate-clang-modules-once -clang-build-session-file /Users/admin/builder/spi-builder-workspace/.derivedData/ModuleCache.noindex/Session.modulevalidation -Xcc -working-directory -Xcc /Users/admin/builder/spi-builder-workspace/.swiftpm/xcode -enable-anonymous-context-mangled-names -file-compilation-dir /Users/admin/builder/spi-builder-workspace/.swiftpm/xcode -Xcc -D_LIBCPP_HARDENING_MODE\=_LIBCPP_HARDENING_MODE_DEBUG -Xcc -ivfsstatcache -Xcc /Users/admin/builder/spi-builder-workspace/.derivedData/SDKStatCaches.noindex/xros27.0-24M361-e829b21a6f8c9b70876ba0858053c044735bd543db762f57723cac368afd1ce4.sdkstatcache -Xcc -fmodules-prune-interval\=86400 -Xcc -fmodules-prune-after\=345600 -Xcc -I/Users/admin/builder/spi-builder-workspace/.derivedData/Build/Products/Debug-xros/include -Xcc -I/Users/admin/builder/spi-builder-workspace/.derivedData/Build/Intermediates.noindex/TermiNetwork.build/Debug-xros/TermiNetwork-t.build/DerivedSources-normal/arm64 -Xcc -I/Users/admin/builder/spi-builder-workspace/.derivedData/Build/Intermediates.noindex/TermiNetwork.build/Debug-xros/TermiNetwork-t.build/DerivedSources/arm64 -Xcc -I/Users/admin/builder/spi-builder-workspace/.derivedData/Build/Intermediates.noindex/TermiNetwork.build/Debug-xros/TermiNetwork-t.build/DerivedSources -Xcc -DSWIFT_PACKAGE -Xcc -DDEBUG\=1 -no-auto-bridging-header-chaining -module-name TermiNetwork -const-gather-protocols-file /Users/admin/builder/spi-builder-workspace/.derivedData/Build/Intermediates.noindex/TermiNetwork.build/Debug-xros/TermiNetwork-t.build/Objects-normal/arm64/TermiNetwork_const_extract_protocols.json -disable-clang-spi -clang-target arm64-apple-xros27.0 -target-sdk-version 27.0 -target-sdk-name xros27.0 -in-process-plugin-server-path /Applications/Xcode-27.0.0-Release.Candidate.app/Contents/Developer/Toolchains/XcodeDefault.xctoolchain/usr/lib/swift/host/libSwiftInProcPluginServer.dylib -emit-module-doc-path /Users/admin/builder/spi-builder-workspace/.derivedData/Build/Intermediates.noindex/TermiNetwork.build/Debug-xros/TermiNetwork-t.build/Objects-normal/arm64/TermiNetwork.swiftdoc -emit-module-source-info-path /Users/admin/builder/spi-builder-workspace/.derivedData/Build/Intermediates.noindex/TermiNetwork.build/Debug-xros/TermiNetwork-t.build/Objects-normal/arm64/TermiNetwork.swiftsourceinfo -emit-objc-header-path /Users/admin/builder/spi-builder-workspace/.derivedData/Build/Intermediates.noindex/TermiNetwork.build/Debug-xros/TermiNetwork-t.build/Objects-normal/arm64/TermiNetwork-Swift.h -serialize-diagnostics-path /Users/admin/builder/spi-builder-workspace/.derivedData/Build/Intermediates.noindex/TermiNetwork.build/Debug-xros/TermiNetwork-t.build/Objects-normal/arm64/TermiNetwork-primary-emit-module.dia -emit-dependencies-path /Users/admin/builder/spi-builder-workspace/.derivedData/Build/Intermediates.noindex/TermiNetwork.build/Debug-xros/TermiNetwork-t.build/Objects-normal/arm64/TermiNetwork-primary-emit-module.d -parse-as-library -o /Users/admin/builder/spi-builder-workspace/.derivedData/Build/Intermediates.noindex/TermiNetwork.build/Debug-xros/TermiNetwork-t.build/Objects-normal/arm64/TermiNetwork.swiftmodule -emit-abi-descriptor-path /Users/admin/builder/spi-builder-workspace/.derivedData/Build/Intermediates.noindex/TermiNetwork.build/Debug-xros/TermiNetwork-t.build/Objects-normal/arm64/TermiNetwork.abi.json
SwiftCompile normal arm64 (in target 'TermiNetwork' from project 'TermiNetwork')
    cd /Users/admin/builder/spi-builder-workspace/.swiftpm/xcode

SwiftCompile normal arm64 Compiling\ Request.swift,\ Session.swift,\ SessionTaskFactory.swift,\ Image.swift,\ Types.swift /Users/admin/builder/spi-builder-workspace/Source/Request.swift /Users/admin/builder/spi-builder-workspace/Source/Session.swift /Users/admin/builder/spi-builder-workspace/Source/SessionTaskFactory.swift /Users/admin/builder/spi-builder-workspace/Source/SwiftUI/Image.swift /Users/admin/builder/spi-builder-workspace/Source/Types.swift (in target 'TermiNetwork' from project 'TermiNetwork')
SwiftCompile normal arm64 /Users/admin/builder/spi-builder-workspace/Source/Request.swift (in target 'TermiNetwork' from project 'TermiNetwork')
    cd /Users/admin/builder/spi-builder-workspace/.swiftpm/xcode
    builtin-SwiftPerFileCompile Request.swift
SwiftCompile normal arm64 /Users/admin/builder/spi-builder-workspace/Source/Session.swift (in target 'TermiNetwork' from project 'TermiNetwork')
    cd /Users/admin/builder/spi-builder-workspace/.swiftpm/xcode
    builtin-SwiftPerFileCompile Session.swift
SwiftCompile normal arm64 /Users/admin/builder/spi-builder-workspace/Source/SessionTaskFactory.swift (in target 'TermiNetwork' from project 'TermiNetwork')
    cd /Users/admin/builder/spi-builder-workspace/.swiftpm/xcode
    builtin-SwiftPerFileCompile SessionTaskFactory.swift
SwiftCompile normal arm64 /Users/admin/builder/spi-builder-workspace/Source/SwiftUI/Image.swift (in target 'TermiNetwork' from project 'TermiNetwork')
    cd /Users/admin/builder/spi-builder-workspace/.swiftpm/xcode
    builtin-SwiftPerFileCompile Image.swift
SwiftCompile normal arm64 /Users/admin/builder/spi-builder-workspace/Source/Types.swift (in target 'TermiNetwork' from project 'TermiNetwork')
    cd /Users/admin/builder/spi-builder-workspace/.swiftpm/xcode
    builtin-SwiftPerFileCompile Types.swift
SwiftCompile normal arm64 Compiling\ PathType.swift,\ QueueFailureMode.swift,\ RequestBodyType.swift,\ RequestType.swift,\ TNError.swift /Users/admin/builder/spi-builder-workspace/Source/Enums/PathType.swift /Users/admin/builder/spi-builder-workspace/Source/Enums/QueueFailureMode.swift /Users/admin/builder/spi-builder-workspace/Source/Enums/RequestBodyType.swift /Users/admin/builder/spi-builder-workspace/Source/Enums/RequestType.swift /Users/admin/builder/spi-builder-workspace/Source/Enums/TNError.swift (in target 'TermiNetwork' from project 'TermiNetwork')
SwiftCompile normal arm64 /Users/admin/builder/spi-builder-workspace/Source/Enums/PathType.swift (in target 'TermiNetwork' from project 'TermiNetwork')
    cd /Users/admin/builder/spi-builder-workspace/.swiftpm/xcode
    builtin-SwiftPerFileCompile PathType.swift
SwiftCompile normal arm64 /Users/admin/builder/spi-builder-workspace/Source/Enums/QueueFailureMode.swift (in target 'TermiNetwork' from project 'TermiNetwork')
    cd /Users/admin/builder/spi-builder-workspace/.swiftpm/xcode
    builtin-SwiftPerFileCompile QueueFailureMode.swift
SwiftCompile normal arm64 /Users/admin/builder/spi-builder-workspace/Source/Enums/RequestBodyType.swift (in target 'TermiNetwork' from project 'TermiNetwork')
    cd /Users/admin/builder/spi-builder-workspace/.swiftpm/xcode
    builtin-SwiftPerFileCompile RequestBodyType.swift
SwiftCompile normal arm64 /Users/admin/builder/spi-builder-workspace/Source/Enums/RequestType.swift (in target 'TermiNetwork' from project 'TermiNetwork')
    cd /Users/admin/builder/spi-builder-workspace/.swiftpm/xcode
    builtin-SwiftPerFileCompile RequestType.swift
SwiftCompile normal arm64 /Users/admin/builder/spi-builder-workspace/Source/Enums/TNError.swift (in target 'TermiNetwork' from project 'TermiNetwork')
    cd /Users/admin/builder/spi-builder-workspace/.swiftpm/xcode
    builtin-SwiftPerFileCompile TNError.swift
PruneExplicitPrecompiledModules /Users/admin/builder/spi-builder-workspace/.derivedData/Build/Intermediates.noindex/SwiftExplicitPrecompiledModules
PruneExplicitPrecompiledModules /Users/admin/builder/spi-builder-workspace/.derivedData/SDKExplicitPrecompiledModules
PruneExplicitPrecompiledModules /Users/admin/builder/spi-builder-workspace/.derivedData/Build/Intermediates.noindex/ExplicitPrecompiledModules
2026-09-21 13:03:22.044 xcodebuild[840:5118] [MT] IDERunDestination: Supported platforms for the buildables in the current scheme is empty.
** BUILD FAILED **
The following build commands failed:
	SwiftEmitModule normal arm64 Emitting\ module\ for\ TermiNetwork (in target 'TermiNetwork' from project 'TermiNetwork')
	SwiftCompile normal arm64 (in target 'TermiNetwork' from project 'TermiNetwork')
	Building workspace TermiNetwork with scheme TermiNetwork
(3 failures)
BUILD FAILURE 6.4 visionOS