Build Information
Failed to build PromotedAIMetricsSDK, reference 1.3.3 (ffb682), with Swift 6.4 for macOS (Xcode) using Xcode 27.0 on 19 Sep 2026 14:52:27 UTC.
Build Command
env DEVELOPER_DIR=/Applications/Xcode-27.0.0-Release.Candidate.app xcrun xcodebuild -IDEClonedSourcePackagesDirPathOverride=$PWD/.dependencies -skipMacroValidation -skipPackagePluginValidation -derivedDataPath $PWD/.derivedData build -scheme PromotedAIMetricsSDK-Package -destination platform=macOS,arch=arm64Build Log
builtin-ScanDependencies -o /Users/admin/builder/spi-builder-workspace/.derivedData/Build/Intermediates.noindex/Promises.build/Debug/FBLPromises-t.build/Objects-normal/arm64/FBLPromise+Reduce.o.scan -- /Applications/Xcode-27.0.0-Release.Candidate.app/Contents/Developer/Toolchains/XcodeDefault.xctoolchain/usr/bin/clang -x objective-c -ivfsstatcache /Users/admin/builder/spi-builder-workspace/.derivedData/SDKStatCaches.noindex/macosx27.0-26A425-e829b21a6f8c9b70876ba0858053c0446a22442a12e9d48fe1a705f55a1adfc4.sdkstatcache -target arm64-apple-macos12.0 -fmessage-length\=0 -fdiagnostics-show-note-include-stack -fmacro-backtrace-limit\=0 -fno-color-diagnostics -fmodules-prune-interval\=86400 -fmodules-prune-after\=345600 -fbuild-session-file\=/Users/admin/builder/spi-builder-workspace/.derivedData/ModuleCache.noindex/Session.modulevalidation -fmodules-validate-once-per-build-session -Wnon-modular-include-in-framework-module -Werror\=non-modular-include-in-framework-module -Wno-trigraphs -Wno-missing-field-initializers -Wno-missing-prototypes -Wno-return-type -Wno-implicit-atomic-properties -Wno-objc-interface-ivars -Wno-arc-repeated-use-of-weak -Wno-missing-braces -Wparentheses -Wswitch -Wno-unused-function -Wno-unused-label -Wno-unused-parameter -Wno-unused-variable -Wunused-value -Wno-empty-body -Wno-uninitialized -Wno-unknown-pragmas -w -Wno-shadow -Wno-four-char-constants -Wno-conversion -Wno-constant-conversion -Wno-int-conversion -Wno-bool-conversion -Wno-enum-conversion -Wno-float-conversion -Wno-non-literal-null-conversion -Wno-objc-literal-conversion -Wshorten-64-to-32 -Wpointer-sign -Wno-newline-eof -Wno-selector -Wno-strict-selector-match -Wno-undeclared-selector -Wno-deprecated-implementations -Wno-implicit-fallthrough -isysroot /Applications/Xcode-27.0.0-Release.Candidate.app/Contents/Developer/Platforms/MacOSX.platform/Developer/SDKs/MacOSX27.0.sdk -fstrict-aliasing -Wprotocol -Wdeprecated-declarations -Wno-sign-conversion -Wno-infinite-recursion -Wno-comma -Wno-block-capture-autoreleasing -Wno-strict-prototypes -Wno-semicolon-before-method-body -index-store-path /Users/admin/builder/spi-builder-workspace/.derivedData/Index.noindex/DataStore @/Users/admin/builder/spi-builder-workspace/.derivedData/Build/Intermediates.noindex/Promises.build/Debug/FBLPromises-t.build/Objects-normal/arm64/e6072d4f65d7061329687fe24e3d63a7-common-args.resp -MMD -MT dependencies -MF /Users/admin/builder/spi-builder-workspace/.derivedData/Build/Intermediates.noindex/Promises.build/Debug/FBLPromises-t.build/Objects-normal/arm64/FBLPromise+Reduce.d --serialize-diagnostics /Users/admin/builder/spi-builder-workspace/.derivedData/Build/Intermediates.noindex/Promises.build/Debug/FBLPromises-t.build/Objects-normal/arm64/FBLPromise+Reduce.dia -c /Users/admin/builder/spi-builder-workspace/.dependencies/checkouts/promises/Sources/FBLPromises/FBLPromise+Reduce.m -o /Users/admin/builder/spi-builder-workspace/.derivedData/Build/Intermediates.noindex/Promises.build/Debug/FBLPromises-t.build/Objects-normal/arm64/FBLPromise+Reduce.o -index-unit-output-path /Promises.build/Debug/FBLPromises-t.build/Objects-normal/arm64/FBLPromise+Reduce.o
CompileC /Users/admin/builder/spi-builder-workspace/.derivedData/Build/Intermediates.noindex/Promises.build/Debug/FBLPromises-t.build/Objects-normal/arm64/FBLPromise+Testing.o /Users/admin/builder/spi-builder-workspace/.dependencies/checkouts/promises/Sources/FBLPromises/FBLPromise+Testing.m normal arm64 objective-c com.apple.compilers.llvm.clang.1_0.compiler (in target 'FBLPromises' from project 'Promises')
cd /Users/admin/builder/spi-builder-workspace/.swiftpm/xcode
Using response file: /Users/admin/builder/spi-builder-workspace/.derivedData/Build/Intermediates.noindex/Promises.build/Debug/FBLPromises-t.build/Objects-normal/arm64/e6072d4f65d7061329687fe24e3d63a7-common-args.resp
/Applications/Xcode-27.0.0-Release.Candidate.app/Contents/Developer/Toolchains/XcodeDefault.xctoolchain/usr/bin/clang -x objective-c -ivfsstatcache /Users/admin/builder/spi-builder-workspace/.derivedData/SDKStatCaches.noindex/macosx27.0-26A425-e829b21a6f8c9b70876ba0858053c0446a22442a12e9d48fe1a705f55a1adfc4.sdkstatcache -target arm64-apple-macos12.0 -fmessage-length\=0 -fdiagnostics-show-note-include-stack -fmacro-backtrace-limit\=0 -fno-color-diagnostics -fmodules-prune-interval\=86400 -fmodules-prune-after\=345600 -fbuild-session-file\=/Users/admin/builder/spi-builder-workspace/.derivedData/ModuleCache.noindex/Session.modulevalidation -fmodules-validate-once-per-build-session -Wnon-modular-include-in-framework-module -Werror\=non-modular-include-in-framework-module -Wno-trigraphs -Wno-missing-field-initializers -Wno-missing-prototypes -Wno-return-type -Wno-implicit-atomic-properties -Wno-objc-interface-ivars -Wno-arc-repeated-use-of-weak -Wno-missing-braces -Wparentheses -Wswitch -Wno-unused-function -Wno-unused-label -Wno-unused-parameter -Wno-unused-variable -Wunused-value -Wno-empty-body -Wno-uninitialized -Wno-unknown-pragmas -w -Wno-shadow -Wno-four-char-constants -Wno-conversion -Wno-constant-conversion -Wno-int-conversion -Wno-bool-conversion -Wno-enum-conversion -Wno-float-conversion -Wno-non-literal-null-conversion -Wno-objc-literal-conversion -Wshorten-64-to-32 -Wpointer-sign -Wno-newline-eof -Wno-selector -Wno-strict-selector-match -Wno-undeclared-selector -Wno-deprecated-implementations -Wno-implicit-fallthrough -isysroot /Applications/Xcode-27.0.0-Release.Candidate.app/Contents/Developer/Platforms/MacOSX.platform/Developer/SDKs/MacOSX27.0.sdk -fstrict-aliasing -Wprotocol -Wdeprecated-declarations -Wno-sign-conversion -Wno-infinite-recursion -Wno-comma -Wno-block-capture-autoreleasing -Wno-strict-prototypes -Wno-semicolon-before-method-body -index-store-path /Users/admin/builder/spi-builder-workspace/.derivedData/Index.noindex/DataStore @/Users/admin/builder/spi-builder-workspace/.derivedData/Build/Intermediates.noindex/Promises.build/Debug/FBLPromises-t.build/Objects-normal/arm64/e6072d4f65d7061329687fe24e3d63a7-common-args.resp -MMD -MT dependencies -MF /Users/admin/builder/spi-builder-workspace/.derivedData/Build/Intermediates.noindex/Promises.build/Debug/FBLPromises-t.build/Objects-normal/arm64/FBLPromise+Testing.d --serialize-diagnostics /Users/admin/builder/spi-builder-workspace/.derivedData/Build/Intermediates.noindex/Promises.build/Debug/FBLPromises-t.build/Objects-normal/arm64/FBLPromise+Testing.dia -c /Users/admin/builder/spi-builder-workspace/.dependencies/checkouts/promises/Sources/FBLPromises/FBLPromise+Testing.m -o /Users/admin/builder/spi-builder-workspace/.derivedData/Build/Intermediates.noindex/Promises.build/Debug/FBLPromises-t.build/Objects-normal/arm64/FBLPromise+Testing.o -index-unit-output-path /Promises.build/Debug/FBLPromises-t.build/Objects-normal/arm64/FBLPromise+Testing.o
SwiftDriverJobDiscovery normal arm64 Compiling BinaryEncodingOptions.swift, BinaryEncodingSizeVisitor.swift, BinaryEncodingVisitor.swift, BytecodeInterpreter.swift, BytecodeReader.swift, CustomJSONCodable.swift, Decoder.swift, DoubleParser.swift, Enum.swift, ExtensibleMessage.swift (in target 'SwiftProtobuf' from project 'SwiftProtobuf')
ScanDependencies /Users/admin/builder/spi-builder-workspace/.derivedData/Build/Intermediates.noindex/Promises.build/Debug/FBLPromises-t.build/Objects-normal/arm64/FBLPromise+Recover.o /Users/admin/builder/spi-builder-workspace/.dependencies/checkouts/promises/Sources/FBLPromises/FBLPromise+Recover.m normal arm64 objective-c com.apple.compilers.llvm.clang.1_0.compiler (in target 'FBLPromises' from project 'Promises')
cd /Users/admin/builder/spi-builder-workspace/.swiftpm/xcode
Using response file: /Users/admin/builder/spi-builder-workspace/.derivedData/Build/Intermediates.noindex/Promises.build/Debug/FBLPromises-t.build/Objects-normal/arm64/e6072d4f65d7061329687fe24e3d63a7-common-args.resp
builtin-ScanDependencies -o /Users/admin/builder/spi-builder-workspace/.derivedData/Build/Intermediates.noindex/Promises.build/Debug/FBLPromises-t.build/Objects-normal/arm64/FBLPromise+Recover.o.scan -- /Applications/Xcode-27.0.0-Release.Candidate.app/Contents/Developer/Toolchains/XcodeDefault.xctoolchain/usr/bin/clang -x objective-c -ivfsstatcache /Users/admin/builder/spi-builder-workspace/.derivedData/SDKStatCaches.noindex/macosx27.0-26A425-e829b21a6f8c9b70876ba0858053c0446a22442a12e9d48fe1a705f55a1adfc4.sdkstatcache -target arm64-apple-macos12.0 -fmessage-length\=0 -fdiagnostics-show-note-include-stack -fmacro-backtrace-limit\=0 -fno-color-diagnostics -fmodules-prune-interval\=86400 -fmodules-prune-after\=345600 -fbuild-session-file\=/Users/admin/builder/spi-builder-workspace/.derivedData/ModuleCache.noindex/Session.modulevalidation -fmodules-validate-once-per-build-session -Wnon-modular-include-in-framework-module -Werror\=non-modular-include-in-framework-module -Wno-trigraphs -Wno-missing-field-initializers -Wno-missing-prototypes -Wno-return-type -Wno-implicit-atomic-properties -Wno-objc-interface-ivars -Wno-arc-repeated-use-of-weak -Wno-missing-braces -Wparentheses -Wswitch -Wno-unused-function -Wno-unused-label -Wno-unused-parameter -Wno-unused-variable -Wunused-value -Wno-empty-body -Wno-uninitialized -Wno-unknown-pragmas -w -Wno-shadow -Wno-four-char-constants -Wno-conversion -Wno-constant-conversion -Wno-int-conversion -Wno-bool-conversion -Wno-enum-conversion -Wno-float-conversion -Wno-non-literal-null-conversion -Wno-objc-literal-conversion -Wshorten-64-to-32 -Wpointer-sign -Wno-newline-eof -Wno-selector -Wno-strict-selector-match -Wno-undeclared-selector -Wno-deprecated-implementations -Wno-implicit-fallthrough -isysroot /Applications/Xcode-27.0.0-Release.Candidate.app/Contents/Developer/Platforms/MacOSX.platform/Developer/SDKs/MacOSX27.0.sdk -fstrict-aliasing -Wprotocol -Wdeprecated-declarations -Wno-sign-conversion -Wno-infinite-recursion -Wno-comma -Wno-block-capture-autoreleasing -Wno-strict-prototypes -Wno-semicolon-before-method-body -index-store-path /Users/admin/builder/spi-builder-workspace/.derivedData/Index.noindex/DataStore @/Users/admin/builder/spi-builder-workspace/.derivedData/Build/Intermediates.noindex/Promises.build/Debug/FBLPromises-t.build/Objects-normal/arm64/e6072d4f65d7061329687fe24e3d63a7-common-args.resp -MMD -MT dependencies -MF /Users/admin/builder/spi-builder-workspace/.derivedData/Build/Intermediates.noindex/Promises.build/Debug/FBLPromises-t.build/Objects-normal/arm64/FBLPromise+Recover.d --serialize-diagnostics /Users/admin/builder/spi-builder-workspace/.derivedData/Build/Intermediates.noindex/Promises.build/Debug/FBLPromises-t.build/Objects-normal/arm64/FBLPromise+Recover.dia -c /Users/admin/builder/spi-builder-workspace/.dependencies/checkouts/promises/Sources/FBLPromises/FBLPromise+Recover.m -o /Users/admin/builder/spi-builder-workspace/.derivedData/Build/Intermediates.noindex/Promises.build/Debug/FBLPromises-t.build/Objects-normal/arm64/FBLPromise+Recover.o -index-unit-output-path /Promises.build/Debug/FBLPromises-t.build/Objects-normal/arm64/FBLPromise+Recover.o
CompileC /Users/admin/builder/spi-builder-workspace/.derivedData/Build/Intermediates.noindex/Promises.build/Debug/FBLPromises-t.build/Objects-normal/arm64/FBLPromise+Retry.o /Users/admin/builder/spi-builder-workspace/.dependencies/checkouts/promises/Sources/FBLPromises/FBLPromise+Retry.m normal arm64 objective-c com.apple.compilers.llvm.clang.1_0.compiler (in target 'FBLPromises' from project 'Promises')
cd /Users/admin/builder/spi-builder-workspace/.swiftpm/xcode
Using response file: /Users/admin/builder/spi-builder-workspace/.derivedData/Build/Intermediates.noindex/Promises.build/Debug/FBLPromises-t.build/Objects-normal/arm64/e6072d4f65d7061329687fe24e3d63a7-common-args.resp
/Applications/Xcode-27.0.0-Release.Candidate.app/Contents/Developer/Toolchains/XcodeDefault.xctoolchain/usr/bin/clang -x objective-c -ivfsstatcache /Users/admin/builder/spi-builder-workspace/.derivedData/SDKStatCaches.noindex/macosx27.0-26A425-e829b21a6f8c9b70876ba0858053c0446a22442a12e9d48fe1a705f55a1adfc4.sdkstatcache -target arm64-apple-macos12.0 -fmessage-length\=0 -fdiagnostics-show-note-include-stack -fmacro-backtrace-limit\=0 -fno-color-diagnostics -fmodules-prune-interval\=86400 -fmodules-prune-after\=345600 -fbuild-session-file\=/Users/admin/builder/spi-builder-workspace/.derivedData/ModuleCache.noindex/Session.modulevalidation -fmodules-validate-once-per-build-session -Wnon-modular-include-in-framework-module -Werror\=non-modular-include-in-framework-module -Wno-trigraphs -Wno-missing-field-initializers -Wno-missing-prototypes -Wno-return-type -Wno-implicit-atomic-properties -Wno-objc-interface-ivars -Wno-arc-repeated-use-of-weak -Wno-missing-braces -Wparentheses -Wswitch -Wno-unused-function -Wno-unused-label -Wno-unused-parameter -Wno-unused-variable -Wunused-value -Wno-empty-body -Wno-uninitialized -Wno-unknown-pragmas -w -Wno-shadow -Wno-four-char-constants -Wno-conversion -Wno-constant-conversion -Wno-int-conversion -Wno-bool-conversion -Wno-enum-conversion -Wno-float-conversion -Wno-non-literal-null-conversion -Wno-objc-literal-conversion -Wshorten-64-to-32 -Wpointer-sign -Wno-newline-eof -Wno-selector -Wno-strict-selector-match -Wno-undeclared-selector -Wno-deprecated-implementations -Wno-implicit-fallthrough -isysroot /Applications/Xcode-27.0.0-Release.Candidate.app/Contents/Developer/Platforms/MacOSX.platform/Developer/SDKs/MacOSX27.0.sdk -fstrict-aliasing -Wprotocol -Wdeprecated-declarations -Wno-sign-conversion -Wno-infinite-recursion -Wno-comma -Wno-block-capture-autoreleasing -Wno-strict-prototypes -Wno-semicolon-before-method-body -index-store-path /Users/admin/builder/spi-builder-workspace/.derivedData/Index.noindex/DataStore @/Users/admin/builder/spi-builder-workspace/.derivedData/Build/Intermediates.noindex/Promises.build/Debug/FBLPromises-t.build/Objects-normal/arm64/e6072d4f65d7061329687fe24e3d63a7-common-args.resp -MMD -MT dependencies -MF /Users/admin/builder/spi-builder-workspace/.derivedData/Build/Intermediates.noindex/Promises.build/Debug/FBLPromises-t.build/Objects-normal/arm64/FBLPromise+Retry.d --serialize-diagnostics /Users/admin/builder/spi-builder-workspace/.derivedData/Build/Intermediates.noindex/Promises.build/Debug/FBLPromises-t.build/Objects-normal/arm64/FBLPromise+Retry.dia -c /Users/admin/builder/spi-builder-workspace/.dependencies/checkouts/promises/Sources/FBLPromises/FBLPromise+Retry.m -o /Users/admin/builder/spi-builder-workspace/.derivedData/Build/Intermediates.noindex/Promises.build/Debug/FBLPromises-t.build/Objects-normal/arm64/FBLPromise+Retry.o -index-unit-output-path /Promises.build/Debug/FBLPromises-t.build/Objects-normal/arm64/FBLPromise+Retry.o
CompileC /Users/admin/builder/spi-builder-workspace/.derivedData/Build/Intermediates.noindex/Promises.build/Debug/FBLPromises-t.build/Objects-normal/arm64/FBLPromise+Reduce.o /Users/admin/builder/spi-builder-workspace/.dependencies/checkouts/promises/Sources/FBLPromises/FBLPromise+Reduce.m normal arm64 objective-c com.apple.compilers.llvm.clang.1_0.compiler (in target 'FBLPromises' from project 'Promises')
cd /Users/admin/builder/spi-builder-workspace/.swiftpm/xcode
Using response file: /Users/admin/builder/spi-builder-workspace/.derivedData/Build/Intermediates.noindex/Promises.build/Debug/FBLPromises-t.build/Objects-normal/arm64/e6072d4f65d7061329687fe24e3d63a7-common-args.resp
/Applications/Xcode-27.0.0-Release.Candidate.app/Contents/Developer/Toolchains/XcodeDefault.xctoolchain/usr/bin/clang -x objective-c -ivfsstatcache /Users/admin/builder/spi-builder-workspace/.derivedData/SDKStatCaches.noindex/macosx27.0-26A425-e829b21a6f8c9b70876ba0858053c0446a22442a12e9d48fe1a705f55a1adfc4.sdkstatcache -target arm64-apple-macos12.0 -fmessage-length\=0 -fdiagnostics-show-note-include-stack -fmacro-backtrace-limit\=0 -fno-color-diagnostics -fmodules-prune-interval\=86400 -fmodules-prune-after\=345600 -fbuild-session-file\=/Users/admin/builder/spi-builder-workspace/.derivedData/ModuleCache.noindex/Session.modulevalidation -fmodules-validate-once-per-build-session -Wnon-modular-include-in-framework-module -Werror\=non-modular-include-in-framework-module -Wno-trigraphs -Wno-missing-field-initializers -Wno-missing-prototypes -Wno-return-type -Wno-implicit-atomic-properties -Wno-objc-interface-ivars -Wno-arc-repeated-use-of-weak -Wno-missing-braces -Wparentheses -Wswitch -Wno-unused-function -Wno-unused-label -Wno-unused-parameter -Wno-unused-variable -Wunused-value -Wno-empty-body -Wno-uninitialized -Wno-unknown-pragmas -w -Wno-shadow -Wno-four-char-constants -Wno-conversion -Wno-constant-conversion -Wno-int-conversion -Wno-bool-conversion -Wno-enum-conversion -Wno-float-conversion -Wno-non-literal-null-conversion -Wno-objc-literal-conversion -Wshorten-64-to-32 -Wpointer-sign -Wno-newline-eof -Wno-selector -Wno-strict-selector-match -Wno-undeclared-selector -Wno-deprecated-implementations -Wno-implicit-fallthrough -isysroot /Applications/Xcode-27.0.0-Release.Candidate.app/Contents/Developer/Platforms/MacOSX.platform/Developer/SDKs/MacOSX27.0.sdk -fstrict-aliasing -Wprotocol -Wdeprecated-declarations -Wno-sign-conversion -Wno-infinite-recursion -Wno-comma -Wno-block-capture-autoreleasing -Wno-strict-prototypes -Wno-semicolon-before-method-body -index-store-path /Users/admin/builder/spi-builder-workspace/.derivedData/Index.noindex/DataStore @/Users/admin/builder/spi-builder-workspace/.derivedData/Build/Intermediates.noindex/Promises.build/Debug/FBLPromises-t.build/Objects-normal/arm64/e6072d4f65d7061329687fe24e3d63a7-common-args.resp -MMD -MT dependencies -MF /Users/admin/builder/spi-builder-workspace/.derivedData/Build/Intermediates.noindex/Promises.build/Debug/FBLPromises-t.build/Objects-normal/arm64/FBLPromise+Reduce.d --serialize-diagnostics /Users/admin/builder/spi-builder-workspace/.derivedData/Build/Intermediates.noindex/Promises.build/Debug/FBLPromises-t.build/Objects-normal/arm64/FBLPromise+Reduce.dia -c /Users/admin/builder/spi-builder-workspace/.dependencies/checkouts/promises/Sources/FBLPromises/FBLPromise+Reduce.m -o /Users/admin/builder/spi-builder-workspace/.derivedData/Build/Intermediates.noindex/Promises.build/Debug/FBLPromises-t.build/Objects-normal/arm64/FBLPromise+Reduce.o -index-unit-output-path /Promises.build/Debug/FBLPromises-t.build/Objects-normal/arm64/FBLPromise+Reduce.o
CompileC /Users/admin/builder/spi-builder-workspace/.derivedData/Build/Intermediates.noindex/Promises.build/Debug/FBLPromises-t.build/Objects-normal/arm64/FBLPromise+Recover.o /Users/admin/builder/spi-builder-workspace/.dependencies/checkouts/promises/Sources/FBLPromises/FBLPromise+Recover.m normal arm64 objective-c com.apple.compilers.llvm.clang.1_0.compiler (in target 'FBLPromises' from project 'Promises')
cd /Users/admin/builder/spi-builder-workspace/.swiftpm/xcode
Using response file: /Users/admin/builder/spi-builder-workspace/.derivedData/Build/Intermediates.noindex/Promises.build/Debug/FBLPromises-t.build/Objects-normal/arm64/e6072d4f65d7061329687fe24e3d63a7-common-args.resp
/Applications/Xcode-27.0.0-Release.Candidate.app/Contents/Developer/Toolchains/XcodeDefault.xctoolchain/usr/bin/clang -x objective-c -ivfsstatcache /Users/admin/builder/spi-builder-workspace/.derivedData/SDKStatCaches.noindex/macosx27.0-26A425-e829b21a6f8c9b70876ba0858053c0446a22442a12e9d48fe1a705f55a1adfc4.sdkstatcache -target arm64-apple-macos12.0 -fmessage-length\=0 -fdiagnostics-show-note-include-stack -fmacro-backtrace-limit\=0 -fno-color-diagnostics -fmodules-prune-interval\=86400 -fmodules-prune-after\=345600 -fbuild-session-file\=/Users/admin/builder/spi-builder-workspace/.derivedData/ModuleCache.noindex/Session.modulevalidation -fmodules-validate-once-per-build-session -Wnon-modular-include-in-framework-module -Werror\=non-modular-include-in-framework-module -Wno-trigraphs -Wno-missing-field-initializers -Wno-missing-prototypes -Wno-return-type -Wno-implicit-atomic-properties -Wno-objc-interface-ivars -Wno-arc-repeated-use-of-weak -Wno-missing-braces -Wparentheses -Wswitch -Wno-unused-function -Wno-unused-label -Wno-unused-parameter -Wno-unused-variable -Wunused-value -Wno-empty-body -Wno-uninitialized -Wno-unknown-pragmas -w -Wno-shadow -Wno-four-char-constants -Wno-conversion -Wno-constant-conversion -Wno-int-conversion -Wno-bool-conversion -Wno-enum-conversion -Wno-float-conversion -Wno-non-literal-null-conversion -Wno-objc-literal-conversion -Wshorten-64-to-32 -Wpointer-sign -Wno-newline-eof -Wno-selector -Wno-strict-selector-match -Wno-undeclared-selector -Wno-deprecated-implementations -Wno-implicit-fallthrough -isysroot /Applications/Xcode-27.0.0-Release.Candidate.app/Contents/Developer/Platforms/MacOSX.platform/Developer/SDKs/MacOSX27.0.sdk -fstrict-aliasing -Wprotocol -Wdeprecated-declarations -Wno-sign-conversion -Wno-infinite-recursion -Wno-comma -Wno-block-capture-autoreleasing -Wno-strict-prototypes -Wno-semicolon-before-method-body -index-store-path /Users/admin/builder/spi-builder-workspace/.derivedData/Index.noindex/DataStore @/Users/admin/builder/spi-builder-workspace/.derivedData/Build/Intermediates.noindex/Promises.build/Debug/FBLPromises-t.build/Objects-normal/arm64/e6072d4f65d7061329687fe24e3d63a7-common-args.resp -MMD -MT dependencies -MF /Users/admin/builder/spi-builder-workspace/.derivedData/Build/Intermediates.noindex/Promises.build/Debug/FBLPromises-t.build/Objects-normal/arm64/FBLPromise+Recover.d --serialize-diagnostics /Users/admin/builder/spi-builder-workspace/.derivedData/Build/Intermediates.noindex/Promises.build/Debug/FBLPromises-t.build/Objects-normal/arm64/FBLPromise+Recover.dia -c /Users/admin/builder/spi-builder-workspace/.dependencies/checkouts/promises/Sources/FBLPromises/FBLPromise+Recover.m -o /Users/admin/builder/spi-builder-workspace/.derivedData/Build/Intermediates.noindex/Promises.build/Debug/FBLPromises-t.build/Objects-normal/arm64/FBLPromise+Recover.o -index-unit-output-path /Promises.build/Debug/FBLPromises-t.build/Objects-normal/arm64/FBLPromise+Recover.o
ScanDependencies /Users/admin/builder/spi-builder-workspace/.derivedData/Build/Intermediates.noindex/Promises.build/Debug/FBLPromises-t.build/Objects-normal/arm64/FBLPromise+Race.o /Users/admin/builder/spi-builder-workspace/.dependencies/checkouts/promises/Sources/FBLPromises/FBLPromise+Race.m normal arm64 objective-c com.apple.compilers.llvm.clang.1_0.compiler (in target 'FBLPromises' from project 'Promises')
cd /Users/admin/builder/spi-builder-workspace/.swiftpm/xcode
Using response file: /Users/admin/builder/spi-builder-workspace/.derivedData/Build/Intermediates.noindex/Promises.build/Debug/FBLPromises-t.build/Objects-normal/arm64/e6072d4f65d7061329687fe24e3d63a7-common-args.resp
builtin-ScanDependencies -o /Users/admin/builder/spi-builder-workspace/.derivedData/Build/Intermediates.noindex/Promises.build/Debug/FBLPromises-t.build/Objects-normal/arm64/FBLPromise+Race.o.scan -- /Applications/Xcode-27.0.0-Release.Candidate.app/Contents/Developer/Toolchains/XcodeDefault.xctoolchain/usr/bin/clang -x objective-c -ivfsstatcache /Users/admin/builder/spi-builder-workspace/.derivedData/SDKStatCaches.noindex/macosx27.0-26A425-e829b21a6f8c9b70876ba0858053c0446a22442a12e9d48fe1a705f55a1adfc4.sdkstatcache -target arm64-apple-macos12.0 -fmessage-length\=0 -fdiagnostics-show-note-include-stack -fmacro-backtrace-limit\=0 -fno-color-diagnostics -fmodules-prune-interval\=86400 -fmodules-prune-after\=345600 -fbuild-session-file\=/Users/admin/builder/spi-builder-workspace/.derivedData/ModuleCache.noindex/Session.modulevalidation -fmodules-validate-once-per-build-session -Wnon-modular-include-in-framework-module -Werror\=non-modular-include-in-framework-module -Wno-trigraphs -Wno-missing-field-initializers -Wno-missing-prototypes -Wno-return-type -Wno-implicit-atomic-properties -Wno-objc-interface-ivars -Wno-arc-repeated-use-of-weak -Wno-missing-braces -Wparentheses -Wswitch -Wno-unused-function -Wno-unused-label -Wno-unused-parameter -Wno-unused-variable -Wunused-value -Wno-empty-body -Wno-uninitialized -Wno-unknown-pragmas -w -Wno-shadow -Wno-four-char-constants -Wno-conversion -Wno-constant-conversion -Wno-int-conversion -Wno-bool-conversion -Wno-enum-conversion -Wno-float-conversion -Wno-non-literal-null-conversion -Wno-objc-literal-conversion -Wshorten-64-to-32 -Wpointer-sign -Wno-newline-eof -Wno-selector -Wno-strict-selector-match -Wno-undeclared-selector -Wno-deprecated-implementations -Wno-implicit-fallthrough -isysroot /Applications/Xcode-27.0.0-Release.Candidate.app/Contents/Developer/Platforms/MacOSX.platform/Developer/SDKs/MacOSX27.0.sdk -fstrict-aliasing -Wprotocol -Wdeprecated-declarations -Wno-sign-conversion -Wno-infinite-recursion -Wno-comma -Wno-block-capture-autoreleasing -Wno-strict-prototypes -Wno-semicolon-before-method-body -index-store-path /Users/admin/builder/spi-builder-workspace/.derivedData/Index.noindex/DataStore @/Users/admin/builder/spi-builder-workspace/.derivedData/Build/Intermediates.noindex/Promises.build/Debug/FBLPromises-t.build/Objects-normal/arm64/e6072d4f65d7061329687fe24e3d63a7-common-args.resp -MMD -MT dependencies -MF /Users/admin/builder/spi-builder-workspace/.derivedData/Build/Intermediates.noindex/Promises.build/Debug/FBLPromises-t.build/Objects-normal/arm64/FBLPromise+Race.d --serialize-diagnostics /Users/admin/builder/spi-builder-workspace/.derivedData/Build/Intermediates.noindex/Promises.build/Debug/FBLPromises-t.build/Objects-normal/arm64/FBLPromise+Race.dia -c /Users/admin/builder/spi-builder-workspace/.dependencies/checkouts/promises/Sources/FBLPromises/FBLPromise+Race.m -o /Users/admin/builder/spi-builder-workspace/.derivedData/Build/Intermediates.noindex/Promises.build/Debug/FBLPromises-t.build/Objects-normal/arm64/FBLPromise+Race.o -index-unit-output-path /Promises.build/Debug/FBLPromises-t.build/Objects-normal/arm64/FBLPromise+Race.o
ScanDependencies /Users/admin/builder/spi-builder-workspace/.derivedData/Build/Intermediates.noindex/Promises.build/Debug/FBLPromises-t.build/Objects-normal/arm64/FBLPromise+Do.o /Users/admin/builder/spi-builder-workspace/.dependencies/checkouts/promises/Sources/FBLPromises/FBLPromise+Do.m normal arm64 objective-c com.apple.compilers.llvm.clang.1_0.compiler (in target 'FBLPromises' from project 'Promises')
cd /Users/admin/builder/spi-builder-workspace/.swiftpm/xcode
Using response file: /Users/admin/builder/spi-builder-workspace/.derivedData/Build/Intermediates.noindex/Promises.build/Debug/FBLPromises-t.build/Objects-normal/arm64/e6072d4f65d7061329687fe24e3d63a7-common-args.resp
builtin-ScanDependencies -o /Users/admin/builder/spi-builder-workspace/.derivedData/Build/Intermediates.noindex/Promises.build/Debug/FBLPromises-t.build/Objects-normal/arm64/FBLPromise+Do.o.scan -- /Applications/Xcode-27.0.0-Release.Candidate.app/Contents/Developer/Toolchains/XcodeDefault.xctoolchain/usr/bin/clang -x objective-c -ivfsstatcache /Users/admin/builder/spi-builder-workspace/.derivedData/SDKStatCaches.noindex/macosx27.0-26A425-e829b21a6f8c9b70876ba0858053c0446a22442a12e9d48fe1a705f55a1adfc4.sdkstatcache -target arm64-apple-macos12.0 -fmessage-length\=0 -fdiagnostics-show-note-include-stack -fmacro-backtrace-limit\=0 -fno-color-diagnostics -fmodules-prune-interval\=86400 -fmodules-prune-after\=345600 -fbuild-session-file\=/Users/admin/builder/spi-builder-workspace/.derivedData/ModuleCache.noindex/Session.modulevalidation -fmodules-validate-once-per-build-session -Wnon-modular-include-in-framework-module -Werror\=non-modular-include-in-framework-module -Wno-trigraphs -Wno-missing-field-initializers -Wno-missing-prototypes -Wno-return-type -Wno-implicit-atomic-properties -Wno-objc-interface-ivars -Wno-arc-repeated-use-of-weak -Wno-missing-braces -Wparentheses -Wswitch -Wno-unused-function -Wno-unused-label -Wno-unused-parameter -Wno-unused-variable -Wunused-value -Wno-empty-body -Wno-uninitialized -Wno-unknown-pragmas -w -Wno-shadow -Wno-four-char-constants -Wno-conversion -Wno-constant-conversion -Wno-int-conversion -Wno-bool-conversion -Wno-enum-conversion -Wno-float-conversion -Wno-non-literal-null-conversion -Wno-objc-literal-conversion -Wshorten-64-to-32 -Wpointer-sign -Wno-newline-eof -Wno-selector -Wno-strict-selector-match -Wno-undeclared-selector -Wno-deprecated-implementations -Wno-implicit-fallthrough -isysroot /Applications/Xcode-27.0.0-Release.Candidate.app/Contents/Developer/Platforms/MacOSX.platform/Developer/SDKs/MacOSX27.0.sdk -fstrict-aliasing -Wprotocol -Wdeprecated-declarations -Wno-sign-conversion -Wno-infinite-recursion -Wno-comma -Wno-block-capture-autoreleasing -Wno-strict-prototypes -Wno-semicolon-before-method-body -index-store-path /Users/admin/builder/spi-builder-workspace/.derivedData/Index.noindex/DataStore @/Users/admin/builder/spi-builder-workspace/.derivedData/Build/Intermediates.noindex/Promises.build/Debug/FBLPromises-t.build/Objects-normal/arm64/e6072d4f65d7061329687fe24e3d63a7-common-args.resp -MMD -MT dependencies -MF /Users/admin/builder/spi-builder-workspace/.derivedData/Build/Intermediates.noindex/Promises.build/Debug/FBLPromises-t.build/Objects-normal/arm64/FBLPromise+Do.d --serialize-diagnostics /Users/admin/builder/spi-builder-workspace/.derivedData/Build/Intermediates.noindex/Promises.build/Debug/FBLPromises-t.build/Objects-normal/arm64/FBLPromise+Do.dia -c /Users/admin/builder/spi-builder-workspace/.dependencies/checkouts/promises/Sources/FBLPromises/FBLPromise+Do.m -o /Users/admin/builder/spi-builder-workspace/.derivedData/Build/Intermediates.noindex/Promises.build/Debug/FBLPromises-t.build/Objects-normal/arm64/FBLPromise+Do.o -index-unit-output-path /Promises.build/Debug/FBLPromises-t.build/Objects-normal/arm64/FBLPromise+Do.o
CompileC /Users/admin/builder/spi-builder-workspace/.derivedData/Build/Intermediates.noindex/Promises.build/Debug/FBLPromises-t.build/Objects-normal/arm64/FBLPromise+Race.o /Users/admin/builder/spi-builder-workspace/.dependencies/checkouts/promises/Sources/FBLPromises/FBLPromise+Race.m normal arm64 objective-c com.apple.compilers.llvm.clang.1_0.compiler (in target 'FBLPromises' from project 'Promises')
cd /Users/admin/builder/spi-builder-workspace/.swiftpm/xcode
Using response file: /Users/admin/builder/spi-builder-workspace/.derivedData/Build/Intermediates.noindex/Promises.build/Debug/FBLPromises-t.build/Objects-normal/arm64/e6072d4f65d7061329687fe24e3d63a7-common-args.resp
/Applications/Xcode-27.0.0-Release.Candidate.app/Contents/Developer/Toolchains/XcodeDefault.xctoolchain/usr/bin/clang -x objective-c -ivfsstatcache /Users/admin/builder/spi-builder-workspace/.derivedData/SDKStatCaches.noindex/macosx27.0-26A425-e829b21a6f8c9b70876ba0858053c0446a22442a12e9d48fe1a705f55a1adfc4.sdkstatcache -target arm64-apple-macos12.0 -fmessage-length\=0 -fdiagnostics-show-note-include-stack -fmacro-backtrace-limit\=0 -fno-color-diagnostics -fmodules-prune-interval\=86400 -fmodules-prune-after\=345600 -fbuild-session-file\=/Users/admin/builder/spi-builder-workspace/.derivedData/ModuleCache.noindex/Session.modulevalidation -fmodules-validate-once-per-build-session -Wnon-modular-include-in-framework-module -Werror\=non-modular-include-in-framework-module -Wno-trigraphs -Wno-missing-field-initializers -Wno-missing-prototypes -Wno-return-type -Wno-implicit-atomic-properties -Wno-objc-interface-ivars -Wno-arc-repeated-use-of-weak -Wno-missing-braces -Wparentheses -Wswitch -Wno-unused-function -Wno-unused-label -Wno-unused-parameter -Wno-unused-variable -Wunused-value -Wno-empty-body -Wno-uninitialized -Wno-unknown-pragmas -w -Wno-shadow -Wno-four-char-constants -Wno-conversion -Wno-constant-conversion -Wno-int-conversion -Wno-bool-conversion -Wno-enum-conversion -Wno-float-conversion -Wno-non-literal-null-conversion -Wno-objc-literal-conversion -Wshorten-64-to-32 -Wpointer-sign -Wno-newline-eof -Wno-selector -Wno-strict-selector-match -Wno-undeclared-selector -Wno-deprecated-implementations -Wno-implicit-fallthrough -isysroot /Applications/Xcode-27.0.0-Release.Candidate.app/Contents/Developer/Platforms/MacOSX.platform/Developer/SDKs/MacOSX27.0.sdk -fstrict-aliasing -Wprotocol -Wdeprecated-declarations -Wno-sign-conversion -Wno-infinite-recursion -Wno-comma -Wno-block-capture-autoreleasing -Wno-strict-prototypes -Wno-semicolon-before-method-body -index-store-path /Users/admin/builder/spi-builder-workspace/.derivedData/Index.noindex/DataStore @/Users/admin/builder/spi-builder-workspace/.derivedData/Build/Intermediates.noindex/Promises.build/Debug/FBLPromises-t.build/Objects-normal/arm64/e6072d4f65d7061329687fe24e3d63a7-common-args.resp -MMD -MT dependencies -MF /Users/admin/builder/spi-builder-workspace/.derivedData/Build/Intermediates.noindex/Promises.build/Debug/FBLPromises-t.build/Objects-normal/arm64/FBLPromise+Race.d --serialize-diagnostics /Users/admin/builder/spi-builder-workspace/.derivedData/Build/Intermediates.noindex/Promises.build/Debug/FBLPromises-t.build/Objects-normal/arm64/FBLPromise+Race.dia -c /Users/admin/builder/spi-builder-workspace/.dependencies/checkouts/promises/Sources/FBLPromises/FBLPromise+Race.m -o /Users/admin/builder/spi-builder-workspace/.derivedData/Build/Intermediates.noindex/Promises.build/Debug/FBLPromises-t.build/Objects-normal/arm64/FBLPromise+Race.o -index-unit-output-path /Promises.build/Debug/FBLPromises-t.build/Objects-normal/arm64/FBLPromise+Race.o
ScanDependencies /Users/admin/builder/spi-builder-workspace/.derivedData/Build/Intermediates.noindex/Promises.build/Debug/FBLPromises-t.build/Objects-normal/arm64/FBLPromise+Delay.o /Users/admin/builder/spi-builder-workspace/.dependencies/checkouts/promises/Sources/FBLPromises/FBLPromise+Delay.m normal arm64 objective-c com.apple.compilers.llvm.clang.1_0.compiler (in target 'FBLPromises' from project 'Promises')
cd /Users/admin/builder/spi-builder-workspace/.swiftpm/xcode
Using response file: /Users/admin/builder/spi-builder-workspace/.derivedData/Build/Intermediates.noindex/Promises.build/Debug/FBLPromises-t.build/Objects-normal/arm64/e6072d4f65d7061329687fe24e3d63a7-common-args.resp
builtin-ScanDependencies -o /Users/admin/builder/spi-builder-workspace/.derivedData/Build/Intermediates.noindex/Promises.build/Debug/FBLPromises-t.build/Objects-normal/arm64/FBLPromise+Delay.o.scan -- /Applications/Xcode-27.0.0-Release.Candidate.app/Contents/Developer/Toolchains/XcodeDefault.xctoolchain/usr/bin/clang -x objective-c -ivfsstatcache /Users/admin/builder/spi-builder-workspace/.derivedData/SDKStatCaches.noindex/macosx27.0-26A425-e829b21a6f8c9b70876ba0858053c0446a22442a12e9d48fe1a705f55a1adfc4.sdkstatcache -target arm64-apple-macos12.0 -fmessage-length\=0 -fdiagnostics-show-note-include-stack -fmacro-backtrace-limit\=0 -fno-color-diagnostics -fmodules-prune-interval\=86400 -fmodules-prune-after\=345600 -fbuild-session-file\=/Users/admin/builder/spi-builder-workspace/.derivedData/ModuleCache.noindex/Session.modulevalidation -fmodules-validate-once-per-build-session -Wnon-modular-include-in-framework-module -Werror\=non-modular-include-in-framework-module -Wno-trigraphs -Wno-missing-field-initializers -Wno-missing-prototypes -Wno-return-type -Wno-implicit-atomic-properties -Wno-objc-interface-ivars -Wno-arc-repeated-use-of-weak -Wno-missing-braces -Wparentheses -Wswitch -Wno-unused-function -Wno-unused-label -Wno-unused-parameter -Wno-unused-variable -Wunused-value -Wno-empty-body -Wno-uninitialized -Wno-unknown-pragmas -w -Wno-shadow -Wno-four-char-constants -Wno-conversion -Wno-constant-conversion -Wno-int-conversion -Wno-bool-conversion -Wno-enum-conversion -Wno-float-conversion -Wno-non-literal-null-conversion -Wno-objc-literal-conversion -Wshorten-64-to-32 -Wpointer-sign -Wno-newline-eof -Wno-selector -Wno-strict-selector-match -Wno-undeclared-selector -Wno-deprecated-implementations -Wno-implicit-fallthrough -isysroot /Applications/Xcode-27.0.0-Release.Candidate.app/Contents/Developer/Platforms/MacOSX.platform/Developer/SDKs/MacOSX27.0.sdk -fstrict-aliasing -Wprotocol -Wdeprecated-declarations -Wno-sign-conversion -Wno-infinite-recursion -Wno-comma -Wno-block-capture-autoreleasing -Wno-strict-prototypes -Wno-semicolon-before-method-body -index-store-path /Users/admin/builder/spi-builder-workspace/.derivedData/Index.noindex/DataStore @/Users/admin/builder/spi-builder-workspace/.derivedData/Build/Intermediates.noindex/Promises.build/Debug/FBLPromises-t.build/Objects-normal/arm64/e6072d4f65d7061329687fe24e3d63a7-common-args.resp -MMD -MT dependencies -MF /Users/admin/builder/spi-builder-workspace/.derivedData/Build/Intermediates.noindex/Promises.build/Debug/FBLPromises-t.build/Objects-normal/arm64/FBLPromise+Delay.d --serialize-diagnostics /Users/admin/builder/spi-builder-workspace/.derivedData/Build/Intermediates.noindex/Promises.build/Debug/FBLPromises-t.build/Objects-normal/arm64/FBLPromise+Delay.dia -c /Users/admin/builder/spi-builder-workspace/.dependencies/checkouts/promises/Sources/FBLPromises/FBLPromise+Delay.m -o /Users/admin/builder/spi-builder-workspace/.derivedData/Build/Intermediates.noindex/Promises.build/Debug/FBLPromises-t.build/Objects-normal/arm64/FBLPromise+Delay.o -index-unit-output-path /Promises.build/Debug/FBLPromises-t.build/Objects-normal/arm64/FBLPromise+Delay.o
CompileC /Users/admin/builder/spi-builder-workspace/.derivedData/Build/Intermediates.noindex/Promises.build/Debug/FBLPromises-t.build/Objects-normal/arm64/FBLPromise+Do.o /Users/admin/builder/spi-builder-workspace/.dependencies/checkouts/promises/Sources/FBLPromises/FBLPromise+Do.m normal arm64 objective-c com.apple.compilers.llvm.clang.1_0.compiler (in target 'FBLPromises' from project 'Promises')
cd /Users/admin/builder/spi-builder-workspace/.swiftpm/xcode
Using response file: /Users/admin/builder/spi-builder-workspace/.derivedData/Build/Intermediates.noindex/Promises.build/Debug/FBLPromises-t.build/Objects-normal/arm64/e6072d4f65d7061329687fe24e3d63a7-common-args.resp
/Applications/Xcode-27.0.0-Release.Candidate.app/Contents/Developer/Toolchains/XcodeDefault.xctoolchain/usr/bin/clang -x objective-c -ivfsstatcache /Users/admin/builder/spi-builder-workspace/.derivedData/SDKStatCaches.noindex/macosx27.0-26A425-e829b21a6f8c9b70876ba0858053c0446a22442a12e9d48fe1a705f55a1adfc4.sdkstatcache -target arm64-apple-macos12.0 -fmessage-length\=0 -fdiagnostics-show-note-include-stack -fmacro-backtrace-limit\=0 -fno-color-diagnostics -fmodules-prune-interval\=86400 -fmodules-prune-after\=345600 -fbuild-session-file\=/Users/admin/builder/spi-builder-workspace/.derivedData/ModuleCache.noindex/Session.modulevalidation -fmodules-validate-once-per-build-session -Wnon-modular-include-in-framework-module -Werror\=non-modular-include-in-framework-module -Wno-trigraphs -Wno-missing-field-initializers -Wno-missing-prototypes -Wno-return-type -Wno-implicit-atomic-properties -Wno-objc-interface-ivars -Wno-arc-repeated-use-of-weak -Wno-missing-braces -Wparentheses -Wswitch -Wno-unused-function -Wno-unused-label -Wno-unused-parameter -Wno-unused-variable -Wunused-value -Wno-empty-body -Wno-uninitialized -Wno-unknown-pragmas -w -Wno-shadow -Wno-four-char-constants -Wno-conversion -Wno-constant-conversion -Wno-int-conversion -Wno-bool-conversion -Wno-enum-conversion -Wno-float-conversion -Wno-non-literal-null-conversion -Wno-objc-literal-conversion -Wshorten-64-to-32 -Wpointer-sign -Wno-newline-eof -Wno-selector -Wno-strict-selector-match -Wno-undeclared-selector -Wno-deprecated-implementations -Wno-implicit-fallthrough -isysroot /Applications/Xcode-27.0.0-Release.Candidate.app/Contents/Developer/Platforms/MacOSX.platform/Developer/SDKs/MacOSX27.0.sdk -fstrict-aliasing -Wprotocol -Wdeprecated-declarations -Wno-sign-conversion -Wno-infinite-recursion -Wno-comma -Wno-block-capture-autoreleasing -Wno-strict-prototypes -Wno-semicolon-before-method-body -index-store-path /Users/admin/builder/spi-builder-workspace/.derivedData/Index.noindex/DataStore @/Users/admin/builder/spi-builder-workspace/.derivedData/Build/Intermediates.noindex/Promises.build/Debug/FBLPromises-t.build/Objects-normal/arm64/e6072d4f65d7061329687fe24e3d63a7-common-args.resp -MMD -MT dependencies -MF /Users/admin/builder/spi-builder-workspace/.derivedData/Build/Intermediates.noindex/Promises.build/Debug/FBLPromises-t.build/Objects-normal/arm64/FBLPromise+Do.d --serialize-diagnostics /Users/admin/builder/spi-builder-workspace/.derivedData/Build/Intermediates.noindex/Promises.build/Debug/FBLPromises-t.build/Objects-normal/arm64/FBLPromise+Do.dia -c /Users/admin/builder/spi-builder-workspace/.dependencies/checkouts/promises/Sources/FBLPromises/FBLPromise+Do.m -o /Users/admin/builder/spi-builder-workspace/.derivedData/Build/Intermediates.noindex/Promises.build/Debug/FBLPromises-t.build/Objects-normal/arm64/FBLPromise+Do.o -index-unit-output-path /Promises.build/Debug/FBLPromises-t.build/Objects-normal/arm64/FBLPromise+Do.o
ScanDependencies /Users/admin/builder/spi-builder-workspace/.derivedData/Build/Intermediates.noindex/Promises.build/Debug/FBLPromises-t.build/Objects-normal/arm64/FBLPromise+Catch.o /Users/admin/builder/spi-builder-workspace/.dependencies/checkouts/promises/Sources/FBLPromises/FBLPromise+Catch.m normal arm64 objective-c com.apple.compilers.llvm.clang.1_0.compiler (in target 'FBLPromises' from project 'Promises')
cd /Users/admin/builder/spi-builder-workspace/.swiftpm/xcode
Using response file: /Users/admin/builder/spi-builder-workspace/.derivedData/Build/Intermediates.noindex/Promises.build/Debug/FBLPromises-t.build/Objects-normal/arm64/e6072d4f65d7061329687fe24e3d63a7-common-args.resp
builtin-ScanDependencies -o /Users/admin/builder/spi-builder-workspace/.derivedData/Build/Intermediates.noindex/Promises.build/Debug/FBLPromises-t.build/Objects-normal/arm64/FBLPromise+Catch.o.scan -- /Applications/Xcode-27.0.0-Release.Candidate.app/Contents/Developer/Toolchains/XcodeDefault.xctoolchain/usr/bin/clang -x objective-c -ivfsstatcache /Users/admin/builder/spi-builder-workspace/.derivedData/SDKStatCaches.noindex/macosx27.0-26A425-e829b21a6f8c9b70876ba0858053c0446a22442a12e9d48fe1a705f55a1adfc4.sdkstatcache -target arm64-apple-macos12.0 -fmessage-length\=0 -fdiagnostics-show-note-include-stack -fmacro-backtrace-limit\=0 -fno-color-diagnostics -fmodules-prune-interval\=86400 -fmodules-prune-after\=345600 -fbuild-session-file\=/Users/admin/builder/spi-builder-workspace/.derivedData/ModuleCache.noindex/Session.modulevalidation -fmodules-validate-once-per-build-session -Wnon-modular-include-in-framework-module -Werror\=non-modular-include-in-framework-module -Wno-trigraphs -Wno-missing-field-initializers -Wno-missing-prototypes -Wno-return-type -Wno-implicit-atomic-properties -Wno-objc-interface-ivars -Wno-arc-repeated-use-of-weak -Wno-missing-braces -Wparentheses -Wswitch -Wno-unused-function -Wno-unused-label -Wno-unused-parameter -Wno-unused-variable -Wunused-value -Wno-empty-body -Wno-uninitialized -Wno-unknown-pragmas -w -Wno-shadow -Wno-four-char-constants -Wno-conversion -Wno-constant-conversion -Wno-int-conversion -Wno-bool-conversion -Wno-enum-conversion -Wno-float-conversion -Wno-non-literal-null-conversion -Wno-objc-literal-conversion -Wshorten-64-to-32 -Wpointer-sign -Wno-newline-eof -Wno-selector -Wno-strict-selector-match -Wno-undeclared-selector -Wno-deprecated-implementations -Wno-implicit-fallthrough -isysroot /Applications/Xcode-27.0.0-Release.Candidate.app/Contents/Developer/Platforms/MacOSX.platform/Developer/SDKs/MacOSX27.0.sdk -fstrict-aliasing -Wprotocol -Wdeprecated-declarations -Wno-sign-conversion -Wno-infinite-recursion -Wno-comma -Wno-block-capture-autoreleasing -Wno-strict-prototypes -Wno-semicolon-before-method-body -index-store-path /Users/admin/builder/spi-builder-workspace/.derivedData/Index.noindex/DataStore @/Users/admin/builder/spi-builder-workspace/.derivedData/Build/Intermediates.noindex/Promises.build/Debug/FBLPromises-t.build/Objects-normal/arm64/e6072d4f65d7061329687fe24e3d63a7-common-args.resp -MMD -MT dependencies -MF /Users/admin/builder/spi-builder-workspace/.derivedData/Build/Intermediates.noindex/Promises.build/Debug/FBLPromises-t.build/Objects-normal/arm64/FBLPromise+Catch.d --serialize-diagnostics /Users/admin/builder/spi-builder-workspace/.derivedData/Build/Intermediates.noindex/Promises.build/Debug/FBLPromises-t.build/Objects-normal/arm64/FBLPromise+Catch.dia -c /Users/admin/builder/spi-builder-workspace/.dependencies/checkouts/promises/Sources/FBLPromises/FBLPromise+Catch.m -o /Users/admin/builder/spi-builder-workspace/.derivedData/Build/Intermediates.noindex/Promises.build/Debug/FBLPromises-t.build/Objects-normal/arm64/FBLPromise+Catch.o -index-unit-output-path /Promises.build/Debug/FBLPromises-t.build/Objects-normal/arm64/FBLPromise+Catch.o
ScanDependencies /Users/admin/builder/spi-builder-workspace/.derivedData/Build/Intermediates.noindex/Promises.build/Debug/FBLPromises-t.build/Objects-normal/arm64/FBLPromise+Await.o /Users/admin/builder/spi-builder-workspace/.dependencies/checkouts/promises/Sources/FBLPromises/FBLPromise+Await.m normal arm64 objective-c com.apple.compilers.llvm.clang.1_0.compiler (in target 'FBLPromises' from project 'Promises')
cd /Users/admin/builder/spi-builder-workspace/.swiftpm/xcode
Using response file: /Users/admin/builder/spi-builder-workspace/.derivedData/Build/Intermediates.noindex/Promises.build/Debug/FBLPromises-t.build/Objects-normal/arm64/e6072d4f65d7061329687fe24e3d63a7-common-args.resp
builtin-ScanDependencies -o /Users/admin/builder/spi-builder-workspace/.derivedData/Build/Intermediates.noindex/Promises.build/Debug/FBLPromises-t.build/Objects-normal/arm64/FBLPromise+Await.o.scan -- /Applications/Xcode-27.0.0-Release.Candidate.app/Contents/Developer/Toolchains/XcodeDefault.xctoolchain/usr/bin/clang -x objective-c -ivfsstatcache /Users/admin/builder/spi-builder-workspace/.derivedData/SDKStatCaches.noindex/macosx27.0-26A425-e829b21a6f8c9b70876ba0858053c0446a22442a12e9d48fe1a705f55a1adfc4.sdkstatcache -target arm64-apple-macos12.0 -fmessage-length\=0 -fdiagnostics-show-note-include-stack -fmacro-backtrace-limit\=0 -fno-color-diagnostics -fmodules-prune-interval\=86400 -fmodules-prune-after\=345600 -fbuild-session-file\=/Users/admin/builder/spi-builder-workspace/.derivedData/ModuleCache.noindex/Session.modulevalidation -fmodules-validate-once-per-build-session -Wnon-modular-include-in-framework-module -Werror\=non-modular-include-in-framework-module -Wno-trigraphs -Wno-missing-field-initializers -Wno-missing-prototypes -Wno-return-type -Wno-implicit-atomic-properties -Wno-objc-interface-ivars -Wno-arc-repeated-use-of-weak -Wno-missing-braces -Wparentheses -Wswitch -Wno-unused-function -Wno-unused-label -Wno-unused-parameter -Wno-unused-variable -Wunused-value -Wno-empty-body -Wno-uninitialized -Wno-unknown-pragmas -w -Wno-shadow -Wno-four-char-constants -Wno-conversion -Wno-constant-conversion -Wno-int-conversion -Wno-bool-conversion -Wno-enum-conversion -Wno-float-conversion -Wno-non-literal-null-conversion -Wno-objc-literal-conversion -Wshorten-64-to-32 -Wpointer-sign -Wno-newline-eof -Wno-selector -Wno-strict-selector-match -Wno-undeclared-selector -Wno-deprecated-implementations -Wno-implicit-fallthrough -isysroot /Applications/Xcode-27.0.0-Release.Candidate.app/Contents/Developer/Platforms/MacOSX.platform/Developer/SDKs/MacOSX27.0.sdk -fstrict-aliasing -Wprotocol -Wdeprecated-declarations -Wno-sign-conversion -Wno-infinite-recursion -Wno-comma -Wno-block-capture-autoreleasing -Wno-strict-prototypes -Wno-semicolon-before-method-body -index-store-path /Users/admin/builder/spi-builder-workspace/.derivedData/Index.noindex/DataStore @/Users/admin/builder/spi-builder-workspace/.derivedData/Build/Intermediates.noindex/Promises.build/Debug/FBLPromises-t.build/Objects-normal/arm64/e6072d4f65d7061329687fe24e3d63a7-common-args.resp -MMD -MT dependencies -MF /Users/admin/builder/spi-builder-workspace/.derivedData/Build/Intermediates.noindex/Promises.build/Debug/FBLPromises-t.build/Objects-normal/arm64/FBLPromise+Await.d --serialize-diagnostics /Users/admin/builder/spi-builder-workspace/.derivedData/Build/Intermediates.noindex/Promises.build/Debug/FBLPromises-t.build/Objects-normal/arm64/FBLPromise+Await.dia -c /Users/admin/builder/spi-builder-workspace/.dependencies/checkouts/promises/Sources/FBLPromises/FBLPromise+Await.m -o /Users/admin/builder/spi-builder-workspace/.derivedData/Build/Intermediates.noindex/Promises.build/Debug/FBLPromises-t.build/Objects-normal/arm64/FBLPromise+Await.o -index-unit-output-path /Promises.build/Debug/FBLPromises-t.build/Objects-normal/arm64/FBLPromise+Await.o
ScanDependencies /Users/admin/builder/spi-builder-workspace/.derivedData/Build/Intermediates.noindex/Promises.build/Debug/FBLPromises-t.build/Objects-normal/arm64/FBLPromise+Async.o /Users/admin/builder/spi-builder-workspace/.dependencies/checkouts/promises/Sources/FBLPromises/FBLPromise+Async.m normal arm64 objective-c com.apple.compilers.llvm.clang.1_0.compiler (in target 'FBLPromises' from project 'Promises')
cd /Users/admin/builder/spi-builder-workspace/.swiftpm/xcode
Using response file: /Users/admin/builder/spi-builder-workspace/.derivedData/Build/Intermediates.noindex/Promises.build/Debug/FBLPromises-t.build/Objects-normal/arm64/e6072d4f65d7061329687fe24e3d63a7-common-args.resp
builtin-ScanDependencies -o /Users/admin/builder/spi-builder-workspace/.derivedData/Build/Intermediates.noindex/Promises.build/Debug/FBLPromises-t.build/Objects-normal/arm64/FBLPromise+Async.o.scan -- /Applications/Xcode-27.0.0-Release.Candidate.app/Contents/Developer/Toolchains/XcodeDefault.xctoolchain/usr/bin/clang -x objective-c -ivfsstatcache /Users/admin/builder/spi-builder-workspace/.derivedData/SDKStatCaches.noindex/macosx27.0-26A425-e829b21a6f8c9b70876ba0858053c0446a22442a12e9d48fe1a705f55a1adfc4.sdkstatcache -target arm64-apple-macos12.0 -fmessage-length\=0 -fdiagnostics-show-note-include-stack -fmacro-backtrace-limit\=0 -fno-color-diagnostics -fmodules-prune-interval\=86400 -fmodules-prune-after\=345600 -fbuild-session-file\=/Users/admin/builder/spi-builder-workspace/.derivedData/ModuleCache.noindex/Session.modulevalidation -fmodules-validate-once-per-build-session -Wnon-modular-include-in-framework-module -Werror\=non-modular-include-in-framework-module -Wno-trigraphs -Wno-missing-field-initializers -Wno-missing-prototypes -Wno-return-type -Wno-implicit-atomic-properties -Wno-objc-interface-ivars -Wno-arc-repeated-use-of-weak -Wno-missing-braces -Wparentheses -Wswitch -Wno-unused-function -Wno-unused-label -Wno-unused-parameter -Wno-unused-variable -Wunused-value -Wno-empty-body -Wno-uninitialized -Wno-unknown-pragmas -w -Wno-shadow -Wno-four-char-constants -Wno-conversion -Wno-constant-conversion -Wno-int-conversion -Wno-bool-conversion -Wno-enum-conversion -Wno-float-conversion -Wno-non-literal-null-conversion -Wno-objc-literal-conversion -Wshorten-64-to-32 -Wpointer-sign -Wno-newline-eof -Wno-selector -Wno-strict-selector-match -Wno-undeclared-selector -Wno-deprecated-implementations -Wno-implicit-fallthrough -isysroot /Applications/Xcode-27.0.0-Release.Candidate.app/Contents/Developer/Platforms/MacOSX.platform/Developer/SDKs/MacOSX27.0.sdk -fstrict-aliasing -Wprotocol -Wdeprecated-declarations -Wno-sign-conversion -Wno-infinite-recursion -Wno-comma -Wno-block-capture-autoreleasing -Wno-strict-prototypes -Wno-semicolon-before-method-body -index-store-path /Users/admin/builder/spi-builder-workspace/.derivedData/Index.noindex/DataStore @/Users/admin/builder/spi-builder-workspace/.derivedData/Build/Intermediates.noindex/Promises.build/Debug/FBLPromises-t.build/Objects-normal/arm64/e6072d4f65d7061329687fe24e3d63a7-common-args.resp -MMD -MT dependencies -MF /Users/admin/builder/spi-builder-workspace/.derivedData/Build/Intermediates.noindex/Promises.build/Debug/FBLPromises-t.build/Objects-normal/arm64/FBLPromise+Async.d --serialize-diagnostics /Users/admin/builder/spi-builder-workspace/.derivedData/Build/Intermediates.noindex/Promises.build/Debug/FBLPromises-t.build/Objects-normal/arm64/FBLPromise+Async.dia -c /Users/admin/builder/spi-builder-workspace/.dependencies/checkouts/promises/Sources/FBLPromises/FBLPromise+Async.m -o /Users/admin/builder/spi-builder-workspace/.derivedData/Build/Intermediates.noindex/Promises.build/Debug/FBLPromises-t.build/Objects-normal/arm64/FBLPromise+Async.o -index-unit-output-path /Promises.build/Debug/FBLPromises-t.build/Objects-normal/arm64/FBLPromise+Async.o
ScanDependencies /Users/admin/builder/spi-builder-workspace/.derivedData/Build/Intermediates.noindex/Promises.build/Debug/FBLPromises-t.build/Objects-normal/arm64/FBLPromise+Any.o /Users/admin/builder/spi-builder-workspace/.dependencies/checkouts/promises/Sources/FBLPromises/FBLPromise+Any.m normal arm64 objective-c com.apple.compilers.llvm.clang.1_0.compiler (in target 'FBLPromises' from project 'Promises')
cd /Users/admin/builder/spi-builder-workspace/.swiftpm/xcode
Using response file: /Users/admin/builder/spi-builder-workspace/.derivedData/Build/Intermediates.noindex/Promises.build/Debug/FBLPromises-t.build/Objects-normal/arm64/e6072d4f65d7061329687fe24e3d63a7-common-args.resp
builtin-ScanDependencies -o /Users/admin/builder/spi-builder-workspace/.derivedData/Build/Intermediates.noindex/Promises.build/Debug/FBLPromises-t.build/Objects-normal/arm64/FBLPromise+Any.o.scan -- /Applications/Xcode-27.0.0-Release.Candidate.app/Contents/Developer/Toolchains/XcodeDefault.xctoolchain/usr/bin/clang -x objective-c -ivfsstatcache /Users/admin/builder/spi-builder-workspace/.derivedData/SDKStatCaches.noindex/macosx27.0-26A425-e829b21a6f8c9b70876ba0858053c0446a22442a12e9d48fe1a705f55a1adfc4.sdkstatcache -target arm64-apple-macos12.0 -fmessage-length\=0 -fdiagnostics-show-note-include-stack -fmacro-backtrace-limit\=0 -fno-color-diagnostics -fmodules-prune-interval\=86400 -fmodules-prune-after\=345600 -fbuild-session-file\=/Users/admin/builder/spi-builder-workspace/.derivedData/ModuleCache.noindex/Session.modulevalidation -fmodules-validate-once-per-build-session -Wnon-modular-include-in-framework-module -Werror\=non-modular-include-in-framework-module -Wno-trigraphs -Wno-missing-field-initializers -Wno-missing-prototypes -Wno-return-type -Wno-implicit-atomic-properties -Wno-objc-interface-ivars -Wno-arc-repeated-use-of-weak -Wno-missing-braces -Wparentheses -Wswitch -Wno-unused-function -Wno-unused-label -Wno-unused-parameter -Wno-unused-variable -Wunused-value -Wno-empty-body -Wno-uninitialized -Wno-unknown-pragmas -w -Wno-shadow -Wno-four-char-constants -Wno-conversion -Wno-constant-conversion -Wno-int-conversion -Wno-bool-conversion -Wno-enum-conversion -Wno-float-conversion -Wno-non-literal-null-conversion -Wno-objc-literal-conversion -Wshorten-64-to-32 -Wpointer-sign -Wno-newline-eof -Wno-selector -Wno-strict-selector-match -Wno-undeclared-selector -Wno-deprecated-implementations -Wno-implicit-fallthrough -isysroot /Applications/Xcode-27.0.0-Release.Candidate.app/Contents/Developer/Platforms/MacOSX.platform/Developer/SDKs/MacOSX27.0.sdk -fstrict-aliasing -Wprotocol -Wdeprecated-declarations -Wno-sign-conversion -Wno-infinite-recursion -Wno-comma -Wno-block-capture-autoreleasing -Wno-strict-prototypes -Wno-semicolon-before-method-body -index-store-path /Users/admin/builder/spi-builder-workspace/.derivedData/Index.noindex/DataStore @/Users/admin/builder/spi-builder-workspace/.derivedData/Build/Intermediates.noindex/Promises.build/Debug/FBLPromises-t.build/Objects-normal/arm64/e6072d4f65d7061329687fe24e3d63a7-common-args.resp -MMD -MT dependencies -MF /Users/admin/builder/spi-builder-workspace/.derivedData/Build/Intermediates.noindex/Promises.build/Debug/FBLPromises-t.build/Objects-normal/arm64/FBLPromise+Any.d --serialize-diagnostics /Users/admin/builder/spi-builder-workspace/.derivedData/Build/Intermediates.noindex/Promises.build/Debug/FBLPromises-t.build/Objects-normal/arm64/FBLPromise+Any.dia -c /Users/admin/builder/spi-builder-workspace/.dependencies/checkouts/promises/Sources/FBLPromises/FBLPromise+Any.m -o /Users/admin/builder/spi-builder-workspace/.derivedData/Build/Intermediates.noindex/Promises.build/Debug/FBLPromises-t.build/Objects-normal/arm64/FBLPromise+Any.o -index-unit-output-path /Promises.build/Debug/FBLPromises-t.build/Objects-normal/arm64/FBLPromise+Any.o
CompileC /Users/admin/builder/spi-builder-workspace/.derivedData/Build/Intermediates.noindex/Promises.build/Debug/FBLPromises-t.build/Objects-normal/arm64/FBLPromise+Delay.o /Users/admin/builder/spi-builder-workspace/.dependencies/checkouts/promises/Sources/FBLPromises/FBLPromise+Delay.m normal arm64 objective-c com.apple.compilers.llvm.clang.1_0.compiler (in target 'FBLPromises' from project 'Promises')
cd /Users/admin/builder/spi-builder-workspace/.swiftpm/xcode
Using response file: /Users/admin/builder/spi-builder-workspace/.derivedData/Build/Intermediates.noindex/Promises.build/Debug/FBLPromises-t.build/Objects-normal/arm64/e6072d4f65d7061329687fe24e3d63a7-common-args.resp
/Applications/Xcode-27.0.0-Release.Candidate.app/Contents/Developer/Toolchains/XcodeDefault.xctoolchain/usr/bin/clang -x objective-c -ivfsstatcache /Users/admin/builder/spi-builder-workspace/.derivedData/SDKStatCaches.noindex/macosx27.0-26A425-e829b21a6f8c9b70876ba0858053c0446a22442a12e9d48fe1a705f55a1adfc4.sdkstatcache -target arm64-apple-macos12.0 -fmessage-length\=0 -fdiagnostics-show-note-include-stack -fmacro-backtrace-limit\=0 -fno-color-diagnostics -fmodules-prune-interval\=86400 -fmodules-prune-after\=345600 -fbuild-session-file\=/Users/admin/builder/spi-builder-workspace/.derivedData/ModuleCache.noindex/Session.modulevalidation -fmodules-validate-once-per-build-session -Wnon-modular-include-in-framework-module -Werror\=non-modular-include-in-framework-module -Wno-trigraphs -Wno-missing-field-initializers -Wno-missing-prototypes -Wno-return-type -Wno-implicit-atomic-properties -Wno-objc-interface-ivars -Wno-arc-repeated-use-of-weak -Wno-missing-braces -Wparentheses -Wswitch -Wno-unused-function -Wno-unused-label -Wno-unused-parameter -Wno-unused-variable -Wunused-value -Wno-empty-body -Wno-uninitialized -Wno-unknown-pragmas -w -Wno-shadow -Wno-four-char-constants -Wno-conversion -Wno-constant-conversion -Wno-int-conversion -Wno-bool-conversion -Wno-enum-conversion -Wno-float-conversion -Wno-non-literal-null-conversion -Wno-objc-literal-conversion -Wshorten-64-to-32 -Wpointer-sign -Wno-newline-eof -Wno-selector -Wno-strict-selector-match -Wno-undeclared-selector -Wno-deprecated-implementations -Wno-implicit-fallthrough -isysroot /Applications/Xcode-27.0.0-Release.Candidate.app/Contents/Developer/Platforms/MacOSX.platform/Developer/SDKs/MacOSX27.0.sdk -fstrict-aliasing -Wprotocol -Wdeprecated-declarations -Wno-sign-conversion -Wno-infinite-recursion -Wno-comma -Wno-block-capture-autoreleasing -Wno-strict-prototypes -Wno-semicolon-before-method-body -index-store-path /Users/admin/builder/spi-builder-workspace/.derivedData/Index.noindex/DataStore @/Users/admin/builder/spi-builder-workspace/.derivedData/Build/Intermediates.noindex/Promises.build/Debug/FBLPromises-t.build/Objects-normal/arm64/e6072d4f65d7061329687fe24e3d63a7-common-args.resp -MMD -MT dependencies -MF /Users/admin/builder/spi-builder-workspace/.derivedData/Build/Intermediates.noindex/Promises.build/Debug/FBLPromises-t.build/Objects-normal/arm64/FBLPromise+Delay.d --serialize-diagnostics /Users/admin/builder/spi-builder-workspace/.derivedData/Build/Intermediates.noindex/Promises.build/Debug/FBLPromises-t.build/Objects-normal/arm64/FBLPromise+Delay.dia -c /Users/admin/builder/spi-builder-workspace/.dependencies/checkouts/promises/Sources/FBLPromises/FBLPromise+Delay.m -o /Users/admin/builder/spi-builder-workspace/.derivedData/Build/Intermediates.noindex/Promises.build/Debug/FBLPromises-t.build/Objects-normal/arm64/FBLPromise+Delay.o -index-unit-output-path /Promises.build/Debug/FBLPromises-t.build/Objects-normal/arm64/FBLPromise+Delay.o
CompileC /Users/admin/builder/spi-builder-workspace/.derivedData/Build/Intermediates.noindex/Promises.build/Debug/FBLPromises-t.build/Objects-normal/arm64/FBLPromise+Catch.o /Users/admin/builder/spi-builder-workspace/.dependencies/checkouts/promises/Sources/FBLPromises/FBLPromise+Catch.m normal arm64 objective-c com.apple.compilers.llvm.clang.1_0.compiler (in target 'FBLPromises' from project 'Promises')
cd /Users/admin/builder/spi-builder-workspace/.swiftpm/xcode
Using response file: /Users/admin/builder/spi-builder-workspace/.derivedData/Build/Intermediates.noindex/Promises.build/Debug/FBLPromises-t.build/Objects-normal/arm64/e6072d4f65d7061329687fe24e3d63a7-common-args.resp
/Applications/Xcode-27.0.0-Release.Candidate.app/Contents/Developer/Toolchains/XcodeDefault.xctoolchain/usr/bin/clang -x objective-c -ivfsstatcache /Users/admin/builder/spi-builder-workspace/.derivedData/SDKStatCaches.noindex/macosx27.0-26A425-e829b21a6f8c9b70876ba0858053c0446a22442a12e9d48fe1a705f55a1adfc4.sdkstatcache -target arm64-apple-macos12.0 -fmessage-length\=0 -fdiagnostics-show-note-include-stack -fmacro-backtrace-limit\=0 -fno-color-diagnostics -fmodules-prune-interval\=86400 -fmodules-prune-after\=345600 -fbuild-session-file\=/Users/admin/builder/spi-builder-workspace/.derivedData/ModuleCache.noindex/Session.modulevalidation -fmodules-validate-once-per-build-session -Wnon-modular-include-in-framework-module -Werror\=non-modular-include-in-framework-module -Wno-trigraphs -Wno-missing-field-initializers -Wno-missing-prototypes -Wno-return-type -Wno-implicit-atomic-properties -Wno-objc-interface-ivars -Wno-arc-repeated-use-of-weak -Wno-missing-braces -Wparentheses -Wswitch -Wno-unused-function -Wno-unused-label -Wno-unused-parameter -Wno-unused-variable -Wunused-value -Wno-empty-body -Wno-uninitialized -Wno-unknown-pragmas -w -Wno-shadow -Wno-four-char-constants -Wno-conversion -Wno-constant-conversion -Wno-int-conversion -Wno-bool-conversion -Wno-enum-conversion -Wno-float-conversion -Wno-non-literal-null-conversion -Wno-objc-literal-conversion -Wshorten-64-to-32 -Wpointer-sign -Wno-newline-eof -Wno-selector -Wno-strict-selector-match -Wno-undeclared-selector -Wno-deprecated-implementations -Wno-implicit-fallthrough -isysroot /Applications/Xcode-27.0.0-Release.Candidate.app/Contents/Developer/Platforms/MacOSX.platform/Developer/SDKs/MacOSX27.0.sdk -fstrict-aliasing -Wprotocol -Wdeprecated-declarations -Wno-sign-conversion -Wno-infinite-recursion -Wno-comma -Wno-block-capture-autoreleasing -Wno-strict-prototypes -Wno-semicolon-before-method-body -index-store-path /Users/admin/builder/spi-builder-workspace/.derivedData/Index.noindex/DataStore @/Users/admin/builder/spi-builder-workspace/.derivedData/Build/Intermediates.noindex/Promises.build/Debug/FBLPromises-t.build/Objects-normal/arm64/e6072d4f65d7061329687fe24e3d63a7-common-args.resp -MMD -MT dependencies -MF /Users/admin/builder/spi-builder-workspace/.derivedData/Build/Intermediates.noindex/Promises.build/Debug/FBLPromises-t.build/Objects-normal/arm64/FBLPromise+Catch.d --serialize-diagnostics /Users/admin/builder/spi-builder-workspace/.derivedData/Build/Intermediates.noindex/Promises.build/Debug/FBLPromises-t.build/Objects-normal/arm64/FBLPromise+Catch.dia -c /Users/admin/builder/spi-builder-workspace/.dependencies/checkouts/promises/Sources/FBLPromises/FBLPromise+Catch.m -o /Users/admin/builder/spi-builder-workspace/.derivedData/Build/Intermediates.noindex/Promises.build/Debug/FBLPromises-t.build/Objects-normal/arm64/FBLPromise+Catch.o -index-unit-output-path /Promises.build/Debug/FBLPromises-t.build/Objects-normal/arm64/FBLPromise+Catch.o
CompileC /Users/admin/builder/spi-builder-workspace/.derivedData/Build/Intermediates.noindex/Promises.build/Debug/FBLPromises-t.build/Objects-normal/arm64/FBLPromise+Await.o /Users/admin/builder/spi-builder-workspace/.dependencies/checkouts/promises/Sources/FBLPromises/FBLPromise+Await.m normal arm64 objective-c com.apple.compilers.llvm.clang.1_0.compiler (in target 'FBLPromises' from project 'Promises')
cd /Users/admin/builder/spi-builder-workspace/.swiftpm/xcode
Using response file: /Users/admin/builder/spi-builder-workspace/.derivedData/Build/Intermediates.noindex/Promises.build/Debug/FBLPromises-t.build/Objects-normal/arm64/e6072d4f65d7061329687fe24e3d63a7-common-args.resp
/Applications/Xcode-27.0.0-Release.Candidate.app/Contents/Developer/Toolchains/XcodeDefault.xctoolchain/usr/bin/clang -x objective-c -ivfsstatcache /Users/admin/builder/spi-builder-workspace/.derivedData/SDKStatCaches.noindex/macosx27.0-26A425-e829b21a6f8c9b70876ba0858053c0446a22442a12e9d48fe1a705f55a1adfc4.sdkstatcache -target arm64-apple-macos12.0 -fmessage-length\=0 -fdiagnostics-show-note-include-stack -fmacro-backtrace-limit\=0 -fno-color-diagnostics -fmodules-prune-interval\=86400 -fmodules-prune-after\=345600 -fbuild-session-file\=/Users/admin/builder/spi-builder-workspace/.derivedData/ModuleCache.noindex/Session.modulevalidation -fmodules-validate-once-per-build-session -Wnon-modular-include-in-framework-module -Werror\=non-modular-include-in-framework-module -Wno-trigraphs -Wno-missing-field-initializers -Wno-missing-prototypes -Wno-return-type -Wno-implicit-atomic-properties -Wno-objc-interface-ivars -Wno-arc-repeated-use-of-weak -Wno-missing-braces -Wparentheses -Wswitch -Wno-unused-function -Wno-unused-label -Wno-unused-parameter -Wno-unused-variable -Wunused-value -Wno-empty-body -Wno-uninitialized -Wno-unknown-pragmas -w -Wno-shadow -Wno-four-char-constants -Wno-conversion -Wno-constant-conversion -Wno-int-conversion -Wno-bool-conversion -Wno-enum-conversion -Wno-float-conversion -Wno-non-literal-null-conversion -Wno-objc-literal-conversion -Wshorten-64-to-32 -Wpointer-sign -Wno-newline-eof -Wno-selector -Wno-strict-selector-match -Wno-undeclared-selector -Wno-deprecated-implementations -Wno-implicit-fallthrough -isysroot /Applications/Xcode-27.0.0-Release.Candidate.app/Contents/Developer/Platforms/MacOSX.platform/Developer/SDKs/MacOSX27.0.sdk -fstrict-aliasing -Wprotocol -Wdeprecated-declarations -Wno-sign-conversion -Wno-infinite-recursion -Wno-comma -Wno-block-capture-autoreleasing -Wno-strict-prototypes -Wno-semicolon-before-method-body -index-store-path /Users/admin/builder/spi-builder-workspace/.derivedData/Index.noindex/DataStore @/Users/admin/builder/spi-builder-workspace/.derivedData/Build/Intermediates.noindex/Promises.build/Debug/FBLPromises-t.build/Objects-normal/arm64/e6072d4f65d7061329687fe24e3d63a7-common-args.resp -MMD -MT dependencies -MF /Users/admin/builder/spi-builder-workspace/.derivedData/Build/Intermediates.noindex/Promises.build/Debug/FBLPromises-t.build/Objects-normal/arm64/FBLPromise+Await.d --serialize-diagnostics /Users/admin/builder/spi-builder-workspace/.derivedData/Build/Intermediates.noindex/Promises.build/Debug/FBLPromises-t.build/Objects-normal/arm64/FBLPromise+Await.dia -c /Users/admin/builder/spi-builder-workspace/.dependencies/checkouts/promises/Sources/FBLPromises/FBLPromise+Await.m -o /Users/admin/builder/spi-builder-workspace/.derivedData/Build/Intermediates.noindex/Promises.build/Debug/FBLPromises-t.build/Objects-normal/arm64/FBLPromise+Await.o -index-unit-output-path /Promises.build/Debug/FBLPromises-t.build/Objects-normal/arm64/FBLPromise+Await.o
CompileC /Users/admin/builder/spi-builder-workspace/.derivedData/Build/Intermediates.noindex/Promises.build/Debug/FBLPromises-t.build/Objects-normal/arm64/FBLPromise+Any.o /Users/admin/builder/spi-builder-workspace/.dependencies/checkouts/promises/Sources/FBLPromises/FBLPromise+Any.m normal arm64 objective-c com.apple.compilers.llvm.clang.1_0.compiler (in target 'FBLPromises' from project 'Promises')
cd /Users/admin/builder/spi-builder-workspace/.swiftpm/xcode
Using response file: /Users/admin/builder/spi-builder-workspace/.derivedData/Build/Intermediates.noindex/Promises.build/Debug/FBLPromises-t.build/Objects-normal/arm64/e6072d4f65d7061329687fe24e3d63a7-common-args.resp
/Applications/Xcode-27.0.0-Release.Candidate.app/Contents/Developer/Toolchains/XcodeDefault.xctoolchain/usr/bin/clang -x objective-c -ivfsstatcache /Users/admin/builder/spi-builder-workspace/.derivedData/SDKStatCaches.noindex/macosx27.0-26A425-e829b21a6f8c9b70876ba0858053c0446a22442a12e9d48fe1a705f55a1adfc4.sdkstatcache -target arm64-apple-macos12.0 -fmessage-length\=0 -fdiagnostics-show-note-include-stack -fmacro-backtrace-limit\=0 -fno-color-diagnostics -fmodules-prune-interval\=86400 -fmodules-prune-after\=345600 -fbuild-session-file\=/Users/admin/builder/spi-builder-workspace/.derivedData/ModuleCache.noindex/Session.modulevalidation -fmodules-validate-once-per-build-session -Wnon-modular-include-in-framework-module -Werror\=non-modular-include-in-framework-module -Wno-trigraphs -Wno-missing-field-initializers -Wno-missing-prototypes -Wno-return-type -Wno-implicit-atomic-properties -Wno-objc-interface-ivars -Wno-arc-repeated-use-of-weak -Wno-missing-braces -Wparentheses -Wswitch -Wno-unused-function -Wno-unused-label -Wno-unused-parameter -Wno-unused-variable -Wunused-value -Wno-empty-body -Wno-uninitialized -Wno-unknown-pragmas -w -Wno-shadow -Wno-four-char-constants -Wno-conversion -Wno-constant-conversion -Wno-int-conversion -Wno-bool-conversion -Wno-enum-conversion -Wno-float-conversion -Wno-non-literal-null-conversion -Wno-objc-literal-conversion -Wshorten-64-to-32 -Wpointer-sign -Wno-newline-eof -Wno-selector -Wno-strict-selector-match -Wno-undeclared-selector -Wno-deprecated-implementations -Wno-implicit-fallthrough -isysroot /Applications/Xcode-27.0.0-Release.Candidate.app/Contents/Developer/Platforms/MacOSX.platform/Developer/SDKs/MacOSX27.0.sdk -fstrict-aliasing -Wprotocol -Wdeprecated-declarations -Wno-sign-conversion -Wno-infinite-recursion -Wno-comma -Wno-block-capture-autoreleasing -Wno-strict-prototypes -Wno-semicolon-before-method-body -index-store-path /Users/admin/builder/spi-builder-workspace/.derivedData/Index.noindex/DataStore @/Users/admin/builder/spi-builder-workspace/.derivedData/Build/Intermediates.noindex/Promises.build/Debug/FBLPromises-t.build/Objects-normal/arm64/e6072d4f65d7061329687fe24e3d63a7-common-args.resp -MMD -MT dependencies -MF /Users/admin/builder/spi-builder-workspace/.derivedData/Build/Intermediates.noindex/Promises.build/Debug/FBLPromises-t.build/Objects-normal/arm64/FBLPromise+Any.d --serialize-diagnostics /Users/admin/builder/spi-builder-workspace/.derivedData/Build/Intermediates.noindex/Promises.build/Debug/FBLPromises-t.build/Objects-normal/arm64/FBLPromise+Any.dia -c /Users/admin/builder/spi-builder-workspace/.dependencies/checkouts/promises/Sources/FBLPromises/FBLPromise+Any.m -o /Users/admin/builder/spi-builder-workspace/.derivedData/Build/Intermediates.noindex/Promises.build/Debug/FBLPromises-t.build/Objects-normal/arm64/FBLPromise+Any.o -index-unit-output-path /Promises.build/Debug/FBLPromises-t.build/Objects-normal/arm64/FBLPromise+Any.o
ScanDependencies /Users/admin/builder/spi-builder-workspace/.derivedData/Build/Intermediates.noindex/Promises.build/Debug/FBLPromises-t.build/Objects-normal/arm64/FBLPromise+Always.o /Users/admin/builder/spi-builder-workspace/.dependencies/checkouts/promises/Sources/FBLPromises/FBLPromise+Always.m normal arm64 objective-c com.apple.compilers.llvm.clang.1_0.compiler (in target 'FBLPromises' from project 'Promises')
cd /Users/admin/builder/spi-builder-workspace/.swiftpm/xcode
Using response file: /Users/admin/builder/spi-builder-workspace/.derivedData/Build/Intermediates.noindex/Promises.build/Debug/FBLPromises-t.build/Objects-normal/arm64/e6072d4f65d7061329687fe24e3d63a7-common-args.resp
builtin-ScanDependencies -o /Users/admin/builder/spi-builder-workspace/.derivedData/Build/Intermediates.noindex/Promises.build/Debug/FBLPromises-t.build/Objects-normal/arm64/FBLPromise+Always.o.scan -- /Applications/Xcode-27.0.0-Release.Candidate.app/Contents/Developer/Toolchains/XcodeDefault.xctoolchain/usr/bin/clang -x objective-c -ivfsstatcache /Users/admin/builder/spi-builder-workspace/.derivedData/SDKStatCaches.noindex/macosx27.0-26A425-e829b21a6f8c9b70876ba0858053c0446a22442a12e9d48fe1a705f55a1adfc4.sdkstatcache -target arm64-apple-macos12.0 -fmessage-length\=0 -fdiagnostics-show-note-include-stack -fmacro-backtrace-limit\=0 -fno-color-diagnostics -fmodules-prune-interval\=86400 -fmodules-prune-after\=345600 -fbuild-session-file\=/Users/admin/builder/spi-builder-workspace/.derivedData/ModuleCache.noindex/Session.modulevalidation -fmodules-validate-once-per-build-session -Wnon-modular-include-in-framework-module -Werror\=non-modular-include-in-framework-module -Wno-trigraphs -Wno-missing-field-initializers -Wno-missing-prototypes -Wno-return-type -Wno-implicit-atomic-properties -Wno-objc-interface-ivars -Wno-arc-repeated-use-of-weak -Wno-missing-braces -Wparentheses -Wswitch -Wno-unused-function -Wno-unused-label -Wno-unused-parameter -Wno-unused-variable -Wunused-value -Wno-empty-body -Wno-uninitialized -Wno-unknown-pragmas -w -Wno-shadow -Wno-four-char-constants -Wno-conversion -Wno-constant-conversion -Wno-int-conversion -Wno-bool-conversion -Wno-enum-conversion -Wno-float-conversion -Wno-non-literal-null-conversion -Wno-objc-literal-conversion -Wshorten-64-to-32 -Wpointer-sign -Wno-newline-eof -Wno-selector -Wno-strict-selector-match -Wno-undeclared-selector -Wno-deprecated-implementations -Wno-implicit-fallthrough -isysroot /Applications/Xcode-27.0.0-Release.Candidate.app/Contents/Developer/Platforms/MacOSX.platform/Developer/SDKs/MacOSX27.0.sdk -fstrict-aliasing -Wprotocol -Wdeprecated-declarations -Wno-sign-conversion -Wno-infinite-recursion -Wno-comma -Wno-block-capture-autoreleasing -Wno-strict-prototypes -Wno-semicolon-before-method-body -index-store-path /Users/admin/builder/spi-builder-workspace/.derivedData/Index.noindex/DataStore @/Users/admin/builder/spi-builder-workspace/.derivedData/Build/Intermediates.noindex/Promises.build/Debug/FBLPromises-t.build/Objects-normal/arm64/e6072d4f65d7061329687fe24e3d63a7-common-args.resp -MMD -MT dependencies -MF /Users/admin/builder/spi-builder-workspace/.derivedData/Build/Intermediates.noindex/Promises.build/Debug/FBLPromises-t.build/Objects-normal/arm64/FBLPromise+Always.d --serialize-diagnostics /Users/admin/builder/spi-builder-workspace/.derivedData/Build/Intermediates.noindex/Promises.build/Debug/FBLPromises-t.build/Objects-normal/arm64/FBLPromise+Always.dia -c /Users/admin/builder/spi-builder-workspace/.dependencies/checkouts/promises/Sources/FBLPromises/FBLPromise+Always.m -o /Users/admin/builder/spi-builder-workspace/.derivedData/Build/Intermediates.noindex/Promises.build/Debug/FBLPromises-t.build/Objects-normal/arm64/FBLPromise+Always.o -index-unit-output-path /Promises.build/Debug/FBLPromises-t.build/Objects-normal/arm64/FBLPromise+Always.o
CompileC /Users/admin/builder/spi-builder-workspace/.derivedData/Build/Intermediates.noindex/Promises.build/Debug/FBLPromises-t.build/Objects-normal/arm64/FBLPromise+Async.o /Users/admin/builder/spi-builder-workspace/.dependencies/checkouts/promises/Sources/FBLPromises/FBLPromise+Async.m normal arm64 objective-c com.apple.compilers.llvm.clang.1_0.compiler (in target 'FBLPromises' from project 'Promises')
cd /Users/admin/builder/spi-builder-workspace/.swiftpm/xcode
Using response file: /Users/admin/builder/spi-builder-workspace/.derivedData/Build/Intermediates.noindex/Promises.build/Debug/FBLPromises-t.build/Objects-normal/arm64/e6072d4f65d7061329687fe24e3d63a7-common-args.resp
/Applications/Xcode-27.0.0-Release.Candidate.app/Contents/Developer/Toolchains/XcodeDefault.xctoolchain/usr/bin/clang -x objective-c -ivfsstatcache /Users/admin/builder/spi-builder-workspace/.derivedData/SDKStatCaches.noindex/macosx27.0-26A425-e829b21a6f8c9b70876ba0858053c0446a22442a12e9d48fe1a705f55a1adfc4.sdkstatcache -target arm64-apple-macos12.0 -fmessage-length\=0 -fdiagnostics-show-note-include-stack -fmacro-backtrace-limit\=0 -fno-color-diagnostics -fmodules-prune-interval\=86400 -fmodules-prune-after\=345600 -fbuild-session-file\=/Users/admin/builder/spi-builder-workspace/.derivedData/ModuleCache.noindex/Session.modulevalidation -fmodules-validate-once-per-build-session -Wnon-modular-include-in-framework-module -Werror\=non-modular-include-in-framework-module -Wno-trigraphs -Wno-missing-field-initializers -Wno-missing-prototypes -Wno-return-type -Wno-implicit-atomic-properties -Wno-objc-interface-ivars -Wno-arc-repeated-use-of-weak -Wno-missing-braces -Wparentheses -Wswitch -Wno-unused-function -Wno-unused-label -Wno-unused-parameter -Wno-unused-variable -Wunused-value -Wno-empty-body -Wno-uninitialized -Wno-unknown-pragmas -w -Wno-shadow -Wno-four-char-constants -Wno-conversion -Wno-constant-conversion -Wno-int-conversion -Wno-bool-conversion -Wno-enum-conversion -Wno-float-conversion -Wno-non-literal-null-conversion -Wno-objc-literal-conversion -Wshorten-64-to-32 -Wpointer-sign -Wno-newline-eof -Wno-selector -Wno-strict-selector-match -Wno-undeclared-selector -Wno-deprecated-implementations -Wno-implicit-fallthrough -isysroot /Applications/Xcode-27.0.0-Release.Candidate.app/Contents/Developer/Platforms/MacOSX.platform/Developer/SDKs/MacOSX27.0.sdk -fstrict-aliasing -Wprotocol -Wdeprecated-declarations -Wno-sign-conversion -Wno-infinite-recursion -Wno-comma -Wno-block-capture-autoreleasing -Wno-strict-prototypes -Wno-semicolon-before-method-body -index-store-path /Users/admin/builder/spi-builder-workspace/.derivedData/Index.noindex/DataStore @/Users/admin/builder/spi-builder-workspace/.derivedData/Build/Intermediates.noindex/Promises.build/Debug/FBLPromises-t.build/Objects-normal/arm64/e6072d4f65d7061329687fe24e3d63a7-common-args.resp -MMD -MT dependencies -MF /Users/admin/builder/spi-builder-workspace/.derivedData/Build/Intermediates.noindex/Promises.build/Debug/FBLPromises-t.build/Objects-normal/arm64/FBLPromise+Async.d --serialize-diagnostics /Users/admin/builder/spi-builder-workspace/.derivedData/Build/Intermediates.noindex/Promises.build/Debug/FBLPromises-t.build/Objects-normal/arm64/FBLPromise+Async.dia -c /Users/admin/builder/spi-builder-workspace/.dependencies/checkouts/promises/Sources/FBLPromises/FBLPromise+Async.m -o /Users/admin/builder/spi-builder-workspace/.derivedData/Build/Intermediates.noindex/Promises.build/Debug/FBLPromises-t.build/Objects-normal/arm64/FBLPromise+Async.o -index-unit-output-path /Promises.build/Debug/FBLPromises-t.build/Objects-normal/arm64/FBLPromise+Async.o
ScanDependencies /Users/admin/builder/spi-builder-workspace/.derivedData/Build/Intermediates.noindex/Promises.build/Debug/FBLPromises-t.build/Objects-normal/arm64/FBLPromise+All.o /Users/admin/builder/spi-builder-workspace/.dependencies/checkouts/promises/Sources/FBLPromises/FBLPromise+All.m normal arm64 objective-c com.apple.compilers.llvm.clang.1_0.compiler (in target 'FBLPromises' from project 'Promises')
cd /Users/admin/builder/spi-builder-workspace/.swiftpm/xcode
Using response file: /Users/admin/builder/spi-builder-workspace/.derivedData/Build/Intermediates.noindex/Promises.build/Debug/FBLPromises-t.build/Objects-normal/arm64/e6072d4f65d7061329687fe24e3d63a7-common-args.resp
builtin-ScanDependencies -o /Users/admin/builder/spi-builder-workspace/.derivedData/Build/Intermediates.noindex/Promises.build/Debug/FBLPromises-t.build/Objects-normal/arm64/FBLPromise+All.o.scan -- /Applications/Xcode-27.0.0-Release.Candidate.app/Contents/Developer/Toolchains/XcodeDefault.xctoolchain/usr/bin/clang -x objective-c -ivfsstatcache /Users/admin/builder/spi-builder-workspace/.derivedData/SDKStatCaches.noindex/macosx27.0-26A425-e829b21a6f8c9b70876ba0858053c0446a22442a12e9d48fe1a705f55a1adfc4.sdkstatcache -target arm64-apple-macos12.0 -fmessage-length\=0 -fdiagnostics-show-note-include-stack -fmacro-backtrace-limit\=0 -fno-color-diagnostics -fmodules-prune-interval\=86400 -fmodules-prune-after\=345600 -fbuild-session-file\=/Users/admin/builder/spi-builder-workspace/.derivedData/ModuleCache.noindex/Session.modulevalidation -fmodules-validate-once-per-build-session -Wnon-modular-include-in-framework-module -Werror\=non-modular-include-in-framework-module -Wno-trigraphs -Wno-missing-field-initializers -Wno-missing-prototypes -Wno-return-type -Wno-implicit-atomic-properties -Wno-objc-interface-ivars -Wno-arc-repeated-use-of-weak -Wno-missing-braces -Wparentheses -Wswitch -Wno-unused-function -Wno-unused-label -Wno-unused-parameter -Wno-unused-variable -Wunused-value -Wno-empty-body -Wno-uninitialized -Wno-unknown-pragmas -w -Wno-shadow -Wno-four-char-constants -Wno-conversion -Wno-constant-conversion -Wno-int-conversion -Wno-bool-conversion -Wno-enum-conversion -Wno-float-conversion -Wno-non-literal-null-conversion -Wno-objc-literal-conversion -Wshorten-64-to-32 -Wpointer-sign -Wno-newline-eof -Wno-selector -Wno-strict-selector-match -Wno-undeclared-selector -Wno-deprecated-implementations -Wno-implicit-fallthrough -isysroot /Applications/Xcode-27.0.0-Release.Candidate.app/Contents/Developer/Platforms/MacOSX.platform/Developer/SDKs/MacOSX27.0.sdk -fstrict-aliasing -Wprotocol -Wdeprecated-declarations -Wno-sign-conversion -Wno-infinite-recursion -Wno-comma -Wno-block-capture-autoreleasing -Wno-strict-prototypes -Wno-semicolon-before-method-body -index-store-path /Users/admin/builder/spi-builder-workspace/.derivedData/Index.noindex/DataStore @/Users/admin/builder/spi-builder-workspace/.derivedData/Build/Intermediates.noindex/Promises.build/Debug/FBLPromises-t.build/Objects-normal/arm64/e6072d4f65d7061329687fe24e3d63a7-common-args.resp -MMD -MT dependencies -MF /Users/admin/builder/spi-builder-workspace/.derivedData/Build/Intermediates.noindex/Promises.build/Debug/FBLPromises-t.build/Objects-normal/arm64/FBLPromise+All.d --serialize-diagnostics /Users/admin/builder/spi-builder-workspace/.derivedData/Build/Intermediates.noindex/Promises.build/Debug/FBLPromises-t.build/Objects-normal/arm64/FBLPromise+All.dia -c /Users/admin/builder/spi-builder-workspace/.dependencies/checkouts/promises/Sources/FBLPromises/FBLPromise+All.m -o /Users/admin/builder/spi-builder-workspace/.derivedData/Build/Intermediates.noindex/Promises.build/Debug/FBLPromises-t.build/Objects-normal/arm64/FBLPromise+All.o -index-unit-output-path /Promises.build/Debug/FBLPromises-t.build/Objects-normal/arm64/FBLPromise+All.o
CompileC /Users/admin/builder/spi-builder-workspace/.derivedData/Build/Intermediates.noindex/Promises.build/Debug/FBLPromises-t.build/Objects-normal/arm64/FBLPromise+Always.o /Users/admin/builder/spi-builder-workspace/.dependencies/checkouts/promises/Sources/FBLPromises/FBLPromise+Always.m normal arm64 objective-c com.apple.compilers.llvm.clang.1_0.compiler (in target 'FBLPromises' from project 'Promises')
cd /Users/admin/builder/spi-builder-workspace/.swiftpm/xcode
Using response file: /Users/admin/builder/spi-builder-workspace/.derivedData/Build/Intermediates.noindex/Promises.build/Debug/FBLPromises-t.build/Objects-normal/arm64/e6072d4f65d7061329687fe24e3d63a7-common-args.resp
/Applications/Xcode-27.0.0-Release.Candidate.app/Contents/Developer/Toolchains/XcodeDefault.xctoolchain/usr/bin/clang -x objective-c -ivfsstatcache /Users/admin/builder/spi-builder-workspace/.derivedData/SDKStatCaches.noindex/macosx27.0-26A425-e829b21a6f8c9b70876ba0858053c0446a22442a12e9d48fe1a705f55a1adfc4.sdkstatcache -target arm64-apple-macos12.0 -fmessage-length\=0 -fdiagnostics-show-note-include-stack -fmacro-backtrace-limit\=0 -fno-color-diagnostics -fmodules-prune-interval\=86400 -fmodules-prune-after\=345600 -fbuild-session-file\=/Users/admin/builder/spi-builder-workspace/.derivedData/ModuleCache.noindex/Session.modulevalidation -fmodules-validate-once-per-build-session -Wnon-modular-include-in-framework-module -Werror\=non-modular-include-in-framework-module -Wno-trigraphs -Wno-missing-field-initializers -Wno-missing-prototypes -Wno-return-type -Wno-implicit-atomic-properties -Wno-objc-interface-ivars -Wno-arc-repeated-use-of-weak -Wno-missing-braces -Wparentheses -Wswitch -Wno-unused-function -Wno-unused-label -Wno-unused-parameter -Wno-unused-variable -Wunused-value -Wno-empty-body -Wno-uninitialized -Wno-unknown-pragmas -w -Wno-shadow -Wno-four-char-constants -Wno-conversion -Wno-constant-conversion -Wno-int-conversion -Wno-bool-conversion -Wno-enum-conversion -Wno-float-conversion -Wno-non-literal-null-conversion -Wno-objc-literal-conversion -Wshorten-64-to-32 -Wpointer-sign -Wno-newline-eof -Wno-selector -Wno-strict-selector-match -Wno-undeclared-selector -Wno-deprecated-implementations -Wno-implicit-fallthrough -isysroot /Applications/Xcode-27.0.0-Release.Candidate.app/Contents/Developer/Platforms/MacOSX.platform/Developer/SDKs/MacOSX27.0.sdk -fstrict-aliasing -Wprotocol -Wdeprecated-declarations -Wno-sign-conversion -Wno-infinite-recursion -Wno-comma -Wno-block-capture-autoreleasing -Wno-strict-prototypes -Wno-semicolon-before-method-body -index-store-path /Users/admin/builder/spi-builder-workspace/.derivedData/Index.noindex/DataStore @/Users/admin/builder/spi-builder-workspace/.derivedData/Build/Intermediates.noindex/Promises.build/Debug/FBLPromises-t.build/Objects-normal/arm64/e6072d4f65d7061329687fe24e3d63a7-common-args.resp -MMD -MT dependencies -MF /Users/admin/builder/spi-builder-workspace/.derivedData/Build/Intermediates.noindex/Promises.build/Debug/FBLPromises-t.build/Objects-normal/arm64/FBLPromise+Always.d --serialize-diagnostics /Users/admin/builder/spi-builder-workspace/.derivedData/Build/Intermediates.noindex/Promises.build/Debug/FBLPromises-t.build/Objects-normal/arm64/FBLPromise+Always.dia -c /Users/admin/builder/spi-builder-workspace/.dependencies/checkouts/promises/Sources/FBLPromises/FBLPromise+Always.m -o /Users/admin/builder/spi-builder-workspace/.derivedData/Build/Intermediates.noindex/Promises.build/Debug/FBLPromises-t.build/Objects-normal/arm64/FBLPromise+Always.o -index-unit-output-path /Promises.build/Debug/FBLPromises-t.build/Objects-normal/arm64/FBLPromise+Always.o
CompileC /Users/admin/builder/spi-builder-workspace/.derivedData/Build/Intermediates.noindex/Promises.build/Debug/FBLPromises-t.build/Objects-normal/arm64/FBLPromise+All.o /Users/admin/builder/spi-builder-workspace/.dependencies/checkouts/promises/Sources/FBLPromises/FBLPromise+All.m normal arm64 objective-c com.apple.compilers.llvm.clang.1_0.compiler (in target 'FBLPromises' from project 'Promises')
cd /Users/admin/builder/spi-builder-workspace/.swiftpm/xcode
Using response file: /Users/admin/builder/spi-builder-workspace/.derivedData/Build/Intermediates.noindex/Promises.build/Debug/FBLPromises-t.build/Objects-normal/arm64/e6072d4f65d7061329687fe24e3d63a7-common-args.resp
/Applications/Xcode-27.0.0-Release.Candidate.app/Contents/Developer/Toolchains/XcodeDefault.xctoolchain/usr/bin/clang -x objective-c -ivfsstatcache /Users/admin/builder/spi-builder-workspace/.derivedData/SDKStatCaches.noindex/macosx27.0-26A425-e829b21a6f8c9b70876ba0858053c0446a22442a12e9d48fe1a705f55a1adfc4.sdkstatcache -target arm64-apple-macos12.0 -fmessage-length\=0 -fdiagnostics-show-note-include-stack -fmacro-backtrace-limit\=0 -fno-color-diagnostics -fmodules-prune-interval\=86400 -fmodules-prune-after\=345600 -fbuild-session-file\=/Users/admin/builder/spi-builder-workspace/.derivedData/ModuleCache.noindex/Session.modulevalidation -fmodules-validate-once-per-build-session -Wnon-modular-include-in-framework-module -Werror\=non-modular-include-in-framework-module -Wno-trigraphs -Wno-missing-field-initializers -Wno-missing-prototypes -Wno-return-type -Wno-implicit-atomic-properties -Wno-objc-interface-ivars -Wno-arc-repeated-use-of-weak -Wno-missing-braces -Wparentheses -Wswitch -Wno-unused-function -Wno-unused-label -Wno-unused-parameter -Wno-unused-variable -Wunused-value -Wno-empty-body -Wno-uninitialized -Wno-unknown-pragmas -w -Wno-shadow -Wno-four-char-constants -Wno-conversion -Wno-constant-conversion -Wno-int-conversion -Wno-bool-conversion -Wno-enum-conversion -Wno-float-conversion -Wno-non-literal-null-conversion -Wno-objc-literal-conversion -Wshorten-64-to-32 -Wpointer-sign -Wno-newline-eof -Wno-selector -Wno-strict-selector-match -Wno-undeclared-selector -Wno-deprecated-implementations -Wno-implicit-fallthrough -isysroot /Applications/Xcode-27.0.0-Release.Candidate.app/Contents/Developer/Platforms/MacOSX.platform/Developer/SDKs/MacOSX27.0.sdk -fstrict-aliasing -Wprotocol -Wdeprecated-declarations -Wno-sign-conversion -Wno-infinite-recursion -Wno-comma -Wno-block-capture-autoreleasing -Wno-strict-prototypes -Wno-semicolon-before-method-body -index-store-path /Users/admin/builder/spi-builder-workspace/.derivedData/Index.noindex/DataStore @/Users/admin/builder/spi-builder-workspace/.derivedData/Build/Intermediates.noindex/Promises.build/Debug/FBLPromises-t.build/Objects-normal/arm64/e6072d4f65d7061329687fe24e3d63a7-common-args.resp -MMD -MT dependencies -MF /Users/admin/builder/spi-builder-workspace/.derivedData/Build/Intermediates.noindex/Promises.build/Debug/FBLPromises-t.build/Objects-normal/arm64/FBLPromise+All.d --serialize-diagnostics /Users/admin/builder/spi-builder-workspace/.derivedData/Build/Intermediates.noindex/Promises.build/Debug/FBLPromises-t.build/Objects-normal/arm64/FBLPromise+All.dia -c /Users/admin/builder/spi-builder-workspace/.dependencies/checkouts/promises/Sources/FBLPromises/FBLPromise+All.m -o /Users/admin/builder/spi-builder-workspace/.derivedData/Build/Intermediates.noindex/Promises.build/Debug/FBLPromises-t.build/Objects-normal/arm64/FBLPromise+All.o -index-unit-output-path /Promises.build/Debug/FBLPromises-t.build/Objects-normal/arm64/FBLPromise+All.o
SwiftDriver PromotedCore normal arm64 com.apple.xcode.tools.swift.compiler (in target 'PromotedCore' from project 'PromotedAIMetricsSDK')
cd /Users/admin/builder/spi-builder-workspace/.swiftpm/xcode
builtin-SwiftDriver -- /Applications/Xcode-27.0.0-Release.Candidate.app/Contents/Developer/Toolchains/XcodeDefault.xctoolchain/usr/bin/swiftc -parse-as-library -module-name PromotedCore -Onone @/Users/admin/builder/spi-builder-workspace/.derivedData/Build/Intermediates.noindex/PromotedAIMetricsSDK.build/Debug/PromotedCore-t.build/Objects-normal/arm64/PromotedCore.SwiftFileList -DSWIFT_PACKAGE -DDEBUG -DSWIFT_MODULE_RESOURCE_BUNDLE_AVAILABLE -DXcode -plugin-path /Applications/Xcode-27.0.0-Release.Candidate.app/Contents/Developer/Toolchains/XcodeDefault.xctoolchain/usr/lib/swift/host/plugins/testing -enable-experimental-feature DebugDescriptionMacro -sdk /Applications/Xcode-27.0.0-Release.Candidate.app/Contents/Developer/Platforms/MacOSX.platform/Developer/SDKs/MacOSX27.0.sdk -target arm64-apple-macos12.0 -g -module-cache-path /Users/admin/builder/spi-builder-workspace/.derivedData/ModuleCache.noindex -Xfrontend -serialize-debugging-options -profile-coverage-mapping -profile-generate -enable-testing -index-store-path /Users/admin/builder/spi-builder-workspace/.derivedData/Index.noindex/DataStore -Xcc -D_LIBCPP_HARDENING_MODE\=_LIBCPP_HARDENING_MODE_DEBUG -swift-version 5 -I /Users/admin/builder/spi-builder-workspace/.derivedData/Build/Products/Debug -Isystem /Applications/Xcode-27.0.0-Release.Candidate.app/Contents/Developer/Platforms/MacOSX.platform/Developer/usr/lib -F /Users/admin/builder/spi-builder-workspace/.derivedData/Build/Products/Debug/PackageFrameworks -F /Users/admin/builder/spi-builder-workspace/.derivedData/Build/Products/Debug -F /Applications/Xcode-27.0.0-Release.Candidate.app/Contents/Developer/Platforms/MacOSX.platform/Developer/Library/Frameworks -c -j10 -enable-batch-mode -incremental -Xcc -ivfsstatcache -Xcc /Users/admin/builder/spi-builder-workspace/.derivedData/SDKStatCaches.noindex/macosx27.0-26A425-e829b21a6f8c9b70876ba0858053c0446a22442a12e9d48fe1a705f55a1adfc4.sdkstatcache -output-file-map /Users/admin/builder/spi-builder-workspace/.derivedData/Build/Intermediates.noindex/PromotedAIMetricsSDK.build/Debug/PromotedCore-t.build/Objects-normal/arm64/PromotedCore-OutputFileMap.json -save-temps -no-color-diagnostics -explicit-module-build -module-cache-path /Users/admin/builder/spi-builder-workspace/.derivedData/Build/Intermediates.noindex/SwiftExplicitPrecompiledModules -clang-scanner-module-cache-path /Users/admin/builder/spi-builder-workspace/.derivedData/ModuleCache.noindex -sdk-module-cache-path /Users/admin/builder/spi-builder-workspace/.derivedData/SDKExplicitPrecompiledModules -emit-dependencies -emit-module -emit-module-path /Users/admin/builder/spi-builder-workspace/.derivedData/Build/Intermediates.noindex/PromotedAIMetricsSDK.build/Debug/PromotedCore-t.build/Objects-normal/arm64/PromotedCore.swiftmodule -serialize-diagnostics -dependency-scan-serialize-diagnostics-path /Users/admin/builder/spi-builder-workspace/.derivedData/Build/Intermediates.noindex/PromotedAIMetricsSDK.build/Debug/PromotedCore-t.build/Objects-normal/arm64/PromotedCore-dependency-scan.dia -validate-clang-modules-once -clang-build-session-file /Users/admin/builder/spi-builder-workspace/.derivedData/ModuleCache.noindex/Session.modulevalidation -Xcc -fmodules-prune-interval\=86400 -Xcc -fmodules-prune-after\=345600 -emit-const-values -const-gather-protocols-list /Users/admin/builder/spi-builder-workspace/.derivedData/Build/Intermediates.noindex/PromotedAIMetricsSDK.build/Debug/PromotedCore-t.build/Objects-normal/arm64/PromotedCore_const_extract_protocols.json -Xcc -I/Users/admin/builder/spi-builder-workspace/.derivedData/Build/Products/Debug/include -Xcc -I/Users/admin/builder/spi-builder-workspace/.derivedData/Build/Intermediates.noindex/PromotedAIMetricsSDK.build/Debug/PromotedCore-t.build/DerivedSources-normal/arm64 -Xcc -I/Users/admin/builder/spi-builder-workspace/.derivedData/Build/Intermediates.noindex/PromotedAIMetricsSDK.build/Debug/PromotedCore-t.build/DerivedSources/arm64 -Xcc -I/Users/admin/builder/spi-builder-workspace/.derivedData/Build/Intermediates.noindex/PromotedAIMetricsSDK.build/Debug/PromotedCore-t.build/DerivedSources -Xcc -DSWIFT_PACKAGE -Xcc -DDEBUG\=1 -emit-objc-header -emit-objc-header-path /Users/admin/builder/spi-builder-workspace/.derivedData/Build/Intermediates.noindex/PromotedAIMetricsSDK.build/Debug/PromotedCore-t.build/Objects-normal/arm64/PromotedCore-Swift.h -working-directory /Users/admin/builder/spi-builder-workspace/.swiftpm/xcode -experimental-emit-module-separately -disable-cmo
/Users/admin/builder/spi-builder-workspace/Sources/PromotedCore/Base/UIState.swift:2:8: error: Unable to resolve module dependency: 'UIKit' (in target 'PromotedCore' from project 'PromotedAIMetricsSDK')
note: A dependency of main module 'PromotedCore'
/Users/admin/builder/spi-builder-workspace/Sources/PromotedCore/Base/UIViewController+Promoted.swift:2:8: note: Also imported here
/Users/admin/builder/spi-builder-workspace/Sources/PromotedCore/ErrorHandling/ErrorModalViewController.swift:4:8: note: Also imported here
/Users/admin/builder/spi-builder-workspace/Sources/PromotedCore/Impression/ScrollTracker.swift:3:8: note: Also imported here
/Users/admin/builder/spi-builder-workspace/Sources/PromotedCore/MetricsLogger/MetricsLogger+Action.swift:3:8: note: Also imported here
/Users/admin/builder/spi-builder-workspace/Sources/PromotedCore/MetricsLogger/MetricsLogger+AutoView.swift:3:8: note: Also imported here
/Users/admin/builder/spi-builder-workspace/Sources/PromotedCore/MetricsLogger/MetricsLogger+Diagnostics.swift:3:8: note: Also imported here
/Users/admin/builder/spi-builder-workspace/Sources/PromotedCore/MetricsLogger/MetricsLogger+View.swift:3:8: note: Also imported here
/Users/admin/builder/spi-builder-workspace/Sources/PromotedCore/MetricsLoggerService.swift:2:8: note: Also imported here
/Users/admin/builder/spi-builder-workspace/Sources/PromotedCore/Model/DeviceInfo.swift:22:8: note: Also imported here
/Users/admin/builder/spi-builder-workspace/Sources/PromotedCore/ViewTracker.swift:2:8: note: Also imported here
/Users/admin/builder/spi-builder-workspace/Sources/PromotedCore/Base/UIState.swift:2:8: note: A dependency of main module 'PromotedCore'
import UIKit
^ (in target 'PromotedCore' from project 'PromotedAIMetricsSDK')
/Users/admin/builder/spi-builder-workspace/Sources/PromotedCore/Base/UIViewController+Promoted.swift:2:8: note: Also imported here
import UIKit
^ (in target 'PromotedCore' from project 'PromotedAIMetricsSDK')
/Users/admin/builder/spi-builder-workspace/Sources/PromotedCore/ErrorHandling/ErrorModalViewController.swift:4:8: note: Also imported here
import UIKit
^ (in target 'PromotedCore' from project 'PromotedAIMetricsSDK')
/Users/admin/builder/spi-builder-workspace/Sources/PromotedCore/Impression/ScrollTracker.swift:3:8: note: Also imported here
import UIKit
^ (in target 'PromotedCore' from project 'PromotedAIMetricsSDK')
/Users/admin/builder/spi-builder-workspace/Sources/PromotedCore/MetricsLogger/MetricsLogger+Action.swift:3:8: note: Also imported here
import UIKit
^ (in target 'PromotedCore' from project 'PromotedAIMetricsSDK')
/Users/admin/builder/spi-builder-workspace/Sources/PromotedCore/MetricsLogger/MetricsLogger+AutoView.swift:3:8: note: Also imported here
import UIKit
^ (in target 'PromotedCore' from project 'PromotedAIMetricsSDK')
/Users/admin/builder/spi-builder-workspace/Sources/PromotedCore/MetricsLogger/MetricsLogger+Diagnostics.swift:3:8: note: Also imported here
import UIKit
^ (in target 'PromotedCore' from project 'PromotedAIMetricsSDK')
/Users/admin/builder/spi-builder-workspace/Sources/PromotedCore/MetricsLogger/MetricsLogger+View.swift:3:8: note: Also imported here
import UIKit
^ (in target 'PromotedCore' from project 'PromotedAIMetricsSDK')
/Users/admin/builder/spi-builder-workspace/Sources/PromotedCore/MetricsLoggerService.swift:2:8: note: Also imported here
import UIKit
^ (in target 'PromotedCore' from project 'PromotedAIMetricsSDK')
/Users/admin/builder/spi-builder-workspace/Sources/PromotedCore/Model/DeviceInfo.swift:22:8: note: Also imported here
import UIKit
^ (in target 'PromotedCore' from project 'PromotedAIMetricsSDK')
/Users/admin/builder/spi-builder-workspace/Sources/PromotedCore/ViewTracker.swift:2:8: note: Also imported here
import UIKit
^ (in target 'PromotedCore' from project 'PromotedAIMetricsSDK')
Ld /Users/admin/builder/spi-builder-workspace/.derivedData/Build/Products/Debug/FBLPromises.o normal (in target 'FBLPromises' from project 'Promises')
cd /Users/admin/builder/spi-builder-workspace/.dependencies/checkouts/promises
/Applications/Xcode-27.0.0-Release.Candidate.app/Contents/Developer/Toolchains/XcodeDefault.xctoolchain/usr/bin/clang -Xlinker -reproducible -target arm64-apple-macos12.0 -r -isysroot /Applications/Xcode-27.0.0-Release.Candidate.app/Contents/Developer/Platforms/MacOSX.platform/Developer/SDKs/MacOSX27.0.sdk -O0 -w -Xlinker -no_warn_duplicate_libraries -F/Users/admin/builder/spi-builder-workspace/.derivedData/Build/Intermediates.noindex/EagerLinkingTBDs/Debug -F/Users/admin/builder/spi-builder-workspace/.derivedData/Build/Products/Debug -iframework /Applications/Xcode-27.0.0-Release.Candidate.app/Contents/Developer/Platforms/MacOSX.platform/Developer/Library/Frameworks -filelist /Users/admin/builder/spi-builder-workspace/.derivedData/Build/Intermediates.noindex/Promises.build/Debug/FBLPromises-t.build/Objects-normal/arm64/FBLPromises.LinkFileList -nostdlib -Xlinker -object_path_lto -Xlinker /Users/admin/builder/spi-builder-workspace/.derivedData/Build/Intermediates.noindex/Promises.build/Debug/FBLPromises-t.build/Objects-normal/arm64/FBLPromises_lto.o -Xlinker -no_deduplicate -Xlinker -debug_variant -Xlinker -dependency_info -Xlinker /Users/admin/builder/spi-builder-workspace/.derivedData/Build/Intermediates.noindex/Promises.build/Debug/FBLPromises-t.build/Objects-normal/arm64/FBLPromises_dependency_info.dat -fobjc-arc -fobjc-link-runtime -o /Users/admin/builder/spi-builder-workspace/.derivedData/Build/Products/Debug/FBLPromises.o
Ld /Users/admin/builder/spi-builder-workspace/.derivedData/Build/Products/Debug/GoogleUtilities-Environment.o normal (in target 'GoogleUtilities-Environment' from project 'GoogleUtilities')
cd /Users/admin/builder/spi-builder-workspace/.dependencies/checkouts/GoogleUtilities
/Applications/Xcode-27.0.0-Release.Candidate.app/Contents/Developer/Toolchains/XcodeDefault.xctoolchain/usr/bin/clang -Xlinker -reproducible -target arm64-apple-macos12.0 -r -isysroot /Applications/Xcode-27.0.0-Release.Candidate.app/Contents/Developer/Platforms/MacOSX.platform/Developer/SDKs/MacOSX27.0.sdk -O0 -w -Xlinker -no_warn_duplicate_libraries -F/Users/admin/builder/spi-builder-workspace/.derivedData/Build/Intermediates.noindex/EagerLinkingTBDs/Debug -F/Users/admin/builder/spi-builder-workspace/.derivedData/Build/Products/Debug/PackageFrameworks -F/Users/admin/builder/spi-builder-workspace/.derivedData/Build/Products/Debug -iframework /Applications/Xcode-27.0.0-Release.Candidate.app/Contents/Developer/Platforms/MacOSX.platform/Developer/Library/Frameworks -filelist /Users/admin/builder/spi-builder-workspace/.derivedData/Build/Intermediates.noindex/GoogleUtilities.build/Debug/GoogleUtilities-Environment-t.build/Objects-normal/arm64/GoogleUtilities-Environment.LinkFileList -nostdlib -Xlinker -object_path_lto -Xlinker /Users/admin/builder/spi-builder-workspace/.derivedData/Build/Intermediates.noindex/GoogleUtilities.build/Debug/GoogleUtilities-Environment-t.build/Objects-normal/arm64/GoogleUtilities-Environment_lto.o -Xlinker -no_deduplicate -Xlinker -debug_variant -Xlinker -dependency_info -Xlinker /Users/admin/builder/spi-builder-workspace/.derivedData/Build/Intermediates.noindex/GoogleUtilities.build/Debug/GoogleUtilities-Environment-t.build/Objects-normal/arm64/GoogleUtilities-Environment_dependency_info.dat -fobjc-arc -fobjc-link-runtime -o /Users/admin/builder/spi-builder-workspace/.derivedData/Build/Products/Debug/GoogleUtilities-Environment.o
Ld /Users/admin/builder/spi-builder-workspace/.derivedData/Build/Products/Debug/GoogleUtilities-Logger.o normal (in target 'GoogleUtilities-Logger' from project 'GoogleUtilities')
cd /Users/admin/builder/spi-builder-workspace/.dependencies/checkouts/GoogleUtilities
/Applications/Xcode-27.0.0-Release.Candidate.app/Contents/Developer/Toolchains/XcodeDefault.xctoolchain/usr/bin/clang -Xlinker -reproducible -target arm64-apple-macos12.0 -r -isysroot /Applications/Xcode-27.0.0-Release.Candidate.app/Contents/Developer/Platforms/MacOSX.platform/Developer/SDKs/MacOSX27.0.sdk -O0 -w -Xlinker -no_warn_duplicate_libraries -F/Users/admin/builder/spi-builder-workspace/.derivedData/Build/Intermediates.noindex/EagerLinkingTBDs/Debug -F/Users/admin/builder/spi-builder-workspace/.derivedData/Build/Products/Debug/PackageFrameworks -F/Users/admin/builder/spi-builder-workspace/.derivedData/Build/Products/Debug -iframework /Applications/Xcode-27.0.0-Release.Candidate.app/Contents/Developer/Platforms/MacOSX.platform/Developer/Library/Frameworks -filelist /Users/admin/builder/spi-builder-workspace/.derivedData/Build/Intermediates.noindex/GoogleUtilities.build/Debug/GoogleUtilities-Logger-t.build/Objects-normal/arm64/GoogleUtilities-Logger.LinkFileList -nostdlib -Xlinker -object_path_lto -Xlinker /Users/admin/builder/spi-builder-workspace/.derivedData/Build/Intermediates.noindex/GoogleUtilities.build/Debug/GoogleUtilities-Logger-t.build/Objects-normal/arm64/GoogleUtilities-Logger_lto.o -Xlinker -no_deduplicate -Xlinker -debug_variant -Xlinker -dependency_info -Xlinker /Users/admin/builder/spi-builder-workspace/.derivedData/Build/Intermediates.noindex/GoogleUtilities.build/Debug/GoogleUtilities-Logger-t.build/Objects-normal/arm64/GoogleUtilities-Logger_dependency_info.dat -fobjc-arc -fobjc-link-runtime -o /Users/admin/builder/spi-builder-workspace/.derivedData/Build/Products/Debug/GoogleUtilities-Logger.o
Ld /Users/admin/builder/spi-builder-workspace/.derivedData/Build/Products/Debug/GoogleDataTransport.o normal (in target 'GoogleDataTransport' from project 'GoogleDataTransport')
cd /Users/admin/builder/spi-builder-workspace/.dependencies/checkouts/GoogleDataTransport
/Applications/Xcode-27.0.0-Release.Candidate.app/Contents/Developer/Toolchains/XcodeDefault.xctoolchain/usr/bin/clang -Xlinker -reproducible -target arm64-apple-macos12.0 -r -isysroot /Applications/Xcode-27.0.0-Release.Candidate.app/Contents/Developer/Platforms/MacOSX.platform/Developer/SDKs/MacOSX27.0.sdk -O0 -w -Xlinker -no_warn_duplicate_libraries -F/Users/admin/builder/spi-builder-workspace/.derivedData/Build/Intermediates.noindex/EagerLinkingTBDs/Debug -F/Users/admin/builder/spi-builder-workspace/.derivedData/Build/Products/Debug/PackageFrameworks -F/Users/admin/builder/spi-builder-workspace/.derivedData/Build/Products/Debug -iframework /Applications/Xcode-27.0.0-Release.Candidate.app/Contents/Developer/Platforms/MacOSX.platform/Developer/Library/Frameworks -filelist /Users/admin/builder/spi-builder-workspace/.derivedData/Build/Intermediates.noindex/GoogleDataTransport.build/Debug/GoogleDataTransport-t.build/Objects-normal/arm64/GoogleDataTransport.LinkFileList -nostdlib -Xlinker -object_path_lto -Xlinker /Users/admin/builder/spi-builder-workspace/.derivedData/Build/Intermediates.noindex/GoogleDataTransport.build/Debug/GoogleDataTransport-t.build/Objects-normal/arm64/GoogleDataTransport_lto.o -Xlinker -no_deduplicate -Xlinker -debug_variant -Xlinker -dependency_info -Xlinker /Users/admin/builder/spi-builder-workspace/.derivedData/Build/Intermediates.noindex/GoogleDataTransport.build/Debug/GoogleDataTransport-t.build/Objects-normal/arm64/GoogleDataTransport_dependency_info.dat -fobjc-arc -fobjc-link-runtime -o /Users/admin/builder/spi-builder-workspace/.derivedData/Build/Products/Debug/GoogleDataTransport.o
Ld /Users/admin/builder/spi-builder-workspace/.derivedData/Build/Products/Debug/GoogleUtilities-Reachability.o normal (in target 'GoogleUtilities-Reachability' from project 'GoogleUtilities')
cd /Users/admin/builder/spi-builder-workspace/.dependencies/checkouts/GoogleUtilities
/Applications/Xcode-27.0.0-Release.Candidate.app/Contents/Developer/Toolchains/XcodeDefault.xctoolchain/usr/bin/clang -Xlinker -reproducible -target arm64-apple-macos12.0 -r -isysroot /Applications/Xcode-27.0.0-Release.Candidate.app/Contents/Developer/Platforms/MacOSX.platform/Developer/SDKs/MacOSX27.0.sdk -O0 -w -Xlinker -no_warn_duplicate_libraries -F/Users/admin/builder/spi-builder-workspace/.derivedData/Build/Intermediates.noindex/EagerLinkingTBDs/Debug -F/Users/admin/builder/spi-builder-workspace/.derivedData/Build/Products/Debug/PackageFrameworks -F/Users/admin/builder/spi-builder-workspace/.derivedData/Build/Products/Debug -iframework /Applications/Xcode-27.0.0-Release.Candidate.app/Contents/Developer/Platforms/MacOSX.platform/Developer/Library/Frameworks -filelist /Users/admin/builder/spi-builder-workspace/.derivedData/Build/Intermediates.noindex/GoogleUtilities.build/Debug/GoogleUtilities-Reachability-t.build/Objects-normal/arm64/GoogleUtilities-Reachability.LinkFileList -nostdlib -Xlinker -object_path_lto -Xlinker /Users/admin/builder/spi-builder-workspace/.derivedData/Build/Intermediates.noindex/GoogleUtilities.build/Debug/GoogleUtilities-Reachability-t.build/Objects-normal/arm64/GoogleUtilities-Reachability_lto.o -Xlinker -no_deduplicate -Xlinker -debug_variant -Xlinker -dependency_info -Xlinker /Users/admin/builder/spi-builder-workspace/.derivedData/Build/Intermediates.noindex/GoogleUtilities.build/Debug/GoogleUtilities-Reachability-t.build/Objects-normal/arm64/GoogleUtilities-Reachability_dependency_info.dat -fobjc-arc -fobjc-link-runtime -o /Users/admin/builder/spi-builder-workspace/.derivedData/Build/Products/Debug/GoogleUtilities-Reachability.o
Ld /Users/admin/builder/spi-builder-workspace/.derivedData/Build/Products/Debug/GoogleUtilities-UserDefaults.o normal (in target 'GoogleUtilities-UserDefaults' from project 'GoogleUtilities')
cd /Users/admin/builder/spi-builder-workspace/.dependencies/checkouts/GoogleUtilities
/Applications/Xcode-27.0.0-Release.Candidate.app/Contents/Developer/Toolchains/XcodeDefault.xctoolchain/usr/bin/clang -Xlinker -reproducible -target arm64-apple-macos12.0 -r -isysroot /Applications/Xcode-27.0.0-Release.Candidate.app/Contents/Developer/Platforms/MacOSX.platform/Developer/SDKs/MacOSX27.0.sdk -O0 -w -Xlinker -no_warn_duplicate_libraries -F/Users/admin/builder/spi-builder-workspace/.derivedData/Build/Intermediates.noindex/EagerLinkingTBDs/Debug -F/Users/admin/builder/spi-builder-workspace/.derivedData/Build/Products/Debug/PackageFrameworks -F/Users/admin/builder/spi-builder-workspace/.derivedData/Build/Products/Debug -iframework /Applications/Xcode-27.0.0-Release.Candidate.app/Contents/Developer/Platforms/MacOSX.platform/Developer/Library/Frameworks -filelist /Users/admin/builder/spi-builder-workspace/.derivedData/Build/Intermediates.noindex/GoogleUtilities.build/Debug/GoogleUtilities-UserDefaults-t.build/Objects-normal/arm64/GoogleUtilities-UserDefaults.LinkFileList -nostdlib -Xlinker -object_path_lto -Xlinker /Users/admin/builder/spi-builder-workspace/.derivedData/Build/Intermediates.noindex/GoogleUtilities.build/Debug/GoogleUtilities-UserDefaults-t.build/Objects-normal/arm64/GoogleUtilities-UserDefaults_lto.o -Xlinker -no_deduplicate -Xlinker -debug_variant -Xlinker -dependency_info -Xlinker /Users/admin/builder/spi-builder-workspace/.derivedData/Build/Intermediates.noindex/GoogleUtilities.build/Debug/GoogleUtilities-UserDefaults-t.build/Objects-normal/arm64/GoogleUtilities-UserDefaults_dependency_info.dat -fobjc-arc -fobjc-link-runtime -o /Users/admin/builder/spi-builder-workspace/.derivedData/Build/Products/Debug/GoogleUtilities-UserDefaults.o
Ld /Users/admin/builder/spi-builder-workspace/.derivedData/Build/Products/Debug/GoogleUtilities-MethodSwizzler.o normal (in target 'GoogleUtilities-MethodSwizzler' from project 'GoogleUtilities')
cd /Users/admin/builder/spi-builder-workspace/.dependencies/checkouts/GoogleUtilities
/Applications/Xcode-27.0.0-Release.Candidate.app/Contents/Developer/Toolchains/XcodeDefault.xctoolchain/usr/bin/clang -Xlinker -reproducible -target arm64-apple-macos12.0 -r -isysroot /Applications/Xcode-27.0.0-Release.Candidate.app/Contents/Developer/Platforms/MacOSX.platform/Developer/SDKs/MacOSX27.0.sdk -O0 -w -Xlinker -no_warn_duplicate_libraries -F/Users/admin/builder/spi-builder-workspace/.derivedData/Build/Intermediates.noindex/EagerLinkingTBDs/Debug -F/Users/admin/builder/spi-builder-workspace/.derivedData/Build/Products/Debug/PackageFrameworks -F/Users/admin/builder/spi-builder-workspace/.derivedData/Build/Products/Debug -iframework /Applications/Xcode-27.0.0-Release.Candidate.app/Contents/Developer/Platforms/MacOSX.platform/Developer/Library/Frameworks -filelist /Users/admin/builder/spi-builder-workspace/.derivedData/Build/Intermediates.noindex/GoogleUtilities.build/Debug/GoogleUtilities-MethodSwizzler-t.build/Objects-normal/arm64/GoogleUtilities-MethodSwizzler.LinkFileList -nostdlib -Xlinker -object_path_lto -Xlinker /Users/admin/builder/spi-builder-workspace/.derivedData/Build/Intermediates.noindex/GoogleUtilities.build/Debug/GoogleUtilities-MethodSwizzler-t.build/Objects-normal/arm64/GoogleUtilities-MethodSwizzler_lto.o -Xlinker -no_deduplicate -Xlinker -debug_variant -Xlinker -dependency_info -Xlinker /Users/admin/builder/spi-builder-workspace/.derivedData/Build/Intermediates.noindex/GoogleUtilities.build/Debug/GoogleUtilities-MethodSwizzler-t.build/Objects-normal/arm64/GoogleUtilities-MethodSwizzler_dependency_info.dat -fobjc-arc -fobjc-link-runtime -o /Users/admin/builder/spi-builder-workspace/.derivedData/Build/Products/Debug/GoogleUtilities-MethodSwizzler.o
Ld /Users/admin/builder/spi-builder-workspace/.derivedData/Build/Products/Debug/FirebaseCoreDiagnostics.o normal (in target 'FirebaseCoreDiagnostics' from project 'Firebase')
cd /Users/admin/builder/spi-builder-workspace/.dependencies/checkouts/firebase-ios-sdk
/Applications/Xcode-27.0.0-Release.Candidate.app/Contents/Developer/Toolchains/XcodeDefault.xctoolchain/usr/bin/clang -Xlinker -reproducible -target arm64-apple-macos12.0 -r -isysroot /Applications/Xcode-27.0.0-Release.Candidate.app/Contents/Developer/Platforms/MacOSX.platform/Developer/SDKs/MacOSX27.0.sdk -O0 -w -Xlinker -no_warn_duplicate_libraries -F/Users/admin/builder/spi-builder-workspace/.derivedData/Build/Intermediates.noindex/EagerLinkingTBDs/Debug -F/Users/admin/builder/spi-builder-workspace/.derivedData/Build/Products/Debug/PackageFrameworks -F/Users/admin/builder/spi-builder-workspace/.derivedData/Build/Products/Debug -iframework /Applications/Xcode-27.0.0-Release.Candidate.app/Contents/Developer/Platforms/MacOSX.platform/Developer/Library/Frameworks -filelist /Users/admin/builder/spi-builder-workspace/.derivedData/Build/Intermediates.noindex/Firebase.build/Debug/FirebaseCoreDiagnostics-t.build/Objects-normal/arm64/FirebaseCoreDiagnostics.LinkFileList -nostdlib -Xlinker -object_path_lto -Xlinker /Users/admin/builder/spi-builder-workspace/.derivedData/Build/Intermediates.noindex/Firebase.build/Debug/FirebaseCoreDiagnostics-t.build/Objects-normal/arm64/FirebaseCoreDiagnostics_lto.o -Xlinker -no_deduplicate -Xlinker -debug_variant -Xlinker -dependency_info -Xlinker /Users/admin/builder/spi-builder-workspace/.derivedData/Build/Intermediates.noindex/Firebase.build/Debug/FirebaseCoreDiagnostics-t.build/Objects-normal/arm64/FirebaseCoreDiagnostics_dependency_info.dat -fobjc-arc -fobjc-link-runtime -o /Users/admin/builder/spi-builder-workspace/.derivedData/Build/Products/Debug/FirebaseCoreDiagnostics.o
Ld /Users/admin/builder/spi-builder-workspace/.derivedData/Build/Products/Debug/GoogleUtilities-Network.o normal (in target 'GoogleUtilities-Network' from project 'GoogleUtilities')
cd /Users/admin/builder/spi-builder-workspace/.dependencies/checkouts/GoogleUtilities
/Applications/Xcode-27.0.0-Release.Candidate.app/Contents/Developer/Toolchains/XcodeDefault.xctoolchain/usr/bin/clang -Xlinker -reproducible -target arm64-apple-macos12.0 -r -isysroot /Applications/Xcode-27.0.0-Release.Candidate.app/Contents/Developer/Platforms/MacOSX.platform/Developer/SDKs/MacOSX27.0.sdk -O0 -w -Xlinker -no_warn_duplicate_libraries -F/Users/admin/builder/spi-builder-workspace/.derivedData/Build/Intermediates.noindex/EagerLinkingTBDs/Debug -F/Users/admin/builder/spi-builder-workspace/.derivedData/Build/Products/Debug/PackageFrameworks -F/Users/admin/builder/spi-builder-workspace/.derivedData/Build/Products/Debug -iframework /Applications/Xcode-27.0.0-Release.Candidate.app/Contents/Developer/Platforms/MacOSX.platform/Developer/Library/Frameworks -filelist /Users/admin/builder/spi-builder-workspace/.derivedData/Build/Intermediates.noindex/GoogleUtilities.build/Debug/GoogleUtilities-Network-t.build/Objects-normal/arm64/GoogleUtilities-Network.LinkFileList -nostdlib -Xlinker -object_path_lto -Xlinker /Users/admin/builder/spi-builder-workspace/.derivedData/Build/Intermediates.noindex/GoogleUtilities.build/Debug/GoogleUtilities-Network-t.build/Objects-normal/arm64/GoogleUtilities-Network_lto.o -Xlinker -no_deduplicate -Xlinker -debug_variant -Xlinker -dependency_info -Xlinker /Users/admin/builder/spi-builder-workspace/.derivedData/Build/Intermediates.noindex/GoogleUtilities.build/Debug/GoogleUtilities-Network-t.build/Objects-normal/arm64/GoogleUtilities-Network_dependency_info.dat -fobjc-arc -fobjc-link-runtime -o /Users/admin/builder/spi-builder-workspace/.derivedData/Build/Products/Debug/GoogleUtilities-Network.o
Ld /Users/admin/builder/spi-builder-workspace/.derivedData/Build/Products/Debug/GoogleUtilities-AppDelegateSwizzler.o normal (in target 'GoogleUtilities-AppDelegateSwizzler' from project 'GoogleUtilities')
cd /Users/admin/builder/spi-builder-workspace/.dependencies/checkouts/GoogleUtilities
/Applications/Xcode-27.0.0-Release.Candidate.app/Contents/Developer/Toolchains/XcodeDefault.xctoolchain/usr/bin/clang -Xlinker -reproducible -target arm64-apple-macos12.0 -r -isysroot /Applications/Xcode-27.0.0-Release.Candidate.app/Contents/Developer/Platforms/MacOSX.platform/Developer/SDKs/MacOSX27.0.sdk -O0 -w -Xlinker -no_warn_duplicate_libraries -F/Users/admin/builder/spi-builder-workspace/.derivedData/Build/Intermediates.noindex/EagerLinkingTBDs/Debug -F/Users/admin/builder/spi-builder-workspace/.derivedData/Build/Products/Debug/PackageFrameworks -F/Users/admin/builder/spi-builder-workspace/.derivedData/Build/Products/Debug -iframework /Applications/Xcode-27.0.0-Release.Candidate.app/Contents/Developer/Platforms/MacOSX.platform/Developer/Library/Frameworks -filelist /Users/admin/builder/spi-builder-workspace/.derivedData/Build/Intermediates.noindex/GoogleUtilities.build/Debug/GoogleUtilities-AppDelegateSwizzler-t.build/Objects-normal/arm64/GoogleUtilities-AppDelegateSwizzler.LinkFileList -nostdlib -Xlinker -object_path_lto -Xlinker /Users/admin/builder/spi-builder-workspace/.derivedData/Build/Intermediates.noindex/GoogleUtilities.build/Debug/GoogleUtilities-AppDelegateSwizzler-t.build/Objects-normal/arm64/GoogleUtilities-AppDelegateSwizzler_lto.o -Xlinker -no_deduplicate -Xlinker -debug_variant -Xlinker -dependency_info -Xlinker /Users/admin/builder/spi-builder-workspace/.derivedData/Build/Intermediates.noindex/GoogleUtilities.build/Debug/GoogleUtilities-AppDelegateSwizzler-t.build/Objects-normal/arm64/GoogleUtilities-AppDelegateSwizzler_dependency_info.dat -fobjc-arc -fobjc-link-runtime -o /Users/admin/builder/spi-builder-workspace/.derivedData/Build/Products/Debug/GoogleUtilities-AppDelegateSwizzler.o
CompileC /Users/admin/builder/spi-builder-workspace/.derivedData/Build/Intermediates.noindex/Firebase.build/Debug/FirebaseCore-t.build/Objects-normal/arm64/FIRApp.o /Users/admin/builder/spi-builder-workspace/.dependencies/checkouts/firebase-ios-sdk/FirebaseCore/Sources/FIRApp.m normal arm64 objective-c com.apple.compilers.llvm.clang.1_0.compiler (in target 'FirebaseCore' from project 'Firebase')
cd /Users/admin/builder/spi-builder-workspace/.swiftpm/xcode
Using response file: /Users/admin/builder/spi-builder-workspace/.derivedData/Build/Intermediates.noindex/Firebase.build/Debug/FirebaseCore-t.build/Objects-normal/arm64/e6072d4f65d7061329687fe24e3d63a7-common-args.resp
/Applications/Xcode-27.0.0-Release.Candidate.app/Contents/Developer/Toolchains/XcodeDefault.xctoolchain/usr/bin/clang -x objective-c -ivfsstatcache /Users/admin/builder/spi-builder-workspace/.derivedData/SDKStatCaches.noindex/macosx27.0-26A425-e829b21a6f8c9b70876ba0858053c0446a22442a12e9d48fe1a705f55a1adfc4.sdkstatcache -target arm64-apple-macos12.0 -fmessage-length\=0 -fdiagnostics-show-note-include-stack -fmacro-backtrace-limit\=0 -fno-color-diagnostics -fmodules-prune-interval\=86400 -fmodules-prune-after\=345600 -fbuild-session-file\=/Users/admin/builder/spi-builder-workspace/.derivedData/ModuleCache.noindex/Session.modulevalidation -fmodules-validate-once-per-build-session -Wnon-modular-include-in-framework-module -Werror\=non-modular-include-in-framework-module -Wno-trigraphs -Wno-missing-field-initializers -Wno-missing-prototypes -Wno-return-type -Wno-implicit-atomic-properties -Wno-objc-interface-ivars -Wno-arc-repeated-use-of-weak -Wno-missing-braces -Wparentheses -Wswitch -Wno-unused-function -Wno-unused-label -Wno-unused-parameter -Wno-unused-variable -Wunused-value -Wno-empty-body -Wno-uninitialized -Wno-unknown-pragmas -w -Wno-shadow -Wno-four-char-constants -Wno-conversion -Wno-constant-conversion -Wno-int-conversion -Wno-bool-conversion -Wno-enum-conversion -Wno-float-conversion -Wno-non-literal-null-conversion -Wno-objc-literal-conversion -Wshorten-64-to-32 -Wpointer-sign -Wno-newline-eof -Wno-selector -Wno-strict-selector-match -Wno-undeclared-selector -Wno-deprecated-implementations -Wno-implicit-fallthrough -isysroot /Applications/Xcode-27.0.0-Release.Candidate.app/Contents/Developer/Platforms/MacOSX.platform/Developer/SDKs/MacOSX27.0.sdk -fstrict-aliasing -Wprotocol -Wdeprecated-declarations -Wno-sign-conversion -Wno-infinite-recursion -Wno-comma -Wno-block-capture-autoreleasing -Wno-strict-prototypes -Wno-semicolon-before-method-body -index-store-path /Users/admin/builder/spi-builder-workspace/.derivedData/Index.noindex/DataStore @/Users/admin/builder/spi-builder-workspace/.derivedData/Build/Intermediates.noindex/Firebase.build/Debug/FirebaseCore-t.build/Objects-normal/arm64/e6072d4f65d7061329687fe24e3d63a7-common-args.resp -MMD -MT dependencies -MF /Users/admin/builder/spi-builder-workspace/.derivedData/Build/Intermediates.noindex/Firebase.build/Debug/FirebaseCore-t.build/Objects-normal/arm64/FIRApp.d --serialize-diagnostics /Users/admin/builder/spi-builder-workspace/.derivedData/Build/Intermediates.noindex/Firebase.build/Debug/FirebaseCore-t.build/Objects-normal/arm64/FIRApp.dia -c /Users/admin/builder/spi-builder-workspace/.dependencies/checkouts/firebase-ios-sdk/FirebaseCore/Sources/FIRApp.m -o /Users/admin/builder/spi-builder-workspace/.derivedData/Build/Intermediates.noindex/Firebase.build/Debug/FirebaseCore-t.build/Objects-normal/arm64/FIRApp.o -index-unit-output-path /Firebase.build/Debug/FirebaseCore-t.build/Objects-normal/arm64/FIRApp.o
Failed frontend command:
/Applications/Xcode-27.0.0-Release.Candidate.app/Contents/Developer/Toolchains/XcodeDefault.xctoolchain/usr/bin/clang -cc1 -Wundef-prefix\=TARGET_OS_ -fdiagnostics-show-note-include-stack -fmacro-backtrace-limit\=0 -w -ferror-limit 19 -serialize-diagnostic-file /Users/admin/builder/spi-builder-workspace/.derivedData/Build/Intermediates.noindex/Firebase.build/Debug/FirebaseCore-t.build/Objects-normal/arm64/FIRApp.dia -Wdeprecated-objc-isa-usage -Werror\=deprecated-objc-isa-usage -Werror\=implicit-function-declaration -Wnon-modular-include-in-framework-module -Werror\=non-modular-include-in-framework-module -Wno-trigraphs -Wno-missing-field-initializers -Wno-missing-prototypes -Wno-return-type -Wno-implicit-atomic-properties -Wno-objc-interface-ivars -Wno-arc-repeated-use-of-weak -Wno-missing-braces -Wparentheses -Wswitch -Wno-unused-function -Wno-unused-label -Wno-unused-parameter -Wno-unused-variable -Wunused-value -Wno-empty-body -Wno-uninitialized -Wno-unknown-pragmas -Wno-shadow -Wno-four-char-constants -Wno-conversion -Wno-constant-conversion -Wno-int-conversion -Wno-bool-conversion -Wno-enum-conversion -Wno-float-conversion -Wno-non-literal-null-conversion -Wno-objc-literal-conversion -Wshorten-64-to-32 -Wpointer-sign -Wno-newline-eof -Wno-selector -Wno-strict-selector-match -Wno-undeclared-selector -Wno-deprecated-implementations -Wno-implicit-fallthrough -Wprotocol -Wdeprecated-declarations -Wno-sign-conversion -Wno-infinite-recursion -Wno-comma -Wno-block-capture-autoreleasing -Wno-strict-prototypes -Wno-semicolon-before-method-body -Wno-elaborated-enum-base -Wno-error\=allocator-wrappers -index-store-path /Users/admin/builder/spi-builder-workspace/.derivedData/Index.noindex/DataStore -index-unit-output-path /Firebase.build/Debug/FirebaseCore-t.build/Objects-normal/arm64/FIRApp.o -fmodule-map-file\=/Users/admin/builder/spi-builder-workspace/.derivedData/Build/Intermediates.noindex/GeneratedModuleMaps/GoogleDataTransport.modulemap -fmodule-map-file\=/Users/admin/builder/spi-builder-workspace/.dependencies/checkouts/promises/Sources/FBLPromises/include/module.modulemap -fmodule-map-file\=/Users/admin/builder/spi-builder-workspace/.derivedData/Build/Intermediates.noindex/GeneratedModuleMaps/GoogleUtilities-Environment.modulemap -fmodule-map-file\=/Users/admin/builder/spi-builder-workspace/.derivedData/Build/Intermediates.noindex/GeneratedModuleMaps/third-party-IsAppEncrypted.modulemap -fmodule-map-file\=/Users/admin/builder/spi-builder-workspace/.derivedData/Build/Intermediates.noindex/GeneratedModuleMaps/GoogleUtilities-Logger.modulemap -fmodule-map-file\=/Users/admin/builder/spi-builder-workspace/.derivedData/Build/Intermediates.noindex/GeneratedModuleMaps/nanopb.modulemap -fmodule-map-file\=/Users/admin/builder/spi-builder-workspace/.derivedData/Build/Intermediates.noindex/GeneratedModuleMaps/FirebaseCoreDiagnostics.modulemap -fmodule-map-file\=/Users/admin/builder/spi-builder-workspace/.dependencies/checkouts/firebase-ios-sdk/CoreOnly/Sources/module.modulemap -fmodule-map-file\=/Applications/Xcode-27.0.0-Release.Candidate.app/Contents/Developer/Platforms/MacOSX.platform/Developer/SDKs/MacOSX.sdk/usr/include/Darwin.modulemap -fmodule-map-file\=/Applications/Xcode-27.0.0-Release.Candidate.app/Contents/Developer/Platforms/MacOSX.platform/Developer/SDKs/MacOSX.sdk/usr/include/ObjectiveC.modulemap -fmodule-map-file\=/Applications/Xcode-27.0.0-Release.Candidate.app/Contents/Developer/Platforms/MacOSX.platform/Developer/SDKs/MacOSX.sdk/System/Library/Frameworks/Foundation.framework/Modules/module.modulemap -fmodule-map-file\=/Applications/Xcode-27.0.0-Release.Candidate.app/Contents/Developer/Platforms/MacOSX.platform/Developer/SDKs/MacOSX.sdk/System/Library/Frameworks/AppKit.framework/Modules/module.modulemap -fmodule-map-file\=/Users/admin/builder/spi-builder-workspace/.derivedData/Build/Intermediates.noindex/GeneratedModuleMaps/GoogleUtilities-Environment.modulemap -o /Users/admin/builder/spi-builder-workspace/.derivedData/Build/Intermediates.noindex/Firebase.build/Debug/FirebaseCore-t.build/Objects-normal/arm64/FIRApp.o -disable-free -emit-obj -x objective-c /Users/admin/builder/spi-builder-workspace/.dependencies/checkouts/firebase-ios-sdk/FirebaseCore/Sources/FIRApp.m -target-abi darwinpcs -target-cpu apple-m1 -target-feature +v8.5a -target-feature +aes -target-feature +altnzcv -target-feature +ccdp -target-feature +ccpp -target-feature +complxnum -target-feature +crc -target-feature +dotprod -target-feature +flagm -target-feature +fp-armv8 -target-feature +fp16fml -target-feature +fptoint -target-feature +fullfp16 -target-feature +jsconv -target-feature +lse -target-feature +neon -target-feature +pauth -target-feature +perfmon -target-feature +predres -target-feature +ras -target-feature +rcpc -target-feature +rdm -target-feature +sb -target-feature +sha2 -target-feature +sha3 -target-feature +specrestrict -target-feature +ssbs -triple arm64-apple-macosx12.0.0 -target-linker-version 1166.2 -target-sdk-version\=27.0 -fmodules-validate-system-headers -fno-modulemap-allow-subdirectory-search -isysroot /Applications/Xcode-27.0.0-Release.Candidate.app/Contents/Developer/Platforms/MacOSX.platform/Developer/SDKs/MacOSX27.0.sdk -resource-dir /Applications/Xcode-27.0.0-Release.Candidate.app/Contents/Developer/Toolchains/XcodeDefault.xctoolchain/usr/lib/clang/21 -fmodule-format\=obj -fmodule-file\=AppKit\=/Users/admin/builder/spi-builder-workspace/.derivedData/Build/Intermediates.noindex/ExplicitPrecompiledModules/AppKit-AAT3TG6QILE1J9709RQNMHEDJ.pcm -fmodule-file\=Darwin\=/Users/admin/builder/spi-builder-workspace/.derivedData/Build/Intermediates.noindex/ExplicitPrecompiledModules/Darwin-8RRCN439MISYOYZLCZFZ7ICLW.pcm -fmodule-file\=Foundation\=/Users/admin/builder/spi-builder-workspace/.derivedData/Build/Intermediates.noindex/ExplicitPrecompiledModules/Foundation-C2YGC4VKKIS0MBX7Y41A8JG2.pcm -fmodule-file\=GoogleUtilities_Environment\=/Users/admin/builder/spi-builder-workspace/.derivedData/Build/Intermediates.noindex/ExplicitPrecompiledModules/GoogleUtilities_Environment-49K14S7RD9B2EMDIYWW6F0G3O.pcm -fmodule-file\=ObjectiveC\=/Users/admin/builder/spi-builder-workspace/.derivedData/Build/Intermediates.noindex/ExplicitPrecompiledModules/ObjectiveC-46QCUQKI3HXVCA8QX1AC0RF6X.pcm -I /Users/admin/builder/spi-builder-workspace/.dependencies/checkouts/GoogleDataTransport/GoogleDataTransport/GDTCORLibrary/Public -I /Users/admin/builder/spi-builder-workspace/.dependencies/checkouts/promises/Sources/FBLPromises/include -I /Users/admin/builder/spi-builder-workspace/.dependencies/checkouts/GoogleUtilities/GoogleUtilities/Environment/Public -I /Users/admin/builder/spi-builder-workspace/.dependencies/checkouts/GoogleUtilities/third_party/IsAppEncrypted/Public -I /Users/admin/builder/spi-builder-workspace/.dependencies/checkouts/GoogleUtilities/GoogleUtilities/Logger/Public -I /Users/admin/builder/spi-builder-workspace/.dependencies/checkouts/nanopb/spm_headers -I /Users/admin/builder/spi-builder-workspace/.dependencies/checkouts/firebase-ios-sdk/Firebase/CoreDiagnostics/FIRCDLibrary -I /Users/admin/builder/spi-builder-workspace/.dependencies/checkouts/firebase-ios-sdk/CoreOnly/Sources -I /Users/admin/builder/spi-builder-workspace/.derivedData/Build/Products/Debug/include -I /Users/admin/builder/spi-builder-workspace/.dependencies/checkouts/firebase-ios-sdk/FirebaseCore/Sources/Public -I /Users/admin/builder/spi-builder-workspace/.dependencies/checkouts/firebase-ios-sdk -I /Users/admin/builder/spi-builder-workspace/.derivedData/Build/Intermediates.noindex/Firebase.build/Debug/FirebaseCore-t.build/DerivedSources-normal/arm64 -I /Users/admin/builder/spi-builder-workspace/.derivedData/Build/Intermediates.noindex/Firebase.build/Debug/FirebaseCore-t.build/DerivedSources/arm64 -I /Users/admin/builder/spi-builder-workspace/.derivedData/Build/Intermediates.noindex/Firebase.build/Debug/FirebaseCore-t.build/DerivedSources -F /Users/admin/builder/spi-builder-workspace/.derivedData/Build/Products/Debug/PackageFrameworks -F /Users/admin/builder/spi-builder-workspace/.derivedData/Build/Products/Debug -iframework /Applications/Xcode-27.0.0-Release.Candidate.app/Contents/Developer/Platforms/MacOSX.platform/Developer/Library/Frameworks -internal-isystem /Applications/Xcode-27.0.0-Release.Candidate.app/Contents/Developer/Platforms/MacOSX.platform/Developer/SDKs/MacOSX27.0.sdk/usr/local/include -internal-isystem /Applications/Xcode-27.0.0-Release.Candidate.app/Contents/Developer/Toolchains/XcodeDefault.xctoolchain/usr/lib/clang/21/include -internal-externc-isystem /Applications/Xcode-27.0.0-Release.Candidate.app/Contents/Developer/Platforms/MacOSX.platform/Developer/SDKs/MacOSX27.0.sdk/usr/include -internal-externc-isystem /Applications/Xcode-27.0.0-Release.Candidate.app/Contents/Developer/Toolchains/XcodeDefault.xctoolchain/usr/include -internal-iframework /Applications/Xcode-27.0.0-Release.Candidate.app/Contents/Developer/Platforms/MacOSX.platform/Developer/SDKs/MacOSX27.0.sdk/System/Library/Frameworks -internal-iframework /Applications/Xcode-27.0.0-Release.Candidate.app/Contents/Developer/Platforms/MacOSX.platform/Developer/SDKs/MacOSX27.0.sdk/System/Library/SubFrameworks -internal-iframework /Applications/Xcode-27.0.0-Release.Candidate.app/Contents/Developer/Platforms/MacOSX.platform/Developer/SDKs/MacOSX27.0.sdk/Library/Frameworks -ivfsstatcache /Users/admin/builder/spi-builder-workspace/.derivedData/SDKStatCaches.noindex/macosx27.0-26A425-e829b21a6f8c9b70876ba0858053c0446a22442a12e9d48fe1a705f55a1adfc4.sdkstatcache -std\=c99 -fexceptions -fskip-odr-check-in-gmf -fmodules -fmodule-name\=FirebaseCore -fno-implicit-modules -fobjc-exceptions -fmax-type-align\=16 -fpascal-strings -fstack-check -fvisibility-inlines-hidden-static-local-var -mdarwin-stkchk-strong-link -fno-odr-hash-protocols -pic-level 2 -fencode-extended-block-signature -stack-protector 1 -fobjc-runtime\=macosx-12.0.0 -fobjc-arc -fobjc-runtime-has-weak -fobjc-weak -fgnuc-version\=4.2.1 -fblocks -fno-convergent-functions -ffp-contract\=on -fclang-abi-compat\=4.0 -fno-experimental-relative-c++-abi-vtables -fno-file-reproducible -clang-vendor-feature\=+disableNonDependentMemberExprInCurrentInstantiation -clang-vendor-feature\=+enableAggressiveVLAFolding -clang-vendor-feature\=+revert09abecef7bbf -clang-vendor-feature\=+thisNoAlignAttr -clang-vendor-feature\=+thisNoNullAttr -clang-vendor-feature\=+disableAtImportPrivateFrameworkInImplementationError -O0 -fno-assume-unique-vtables -fdebug-compilation-dir\=/Users/admin/builder/spi-builder-workspace/.swiftpm/xcode -fcoverage-compilation-dir\=/Users/admin/builder/spi-builder-workspace/.swiftpm/xcode -fcoverage-mapping -fcommon -fdwarf2-cfi-asm -fobjc-msgsend-selector-stubs -fregister-global-dtors-with-atexit -fno-strict-return -dwarf-version\=4 -debugger-tuning\=lldb -disable-llvm-verifier -dwarf-ext-refs -funwind-tables\=1 -fprofile-instrument\=clang -enable-tlsdesc -clear-ast-before-backend -discard-value-names -main-file-name FIRApp.m -mframe-pointer\=non-leaf -debug-info-kind\=standalone -fno-loop-interchange -fdiagnostics-hotness-threshold\=0 -fdiagnostics-misexpect-tolerance\=0 -D DEBUG\=1 -D Firebase_VERSION\=7.11.1 -D OBJC_OLD_DISPATCH_PROTOTYPES\=1 -D SWIFT_PACKAGE -D Xcode -fdefine-target-os-macros -MT dependencies -dependency-file /Users/admin/builder/spi-builder-workspace/.derivedData/Build/Intermediates.noindex/Firebase.build/Debug/FirebaseCore-t.build/Objects-normal/arm64/FIRApp.d -skip-unused-modulemap-deps -module-file-deps\=direct -fdepfile-entry\=/Applications/Xcode-27.0.0-Release.Candidate.app/Contents/Developer/Platforms/MacOSX.platform/Developer/SDKs/MacOSX27.0.sdk/SDKSettings.json
PruneExplicitPrecompiledModules /Users/admin/builder/spi-builder-workspace/.derivedData/Build/Intermediates.noindex/ExplicitPrecompiledModules
PruneExplicitPrecompiledModules /Users/admin/builder/spi-builder-workspace/.derivedData/Build/Intermediates.noindex/SwiftExplicitPrecompiledModules
PruneExplicitPrecompiledModules /Users/admin/builder/spi-builder-workspace/.derivedData/SDKExplicitPrecompiledModules
2026-09-19 10:51:49.577 xcodebuild[1168:6511] [MT] IDERunDestination: Supported platforms for the buildables in the current scheme is empty.
--- xcodebuild: WARNING: Using the first of multiple matching destinations:
{ platform:macOS, arch:arm64, id:7d0e4b6fb88cb8e135458edd3f5dd0632ee2f9ee, name:My Mac }
{ platform:macOS, arch:arm64, variant:Mac Catalyst, id:7d0e4b6fb88cb8e135458edd3f5dd0632ee2f9ee, name:My Mac }
{ platform:macOS, arch:arm64, variant:DriverKit, id:7d0e4b6fb88cb8e135458edd3f5dd0632ee2f9ee, name:My Mac }
{ platform:macOS, arch:arm64, variant:Designed for [iPad,iPhone], id:7d0e4b6fb88cb8e135458edd3f5dd0632ee2f9ee, name:My Mac }
** BUILD FAILED **
The following build commands failed:
SwiftDriver PromotedCore normal arm64 com.apple.xcode.tools.swift.compiler (in target 'PromotedCore' from project 'PromotedAIMetricsSDK')
Building workspace PromotedAIMetricsSDK with scheme PromotedAIMetricsSDK-Package
(2 failures)
Command line invocation:
/Applications/Xcode-27.0.0-Release.Candidate.app/Contents/Developer/usr/bin/xcodebuild -IDEClonedSourcePackagesDirPathOverride=/Users/admin/builder/spi-builder-workspace/.dependencies -resolvePackageDependencies
Resolve Package Graph
Resolved source packages:
PromotedAIMetricsSDK: /Users/admin/builder/spi-builder-workspace
GoogleUtilities: https://github.com/google/GoogleUtilities.git @ 7.13.3
Promises: https://github.com/google/promises.git @ 1.2.12
GTMSessionFetcher: https://github.com/google/gtm-session-fetcher @ 1.7.2
gRPC: https://github.com/firebase/grpc-SwiftPM.git @ 1.28.4
BoringSSL-GRPC: https://github.com/firebase/boringssl-SwiftPM.git @ 0.7.2
leveldb: https://github.com/firebase/leveldb.git @ 1.22.5
SwiftProtobuf: https://github.com/apple/swift-protobuf @ 1.38.1
abseil: https://github.com/firebase/abseil-cpp-SwiftPM.git @ 0.20200225.4
GoogleAppMeasurement: https://github.com/google/GoogleAppMeasurement.git @ 7.11.1
Firebase: https://github.com/firebase/firebase-ios-sdk @ 7.11.1
GoogleDataTransport: https://github.com/google/GoogleDataTransport.git @ 8.4.0
nanopb: https://github.com/firebase/nanopb.git @ 2.30908.0
resolved source packages: PromotedAIMetricsSDK, GoogleUtilities, Promises, GTMSessionFetcher, gRPC, BoringSSL-GRPC, leveldb, SwiftProtobuf, abseil, GoogleAppMeasurement, Firebase, GoogleDataTransport, nanopb
2026-09-19 10:52:11.889 xcodebuild[1766:9136] [MT] IDERunDestination: Supported platforms for the buildables in the current scheme is empty.
{
"dependencies" : [
{
"identity" : "firebase-ios-sdk",
"requirement" : {
"range" : [
{
"lower_bound" : "7.9.0",
"upper_bound" : "8.0.0"
}
]
},
"type" : "sourceControl",
"url" : "https://github.com/firebase/firebase-ios-sdk"
},
{
"identity" : "gtm-session-fetcher",
"requirement" : {
"range" : [
{
"lower_bound" : "1.5.0",
"upper_bound" : "2.0.0"
}
]
},
"type" : "sourceControl",
"url" : "https://github.com/google/gtm-session-fetcher"
},
{
"identity" : "swift-protobuf",
"requirement" : {
"range" : [
{
"lower_bound" : "1.15.0",
"upper_bound" : "2.0.0"
}
]
},
"type" : "sourceControl",
"url" : "https://github.com/apple/swift-protobuf"
}
],
"manifest_display_name" : "PromotedAIMetricsSDK",
"name" : "PromotedAIMetricsSDK",
"path" : "/Users/admin/builder/spi-builder-workspace",
"platforms" : [
{
"name" : "ios",
"version" : "10.0"
}
],
"products" : [
{
"name" : "PromotedCore",
"targets" : [
"PromotedCore"
],
"type" : {
"library" : [
"automatic"
]
}
},
{
"name" : "PromotedFetcher",
"targets" : [
"PromotedFetcher"
],
"type" : {
"library" : [
"automatic"
]
}
},
{
"name" : "PromotedMetrics",
"targets" : [
"PromotedMetrics"
],
"type" : {
"library" : [
"automatic"
]
}
},
{
"name" : "PromotedFirebaseAnalytics",
"targets" : [
"PromotedFirebaseAnalytics"
],
"type" : {
"library" : [
"automatic"
]
}
},
{
"name" : "PromotedFirebaseRemoteConfig",
"targets" : [
"PromotedFirebaseRemoteConfig"
],
"type" : {
"library" : [
"automatic"
]
}
}
],
"targets" : [
{
"c99name" : "PromotedMetrics",
"module_type" : "SwiftTarget",
"name" : "PromotedMetrics",
"path" : "Sources/PromotedMetrics",
"product_memberships" : [
"PromotedMetrics"
],
"sources" : [
"MetricsLoggerService+PromotedMetrics.swift",
"ModuleConfig+PromotedMetrics.swift"
],
"target_dependencies" : [
"PromotedCore",
"PromotedFetcher"
],
"type" : "library"
},
{
"c99name" : "PromotedFirebaseRemoteConfigTests",
"module_type" : "SwiftTarget",
"name" : "PromotedFirebaseRemoteConfigTests",
"path" : "Tests/PromotedFirebaseRemoteConfigTests",
"sources" : [
"ClientConfigMergeTests.swift",
"StringCaseConversionTests.swift"
],
"target_dependencies" : [
"PromotedCore",
"PromotedCoreTestHelpers",
"PromotedFirebaseRemoteConfig"
],
"type" : "test"
},
{
"c99name" : "PromotedFirebaseRemoteConfig",
"module_type" : "SwiftTarget",
"name" : "PromotedFirebaseRemoteConfig",
"path" : "Sources/PromotedFirebaseRemoteConfig",
"product_dependencies" : [
"FirebaseRemoteConfig"
],
"product_memberships" : [
"PromotedFirebaseRemoteConfig"
],
"sources" : [
"ClientConfig+PromotedFirebaseRemoteConfig.swift",
"FirebaseRemoteConfigService.swift",
"ModuleConfig+PromotedFirebaseRemoteConfig.swift"
],
"target_dependencies" : [
"PromotedCore"
],
"type" : "library"
},
{
"c99name" : "PromotedFirebaseAnalytics",
"module_type" : "SwiftTarget",
"name" : "PromotedFirebaseAnalytics",
"path" : "Sources/PromotedFirebaseAnalytics",
"product_dependencies" : [
"FirebaseAnalytics"
],
"product_memberships" : [
"PromotedFirebaseAnalytics"
],
"sources" : [
"FirebaseAnalyticsConnection.swift",
"ModuleConfig+PromotedFirebaseAnalytics.swift"
],
"target_dependencies" : [
"PromotedCore"
],
"type" : "library"
},
{
"c99name" : "PromotedFetcher",
"module_type" : "SwiftTarget",
"name" : "PromotedFetcher",
"path" : "Sources/PromotedFetcher",
"product_dependencies" : [
"GTMSessionFetcherCore"
],
"product_memberships" : [
"PromotedFetcher",
"PromotedMetrics"
],
"sources" : [
"GTMSessionFetcherConnection.swift",
"ModuleConfig+PromotedFetcher.swift"
],
"target_dependencies" : [
"PromotedCore"
],
"type" : "library"
},
{
"c99name" : "PromotedCoreTests",
"module_type" : "SwiftTarget",
"name" : "PromotedCoreTests",
"path" : "Tests/PromotedCoreTests",
"sources" : [
"AnalyticsTests.swift",
"ClientConfigServiceTests.swift",
"ClientConfigTests.swift",
"DequeTests.swift",
"IDProducerTests.swift",
"IOSBuildInfoTests.swift",
"ImpressionTrackerTests.swift",
"MetricsLoggerTests.swift",
"ModuleTests.swift",
"NetworkConnectionTests.swift",
"OperationMonitorTests.swift",
"ScrollTrackerTest.swift",
"UIKitStateTests.swift",
"ViewTrackerTests.swift",
"XrayTests.swift"
],
"target_dependencies" : [
"PromotedCore",
"PromotedCoreTestHelpers"
],
"type" : "test"
},
{
"c99name" : "PromotedCoreTestHelpers",
"module_type" : "SwiftTarget",
"name" : "PromotedCoreTestHelpers",
"path" : "Sources/PromotedCoreTestHelpers",
"sources" : [
"AutoViewState+TestHelpers.swift",
"FakeAnalyticsConnection.swift",
"FakeBuildInfo.swift",
"FakeClock.swift",
"FakeDeviceInfo.swift",
"FakeIDMap.swift",
"FakeNetworkConnection.swift",
"FakePersistentStore.swift",
"FakeRemoteConfigConnection.swift",
"FakeUIState.swift",
"ModuleTestCase.swift",
"TestModule.swift",
"TestOperationMonitorListener.swift"
],
"target_dependencies" : [
"PromotedCore"
],
"type" : "library"
},
{
"c99name" : "PromotedCore",
"module_type" : "SwiftTarget",
"name" : "PromotedCore",
"path" : "Sources/PromotedCore",
"product_dependencies" : [
"SwiftProtobuf"
],
"product_memberships" : [
"PromotedCore",
"PromotedFetcher",
"PromotedMetrics",
"PromotedFirebaseAnalytics",
"PromotedFirebaseRemoteConfig"
],
"resources" : [
{
"path" : "/Users/admin/builder/spi-builder-workspace/Sources/PromotedCore/Resources/Version.txt",
"rule" : {
"copy" : {
}
}
}
],
"sources" : [
"Analytics.swift",
"Base/BuildInfo.swift",
"Base/Clock.swift",
"Base/Deque.swift",
"Base/Dictionary+Promoted.swift",
"Base/OSLog+Promoted.swift",
"Base/PendingLogMessages.swift",
"Base/TabularLogFormatter.swift",
"Base/UIState.swift",
"Base/UIViewController+Promoted.swift",
"Base/UUID+Promoted.swift",
"Base/WeakArray.swift",
"ClientConfig/ClientConfig.swift",
"ClientConfig/ClientConfigService.swift",
"ClientConfig/RemoteConfigConnection.swift",
"ClientConfig/_ObjCClientConfig.swift",
"ErrorHandling/ErrorDetails.swift",
"ErrorHandling/ErrorHandler.swift",
"ErrorHandling/ErrorModalViewController.swift",
"ErrorHandling/Errors.swift",
"Impression/ImpressionTracker.swift",
"Impression/ScrollTracker.swift",
"IndexPathDataSource.swift",
"MetricsLogger/MetricsLogger+Action.swift",
"MetricsLogger/MetricsLogger+AutoView.swift",
"MetricsLogger/MetricsLogger+Diagnostics.swift",
"MetricsLogger/MetricsLogger+EventFields.swift",
"MetricsLogger/MetricsLogger+IdentifierProvenances.swift",
"MetricsLogger/MetricsLogger+Impression.swift",
"MetricsLogger/MetricsLogger+Validation.swift",
"MetricsLogger/MetricsLogger+View.swift",
"MetricsLogger/MetricsLogger.swift",
"MetricsLoggerService.swift",
"Model/ActionType.swift",
"Model/AutoViewState.swift",
"Model/Cart.swift",
"Model/CartContent.swift",
"Model/CollectionInteraction.swift",
"Model/Content.swift",
"Model/CurrencyCode.swift",
"Model/DeviceInfo.swift",
"Model/DeviceType.swift",
"Model/ID.swift",
"Model/IDMap.swift",
"Model/IDProducer.swift",
"Model/ImpressionSourceType.swift",
"Model/MessageRepresentable.swift",
"Model/Money.swift",
"Model/UseCase.swift",
"Module.swift",
"NetworkConnection.swift",
"OperationMonitor.swift",
"PersistentStore.swift",
"SchemaProtos/proto_common_common.pb.swift",
"SchemaProtos/proto_delivery_blender.pb.swift",
"SchemaProtos/proto_delivery_delivery.pb.swift",
"SchemaProtos/proto_delivery_execution.pb.swift",
"SchemaProtos/proto_event_event.pb.swift",
"ViewTracker.swift",
"Xray.swift"
],
"type" : "library"
}
],
"tools_version" : "5.3"
}
{
"workspace" : {
"name" : "PromotedAIMetricsSDK",
"schemes" : [
"ABTestingUnit",
"analytics-import-test",
"AppDistributionUnit",
"AuthUnit",
"CoreUnit",
"DatabaseUnit",
"Firebase",
"Firebase-Package",
"FirebaseAuth",
"FirebaseCore",
"FirebaseCrashlytics",
"FirebaseFunctions",
"FirebaseInstallations",
"FirebaseMLModelDownloaderUnit",
"FirebaseStorage",
"FirebaseStorageSwift",
"MessagingUnit",
"objc-import-test",
"PromotedAIMetricsSDK-Package",
"PromotedCore",
"PromotedFetcher",
"PromotedFirebaseAnalytics",
"PromotedFirebaseRemoteConfig",
"PromotedMetrics",
"RemoteConfigUnit",
"StorageUnit",
"swift-test",
"version-test"
]
}
}
2026-09-19 10:52:17.628 xcodebuild[1775:9219] [MT] IDERunDestination: Supported platforms for the buildables in the current scheme is empty.
Running build ...
env DEVELOPER_DIR=/Applications/Xcode-27.0.0-Release.Candidate.app xcrun xcodebuild -IDEClonedSourcePackagesDirPathOverride=$PWD/.dependencies -skipMacroValidation -skipPackagePluginValidation -derivedDataPath $PWD/.derivedData build -scheme PromotedAIMetricsSDK-Package -destination platform=macOS,arch=arm64
Command line invocation:
/Applications/Xcode-27.0.0-Release.Candidate.app/Contents/Developer/usr/bin/xcodebuild -IDEClonedSourcePackagesDirPathOverride=/Users/admin/builder/spi-builder-workspace/.dependencies -skipMacroValidation -skipPackagePluginValidation -derivedDataPath /Users/admin/builder/spi-builder-workspace/.derivedData build -scheme PromotedAIMetricsSDK-Package -destination platform=macOS,arch=arm64
Resolve Package Graph
Resolved source packages:
abseil: https://github.com/firebase/abseil-cpp-SwiftPM.git @ 0.20200225.4
BoringSSL-GRPC: https://github.com/firebase/boringssl-SwiftPM.git @ 0.7.2
Promises: https://github.com/google/promises.git @ 1.2.12
PromotedAIMetricsSDK: /Users/admin/builder/spi-builder-workspace
GoogleDataTransport: https://github.com/google/GoogleDataTransport.git @ 8.4.0
GTMSessionFetcher: https://github.com/google/gtm-session-fetcher @ 1.7.2
gRPC: https://github.com/firebase/grpc-SwiftPM.git @ 1.28.4
GoogleAppMeasurement: https://github.com/google/GoogleAppMeasurement.git @ 7.11.1
leveldb: https://github.com/firebase/leveldb.git @ 1.22.5
GoogleUtilities: https://github.com/google/GoogleUtilities.git @ 7.13.3
SwiftProtobuf: https://github.com/apple/swift-protobuf @ 1.38.1
Firebase: https://github.com/firebase/firebase-ios-sdk @ 7.11.1
nanopb: https://github.com/firebase/nanopb.git @ 2.30908.0
ComputePackagePrebuildTargetDependencyGraph
Prepare packages
CreateBuildRequest
SendProjectDescription
CreateBuildOperation
ComputeTargetDependencyGraph
note: Building targets in dependency order
note: Target dependency graph (55 targets)
Target 'PromotedFirebaseRemoteConfig-product' in project 'PromotedAIMetricsSDK'
➜ Explicit dependency on target 'PromotedFirebaseRemoteConfig' in project 'PromotedAIMetricsSDK'
➜ Explicit dependency on target 'PromotedCore' in project 'PromotedAIMetricsSDK'
➜ Explicit dependency on target 'SwiftProtobuf-product' in project 'SwiftProtobuf'
➜ Explicit dependency on target 'FirebaseRemoteConfig-product' in project 'Firebase'
Target 'PromotedFirebaseRemoteConfig' in project 'PromotedAIMetricsSDK'
➜ Explicit dependency on target 'PromotedCore' in project 'PromotedAIMetricsSDK'
➜ Explicit dependency on target 'SwiftProtobuf-product' in project 'SwiftProtobuf'
➜ Explicit dependency on target 'FirebaseRemoteConfig-product' in project 'Firebase'
Target 'FirebaseRemoteConfig-product' in project 'Firebase'
➜ Explicit dependency on target 'FirebaseRemoteConfig' in project 'Firebase'
➜ Explicit dependency on target 'Firebase' in project 'Firebase'
➜ Explicit dependency on target 'FirebaseCoreDiagnostics' in project 'Firebase'
➜ Explicit dependency on target 'FirebaseCore' in project 'Firebase'
➜ Explicit dependency on target 'FirebaseABTesting' in project 'Firebase'
➜ Explicit dependency on target 'FirebaseInstallations' in project 'Firebase'
➜ Explicit dependency on target 'GoogleDataTransport-product' in project 'GoogleDataTransport'
➜ Explicit dependency on target 'GULEnvironment-product' in project 'GoogleUtilities'
➜ Explicit dependency on target 'GULLogger-product' in project 'GoogleUtilities'
➜ Explicit dependency on target 'nanopb-product' in project 'nanopb'
➜ Explicit dependency on target 'FBLPromises-product' in project 'Promises'
➜ Explicit dependency on target 'GULUserDefaults-product' in project 'GoogleUtilities'
➜ Explicit dependency on target 'GULNSData-product' in project 'GoogleUtilities'
Target 'FirebaseRemoteConfig' in project 'Firebase'
➜ Explicit dependency on target 'Firebase' in project 'Firebase'
➜ Explicit dependency on target 'FirebaseCoreDiagnostics' in project 'Firebase'
➜ Explicit dependency on target 'FirebaseCore' in project 'Firebase'
➜ Explicit dependency on target 'FirebaseABTesting' in project 'Firebase'
➜ Explicit dependency on target 'FirebaseInstallations' in project 'Firebase'
➜ Explicit dependency on target 'GoogleDataTransport-product' in project 'GoogleDataTransport'
➜ Explicit dependency on target 'GULEnvironment-product' in project 'GoogleUtilities'
➜ Explicit dependency on target 'GULLogger-product' in project 'GoogleUtilities'
➜ Explicit dependency on target 'nanopb-product' in project 'nanopb'
➜ Explicit dependency on target 'FBLPromises-product' in project 'Promises'
➜ Explicit dependency on target 'GULUserDefaults-product' in project 'GoogleUtilities'
➜ Explicit dependency on target 'GULNSData-product' in project 'GoogleUtilities'
Target 'FirebaseABTesting' in project 'Firebase'
➜ Explicit dependency on target 'Firebase' in project 'Firebase'
➜ Explicit dependency on target 'FirebaseCoreDiagnostics' in project 'Firebase'
➜ Explicit dependency on target 'FirebaseCore' in project 'Firebase'
➜ Explicit dependency on target 'GoogleDataTransport-product' in project 'GoogleDataTransport'
➜ Explicit dependency on target 'GULEnvironment-product' in project 'GoogleUtilities'
➜ Explicit dependency on target 'GULLogger-product' in project 'GoogleUtilities'
➜ Explicit dependency on target 'nanopb-product' in project 'nanopb'
Target 'PromotedFirebaseAnalytics-product' in project 'PromotedAIMetricsSDK'
➜ Explicit dependency on target 'PromotedFirebaseAnalytics' in project 'PromotedAIMetricsSDK'
➜ Explicit dependency on target 'PromotedCore' in project 'PromotedAIMetricsSDK'
➜ Explicit dependency on target 'SwiftProtobuf-product' in project 'SwiftProtobuf'
➜ Explicit dependency on target 'FirebaseAnalytics-product' in project 'Firebase'
Target 'PromotedFirebaseAnalytics' in project 'PromotedAIMetricsSDK'
➜ Explicit dependency on target 'PromotedCore' in project 'PromotedAIMetricsSDK'
➜ Explicit dependency on target 'SwiftProtobuf-product' in project 'SwiftProtobuf'
➜ Explicit dependency on target 'FirebaseAnalytics-product' in project 'Firebase'
Target 'FirebaseAnalytics-product' in project 'Firebase'
➜ Explicit dependency on target 'FirebaseAnalyticsTarget' in project 'Firebase'
➜ Explicit dependency on target 'Firebase' in project 'Firebase'
➜ Explicit dependency on target 'FirebaseCoreDiagnostics' in project 'Firebase'
➜ Explicit dependency on target 'FirebaseCore' in project 'Firebase'
➜ Explicit dependency on target 'FirebaseInstallations' in project 'Firebase'
➜ Explicit dependency on target 'GoogleDataTransport-product' in project 'GoogleDataTransport'
➜ Explicit dependency on target 'GULEnvironment-product' in project 'GoogleUtilities'
➜ Explicit dependency on target 'GULLogger-product' in project 'GoogleUtilities'
➜ Explicit dependency on target 'nanopb-product' in project 'nanopb'
➜ Explicit dependency on target 'FBLPromises-product' in project 'Promises'
➜ Explicit dependency on target 'GULUserDefaults-product' in project 'GoogleUtilities'
➜ Explicit dependency on target 'GULAppDelegateSwizzler-product' in project 'GoogleUtilities'
➜ Explicit dependency on target 'GULMethodSwizzler-product' in project 'GoogleUtilities'
➜ Explicit dependency on target 'GULNSData-product' in project 'GoogleUtilities'
➜ Explicit dependency on target 'GULNetwork-product' in project 'GoogleUtilities'
Target 'FirebaseAnalyticsTarget' in project 'Firebase'
➜ Explicit dependency on target 'Firebase' in project 'Firebase'
➜ Explicit dependency on target 'FirebaseCoreDiagnostics' in project 'Firebase'
➜ Explicit dependency on target 'FirebaseCore' in project 'Firebase'
➜ Explicit dependency on target 'FirebaseInstallations' in project 'Firebase'
➜ Explicit dependency on target 'GoogleDataTransport-product' in project 'GoogleDataTransport'
➜ Explicit dependency on target 'GULEnvironment-product' in project 'GoogleUtilities'
➜ Explicit dependency on target 'GULLogger-product' in project 'GoogleUtilities'
➜ Explicit dependency on target 'nanopb-product' in project 'nanopb'
➜ Explicit dependency on target 'FBLPromises-product' in project 'Promises'
➜ Explicit dependency on target 'GULUserDefaults-product' in project 'GoogleUtilities'
➜ Explicit dependency on target 'GULAppDelegateSwizzler-product' in project 'GoogleUtilities'
➜ Explicit dependency on target 'GULMethodSwizzler-product' in project 'GoogleUtilities'
➜ Explicit dependency on target 'GULNSData-product' in project 'GoogleUtilities'
➜ Explicit dependency on target 'GULNetwork-product' in project 'GoogleUtilities'
Target 'GULNetwork-product' in project 'GoogleUtilities'
➜ Explicit dependency on target 'GoogleUtilities-Network' in project 'GoogleUtilities'
➜ Explicit dependency on target 'GoogleUtilities_GoogleUtilities-Network' in project 'GoogleUtilities'
➜ Explicit dependency on target 'third-party-IsAppEncrypted' in project 'GoogleUtilities'
➜ Explicit dependency on target 'GoogleUtilities-Environment' in project 'GoogleUtilities'
➜ Explicit dependency on target 'GoogleUtilities-Logger' in project 'GoogleUtilities'
➜ Explicit dependency on target 'GoogleUtilities-NSData' in project 'GoogleUtilities'
➜ Explicit dependency on target 'GoogleUtilities-Reachability' in project 'GoogleUtilities'
➜ Explicit dependency on target 'FBLPromises-product' in project 'Promises'
Target 'GULNSData-product' in project 'GoogleUtilities'
➜ Explicit dependency on target 'GoogleUtilities-NSData' in project 'GoogleUtilities'
➜ Explicit dependency on target 'GoogleUtilities_GoogleUtilities-NSData' in project 'GoogleUtilities'
Target 'GULMethodSwizzler-product' in project 'GoogleUtilities'
➜ Explicit dependency on target 'GoogleUtilities-MethodSwizzler' in project 'GoogleUtilities'
➜ Explicit dependency on target 'GoogleUtilities_GoogleUtilities-MethodSwizzler' in project 'GoogleUtilities'
➜ Explicit dependency on target 'third-party-IsAppEncrypted' in project 'GoogleUtilities'
➜ Explicit dependency on target 'GoogleUtilities-Environment' in project 'GoogleUtilities'
➜ Explicit dependency on target 'GoogleUtilities-Logger' in project 'GoogleUtilities'
➜ Explicit dependency on target 'FBLPromises-product' in project 'Promises'
Target 'GoogleUtilities-MethodSwizzler' in project 'GoogleUtilities'
➜ Explicit dependency on target 'GoogleUtilities_GoogleUtilities-MethodSwizzler' in project 'GoogleUtilities'
➜ Explicit dependency on target 'third-party-IsAppEncrypted' in project 'GoogleUtilities'
➜ Explicit dependency on target 'GoogleUtilities-Environment' in project 'GoogleUtilities'
➜ Explicit dependency on target 'GoogleUtilities-Logger' in project 'GoogleUtilities'
➜ Explicit dependency on target 'FBLPromises-product' in project 'Promises'
Target 'GoogleUtilities_GoogleUtilities-MethodSwizzler' in project 'GoogleUtilities' (no dependencies)
Target 'GULAppDelegateSwizzler-product' in project 'GoogleUtilities'
➜ Explicit dependency on target 'GoogleUtilities-AppDelegateSwizzler' in project 'GoogleUtilities'
➜ Explicit dependency on target 'GoogleUtilities_GoogleUtilities-AppDelegateSwizzler' in project 'GoogleUtilities'
➜ Explicit dependency on target 'third-party-IsAppEncrypted' in project 'GoogleUtilities'
➜ Explicit dependency on target 'GoogleUtilities-Environment' in project 'GoogleUtilities'
➜ Explicit dependency on target 'GoogleUtilities-Logger' in project 'GoogleUtilities'
➜ Explicit dependency on target 'GoogleUtilities-NSData' in project 'GoogleUtilities'
➜ Explicit dependency on target 'GoogleUtilities-Reachability' in project 'GoogleUtilities'
➜ Explicit dependency on target 'GoogleUtilities-Network' in project 'GoogleUtilities'
➜ Explicit dependency on target 'FBLPromises-product' in project 'Promises'
Target 'GoogleUtilities-AppDelegateSwizzler' in project 'GoogleUtilities'
➜ Explicit dependency on target 'GoogleUtilities_GoogleUtilities-AppDelegateSwizzler' in project 'GoogleUtilities'
➜ Explicit dependency on target 'third-party-IsAppEncrypted' in project 'GoogleUtilities'
➜ Explicit dependency on target 'GoogleUtilities-Environment' in project 'GoogleUtilities'
➜ Explicit dependency on target 'GoogleUtilities-Logger' in project 'GoogleUtilities'
➜ Explicit dependency on target 'GoogleUtilities-NSData' in project 'GoogleUtilities'
➜ Explicit dependency on target 'GoogleUtilities-Reachability' in project 'GoogleUtilities'
➜ Explicit dependency on target 'GoogleUtilities-Network' in project 'GoogleUtilities'
➜ Explicit dependency on target 'FBLPromises-product' in project 'Promises'
Target 'GoogleUtilities-Network' in project 'GoogleUtilities'
➜ Explicit dependency on target 'GoogleUtilities_GoogleUtilities-Network' in project 'GoogleUtilities'
➜ Explicit dependency on target 'third-party-IsAppEncrypted' in project 'GoogleUtilities'
➜ Explicit dependency on target 'GoogleUtilities-Environment' in project 'GoogleUtilities'
➜ Explicit dependency on target 'GoogleUtilities-Logger' in project 'GoogleUtilities'
➜ Explicit dependency on target 'GoogleUtilities-NSData' in project 'GoogleUtilities'
➜ Explicit dependency on target 'GoogleUtilities-Reachability' in project 'GoogleUtilities'
➜ Explicit dependency on target 'FBLPromises-product' in project 'Promises'
Target 'GoogleUtilities_GoogleUtilities-Network' in project 'GoogleUtilities' (no dependencies)
Target 'GoogleUtilities-Reachability' in project 'GoogleUtilities'
➜ Explicit dependency on target 'GoogleUtilities_GoogleUtilities-Reachability' in project 'GoogleUtilities'
➜ Explicit dependency on target 'third-party-IsAppEncrypted' in project 'GoogleUtilities'
➜ Explicit dependency on target 'GoogleUtilities-Environment' in project 'GoogleUtilities'
➜ Explicit dependency on target 'GoogleUtilities-Logger' in project 'GoogleUtilities'
➜ Explicit dependency on target 'FBLPromises-product' in project 'Promises'
Target 'GoogleUtilities_GoogleUtilities-Reachability' in project 'GoogleUtilities' (no dependencies)
Target 'GoogleUtilities-NSData' in project 'GoogleUtilities'
➜ Explicit dependency on target 'GoogleUtilities_GoogleUtilities-NSData' in project 'GoogleUtilities'
Target 'GoogleUtilities_GoogleUtilities-NSData' in project 'GoogleUtilities' (no dependencies)
Target 'GoogleUtilities_GoogleUtilities-AppDelegateSwizzler' in project 'GoogleUtilities' (no dependencies)
Target 'FirebaseInstallations' in project 'Firebase'
➜ Explicit dependency on target 'Firebase' in project 'Firebase'
➜ Explicit dependency on target 'FirebaseCoreDiagnostics' in project 'Firebase'
➜ Explicit dependency on target 'FirebaseCore' in project 'Firebase'
➜ Explicit dependency on target 'GoogleDataTransport-product' in project 'GoogleDataTransport'
➜ Explicit dependency on target 'GULEnvironment-product' in project 'GoogleUtilities'
➜ Explicit dependency on target 'GULLogger-product' in project 'GoogleUtilities'
➜ Explicit dependency on target 'nanopb-product' in project 'nanopb'
➜ Explicit dependency on target 'FBLPromises-product' in project 'Promises'
➜ Explicit dependency on target 'GULUserDefaults-product' in project 'GoogleUtilities'
Target 'GULUserDefaults-product' in project 'GoogleUtilities'
➜ Explicit dependency on target 'GoogleUtilities-UserDefaults' in project 'GoogleUtilities'
➜ Explicit dependency on target 'GoogleUtilities_GoogleUtilities-UserDefaults' in project 'GoogleUtilities'
➜ Explicit dependency on target 'third-party-IsAppEncrypted' in project 'GoogleUtilities'
➜ Explicit dependency on target 'GoogleUtilities-Environment' in project 'GoogleUtilities'
➜ Explicit dependency on target 'GoogleUtilities-Logger' in project 'GoogleUtilities'
➜ Explicit dependency on target 'FBLPromises-product' in project 'Promises'
Target 'GoogleUtilities-UserDefaults' in project 'GoogleUtilities'
➜ Explicit dependency on target 'GoogleUtilities_GoogleUtilities-UserDefaults' in project 'GoogleUtilities'
➜ Explicit dependency on target 'third-party-IsAppEncrypted' in project 'GoogleUtilities'
➜ Explicit dependency on target 'GoogleUtilities-Environment' in project 'GoogleUtilities'
➜ Explicit dependency on target 'GoogleUtilities-Logger' in project 'GoogleUtilities'
➜ Explicit dependency on target 'FBLPromises-product' in project 'Promises'
Target 'GoogleUtilities_GoogleUtilities-UserDefaults' in project 'GoogleUtilities' (no dependencies)
Target 'FirebaseCore' in project 'Firebase'
➜ Explicit dependency on target 'Firebase' in project 'Firebase'
➜ Explicit dependency on target 'FirebaseCoreDiagnostics' in project 'Firebase'
➜ Explicit dependency on target 'GoogleDataTransport-product' in project 'GoogleDataTransport'
➜ Explicit dependency on target 'GULEnvironment-product' in project 'GoogleUtilities'
➜ Explicit dependency on target 'GULLogger-product' in project 'GoogleUtilities'
➜ Explicit dependency on target 'nanopb-product' in project 'nanopb'
Target 'FirebaseCoreDiagnostics' in project 'Firebase'
➜ Explicit dependency on target 'GoogleDataTransport-product' in project 'GoogleDataTransport'
➜ Explicit dependency on target 'GULEnvironment-product' in project 'GoogleUtilities'
➜ Explicit dependency on target 'GULLogger-product' in project 'GoogleUtilities'
➜ Explicit dependency on target 'nanopb-product' in project 'nanopb'
Target 'GULLogger-product' in project 'GoogleUtilities'
➜ Explicit dependency on target 'GoogleUtilities-Logger' in project 'GoogleUtilities'
➜ Explicit dependency on target 'GoogleUtilities_GoogleUtilities-Logger' in project 'GoogleUtilities'
➜ Explicit dependency on target 'third-party-IsAppEncrypted' in project 'GoogleUtilities'
➜ Explicit dependency on target 'GoogleUtilities-Environment' in project 'GoogleUtilities'
➜ Explicit dependency on target 'FBLPromises-product' in project 'Promises'
Target 'GoogleUtilities-Logger' in project 'GoogleUtilities'
➜ Explicit dependency on target 'GoogleUtilities_GoogleUtilities-Logger' in project 'GoogleUtilities'
➜ Explicit dependency on target 'third-party-IsAppEncrypted' in project 'GoogleUtilities'
➜ Explicit dependency on target 'GoogleUtilities-Environment' in project 'GoogleUtilities'
➜ Explicit dependency on target 'FBLPromises-product' in project 'Promises'
Target 'GoogleUtilities_GoogleUtilities-Logger' in project 'GoogleUtilities' (no dependencies)
Target 'GoogleDataTransport-product' in project 'GoogleDataTransport'
➜ Explicit dependency on target 'GoogleDataTransport' in project 'GoogleDataTransport'
➜ Explicit dependency on target 'nanopb-product' in project 'nanopb'
➜ Explicit dependency on target 'GULEnvironment-product' in project 'GoogleUtilities'
Target 'GoogleDataTransport' in project 'GoogleDataTransport'
➜ Explicit dependency on target 'nanopb-product' in project 'nanopb'
➜ Explicit dependency on target 'GULEnvironment-product' in project 'GoogleUtilities'
Target 'GULEnvironment-product' in project 'GoogleUtilities'
➜ Explicit dependency on target 'GoogleUtilities-Environment' in project 'GoogleUtilities'
➜ Explicit dependency on target 'GoogleUtilities_GoogleUtilities-Environment' in project 'GoogleUtilities'
➜ Explicit dependency on target 'third-party-IsAppEncrypted' in project 'GoogleUtilities'
➜ Explicit dependency on target 'FBLPromises-product' in project 'Promises'
Target 'GoogleUtilities-Environment' in project 'GoogleUtilities'
➜ Explicit dependency on target 'GoogleUtilities_GoogleUtilities-Environment' in project 'GoogleUtilities'
➜ Explicit dependency on target 'third-party-IsAppEncrypted' in project 'GoogleUtilities'
➜ Explicit dependency on target 'FBLPromises-product' in project 'Promises'
Target 'FBLPromises-product' in project 'Promises'
➜ Explicit dependency on target 'FBLPromises' in project 'Promises'
Target 'FBLPromises' in project 'Promises' (no dependencies)
Target 'third-party-IsAppEncrypted' in project 'GoogleUtilities' (no dependencies)
Target 'GoogleUtilities_GoogleUtilities-Environment' in project 'GoogleUtilities' (no dependencies)
Target 'nanopb-product' in project 'nanopb'
➜ Explicit dependency on target 'nanopb' in project 'nanopb'
Target 'nanopb' in project 'nanopb' (no dependencies)
Target 'Firebase' in project 'Firebase' (no dependencies)
Target 'PromotedMetrics-product' in project 'PromotedAIMetricsSDK'
➜ Explicit dependency on target 'PromotedMetrics' in project 'PromotedAIMetricsSDK'
➜ Explicit dependency on target 'PromotedCore' in project 'PromotedAIMetricsSDK'
➜ Explicit dependency on target 'PromotedFetcher' in project 'PromotedAIMetricsSDK'
➜ Explicit dependency on target 'SwiftProtobuf-product' in project 'SwiftProtobuf'
➜ Explicit dependency on target 'GTMSessionFetcherCore-product' in project 'GTMSessionFetcher'
Target 'PromotedMetrics' in project 'PromotedAIMetricsSDK'
➜ Explicit dependency on target 'PromotedCore' in project 'PromotedAIMetricsSDK'
➜ Explicit dependency on target 'PromotedFetcher' in project 'PromotedAIMetricsSDK'
➜ Explicit dependency on target 'SwiftProtobuf-product' in project 'SwiftProtobuf'
➜ Explicit dependency on target 'GTMSessionFetcherCore-product' in project 'GTMSessionFetcher'
Target 'PromotedFetcher-product' in project 'PromotedAIMetricsSDK'
➜ Explicit dependency on target 'PromotedFetcher' in project 'PromotedAIMetricsSDK'
➜ Explicit dependency on target 'PromotedCore' in project 'PromotedAIMetricsSDK'
➜ Explicit dependency on target 'SwiftProtobuf-product' in project 'SwiftProtobuf'
➜ Explicit dependency on target 'GTMSessionFetcherCore-product' in project 'GTMSessionFetcher'
Target 'PromotedFetcher' in project 'PromotedAIMetricsSDK'
➜ Explicit dependency on target 'PromotedCore' in project 'PromotedAIMetricsSDK'
➜ Explicit dependency on target 'SwiftProtobuf-product' in project 'SwiftProtobuf'
➜ Explicit dependency on target 'GTMSessionFetcherCore-product' in project 'GTMSessionFetcher'
Target 'GTMSessionFetcherCore-product' in project 'GTMSessionFetcher'
➜ Explicit dependency on target 'GTMSessionFetcherCore' in project 'GTMSessionFetcher'
Target 'GTMSessionFetcherCore' in project 'GTMSessionFetcher' (no dependencies)
Target 'PromotedCore-product' in project 'PromotedAIMetricsSDK'
➜ Explicit dependency on target 'PromotedCore' in project 'PromotedAIMetricsSDK'
➜ Explicit dependency on target 'PromotedAIMetricsSDK_PromotedCore' in project 'PromotedAIMetricsSDK'
➜ Explicit dependency on target 'SwiftProtobuf-product' in project 'SwiftProtobuf'
Target 'PromotedCore' in project 'PromotedAIMetricsSDK'
➜ Explicit dependency on target 'PromotedAIMetricsSDK_PromotedCore' in project 'PromotedAIMetricsSDK'
➜ Explicit dependency on target 'SwiftProtobuf-product' in project 'SwiftProtobuf'
Target 'SwiftProtobuf-product' in project 'SwiftProtobuf'
➜ Explicit dependency on target 'SwiftProtobuf' in project 'SwiftProtobuf'
➜ Explicit dependency on target 'SwiftProtobuf_SwiftProtobuf' in project 'SwiftProtobuf'
Target 'SwiftProtobuf' in project 'SwiftProtobuf'
➜ Explicit dependency on target 'SwiftProtobuf_SwiftProtobuf' in project 'SwiftProtobuf'
Target 'SwiftProtobuf_SwiftProtobuf' in project 'SwiftProtobuf' (no dependencies)
Target 'PromotedAIMetricsSDK_PromotedCore' in project 'PromotedAIMetricsSDK' (no dependencies)
GatherProvisioningInputs
CreateBuildDescription
ClangStatCache /Applications/Xcode-27.0.0-Release.Candidate.app/Contents/Developer/Toolchains/XcodeDefault.xctoolchain/usr/bin/clang-stat-cache /Applications/Xcode-27.0.0-Release.Candidate.app/Contents/Developer/Platforms/MacOSX.platform/Developer/SDKs/MacOSX27.0.sdk /Users/admin/builder/spi-builder-workspace/.derivedData/SDKStatCaches.noindex/macosx27.0-26A425-e829b21a6f8c9b70876ba0858053c0446a22442a12e9d48fe1a705f55a1adfc4.sdkstatcache
cd /Users/admin/builder/spi-builder-workspace/.swiftpm/xcode
/Applications/Xcode-27.0.0-Release.Candidate.app/Contents/Developer/Toolchains/XcodeDefault.xctoolchain/usr/bin/clang-stat-cache /Applications/Xcode-27.0.0-Release.Candidate.app/Contents/Developer/Platforms/MacOSX.platform/Developer/SDKs/MacOSX27.0.sdk -o /Users/admin/builder/spi-builder-workspace/.derivedData/SDKStatCaches.noindex/macosx27.0-26A425-e829b21a6f8c9b70876ba0858053c0446a22442a12e9d48fe1a705f55a1adfc4.sdkstatcache
SwiftDriver SwiftProtobuf normal arm64 com.apple.xcode.tools.swift.compiler (in target 'SwiftProtobuf' from project 'SwiftProtobuf')
cd /Users/admin/builder/spi-builder-workspace/.swiftpm/xcode
builtin-SwiftDriver -- /Applications/Xcode-27.0.0-Release.Candidate.app/Contents/Developer/Toolchains/XcodeDefault.xctoolchain/usr/bin/swiftc -parse-as-library -module-name SwiftProtobuf -Onone @/Users/admin/builder/spi-builder-workspace/.derivedData/Build/Intermediates.noindex/SwiftProtobuf.build/Debug/SwiftProtobuf-t.build/Objects-normal/arm64/SwiftProtobuf.SwiftFileList -DSWIFT_PACKAGE -DDEBUG -DSWIFT_MODULE_RESOURCE_BUNDLE_AVAILABLE -DBinaryDelimitedStreams -DFieldMaskUtilities -DXcode -enable-upcoming-feature ExistentialAny -plugin-path /Applications/Xcode-27.0.0-Release.Candidate.app/Contents/Developer/Toolchains/XcodeDefault.xctoolchain/usr/lib/swift/host/plugins/testing -enable-experimental-feature DebugDescriptionMacro -sdk /Applications/Xcode-27.0.0-Release.Candidate.app/Contents/Developer/Platforms/MacOSX.platform/Developer/SDKs/MacOSX27.0.sdk -target arm64-apple-macos12.0 -g -module-cache-path /Users/admin/builder/spi-builder-workspace/.derivedData/ModuleCache.noindex -Xfrontend -serialize-debugging-options -profile-coverage-mapping -profile-generate -enable-testing -suppress-warnings -index-store-path /Users/admin/builder/spi-builder-workspace/.derivedData/Index.noindex/DataStore -Xcc -D_LIBCPP_HARDENING_MODE\=_LIBCPP_HARDENING_MODE_DEBUG -swift-version 6 -I /Users/admin/builder/spi-builder-workspace/.derivedData/Build/Products/Debug -Isystem /Applications/Xcode-27.0.0-Release.Candidate.app/Contents/Developer/Platforms/MacOSX.platform/Developer/usr/lib -F /Users/admin/builder/spi-builder-workspace/.derivedData/Build/Products/Debug -F /Applications/Xcode-27.0.0-Release.Candidate.app/Contents/Developer/Platforms/MacOSX.platform/Developer/Library/Frameworks -c -j10 -enable-batch-mode -incremental -Xcc -ivfsstatcache -Xcc /Users/admin/builder/spi-builder-workspace/.derivedData/SDKStatCaches.noindex/macosx27.0-26A425-e829b21a6f8c9b70876ba0858053c0446a22442a12e9d48fe1a705f55a1adfc4.sdkstatcache -output-file-map /Users/admin/builder/spi-builder-workspace/.derivedData/Build/Intermediates.noindex/SwiftProtobuf.build/Debug/SwiftProtobuf-t.build/Objects-normal/arm64/SwiftProtobuf-OutputFileMap.json -save-temps -no-color-diagnostics -explicit-module-build -module-cache-path /Users/admin/builder/spi-builder-workspace/.derivedData/Build/Intermediates.noindex/SwiftExplicitPrecompiledModules -clang-scanner-module-cache-path /Users/admin/builder/spi-builder-workspace/.derivedData/ModuleCache.noindex -sdk-module-cache-path /Users/admin/builder/spi-builder-workspace/.derivedData/SDKExplicitPrecompiledModules -emit-dependencies -emit-module -emit-module-path /Users/admin/builder/spi-builder-workspace/.derivedData/Build/Intermediates.noindex/SwiftProtobuf.build/Debug/SwiftProtobuf-t.build/Objects-normal/arm64/SwiftProtobuf.swiftmodule -serialize-diagnostics -dependency-scan-serialize-diagnostics-path /Users/admin/builder/spi-builder-workspace/.derivedData/Build/Intermediates.noindex/SwiftProtobuf.build/Debug/SwiftProtobuf-t.build/Objects-normal/arm64/SwiftProtobuf-dependency-scan.dia -user-module-version 1.38.1 -validate-clang-modules-once -clang-build-session-file /Users/admin/builder/spi-builder-workspace/.derivedData/ModuleCache.noindex/Session.modulevalidation -Xcc -fmodules-prune-interval\=86400 -Xcc -fmodules-prune-after\=345600 -package-name swift_protobuf -emit-const-values -const-gather-protocols-list /Users/admin/builder/spi-builder-workspace/.derivedData/Build/Intermediates.noindex/SwiftProtobuf.build/Debug/SwiftProtobuf-t.build/Objects-normal/arm64/SwiftProtobuf_const_extract_protocols.json -Xcc -I/Users/admin/builder/spi-builder-workspace/.derivedData/Build/Products/Debug/include -Xcc -I/Users/admin/builder/spi-builder-workspace/.derivedData/Build/Intermediates.noindex/SwiftProtobuf.build/Debug/SwiftProtobuf-t.build/DerivedSources-normal/arm64 -Xcc -I/Users/admin/builder/spi-builder-workspace/.derivedData/Build/Intermediates.noindex/SwiftProtobuf.build/Debug/SwiftProtobuf-t.build/DerivedSources/arm64 -Xcc -I/Users/admin/builder/spi-builder-workspace/.derivedData/Build/Intermediates.noindex/SwiftProtobuf.build/Debug/SwiftProtobuf-t.build/DerivedSources -Xcc -DSWIFT_PACKAGE -Xcc -DDEBUG\=1 -emit-objc-header -emit-objc-header-path /Users/admin/builder/spi-builder-workspace/.derivedData/Build/Intermediates.noindex/SwiftProtobuf.build/Debug/SwiftProtobuf-t.build/Objects-normal/arm64/SwiftProtobuf-Swift.h -working-directory /Users/admin/builder/spi-builder-workspace/.swiftpm/xcode -experimental-emit-module-separately -disable-cmo
SwiftDriver PromotedCore normal arm64 com.apple.xcode.tools.swift.compiler (in target 'PromotedCore' from project 'PromotedAIMetricsSDK')
cd /Users/admin/builder/spi-builder-workspace/.swiftpm/xcode
builtin-SwiftDriver -- /Applications/Xcode-27.0.0-Release.Candidate.app/Contents/Developer/Toolchains/XcodeDefault.xctoolchain/usr/bin/swiftc -parse-as-library -module-name PromotedCore -Onone @/Users/admin/builder/spi-builder-workspace/.derivedData/Build/Intermediates.noindex/PromotedAIMetricsSDK.build/Debug/PromotedCore-t.build/Objects-normal/arm64/PromotedCore.SwiftFileList -DSWIFT_PACKAGE -DDEBUG -DSWIFT_MODULE_RESOURCE_BUNDLE_AVAILABLE -DXcode -plugin-path /Applications/Xcode-27.0.0-Release.Candidate.app/Contents/Developer/Toolchains/XcodeDefault.xctoolchain/usr/lib/swift/host/plugins/testing -enable-experimental-feature DebugDescriptionMacro -sdk /Applications/Xcode-27.0.0-Release.Candidate.app/Contents/Developer/Platforms/MacOSX.platform/Developer/SDKs/MacOSX27.0.sdk -target arm64-apple-macos12.0 -g -module-cache-path /Users/admin/builder/spi-builder-workspace/.derivedData/ModuleCache.noindex -Xfrontend -serialize-debugging-options -profile-coverage-mapping -profile-generate -enable-testing -index-store-path /Users/admin/builder/spi-builder-workspace/.derivedData/Index.noindex/DataStore -Xcc -D_LIBCPP_HARDENING_MODE\=_LIBCPP_HARDENING_MODE_DEBUG -swift-version 5 -I /Users/admin/builder/spi-builder-workspace/.derivedData/Build/Products/Debug -Isystem /Applications/Xcode-27.0.0-Release.Candidate.app/Contents/Developer/Platforms/MacOSX.platform/Developer/usr/lib -F /Users/admin/builder/spi-builder-workspace/.derivedData/Build/Products/Debug/PackageFrameworks -F /Users/admin/builder/spi-builder-workspace/.derivedData/Build/Products/Debug -F /Applications/Xcode-27.0.0-Release.Candidate.app/Contents/Developer/Platforms/MacOSX.platform/Developer/Library/Frameworks -c -j10 -enable-batch-mode -incremental -Xcc -ivfsstatcache -Xcc /Users/admin/builder/spi-builder-workspace/.derivedData/SDKStatCaches.noindex/macosx27.0-26A425-e829b21a6f8c9b70876ba0858053c0446a22442a12e9d48fe1a705f55a1adfc4.sdkstatcache -output-file-map /Users/admin/builder/spi-builder-workspace/.derivedData/Build/Intermediates.noindex/PromotedAIMetricsSDK.build/Debug/PromotedCore-t.build/Objects-normal/arm64/PromotedCore-OutputFileMap.json -save-temps -no-color-diagnostics -explicit-module-build -module-cache-path /Users/admin/builder/spi-builder-workspace/.derivedData/Build/Intermediates.noindex/SwiftExplicitPrecompiledModules -clang-scanner-module-cache-path /Users/admin/builder/spi-builder-workspace/.derivedData/ModuleCache.noindex -sdk-module-cache-path /Users/admin/builder/spi-builder-workspace/.derivedData/SDKExplicitPrecompiledModules -emit-dependencies -emit-module -emit-module-path /Users/admin/builder/spi-builder-workspace/.derivedData/Build/Intermediates.noindex/PromotedAIMetricsSDK.build/Debug/PromotedCore-t.build/Objects-normal/arm64/PromotedCore.swiftmodule -serialize-diagnostics -dependency-scan-serialize-diagnostics-path /Users/admin/builder/spi-builder-workspace/.derivedData/Build/Intermediates.noindex/PromotedAIMetricsSDK.build/Debug/PromotedCore-t.build/Objects-normal/arm64/PromotedCore-dependency-scan.dia -validate-clang-modules-once -clang-build-session-file /Users/admin/builder/spi-builder-workspace/.derivedData/ModuleCache.noindex/Session.modulevalidation -Xcc -fmodules-prune-interval\=86400 -Xcc -fmodules-prune-after\=345600 -emit-const-values -const-gather-protocols-list /Users/admin/builder/spi-builder-workspace/.derivedData/Build/Intermediates.noindex/PromotedAIMetricsSDK.build/Debug/PromotedCore-t.build/Objects-normal/arm64/PromotedCore_const_extract_protocols.json -Xcc -I/Users/admin/builder/spi-builder-workspace/.derivedData/Build/Products/Debug/include -Xcc -I/Users/admin/builder/spi-builder-workspace/.derivedData/Build/Intermediates.noindex/PromotedAIMetricsSDK.build/Debug/PromotedCore-t.build/DerivedSources-normal/arm64 -Xcc -I/Users/admin/builder/spi-builder-workspace/.derivedData/Build/Intermediates.noindex/PromotedAIMetricsSDK.build/Debug/PromotedCore-t.build/DerivedSources/arm64 -Xcc -I/Users/admin/builder/spi-builder-workspace/.derivedData/Build/Intermediates.noindex/PromotedAIMetricsSDK.build/Debug/PromotedCore-t.build/DerivedSources -Xcc -DSWIFT_PACKAGE -Xcc -DDEBUG\=1 -emit-objc-header -emit-objc-header-path /Users/admin/builder/spi-builder-workspace/.derivedData/Build/Intermediates.noindex/PromotedAIMetricsSDK.build/Debug/PromotedCore-t.build/Objects-normal/arm64/PromotedCore-Swift.h -working-directory /Users/admin/builder/spi-builder-workspace/.swiftpm/xcode -experimental-emit-module-separately -disable-cmo
/Users/admin/builder/spi-builder-workspace/Sources/PromotedCore/Base/UIState.swift:2:8: error: Unable to resolve module dependency: 'UIKit' (in target 'PromotedCore' from project 'PromotedAIMetricsSDK')
note: A dependency of main module 'PromotedCore'
/Users/admin/builder/spi-builder-workspace/Sources/PromotedCore/Base/UIViewController+Promoted.swift:2:8: note: Also imported here
/Users/admin/builder/spi-builder-workspace/Sources/PromotedCore/ErrorHandling/ErrorModalViewController.swift:4:8: note: Also imported here
/Users/admin/builder/spi-builder-workspace/Sources/PromotedCore/Impression/ScrollTracker.swift:3:8: note: Also imported here
/Users/admin/builder/spi-builder-workspace/Sources/PromotedCore/MetricsLogger/MetricsLogger+Action.swift:3:8: note: Also imported here
/Users/admin/builder/spi-builder-workspace/Sources/PromotedCore/MetricsLogger/MetricsLogger+AutoView.swift:3:8: note: Also imported here
/Users/admin/builder/spi-builder-workspace/Sources/PromotedCore/MetricsLogger/MetricsLogger+Diagnostics.swift:3:8: note: Also imported here
/Users/admin/builder/spi-builder-workspace/Sources/PromotedCore/MetricsLogger/MetricsLogger+View.swift:3:8: note: Also imported here
/Users/admin/builder/spi-builder-workspace/Sources/PromotedCore/MetricsLoggerService.swift:2:8: note: Also imported here
/Users/admin/builder/spi-builder-workspace/Sources/PromotedCore/Model/DeviceInfo.swift:22:8: note: Also imported here
/Users/admin/builder/spi-builder-workspace/Sources/PromotedCore/ViewTracker.swift:2:8: note: Also imported here
/Users/admin/builder/spi-builder-workspace/Sources/PromotedCore/Base/UIState.swift:2:8: note: A dependency of main module 'PromotedCore'
import UIKit
^ (in target 'PromotedCore' from project 'PromotedAIMetricsSDK')
/Users/admin/builder/spi-builder-workspace/Sources/PromotedCore/Base/UIViewController+Promoted.swift:2:8: note: Also imported here
import UIKit
^ (in target 'PromotedCore' from project 'PromotedAIMetricsSDK')
/Users/admin/builder/spi-builder-workspace/Sources/PromotedCore/ErrorHandling/ErrorModalViewController.swift:4:8: note: Also imported here
import UIKit
^ (in target 'PromotedCore' from project 'PromotedAIMetricsSDK')
/Users/admin/builder/spi-builder-workspace/Sources/PromotedCore/Impression/ScrollTracker.swift:3:8: note: Also imported here
import UIKit
^ (in target 'PromotedCore' from project 'PromotedAIMetricsSDK')
/Users/admin/builder/spi-builder-workspace/Sources/PromotedCore/MetricsLogger/MetricsLogger+Action.swift:3:8: note: Also imported here
import UIKit
^ (in target 'PromotedCore' from project 'PromotedAIMetricsSDK')
/Users/admin/builder/spi-builder-workspace/Sources/PromotedCore/MetricsLogger/MetricsLogger+AutoView.swift:3:8: note: Also imported here
import UIKit
^ (in target 'PromotedCore' from project 'PromotedAIMetricsSDK')
/Users/admin/builder/spi-builder-workspace/Sources/PromotedCore/MetricsLogger/MetricsLogger+Diagnostics.swift:3:8: note: Also imported here
import UIKit
^ (in target 'PromotedCore' from project 'PromotedAIMetricsSDK')
/Users/admin/builder/spi-builder-workspace/Sources/PromotedCore/MetricsLogger/MetricsLogger+View.swift:3:8: note: Also imported here
import UIKit
^ (in target 'PromotedCore' from project 'PromotedAIMetricsSDK')
/Users/admin/builder/spi-builder-workspace/Sources/PromotedCore/MetricsLoggerService.swift:2:8: note: Also imported here
import UIKit
^ (in target 'PromotedCore' from project 'PromotedAIMetricsSDK')
/Users/admin/builder/spi-builder-workspace/Sources/PromotedCore/Model/DeviceInfo.swift:22:8: note: Also imported here
import UIKit
^ (in target 'PromotedCore' from project 'PromotedAIMetricsSDK')
/Users/admin/builder/spi-builder-workspace/Sources/PromotedCore/ViewTracker.swift:2:8: note: Also imported here
import UIKit
^ (in target 'PromotedCore' from project 'PromotedAIMetricsSDK')
CompileC /Users/admin/builder/spi-builder-workspace/.derivedData/Build/Intermediates.noindex/Firebase.build/Debug/FirebaseCore-t.build/Objects-normal/arm64/FIRApp.o /Users/admin/builder/spi-builder-workspace/.dependencies/checkouts/firebase-ios-sdk/FirebaseCore/Sources/FIRApp.m normal arm64 objective-c com.apple.compilers.llvm.clang.1_0.compiler (in target 'FirebaseCore' from project 'Firebase')
cd /Users/admin/builder/spi-builder-workspace/.swiftpm/xcode
Using response file: /Users/admin/builder/spi-builder-workspace/.derivedData/Build/Intermediates.noindex/Firebase.build/Debug/FirebaseCore-t.build/Objects-normal/arm64/e6072d4f65d7061329687fe24e3d63a7-common-args.resp
/Applications/Xcode-27.0.0-Release.Candidate.app/Contents/Developer/Toolchains/XcodeDefault.xctoolchain/usr/bin/clang -x objective-c -ivfsstatcache /Users/admin/builder/spi-builder-workspace/.derivedData/SDKStatCaches.noindex/macosx27.0-26A425-e829b21a6f8c9b70876ba0858053c0446a22442a12e9d48fe1a705f55a1adfc4.sdkstatcache -target arm64-apple-macos12.0 -fmessage-length\=0 -fdiagnostics-show-note-include-stack -fmacro-backtrace-limit\=0 -fno-color-diagnostics -fmodules-prune-interval\=86400 -fmodules-prune-after\=345600 -fbuild-session-file\=/Users/admin/builder/spi-builder-workspace/.derivedData/ModuleCache.noindex/Session.modulevalidation -fmodules-validate-once-per-build-session -Wnon-modular-include-in-framework-module -Werror\=non-modular-include-in-framework-module -Wno-trigraphs -Wno-missing-field-initializers -Wno-missing-prototypes -Wno-return-type -Wno-implicit-atomic-properties -Wno-objc-interface-ivars -Wno-arc-repeated-use-of-weak -Wno-missing-braces -Wparentheses -Wswitch -Wno-unused-function -Wno-unused-label -Wno-unused-parameter -Wno-unused-variable -Wunused-value -Wno-empty-body -Wno-uninitialized -Wno-unknown-pragmas -w -Wno-shadow -Wno-four-char-constants -Wno-conversion -Wno-constant-conversion -Wno-int-conversion -Wno-bool-conversion -Wno-enum-conversion -Wno-float-conversion -Wno-non-literal-null-conversion -Wno-objc-literal-conversion -Wshorten-64-to-32 -Wpointer-sign -Wno-newline-eof -Wno-selector -Wno-strict-selector-match -Wno-undeclared-selector -Wno-deprecated-implementations -Wno-implicit-fallthrough -isysroot /Applications/Xcode-27.0.0-Release.Candidate.app/Contents/Developer/Platforms/MacOSX.platform/Developer/SDKs/MacOSX27.0.sdk -fstrict-aliasing -Wprotocol -Wdeprecated-declarations -Wno-sign-conversion -Wno-infinite-recursion -Wno-comma -Wno-block-capture-autoreleasing -Wno-strict-prototypes -Wno-semicolon-before-method-body -index-store-path /Users/admin/builder/spi-builder-workspace/.derivedData/Index.noindex/DataStore @/Users/admin/builder/spi-builder-workspace/.derivedData/Build/Intermediates.noindex/Firebase.build/Debug/FirebaseCore-t.build/Objects-normal/arm64/e6072d4f65d7061329687fe24e3d63a7-common-args.resp -MMD -MT dependencies -MF /Users/admin/builder/spi-builder-workspace/.derivedData/Build/Intermediates.noindex/Firebase.build/Debug/FirebaseCore-t.build/Objects-normal/arm64/FIRApp.d --serialize-diagnostics /Users/admin/builder/spi-builder-workspace/.derivedData/Build/Intermediates.noindex/Firebase.build/Debug/FirebaseCore-t.build/Objects-normal/arm64/FIRApp.dia -c /Users/admin/builder/spi-builder-workspace/.dependencies/checkouts/firebase-ios-sdk/FirebaseCore/Sources/FIRApp.m -o /Users/admin/builder/spi-builder-workspace/.derivedData/Build/Intermediates.noindex/Firebase.build/Debug/FirebaseCore-t.build/Objects-normal/arm64/FIRApp.o -index-unit-output-path /Firebase.build/Debug/FirebaseCore-t.build/Objects-normal/arm64/FIRApp.o
Ld /Users/admin/builder/spi-builder-workspace/.derivedData/Build/Products/Debug/FirebaseCore.o normal (in target 'FirebaseCore' from project 'Firebase')
cd /Users/admin/builder/spi-builder-workspace/.dependencies/checkouts/firebase-ios-sdk
/Applications/Xcode-27.0.0-Release.Candidate.app/Contents/Developer/Toolchains/XcodeDefault.xctoolchain/usr/bin/clang -Xlinker -reproducible -target arm64-apple-macos12.0 -r -isysroot /Applications/Xcode-27.0.0-Release.Candidate.app/Contents/Developer/Platforms/MacOSX.platform/Developer/SDKs/MacOSX27.0.sdk -O0 -w -Xlinker -no_warn_duplicate_libraries -F/Users/admin/builder/spi-builder-workspace/.derivedData/Build/Intermediates.noindex/EagerLinkingTBDs/Debug -F/Users/admin/builder/spi-builder-workspace/.derivedData/Build/Products/Debug/PackageFrameworks -F/Users/admin/builder/spi-builder-workspace/.derivedData/Build/Products/Debug -iframework /Applications/Xcode-27.0.0-Release.Candidate.app/Contents/Developer/Platforms/MacOSX.platform/Developer/Library/Frameworks -filelist /Users/admin/builder/spi-builder-workspace/.derivedData/Build/Intermediates.noindex/Firebase.build/Debug/FirebaseCore-t.build/Objects-normal/arm64/FirebaseCore.LinkFileList -nostdlib -Xlinker -object_path_lto -Xlinker /Users/admin/builder/spi-builder-workspace/.derivedData/Build/Intermediates.noindex/Firebase.build/Debug/FirebaseCore-t.build/Objects-normal/arm64/FirebaseCore_lto.o -Xlinker -no_deduplicate -Xlinker -debug_variant -Xlinker -dependency_info -Xlinker /Users/admin/builder/spi-builder-workspace/.derivedData/Build/Intermediates.noindex/Firebase.build/Debug/FirebaseCore-t.build/Objects-normal/arm64/FirebaseCore_dependency_info.dat -fobjc-arc -fobjc-link-runtime -o /Users/admin/builder/spi-builder-workspace/.derivedData/Build/Products/Debug/FirebaseCore.o
Ld /Users/admin/builder/spi-builder-workspace/.derivedData/Build/Products/Debug/FirebaseInstallations.o normal (in target 'FirebaseInstallations' from project 'Firebase')
cd /Users/admin/builder/spi-builder-workspace/.dependencies/checkouts/firebase-ios-sdk
/Applications/Xcode-27.0.0-Release.Candidate.app/Contents/Developer/Toolchains/XcodeDefault.xctoolchain/usr/bin/clang -Xlinker -reproducible -target arm64-apple-macos12.0 -r -isysroot /Applications/Xcode-27.0.0-Release.Candidate.app/Contents/Developer/Platforms/MacOSX.platform/Developer/SDKs/MacOSX27.0.sdk -O0 -w -Xlinker -no_warn_duplicate_libraries -F/Users/admin/builder/spi-builder-workspace/.derivedData/Build/Intermediates.noindex/EagerLinkingTBDs/Debug -F/Users/admin/builder/spi-builder-workspace/.derivedData/Build/Products/Debug/PackageFrameworks -F/Users/admin/builder/spi-builder-workspace/.derivedData/Build/Products/Debug -iframework /Applications/Xcode-27.0.0-Release.Candidate.app/Contents/Developer/Platforms/MacOSX.platform/Developer/Library/Frameworks -filelist /Users/admin/builder/spi-builder-workspace/.derivedData/Build/Intermediates.noindex/Firebase.build/Debug/FirebaseInstallations-t.build/Objects-normal/arm64/FirebaseInstallations.LinkFileList -nostdlib -Xlinker -object_path_lto -Xlinker /Users/admin/builder/spi-builder-workspace/.derivedData/Build/Intermediates.noindex/Firebase.build/Debug/FirebaseInstallations-t.build/Objects-normal/arm64/FirebaseInstallations_lto.o -Xlinker -no_deduplicate -Xlinker -debug_variant -Xlinker -dependency_info -Xlinker /Users/admin/builder/spi-builder-workspace/.derivedData/Build/Intermediates.noindex/Firebase.build/Debug/FirebaseInstallations-t.build/Objects-normal/arm64/FirebaseInstallations_dependency_info.dat -fobjc-arc -fobjc-link-runtime -o /Users/admin/builder/spi-builder-workspace/.derivedData/Build/Products/Debug/FirebaseInstallations.o
Ld /Users/admin/builder/spi-builder-workspace/.derivedData/Build/Products/Debug/FirebaseABTesting.o normal (in target 'FirebaseABTesting' from project 'Firebase')
cd /Users/admin/builder/spi-builder-workspace/.dependencies/checkouts/firebase-ios-sdk
/Applications/Xcode-27.0.0-Release.Candidate.app/Contents/Developer/Toolchains/XcodeDefault.xctoolchain/usr/bin/clang -Xlinker -reproducible -target arm64-apple-macos12.0 -r -isysroot /Applications/Xcode-27.0.0-Release.Candidate.app/Contents/Developer/Platforms/MacOSX.platform/Developer/SDKs/MacOSX27.0.sdk -O0 -w -Xlinker -no_warn_duplicate_libraries -F/Users/admin/builder/spi-builder-workspace/.derivedData/Build/Intermediates.noindex/EagerLinkingTBDs/Debug -F/Users/admin/builder/spi-builder-workspace/.derivedData/Build/Products/Debug/PackageFrameworks -F/Users/admin/builder/spi-builder-workspace/.derivedData/Build/Products/Debug -iframework /Applications/Xcode-27.0.0-Release.Candidate.app/Contents/Developer/Platforms/MacOSX.platform/Developer/Library/Frameworks -filelist /Users/admin/builder/spi-builder-workspace/.derivedData/Build/Intermediates.noindex/Firebase.build/Debug/FirebaseABTesting-t.build/Objects-normal/arm64/FirebaseABTesting.LinkFileList -nostdlib -Xlinker -object_path_lto -Xlinker /Users/admin/builder/spi-builder-workspace/.derivedData/Build/Intermediates.noindex/Firebase.build/Debug/FirebaseABTesting-t.build/Objects-normal/arm64/FirebaseABTesting_lto.o -Xlinker -no_deduplicate -Xlinker -debug_variant -Xlinker -dependency_info -Xlinker /Users/admin/builder/spi-builder-workspace/.derivedData/Build/Intermediates.noindex/Firebase.build/Debug/FirebaseABTesting-t.build/Objects-normal/arm64/FirebaseABTesting_dependency_info.dat -fobjc-arc -fobjc-link-runtime -o /Users/admin/builder/spi-builder-workspace/.derivedData/Build/Products/Debug/FirebaseABTesting.o
Ld /Users/admin/builder/spi-builder-workspace/.derivedData/Build/Products/Debug/FirebaseRemoteConfig.o normal (in target 'FirebaseRemoteConfig' from project 'Firebase')
cd /Users/admin/builder/spi-builder-workspace/.dependencies/checkouts/firebase-ios-sdk
/Applications/Xcode-27.0.0-Release.Candidate.app/Contents/Developer/Toolchains/XcodeDefault.xctoolchain/usr/bin/clang -Xlinker -reproducible -target arm64-apple-macos12.0 -r -isysroot /Applications/Xcode-27.0.0-Release.Candidate.app/Contents/Developer/Platforms/MacOSX.platform/Developer/SDKs/MacOSX27.0.sdk -O0 -w -Xlinker -no_warn_duplicate_libraries -F/Users/admin/builder/spi-builder-workspace/.derivedData/Build/Intermediates.noindex/EagerLinkingTBDs/Debug -F/Users/admin/builder/spi-builder-workspace/.derivedData/Build/Products/Debug/PackageFrameworks -F/Users/admin/builder/spi-builder-workspace/.derivedData/Build/Products/Debug -iframework /Applications/Xcode-27.0.0-Release.Candidate.app/Contents/Developer/Platforms/MacOSX.platform/Developer/Library/Frameworks -filelist /Users/admin/builder/spi-builder-workspace/.derivedData/Build/Intermediates.noindex/Firebase.build/Debug/FirebaseRemoteConfig-t.build/Objects-normal/arm64/FirebaseRemoteConfig.LinkFileList -nostdlib -Xlinker -object_path_lto -Xlinker /Users/admin/builder/spi-builder-workspace/.derivedData/Build/Intermediates.noindex/Firebase.build/Debug/FirebaseRemoteConfig-t.build/Objects-normal/arm64/FirebaseRemoteConfig_lto.o -Xlinker -no_deduplicate -Xlinker -debug_variant -Xlinker -dependency_info -Xlinker /Users/admin/builder/spi-builder-workspace/.derivedData/Build/Intermediates.noindex/Firebase.build/Debug/FirebaseRemoteConfig-t.build/Objects-normal/arm64/FirebaseRemoteConfig_dependency_info.dat -fobjc-arc -fobjc-link-runtime -o /Users/admin/builder/spi-builder-workspace/.derivedData/Build/Products/Debug/FirebaseRemoteConfig.o
Ld /Users/admin/builder/spi-builder-workspace/.derivedData/Build/Products/Debug/FirebaseAnalyticsTarget.o normal (in target 'FirebaseAnalyticsTarget' from project 'Firebase')
cd /Users/admin/builder/spi-builder-workspace/.dependencies/checkouts/firebase-ios-sdk
/Applications/Xcode-27.0.0-Release.Candidate.app/Contents/Developer/Toolchains/XcodeDefault.xctoolchain/usr/bin/clang -Xlinker -reproducible -target arm64-apple-macos12.0 -r -isysroot /Applications/Xcode-27.0.0-Release.Candidate.app/Contents/Developer/Platforms/MacOSX.platform/Developer/SDKs/MacOSX27.0.sdk -O0 -w -Xlinker -no_warn_duplicate_libraries -F/Users/admin/builder/spi-builder-workspace/.derivedData/Build/Intermediates.noindex/EagerLinkingTBDs/Debug -F/Users/admin/builder/spi-builder-workspace/.derivedData/Build/Products/Debug/PackageFrameworks -F/Users/admin/builder/spi-builder-workspace/.derivedData/Build/Products/Debug -iframework /Applications/Xcode-27.0.0-Release.Candidate.app/Contents/Developer/Platforms/MacOSX.platform/Developer/Library/Frameworks -filelist /Users/admin/builder/spi-builder-workspace/.derivedData/Build/Intermediates.noindex/Firebase.build/Debug/FirebaseAnalyticsTarget-t.build/Objects-normal/arm64/FirebaseAnalyticsTarget.LinkFileList -nostdlib -Xlinker -object_path_lto -Xlinker /Users/admin/builder/spi-builder-workspace/.derivedData/Build/Intermediates.noindex/Firebase.build/Debug/FirebaseAnalyticsTarget-t.build/Objects-normal/arm64/FirebaseAnalyticsTarget_lto.o -Xlinker -no_deduplicate -Xlinker -debug_variant -Xlinker -dependency_info -Xlinker /Users/admin/builder/spi-builder-workspace/.derivedData/Build/Intermediates.noindex/Firebase.build/Debug/FirebaseAnalyticsTarget-t.build/Objects-normal/arm64/FirebaseAnalyticsTarget_dependency_info.dat -fobjc-arc -fobjc-link-runtime -o /Users/admin/builder/spi-builder-workspace/.derivedData/Build/Products/Debug/FirebaseAnalyticsTarget.o
PruneExplicitPrecompiledModules /Users/admin/builder/spi-builder-workspace/.derivedData/SDKExplicitPrecompiledModules
PruneExplicitPrecompiledModules /Users/admin/builder/spi-builder-workspace/.derivedData/Build/Intermediates.noindex/ExplicitPrecompiledModules
PruneExplicitPrecompiledModules /Users/admin/builder/spi-builder-workspace/.derivedData/Build/Intermediates.noindex/SwiftExplicitPrecompiledModules
2026-09-19 10:52:22.985 xcodebuild[1777:9277] [MT] IDERunDestination: Supported platforms for the buildables in the current scheme is empty.
--- xcodebuild: WARNING: Using the first of multiple matching destinations:
{ platform:macOS, arch:arm64, id:7d0e4b6fb88cb8e135458edd3f5dd0632ee2f9ee, name:My Mac }
{ platform:macOS, arch:arm64, variant:Mac Catalyst, id:7d0e4b6fb88cb8e135458edd3f5dd0632ee2f9ee, name:My Mac }
{ platform:macOS, arch:arm64, variant:DriverKit, id:7d0e4b6fb88cb8e135458edd3f5dd0632ee2f9ee, name:My Mac }
{ platform:macOS, arch:arm64, variant:Designed for [iPad,iPhone], id:7d0e4b6fb88cb8e135458edd3f5dd0632ee2f9ee, name:My Mac }
** BUILD FAILED **
The following build commands failed:
SwiftDriver PromotedCore normal arm64 com.apple.xcode.tools.swift.compiler (in target 'PromotedCore' from project 'PromotedAIMetricsSDK')
Building workspace PromotedAIMetricsSDK with scheme PromotedAIMetricsSDK-Package
(2 failures)
BUILD FAILURE 6.4 macosXcodebuild