Build Information
Failed to build ScrollViewPlus, reference main (510c48), with Swift 6.4 for macOS (Xcode) using Xcode 27.0 on 22 Sep 2026 06:51:48 UTC.
Build Command
env DEVELOPER_DIR=/Applications/Xcode-27.0.0-Release.Candidate.app xcrun xcodebuild -IDEClonedSourcePackagesDirPathOverride=$PWD/.dependencies -skipMacroValidation -skipPackagePluginValidation -derivedDataPath $PWD/.derivedData build -scheme ScrollViewPlus -destination platform=macOS,arch=arm64Build Log
========================================
RunAll
========================================
Builder version: 5.1.0
Interrupt handler set up.
========================================
Checkout
========================================
Clone URL: https://github.com/ChimeHQ/ScrollViewPlus.git
Reference: main
Initialized empty Git repository in /Users/admin/builder/spi-builder-workspace/.git/
From https://github.com/ChimeHQ/ScrollViewPlus
* branch main -> FETCH_HEAD
* [new branch] main -> origin/main
HEAD is now at 510c486 Update CI
Cloned https://github.com/ChimeHQ/ScrollViewPlus.git
Revision (git rev-parse @):
510c486c8a91b463e231d484fdc3c4071fad7813
SUCCESS checkout https://github.com/ChimeHQ/ScrollViewPlus.git at main
========================================
Build
========================================
Selected platform: macosXcodebuild
Swift version: 6.4
Building package at path: $PWD
https://github.com/ChimeHQ/ScrollViewPlus.git
Command line invocation:
/Applications/Xcode-27.0.0-Release.Candidate.app/Contents/Developer/usr/bin/xcodebuild -IDEClonedSourcePackagesDirPathOverride=/Users/admin/builder/spi-builder-workspace/.dependencies -resolvePackageDependencies
resolved source packages:
{
"dependencies" : [
],
"manifest_display_name" : "ScrollViewPlus",
"name" : "ScrollViewPlus",
"path" : "/Users/admin/builder/spi-builder-workspace",
"platforms" : [
{
"name" : "macos",
"version" : "10.13"
}
],
"products" : [
{
"name" : "ScrollViewPlus",
"targets" : [
"ScrollViewPlus"
],
"type" : {
"library" : [
"automatic"
]
}
}
],
"targets" : [
{
"c99name" : "ScrollViewPlusTests",
"module_type" : "SwiftTarget",
"name" : "ScrollViewPlusTests",
"path" : "ScrollViewPlusTests",
"sources" : [
"OverlayOnlyScrollViewTests.swift"
],
"target_dependencies" : [
"ScrollViewPlus"
],
"type" : "test"
},
{
"c99name" : "ScrollViewPlus",
"module_type" : "SwiftTarget",
"name" : "ScrollViewPlus",
"path" : "ScrollViewPlus",
"product_memberships" : [
"ScrollViewPlus"
],
"sources" : [
"NSScroller+Thickness.swift",
"ObservableScroller.swift",
"OverlayOnlyScrollView.swift",
"PositionJumpingWorkaroundScrollView.swift",
"ScrollViewVisibleRectObserver.swift",
"ScrollerOverlayObserver.swift",
"UnconstrainedClipView.swift"
],
"type" : "library"
}
],
"tools_version" : "6.0"
}
{
"project" : {
"configurations" : [
"Debug",
"Release"
],
"name" : "ScrollViewPlus",
"schemes" : [
"ScrollViewPlus"
],
"targets" : [
"ScrollViewPlus",
"ScrollViewPlusTests"
]
}
}
Running build ...
env DEVELOPER_DIR=/Applications/Xcode-27.0.0-Release.Candidate.app xcrun xcodebuild -IDEClonedSourcePackagesDirPathOverride=$PWD/.dependencies -skipMacroValidation -skipPackagePluginValidation -derivedDataPath $PWD/.derivedData build -scheme ScrollViewPlus -destination platform=macOS,arch=arm64
Command line invocation:
/Applications/Xcode-27.0.0-Release.Candidate.app/Contents/Developer/usr/bin/xcodebuild -IDEClonedSourcePackagesDirPathOverride=/Users/admin/builder/spi-builder-workspace/.dependencies -skipMacroValidation -skipPackagePluginValidation -derivedDataPath /Users/admin/builder/spi-builder-workspace/.derivedData build -scheme ScrollViewPlus -destination platform=macOS,arch=arm64
ComputePackagePrebuildTargetDependencyGraph
Prepare packages
CreateBuildRequest
SendProjectDescription
CreateBuildOperation
ComputeTargetDependencyGraph
note: Building targets in dependency order
note: Target dependency graph (1 target)
Target 'ScrollViewPlus' in project 'ScrollViewPlus' (no dependencies)
GatherProvisioningInputs
CreateBuildDescription
ExecuteExternalTool /Applications/Xcode-27.0.0-Release.Candidate.app/Contents/Developer/Toolchains/XcodeDefault.xctoolchain/usr/bin/clang -v -E -dM -isysroot /Applications/Xcode-27.0.0-Release.Candidate.app/Contents/Developer/Platforms/MacOSX.platform/Developer/SDKs/MacOSX27.0.sdk -x c -c /dev/null
ExecuteExternalTool /Applications/Xcode-27.0.0-Release.Candidate.app/Contents/Developer/Toolchains/XcodeDefault.xctoolchain/usr/bin/clang -v -E -dM -arch arm64 -isysroot /Applications/Xcode-27.0.0-Release.Candidate.app/Contents/Developer/Platforms/MacOSX.platform/Developer/SDKs/MacOSX27.0.sdk -x c -c /dev/null
ExecuteExternalTool /Applications/Xcode-27.0.0-Release.Candidate.app/Contents/Developer/Toolchains/XcodeDefault.xctoolchain/usr/bin/swiftc --version
ExecuteExternalTool /Applications/Xcode-27.0.0-Release.Candidate.app/Contents/Developer/Toolchains/XcodeDefault.xctoolchain/usr/bin/libtool -V
Build description signature: e89a54d4fbc4f3c1701ba8358395eb90
Build description path: /Users/admin/builder/spi-builder-workspace/.derivedData/Build/Intermediates.noindex/XCBuildData/e89a54d4fbc4f3c1701ba8358395eb90.xcbuilddata
/Users/admin/builder/spi-builder-workspace/ScrollViewPlus.xcodeproj: error: The macOS deployment target 'MACOSX_DEPLOYMENT_TARGET' is set to 10.12, but the range of supported deployment target versions is 12.0 to 27.0.x. (in target 'ScrollViewPlus' from project 'ScrollViewPlus')
** BUILD FAILED **
The following build commands failed:
Building project ScrollViewPlus with scheme ScrollViewPlus
(1 failure)
Command line invocation:
/Applications/Xcode-27.0.0-Release.Candidate.app/Contents/Developer/usr/bin/xcodebuild -IDEClonedSourcePackagesDirPathOverride=/Users/admin/builder/spi-builder-workspace/.dependencies -resolvePackageDependencies
resolved source packages:
{
"dependencies" : [
],
"manifest_display_name" : "ScrollViewPlus",
"name" : "ScrollViewPlus",
"path" : "/Users/admin/builder/spi-builder-workspace",
"platforms" : [
{
"name" : "macos",
"version" : "10.13"
}
],
"products" : [
{
"name" : "ScrollViewPlus",
"targets" : [
"ScrollViewPlus"
],
"type" : {
"library" : [
"automatic"
]
}
}
],
"targets" : [
{
"c99name" : "ScrollViewPlusTests",
"module_type" : "SwiftTarget",
"name" : "ScrollViewPlusTests",
"path" : "ScrollViewPlusTests",
"sources" : [
"OverlayOnlyScrollViewTests.swift"
],
"target_dependencies" : [
"ScrollViewPlus"
],
"type" : "test"
},
{
"c99name" : "ScrollViewPlus",
"module_type" : "SwiftTarget",
"name" : "ScrollViewPlus",
"path" : "ScrollViewPlus",
"product_memberships" : [
"ScrollViewPlus"
],
"sources" : [
"NSScroller+Thickness.swift",
"ObservableScroller.swift",
"OverlayOnlyScrollView.swift",
"PositionJumpingWorkaroundScrollView.swift",
"ScrollViewVisibleRectObserver.swift",
"ScrollerOverlayObserver.swift",
"UnconstrainedClipView.swift"
],
"type" : "library"
}
],
"tools_version" : "6.0"
}
{
"project" : {
"configurations" : [
"Debug",
"Release"
],
"name" : "ScrollViewPlus",
"schemes" : [
"ScrollViewPlus"
],
"targets" : [
"ScrollViewPlus",
"ScrollViewPlusTests"
]
}
}
Running build ...
env DEVELOPER_DIR=/Applications/Xcode-27.0.0-Release.Candidate.app xcrun xcodebuild -IDEClonedSourcePackagesDirPathOverride=$PWD/.dependencies -skipMacroValidation -skipPackagePluginValidation -derivedDataPath $PWD/.derivedData build -scheme ScrollViewPlus -destination platform=macOS,arch=arm64
Command line invocation:
/Applications/Xcode-27.0.0-Release.Candidate.app/Contents/Developer/usr/bin/xcodebuild -IDEClonedSourcePackagesDirPathOverride=/Users/admin/builder/spi-builder-workspace/.dependencies -skipMacroValidation -skipPackagePluginValidation -derivedDataPath /Users/admin/builder/spi-builder-workspace/.derivedData build -scheme ScrollViewPlus -destination platform=macOS,arch=arm64
ComputePackagePrebuildTargetDependencyGraph
Prepare packages
CreateBuildRequest
SendProjectDescription
CreateBuildOperation
ComputeTargetDependencyGraph
note: Building targets in dependency order
note: Target dependency graph (1 target)
Target 'ScrollViewPlus' in project 'ScrollViewPlus' (no dependencies)
GatherProvisioningInputs
CreateBuildDescription
/Users/admin/builder/spi-builder-workspace/ScrollViewPlus.xcodeproj: error: The macOS deployment target 'MACOSX_DEPLOYMENT_TARGET' is set to 10.12, but the range of supported deployment target versions is 12.0 to 27.0.x. (in target 'ScrollViewPlus' from project 'ScrollViewPlus')
** BUILD FAILED **
The following build commands failed:
Building project ScrollViewPlus with scheme ScrollViewPlus
(1 failure)
BUILD FAILURE 6.4 macosXcodebuild