Build Information
Failed to build Elephant, reference 0.3.0 (665cc7), with Swift 6.1 for macOS (SPM) on 26 Jun 2026 16:47:01 UTC.
Build Command
env DEVELOPER_DIR=/Applications/Xcode-16.3.0.app xcrun swift build --arch arm64Build Log
========================================
RunAll
========================================
Builder version: undefined version: run 'make version' to update
Interrupt handler set up.
========================================
Checkout
========================================
Clone URL: https://github.com/s2mr/Elephant.git
Reference: 0.3.0
Initialized empty Git repository in /Users/admin/builder/spi-builder-workspace/.git/
From https://github.com/s2mr/Elephant
* tag 0.3.0 -> FETCH_HEAD
HEAD is now at 665cc7f Bump version to 0.3.0
Cloned https://github.com/s2mr/Elephant.git
Revision (git rev-parse @):
665cc7f694c41b271c4834fa7b38bfac371c4141
SUCCESS checkout https://github.com/s2mr/Elephant.git at 0.3.0
========================================
Build
========================================
Selected platform: macosSpm
Swift version: 6.1
Building package at path: $PWD
https://github.com/s2mr/Elephant.git
https://github.com/s2mr/Elephant.git
{
"dependencies" : [
],
"manifest_display_name" : "Elephant",
"name" : "Elephant",
"path" : "/Users/admin/builder/spi-builder-workspace",
"platforms" : [
{
"name" : "ios",
"version" : "14.0"
}
],
"products" : [
{
"name" : "Elephant",
"targets" : [
"Elephant"
],
"type" : {
"library" : [
"automatic"
]
}
}
],
"swift_languages_versions" : [
"5"
],
"targets" : [
{
"c99name" : "ElephantTests",
"module_type" : "SwiftTarget",
"name" : "ElephantTests",
"path" : "Tests/ElephantTests",
"sources" : [
"ElephantTests.swift"
],
"target_dependencies" : [
"Elephant"
],
"type" : "test"
},
{
"c99name" : "Elephant",
"module_type" : "SwiftTarget",
"name" : "Elephant",
"path" : "Sources/Elephant",
"product_memberships" : [
"Elephant"
],
"sources" : [
"AnimatedSVGView.swift",
"AnimatedSVGViewController.swift",
"AnimationOwner.swift",
"JavaScriptExecutor.swift",
"SVGLoader.swift",
"SVGView.swift"
],
"type" : "library"
}
],
"tools_version" : "6.0"
}
Running build ...
env DEVELOPER_DIR=/Applications/Xcode-16.3.0.app xcrun swift build --arch arm64 -Xswiftc -Xfrontend -Xswiftc -stats-output-dir -Xswiftc -Xfrontend -Xswiftc .stats -Xswiftc -strict-concurrency=complete -Xswiftc -enable-upcoming-feature -Xswiftc StrictConcurrency -Xswiftc -enable-upcoming-feature -Xswiftc DisableOutwardActorInference -Xswiftc -enable-upcoming-feature -Xswiftc GlobalActorIsolatedTypesUsability -Xswiftc -enable-upcoming-feature -Xswiftc InferSendableFromCaptures
Building for debugging...
[0/2] Write sources
[1/2] Write swift-version-2F0A5646E1D333AE.txt
[3/9] Compiling Elephant AnimationOwner.swift
/Users/admin/builder/spi-builder-workspace/Sources/Elephant/SVGView.swift:1:8: error: no such module 'UIKit'
1 | import UIKit
| `- error: no such module 'UIKit'
2 | import WebKit
3 |
[4/9] Compiling Elephant SVGView.swift
/Users/admin/builder/spi-builder-workspace/Sources/Elephant/SVGView.swift:1:8: error: no such module 'UIKit'
1 | import UIKit
| `- error: no such module 'UIKit'
2 | import WebKit
3 |
[5/9] Compiling Elephant SVGLoader.swift
/Users/admin/builder/spi-builder-workspace/Sources/Elephant/SVGView.swift:1:8: error: no such module 'UIKit'
1 | import UIKit
| `- error: no such module 'UIKit'
2 | import WebKit
3 |
[6/9] Compiling Elephant JavaScriptExecutor.swift
/Users/admin/builder/spi-builder-workspace/Sources/Elephant/SVGView.swift:1:8: error: no such module 'UIKit'
1 | import UIKit
| `- error: no such module 'UIKit'
2 | import WebKit
3 |
error: emit-module command failed with exit code 1 (use -v to see invocation)
[7/9] Emitting module Elephant
/Users/admin/builder/spi-builder-workspace/Sources/Elephant/SVGView.swift:1:8: error: no such module 'UIKit'
1 | import UIKit
| `- error: no such module 'UIKit'
2 | import WebKit
3 |
[8/9] Compiling Elephant AnimatedSVGView.swift
/Users/admin/builder/spi-builder-workspace/Sources/Elephant/SVGView.swift:1:8: error: no such module 'UIKit'
1 | import UIKit
| `- error: no such module 'UIKit'
2 | import WebKit
3 |
[9/9] Compiling Elephant AnimatedSVGViewController.swift
/Users/admin/builder/spi-builder-workspace/Sources/Elephant/SVGView.swift:1:8: error: no such module 'UIKit'
1 | import UIKit
| `- error: no such module 'UIKit'
2 | import WebKit
3 |
Running build ...
env DEVELOPER_DIR=/Applications/Xcode-16.3.0.app xcrun swift build --arch arm64
[0/1] Planning build
Building for debugging...
[0/1] Write swift-version-2F0A5646E1D333AE.txt
[2/8] Compiling Elephant AnimationOwner.swift
/Users/admin/builder/spi-builder-workspace/Sources/Elephant/SVGView.swift:1:8: error: no such module 'UIKit'
1 | import UIKit
| `- error: no such module 'UIKit'
2 | import WebKit
3 |
[3/8] Compiling Elephant SVGLoader.swift
/Users/admin/builder/spi-builder-workspace/Sources/Elephant/SVGView.swift:1:8: error: no such module 'UIKit'
1 | import UIKit
| `- error: no such module 'UIKit'
2 | import WebKit
3 |
[4/8] Compiling Elephant JavaScriptExecutor.swift
/Users/admin/builder/spi-builder-workspace/Sources/Elephant/SVGView.swift:1:8: error: no such module 'UIKit'
1 | import UIKit
| `- error: no such module 'UIKit'
2 | import WebKit
3 |
error: emit-module command failed with exit code 1 (use -v to see invocation)
[5/8] Compiling Elephant SVGView.swift
/Users/admin/builder/spi-builder-workspace/Sources/Elephant/SVGView.swift:1:8: error: no such module 'UIKit'
1 | import UIKit
| `- error: no such module 'UIKit'
2 | import WebKit
3 |
[6/8] Compiling Elephant AnimatedSVGView.swift
/Users/admin/builder/spi-builder-workspace/Sources/Elephant/SVGView.swift:1:8: error: no such module 'UIKit'
1 | import UIKit
| `- error: no such module 'UIKit'
2 | import WebKit
3 |
[7/8] Compiling Elephant AnimatedSVGViewController.swift
/Users/admin/builder/spi-builder-workspace/Sources/Elephant/SVGView.swift:1:8: error: no such module 'UIKit'
1 | import UIKit
| `- error: no such module 'UIKit'
2 | import WebKit
3 |
[8/8] Emitting module Elephant
/Users/admin/builder/spi-builder-workspace/Sources/Elephant/SVGView.swift:1:8: error: no such module 'UIKit'
1 | import UIKit
| `- error: no such module 'UIKit'
2 | import WebKit
3 |
BUILD FAILURE 6.1 macosSpm