Build Information
Failed to build TextDiffing, reference main (36ac38), with Swift 6.3 for macOS (SPM) on 24 Jun 2026 23:06:24 UTC.
Build Command
env DEVELOPER_DIR=/Applications/Xcode-26.4.0.app xcrun swift build --arch arm64Build Log
========================================
RunAll
========================================
Builder version: undefined version: run 'make version' to update
Interrupt handler set up.
========================================
Checkout
========================================
Clone URL: https://github.com/simonbs/TextDiffing.git
Reference: main
Initialized empty Git repository in /Users/admin/builder/spi-builder-workspace/.git/
From https://github.com/simonbs/TextDiffing
* branch main -> FETCH_HEAD
* [new branch] main -> origin/main
HEAD is now at 36ac380 Diffs with punctation and whitespace (#5)
Cloned https://github.com/simonbs/TextDiffing.git
Revision (git rev-parse @):
36ac380cdf34c4d9da8cf46decf2e330927a664f
SPI manifest file found: $PWD/.spi.yml
SUCCESS checkout https://github.com/simonbs/TextDiffing.git at main
========================================
ResolveProductDependencies
========================================
Resolving dependencies ...
{
"identity": ".resolve-product-dependencies",
"name": "resolve-dependencies",
"url": "/Users/admin/builder/spi-builder-workspace/.resolve-product-dependencies",
"version": "unspecified",
"path": "/Users/admin/builder/spi-builder-workspace/.resolve-product-dependencies",
"traits": [
"default"
],
"dependencies": [
{
"identity": "textdiffing",
"name": "TextDiffing",
"url": "https://github.com/simonbs/TextDiffing.git",
"version": "unspecified",
"path": "/Users/admin/builder/spi-builder-workspace/.resolve-product-dependencies/.build/checkouts/TextDiffing",
"traits": [
"default"
],
"dependencies": [
]
}
]
}
Fetching https://github.com/simonbs/TextDiffing.git
[1/281] Fetching textdiffing
Fetched https://github.com/simonbs/TextDiffing.git from cache (0.89s)
Creating working copy for https://github.com/simonbs/TextDiffing.git
Working copy of https://github.com/simonbs/TextDiffing.git resolved at main (36ac380)
warning: '.resolve-product-dependencies': dependency 'textdiffing' is not used by any target
Found 0 product dependencies
========================================
Build
========================================
Selected platform: macosSpm
Swift version: 6.3
Building package at path: $PWD
https://github.com/simonbs/TextDiffing.git
Running build ...
env DEVELOPER_DIR=/Applications/Xcode-26.4.0.app xcrun swift build --arch arm64
Building for debugging...
[0/2] Write sources
[1/2] Write swift-version--6988338F2F200930.txt
[3/12] Compiling TextDiffing TextDiffOptions.swift
[4/12] Compiling TextDiffing TextDiffResult.swift
[5/12] Compiling TextDiffing TextDiffStyle.swift
/Users/admin/builder/spi-builder-workspace/Sources/TextDiffing/TextDiffStyle.swift:45:36: error: type 'NSColor' has no member 'diffBackgroundInsert'
43 | /// Creates a default style.
44 | public init() {
45 | self.insertedBackground = .diffBackgroundInsert
| `- error: type 'NSColor' has no member 'diffBackgroundInsert'
46 | self.removedBackground = .diffBackgroundRemove
47 | }
/Users/admin/builder/spi-builder-workspace/Sources/TextDiffing/TextDiffStyle.swift:46:35: error: type 'NSColor' has no member 'diffBackgroundRemove'
44 | public init() {
45 | self.insertedBackground = .diffBackgroundInsert
46 | self.removedBackground = .diffBackgroundRemove
| `- error: type 'NSColor' has no member 'diffBackgroundRemove'
47 | }
48 | }
[6/13] Compiling TextDiffing StringTokenizer.swift
[7/13] Compiling TextDiffing WordStringTokenizer.swift
[8/13] Compiling TextDiffing CharacterStringTokenizer.swift
[9/13] Compiling TextDiffing DiffSegment.swift
[10/13] Emitting module TextDiffing
[11/13] Compiling TextDiffing AttributedString+Helpers.swift
[12/13] Compiling TextDiffing NSAttributedString+Helpers.swift
[13/13] Compiling TextDiffing TextDiffer.swift
warning: 'spi-builder-workspace': found 1 file(s) which are unhandled; explicitly declare them as resources or exclude from the target
/Users/admin/builder/spi-builder-workspace/Sources/TextDiffing/Assets.xcassets
BUILD FAILURE 6.3 macosSpm