Build Information
Failed to build fp-swift-pipe, reference 1.0.0 (e82df6), with Swift 6.1 for visionOS using Xcode 16.3 on 1 Jul 2026 05:51:26 UTC.
Build Command
No build command. This typically means the build failed at an early stage where we determine the build command.Build Log
========================================
RunAll
========================================
Builder version: undefined version: run 'make version' to update
Interrupt handler set up.
========================================
Checkout
========================================
Clone URL: https://github.com/velocityzen/fp-swift-pipe.git
Reference: 1.0.0
Initialized empty Git repository in /Users/admin/builder/spi-builder-workspace/.git/
From https://github.com/velocityzen/fp-swift-pipe
* tag 1.0.0 -> FETCH_HEAD
HEAD is now at e82df66 Upgrade fp-swift to 3.0.1
Cloned https://github.com/velocityzen/fp-swift-pipe.git
Revision (git rev-parse @):
e82df66b90ff0a663c2728219c06008ddc932f2d
SPI manifest file found: $PWD/.spi.yml
SUCCESS checkout https://github.com/velocityzen/fp-swift-pipe.git at 1.0.0
========================================
Build
========================================
Selected platform: visionOS
Swift version: 6.1
Building package at path: $PWD
https://github.com/velocityzen/fp-swift-pipe.git
https://github.com/velocityzen/fp-swift-pipe.git
error: 'spi-builder-workspace': package 'spi-builder-workspace' is using Swift tools version 6.2.0 but the installed version is 6.1.0
error: fatalError
Command line invocation:
/Applications/Xcode-16.3.0.app/Contents/Developer/usr/bin/xcodebuild -IDEClonedSourcePackagesDirPathOverride=/Users/admin/builder/spi-builder-workspace/.dependencies -resolvePackageDependencies
Resolve Package Graph
package 'spi-builder-workspace' is using Swift tools version 6.2.0 but the installed version is 6.1.0
Resolved source packages:
spi-builder-workspace: (null)
2026-06-30 22:51:25.759 xcodebuild[503:2907] Writing error result bundle to /var/folders/5k/5yc19ymj0jqd5v0zvgfqz0xw0000gn/T/ResultBundle_2026-30-06_22-51-0025.xcresult
xcodebuild: error: Could not resolve package dependencies:
package 'spi-builder-workspace' is using Swift tools version 6.2.0 but the installed version is 6.1.0
Command line invocation:
/Applications/Xcode-16.3.0.app/Contents/Developer/usr/bin/xcodebuild -IDEClonedSourcePackagesDirPathOverride=/Users/admin/builder/spi-builder-workspace/.dependencies -resolvePackageDependencies
Resolve Package Graph
package 'spi-builder-workspace' is using Swift tools version 6.2.0 but the installed version is 6.1.0
Resolved source packages:
spi-builder-workspace: (null)
2026-06-30 22:51:26.483 xcodebuild[511:2991] Writing error result bundle to /var/folders/5k/5yc19ymj0jqd5v0zvgfqz0xw0000gn/T/ResultBundle_2026-30-06_22-51-0026.xcresult
xcodebuild: error: Could not resolve package dependencies:
package 'spi-builder-workspace' is using Swift tools version 6.2.0 but the installed version is 6.1.0
BUILD FAILURE 6.1 visionOS