Build Information
Failed to build IBGraph, reference 0.0.2 (1387a6), with Swift 6.4 for watchOS using Xcode 27.0 on 16 Sep 2026 06:14:39 UTC.
Build Command
env DEVELOPER_DIR=/Applications/Xcode-27.0.0-Release.Candidate.app xcrun xcodebuild -IDEClonedSourcePackagesDirPathOverride=$PWD/.dependencies -skipMacroValidation -skipPackagePluginValidation -derivedDataPath $PWD/.derivedData build -scheme IBGraph-Package -destination generic/platform=watchOSBuild Log
cd /Users/admin/builder/spi-builder-workspace/.swiftpm/xcode
builtin-SwiftPerFileCompile Label.swift
SwiftCompile normal arm64 /Users/admin/builder/spi-builder-workspace/.dependencies/checkouts/IBDecodable/Sources/Models/Views/Picker.swift (in target 'IBDecodable' from project 'IBDecodable')
cd /Users/admin/builder/spi-builder-workspace/.swiftpm/xcode
builtin-SwiftPerFileCompile Picker.swift
SwiftCompile normal arm64 /Users/admin/builder/spi-builder-workspace/.dependencies/checkouts/IBDecodable/Sources/Models/Views/ProgressView.swift (in target 'IBDecodable' from project 'IBDecodable')
cd /Users/admin/builder/spi-builder-workspace/.swiftpm/xcode
builtin-SwiftPerFileCompile ProgressView.swift
SwiftCompile normal arm64 /Users/admin/builder/spi-builder-workspace/.dependencies/checkouts/IBDecodable/Sources/Models/Views/ScrollViews/CollectionView.swift (in target 'IBDecodable' from project 'IBDecodable')
cd /Users/admin/builder/spi-builder-workspace/.swiftpm/xcode
builtin-SwiftPerFileCompile CollectionView.swift
SwiftCompile normal arm64 /Users/admin/builder/spi-builder-workspace/.dependencies/checkouts/IBDecodable/Sources/Models/Views/ScrollViews/ScrollView.swift (in target 'IBDecodable' from project 'IBDecodable')
cd /Users/admin/builder/spi-builder-workspace/.swiftpm/xcode
builtin-SwiftPerFileCompile ScrollView.swift
SwiftCompile normal arm64 /Users/admin/builder/spi-builder-workspace/.dependencies/checkouts/IBDecodable/Sources/Models/Views/ScrollViews/TableView.swift (in target 'IBDecodable' from project 'IBDecodable')
cd /Users/admin/builder/spi-builder-workspace/.swiftpm/xcode
builtin-SwiftPerFileCompile TableView.swift
SwiftCompile normal arm64 /Users/admin/builder/spi-builder-workspace/.dependencies/checkouts/IBDecodable/Sources/Models/Views/StackView.swift (in target 'IBDecodable' from project 'IBDecodable')
cd /Users/admin/builder/spi-builder-workspace/.swiftpm/xcode
builtin-SwiftPerFileCompile StackView.swift
SwiftCompile normal arm64 Compiling\ Geometry.swift,\ KeyCommand.swift,\ ModalPresentationStyle.swift,\ ModalTransitionStyle.swift,\ Primitive.swift,\ AnyResource.swift,\ Image.swift,\ NamedColor.swift,\ SystemColor.swift /Users/admin/builder/spi-builder-workspace/.dependencies/checkouts/IBDecodable/Sources/Models/Geometry.swift /Users/admin/builder/spi-builder-workspace/.dependencies/checkouts/IBDecodable/Sources/Models/KeyCommand.swift /Users/admin/builder/spi-builder-workspace/.dependencies/checkouts/IBDecodable/Sources/Models/ModalPresentationStyle.swift /Users/admin/builder/spi-builder-workspace/.dependencies/checkouts/IBDecodable/Sources/Models/ModalTransitionStyle.swift /Users/admin/builder/spi-builder-workspace/.dependencies/checkouts/IBDecodable/Sources/Models/Primitive.swift /Users/admin/builder/spi-builder-workspace/.dependencies/checkouts/IBDecodable/Sources/Models/Resources/AnyResource.swift /Users/admin/builder/spi-builder-workspace/.dependencies/checkouts/IBDecodable/Sources/Models/Resources/Image.swift /Users/admin/builder/spi-builder-workspace/.dependencies/checkouts/IBDecodable/Sources/Models/Resources/NamedColor.swift /Users/admin/builder/spi-builder-workspace/.dependencies/checkouts/IBDecodable/Sources/Models/Resources/SystemColor.swift (in target 'IBDecodable' from project 'IBDecodable')
SwiftCompile normal arm64 /Users/admin/builder/spi-builder-workspace/.dependencies/checkouts/IBDecodable/Sources/Models/Geometry.swift (in target 'IBDecodable' from project 'IBDecodable')
cd /Users/admin/builder/spi-builder-workspace/.swiftpm/xcode
builtin-SwiftPerFileCompile Geometry.swift
SwiftCompile normal arm64 /Users/admin/builder/spi-builder-workspace/.dependencies/checkouts/IBDecodable/Sources/Models/KeyCommand.swift (in target 'IBDecodable' from project 'IBDecodable')
cd /Users/admin/builder/spi-builder-workspace/.swiftpm/xcode
builtin-SwiftPerFileCompile KeyCommand.swift
SwiftCompile normal arm64 /Users/admin/builder/spi-builder-workspace/.dependencies/checkouts/IBDecodable/Sources/Models/ModalPresentationStyle.swift (in target 'IBDecodable' from project 'IBDecodable')
cd /Users/admin/builder/spi-builder-workspace/.swiftpm/xcode
builtin-SwiftPerFileCompile ModalPresentationStyle.swift
SwiftCompile normal arm64 /Users/admin/builder/spi-builder-workspace/.dependencies/checkouts/IBDecodable/Sources/Models/ModalTransitionStyle.swift (in target 'IBDecodable' from project 'IBDecodable')
cd /Users/admin/builder/spi-builder-workspace/.swiftpm/xcode
builtin-SwiftPerFileCompile ModalTransitionStyle.swift
SwiftCompile normal arm64 /Users/admin/builder/spi-builder-workspace/.dependencies/checkouts/IBDecodable/Sources/Models/Primitive.swift (in target 'IBDecodable' from project 'IBDecodable')
cd /Users/admin/builder/spi-builder-workspace/.swiftpm/xcode
builtin-SwiftPerFileCompile Primitive.swift
SwiftCompile normal arm64 /Users/admin/builder/spi-builder-workspace/.dependencies/checkouts/IBDecodable/Sources/Models/Resources/AnyResource.swift (in target 'IBDecodable' from project 'IBDecodable')
cd /Users/admin/builder/spi-builder-workspace/.swiftpm/xcode
builtin-SwiftPerFileCompile AnyResource.swift
SwiftCompile normal arm64 /Users/admin/builder/spi-builder-workspace/.dependencies/checkouts/IBDecodable/Sources/Models/Resources/Image.swift (in target 'IBDecodable' from project 'IBDecodable')
cd /Users/admin/builder/spi-builder-workspace/.swiftpm/xcode
builtin-SwiftPerFileCompile Image.swift
SwiftCompile normal arm64 /Users/admin/builder/spi-builder-workspace/.dependencies/checkouts/IBDecodable/Sources/Models/Resources/NamedColor.swift (in target 'IBDecodable' from project 'IBDecodable')
cd /Users/admin/builder/spi-builder-workspace/.swiftpm/xcode
builtin-SwiftPerFileCompile NamedColor.swift
SwiftCompile normal arm64 /Users/admin/builder/spi-builder-workspace/.dependencies/checkouts/IBDecodable/Sources/Models/Resources/SystemColor.swift (in target 'IBDecodable' from project 'IBDecodable')
cd /Users/admin/builder/spi-builder-workspace/.swiftpm/xcode
builtin-SwiftPerFileCompile SystemColor.swift
SwiftCompile normal arm64 Compiling\ IBError.swift,\ IBProtocol.swift,\ Accessibility.swift,\ AttributedString.swift,\ Classes.swift,\ Color.swift,\ Action.swift,\ AnyConnection.swift,\ Outlet.swift /Users/admin/builder/spi-builder-workspace/.dependencies/checkouts/IBDecodable/Sources/IBError.swift /Users/admin/builder/spi-builder-workspace/.dependencies/checkouts/IBDecodable/Sources/IBProtocol.swift /Users/admin/builder/spi-builder-workspace/.dependencies/checkouts/IBDecodable/Sources/Models/Accessibility.swift /Users/admin/builder/spi-builder-workspace/.dependencies/checkouts/IBDecodable/Sources/Models/AttributedString.swift /Users/admin/builder/spi-builder-workspace/.dependencies/checkouts/IBDecodable/Sources/Models/Classes.swift /Users/admin/builder/spi-builder-workspace/.dependencies/checkouts/IBDecodable/Sources/Models/Color.swift /Users/admin/builder/spi-builder-workspace/.dependencies/checkouts/IBDecodable/Sources/Models/Connections/Action.swift /Users/admin/builder/spi-builder-workspace/.dependencies/checkouts/IBDecodable/Sources/Models/Connections/AnyConnection.swift /Users/admin/builder/spi-builder-workspace/.dependencies/checkouts/IBDecodable/Sources/Models/Connections/Outlet.swift (in target 'IBDecodable' from project 'IBDecodable')
SwiftCompile normal arm64 /Users/admin/builder/spi-builder-workspace/.dependencies/checkouts/IBDecodable/Sources/IBError.swift (in target 'IBDecodable' from project 'IBDecodable')
cd /Users/admin/builder/spi-builder-workspace/.swiftpm/xcode
builtin-SwiftPerFileCompile IBError.swift
SwiftCompile normal arm64 /Users/admin/builder/spi-builder-workspace/.dependencies/checkouts/IBDecodable/Sources/IBProtocol.swift (in target 'IBDecodable' from project 'IBDecodable')
cd /Users/admin/builder/spi-builder-workspace/.swiftpm/xcode
builtin-SwiftPerFileCompile IBProtocol.swift
SwiftCompile normal arm64 /Users/admin/builder/spi-builder-workspace/.dependencies/checkouts/IBDecodable/Sources/Models/Accessibility.swift (in target 'IBDecodable' from project 'IBDecodable')
cd /Users/admin/builder/spi-builder-workspace/.swiftpm/xcode
builtin-SwiftPerFileCompile Accessibility.swift
SwiftCompile normal arm64 /Users/admin/builder/spi-builder-workspace/.dependencies/checkouts/IBDecodable/Sources/Models/AttributedString.swift (in target 'IBDecodable' from project 'IBDecodable')
cd /Users/admin/builder/spi-builder-workspace/.swiftpm/xcode
builtin-SwiftPerFileCompile AttributedString.swift
SwiftCompile normal arm64 /Users/admin/builder/spi-builder-workspace/.dependencies/checkouts/IBDecodable/Sources/Models/Classes.swift (in target 'IBDecodable' from project 'IBDecodable')
cd /Users/admin/builder/spi-builder-workspace/.swiftpm/xcode
builtin-SwiftPerFileCompile Classes.swift
SwiftCompile normal arm64 /Users/admin/builder/spi-builder-workspace/.dependencies/checkouts/IBDecodable/Sources/Models/Color.swift (in target 'IBDecodable' from project 'IBDecodable')
cd /Users/admin/builder/spi-builder-workspace/.swiftpm/xcode
builtin-SwiftPerFileCompile Color.swift
SwiftCompile normal arm64 /Users/admin/builder/spi-builder-workspace/.dependencies/checkouts/IBDecodable/Sources/Models/Connections/Action.swift (in target 'IBDecodable' from project 'IBDecodable')
cd /Users/admin/builder/spi-builder-workspace/.swiftpm/xcode
builtin-SwiftPerFileCompile Action.swift
SwiftCompile normal arm64 /Users/admin/builder/spi-builder-workspace/.dependencies/checkouts/IBDecodable/Sources/Models/Connections/AnyConnection.swift (in target 'IBDecodable' from project 'IBDecodable')
cd /Users/admin/builder/spi-builder-workspace/.swiftpm/xcode
builtin-SwiftPerFileCompile AnyConnection.swift
SwiftCompile normal arm64 /Users/admin/builder/spi-builder-workspace/.dependencies/checkouts/IBDecodable/Sources/Models/Connections/Outlet.swift (in target 'IBDecodable' from project 'IBDecodable')
cd /Users/admin/builder/spi-builder-workspace/.swiftpm/xcode
builtin-SwiftPerFileCompile Outlet.swift
SwiftCompile normal arm64 Compiling\ OutletCollection.swift,\ Segue.swift,\ AnyViewController.swift,\ CollectionViewController.swift,\ AVPlayerViewController.swift,\ GLKViewController.swift,\ HostingController.swift,\ NavigationController.swift,\ PageViewController.swift /Users/admin/builder/spi-builder-workspace/.dependencies/checkouts/IBDecodable/Sources/Models/Connections/OutletCollection.swift /Users/admin/builder/spi-builder-workspace/.dependencies/checkouts/IBDecodable/Sources/Models/Connections/Segue.swift /Users/admin/builder/spi-builder-workspace/.dependencies/checkouts/IBDecodable/Sources/Models/Controllers/AnyViewController.swift /Users/admin/builder/spi-builder-workspace/.dependencies/checkouts/IBDecodable/Sources/Models/Controllers/CollectionViewController.swift /Users/admin/builder/spi-builder-workspace/.dependencies/checkouts/IBDecodable/Sources/Models/Controllers/Frameworks/AVPlayerViewController.swift /Users/admin/builder/spi-builder-workspace/.dependencies/checkouts/IBDecodable/Sources/Models/Controllers/Frameworks/GLKViewController.swift /Users/admin/builder/spi-builder-workspace/.dependencies/checkouts/IBDecodable/Sources/Models/Controllers/HostingController.swift /Users/admin/builder/spi-builder-workspace/.dependencies/checkouts/IBDecodable/Sources/Models/Controllers/NavigationController.swift /Users/admin/builder/spi-builder-workspace/.dependencies/checkouts/IBDecodable/Sources/Models/Controllers/PageViewController.swift (in target 'IBDecodable' from project 'IBDecodable')
SwiftCompile normal arm64 /Users/admin/builder/spi-builder-workspace/.dependencies/checkouts/IBDecodable/Sources/Models/Connections/OutletCollection.swift (in target 'IBDecodable' from project 'IBDecodable')
cd /Users/admin/builder/spi-builder-workspace/.swiftpm/xcode
builtin-SwiftPerFileCompile OutletCollection.swift
SwiftCompile normal arm64 /Users/admin/builder/spi-builder-workspace/.dependencies/checkouts/IBDecodable/Sources/Models/Connections/Segue.swift (in target 'IBDecodable' from project 'IBDecodable')
cd /Users/admin/builder/spi-builder-workspace/.swiftpm/xcode
builtin-SwiftPerFileCompile Segue.swift
SwiftCompile normal arm64 /Users/admin/builder/spi-builder-workspace/.dependencies/checkouts/IBDecodable/Sources/Models/Controllers/AnyViewController.swift (in target 'IBDecodable' from project 'IBDecodable')
cd /Users/admin/builder/spi-builder-workspace/.swiftpm/xcode
builtin-SwiftPerFileCompile AnyViewController.swift
SwiftCompile normal arm64 /Users/admin/builder/spi-builder-workspace/.dependencies/checkouts/IBDecodable/Sources/Models/Controllers/CollectionViewController.swift (in target 'IBDecodable' from project 'IBDecodable')
cd /Users/admin/builder/spi-builder-workspace/.swiftpm/xcode
builtin-SwiftPerFileCompile CollectionViewController.swift
SwiftCompile normal arm64 /Users/admin/builder/spi-builder-workspace/.dependencies/checkouts/IBDecodable/Sources/Models/Controllers/Frameworks/AVPlayerViewController.swift (in target 'IBDecodable' from project 'IBDecodable')
cd /Users/admin/builder/spi-builder-workspace/.swiftpm/xcode
builtin-SwiftPerFileCompile AVPlayerViewController.swift
SwiftCompile normal arm64 /Users/admin/builder/spi-builder-workspace/.dependencies/checkouts/IBDecodable/Sources/Models/Controllers/Frameworks/GLKViewController.swift (in target 'IBDecodable' from project 'IBDecodable')
cd /Users/admin/builder/spi-builder-workspace/.swiftpm/xcode
builtin-SwiftPerFileCompile GLKViewController.swift
SwiftCompile normal arm64 /Users/admin/builder/spi-builder-workspace/.dependencies/checkouts/IBDecodable/Sources/Models/Controllers/HostingController.swift (in target 'IBDecodable' from project 'IBDecodable')
cd /Users/admin/builder/spi-builder-workspace/.swiftpm/xcode
builtin-SwiftPerFileCompile HostingController.swift
SwiftCompile normal arm64 /Users/admin/builder/spi-builder-workspace/.dependencies/checkouts/IBDecodable/Sources/Models/Controllers/NavigationController.swift (in target 'IBDecodable' from project 'IBDecodable')
cd /Users/admin/builder/spi-builder-workspace/.swiftpm/xcode
builtin-SwiftPerFileCompile NavigationController.swift
SwiftCompile normal arm64 /Users/admin/builder/spi-builder-workspace/.dependencies/checkouts/IBDecodable/Sources/Models/Controllers/PageViewController.swift (in target 'IBDecodable' from project 'IBDecodable')
cd /Users/admin/builder/spi-builder-workspace/.swiftpm/xcode
builtin-SwiftPerFileCompile PageViewController.swift
SwiftEmitModule normal arm64_32 Emitting\ module\ for\ Commandant (in target 'Commandant' from project 'Commandant')
SwiftCompile normal arm64_32 (in target 'Commandant' from project 'Commandant')
cd /Users/admin/builder/spi-builder-workspace/.swiftpm/xcode
SwiftDriverJobDiscovery normal arm64_32 Compiling Geometry.swift, KeyCommand.swift, ModalPresentationStyle.swift, ModalTransitionStyle.swift, Primitive.swift, AnyResource.swift, Image.swift, NamedColor.swift, SystemColor.swift (in target 'IBDecodable' from project 'IBDecodable')
SwiftEmitModule normal arm64 Emitting\ module\ for\ Commandant (in target 'Commandant' from project 'Commandant')
SwiftCompile normal arm64 (in target 'Commandant' from project 'Commandant')
cd /Users/admin/builder/spi-builder-workspace/.swiftpm/xcode
SwiftDriverJobDiscovery normal arm64 Compiling Geometry.swift, KeyCommand.swift, ModalPresentationStyle.swift, ModalTransitionStyle.swift, Primitive.swift, AnyResource.swift, Image.swift, NamedColor.swift, SystemColor.swift (in target 'IBDecodable' from project 'IBDecodable')
SwiftCompile normal arm64 Compiling\ Placeholder.swift,\ Scene.swift,\ SearchDisplayController.swift,\ StoryboardDocument.swift,\ TargetRuntime.swift,\ XibDocument.swift,\ InterfaceBuilderFile.swift,\ StoryboardFile.swift,\ XibFile.swift /Users/admin/builder/spi-builder-workspace/.dependencies/checkouts/IBDecodable/Sources/Models/Documents/Placeholder.swift /Users/admin/builder/spi-builder-workspace/.dependencies/checkouts/IBDecodable/Sources/Models/Documents/Scene.swift /Users/admin/builder/spi-builder-workspace/.dependencies/checkouts/IBDecodable/Sources/Models/Documents/SearchDisplayController.swift /Users/admin/builder/spi-builder-workspace/.dependencies/checkouts/IBDecodable/Sources/Models/Documents/StoryboardDocument.swift /Users/admin/builder/spi-builder-workspace/.dependencies/checkouts/IBDecodable/Sources/Models/Documents/TargetRuntime.swift /Users/admin/builder/spi-builder-workspace/.dependencies/checkouts/IBDecodable/Sources/Models/Documents/XibDocument.swift /Users/admin/builder/spi-builder-workspace/.dependencies/checkouts/IBDecodable/Sources/Models/Files/InterfaceBuilderFile.swift /Users/admin/builder/spi-builder-workspace/.dependencies/checkouts/IBDecodable/Sources/Models/Files/StoryboardFile.swift /Users/admin/builder/spi-builder-workspace/.dependencies/checkouts/IBDecodable/Sources/Models/Files/XibFile.swift (in target 'IBDecodable' from project 'IBDecodable')
SwiftCompile normal arm64 /Users/admin/builder/spi-builder-workspace/.dependencies/checkouts/IBDecodable/Sources/Models/Documents/Placeholder.swift (in target 'IBDecodable' from project 'IBDecodable')
cd /Users/admin/builder/spi-builder-workspace/.swiftpm/xcode
builtin-SwiftPerFileCompile Placeholder.swift
SwiftCompile normal arm64 /Users/admin/builder/spi-builder-workspace/.dependencies/checkouts/IBDecodable/Sources/Models/Documents/Scene.swift (in target 'IBDecodable' from project 'IBDecodable')
cd /Users/admin/builder/spi-builder-workspace/.swiftpm/xcode
builtin-SwiftPerFileCompile Scene.swift
SwiftCompile normal arm64 /Users/admin/builder/spi-builder-workspace/.dependencies/checkouts/IBDecodable/Sources/Models/Documents/SearchDisplayController.swift (in target 'IBDecodable' from project 'IBDecodable')
cd /Users/admin/builder/spi-builder-workspace/.swiftpm/xcode
builtin-SwiftPerFileCompile SearchDisplayController.swift
SwiftCompile normal arm64 /Users/admin/builder/spi-builder-workspace/.dependencies/checkouts/IBDecodable/Sources/Models/Documents/StoryboardDocument.swift (in target 'IBDecodable' from project 'IBDecodable')
cd /Users/admin/builder/spi-builder-workspace/.swiftpm/xcode
builtin-SwiftPerFileCompile StoryboardDocument.swift
SwiftCompile normal arm64 /Users/admin/builder/spi-builder-workspace/.dependencies/checkouts/IBDecodable/Sources/Models/Documents/TargetRuntime.swift (in target 'IBDecodable' from project 'IBDecodable')
cd /Users/admin/builder/spi-builder-workspace/.swiftpm/xcode
builtin-SwiftPerFileCompile TargetRuntime.swift
SwiftCompile normal arm64 /Users/admin/builder/spi-builder-workspace/.dependencies/checkouts/IBDecodable/Sources/Models/Documents/XibDocument.swift (in target 'IBDecodable' from project 'IBDecodable')
cd /Users/admin/builder/spi-builder-workspace/.swiftpm/xcode
builtin-SwiftPerFileCompile XibDocument.swift
SwiftCompile normal arm64 /Users/admin/builder/spi-builder-workspace/.dependencies/checkouts/IBDecodable/Sources/Models/Files/InterfaceBuilderFile.swift (in target 'IBDecodable' from project 'IBDecodable')
cd /Users/admin/builder/spi-builder-workspace/.swiftpm/xcode
builtin-SwiftPerFileCompile InterfaceBuilderFile.swift
SwiftCompile normal arm64 /Users/admin/builder/spi-builder-workspace/.dependencies/checkouts/IBDecodable/Sources/Models/Files/StoryboardFile.swift (in target 'IBDecodable' from project 'IBDecodable')
cd /Users/admin/builder/spi-builder-workspace/.swiftpm/xcode
builtin-SwiftPerFileCompile StoryboardFile.swift
SwiftCompile normal arm64 /Users/admin/builder/spi-builder-workspace/.dependencies/checkouts/IBDecodable/Sources/Models/Files/XibFile.swift (in target 'IBDecodable' from project 'IBDecodable')
cd /Users/admin/builder/spi-builder-workspace/.swiftpm/xcode
builtin-SwiftPerFileCompile XibFile.swift
SwiftDriverJobDiscovery normal arm64 Compiling IBError.swift, IBProtocol.swift, Accessibility.swift, AttributedString.swift, Classes.swift, Color.swift, Action.swift, AnyConnection.swift, Outlet.swift (in target 'IBDecodable' from project 'IBDecodable')
SwiftCompile normal arm64_32 Compiling\ Button.swift,\ ControlProtocol.swift,\ DatePicker.swift,\ PageControl.swift,\ SegmentedControl.swift,\ Slider.swift,\ Stepper.swift,\ Switch.swift,\ TextField.swift /Users/admin/builder/spi-builder-workspace/.dependencies/checkouts/IBDecodable/Sources/Models/Views/Controls/Button.swift /Users/admin/builder/spi-builder-workspace/.dependencies/checkouts/IBDecodable/Sources/Models/Views/Controls/ControlProtocol.swift /Users/admin/builder/spi-builder-workspace/.dependencies/checkouts/IBDecodable/Sources/Models/Views/Controls/DatePicker.swift /Users/admin/builder/spi-builder-workspace/.dependencies/checkouts/IBDecodable/Sources/Models/Views/Controls/PageControl.swift /Users/admin/builder/spi-builder-workspace/.dependencies/checkouts/IBDecodable/Sources/Models/Views/Controls/SegmentedControl.swift /Users/admin/builder/spi-builder-workspace/.dependencies/checkouts/IBDecodable/Sources/Models/Views/Controls/Slider.swift /Users/admin/builder/spi-builder-workspace/.dependencies/checkouts/IBDecodable/Sources/Models/Views/Controls/Stepper.swift /Users/admin/builder/spi-builder-workspace/.dependencies/checkouts/IBDecodable/Sources/Models/Views/Controls/Switch.swift /Users/admin/builder/spi-builder-workspace/.dependencies/checkouts/IBDecodable/Sources/Models/Views/Controls/TextField.swift (in target 'IBDecodable' from project 'IBDecodable')
SwiftCompile normal arm64_32 /Users/admin/builder/spi-builder-workspace/.dependencies/checkouts/IBDecodable/Sources/Models/Views/Controls/Button.swift (in target 'IBDecodable' from project 'IBDecodable')
cd /Users/admin/builder/spi-builder-workspace/.swiftpm/xcode
builtin-SwiftPerFileCompile Button.swift
SwiftCompile normal arm64_32 /Users/admin/builder/spi-builder-workspace/.dependencies/checkouts/IBDecodable/Sources/Models/Views/Controls/ControlProtocol.swift (in target 'IBDecodable' from project 'IBDecodable')
cd /Users/admin/builder/spi-builder-workspace/.swiftpm/xcode
builtin-SwiftPerFileCompile ControlProtocol.swift
SwiftCompile normal arm64_32 /Users/admin/builder/spi-builder-workspace/.dependencies/checkouts/IBDecodable/Sources/Models/Views/Controls/DatePicker.swift (in target 'IBDecodable' from project 'IBDecodable')
cd /Users/admin/builder/spi-builder-workspace/.swiftpm/xcode
builtin-SwiftPerFileCompile DatePicker.swift
SwiftCompile normal arm64_32 /Users/admin/builder/spi-builder-workspace/.dependencies/checkouts/IBDecodable/Sources/Models/Views/Controls/PageControl.swift (in target 'IBDecodable' from project 'IBDecodable')
cd /Users/admin/builder/spi-builder-workspace/.swiftpm/xcode
builtin-SwiftPerFileCompile PageControl.swift
SwiftCompile normal arm64_32 /Users/admin/builder/spi-builder-workspace/.dependencies/checkouts/IBDecodable/Sources/Models/Views/Controls/SegmentedControl.swift (in target 'IBDecodable' from project 'IBDecodable')
cd /Users/admin/builder/spi-builder-workspace/.swiftpm/xcode
builtin-SwiftPerFileCompile SegmentedControl.swift
SwiftCompile normal arm64_32 /Users/admin/builder/spi-builder-workspace/.dependencies/checkouts/IBDecodable/Sources/Models/Views/Controls/Slider.swift (in target 'IBDecodable' from project 'IBDecodable')
cd /Users/admin/builder/spi-builder-workspace/.swiftpm/xcode
builtin-SwiftPerFileCompile Slider.swift
SwiftCompile normal arm64_32 /Users/admin/builder/spi-builder-workspace/.dependencies/checkouts/IBDecodable/Sources/Models/Views/Controls/Stepper.swift (in target 'IBDecodable' from project 'IBDecodable')
cd /Users/admin/builder/spi-builder-workspace/.swiftpm/xcode
builtin-SwiftPerFileCompile Stepper.swift
SwiftCompile normal arm64_32 /Users/admin/builder/spi-builder-workspace/.dependencies/checkouts/IBDecodable/Sources/Models/Views/Controls/Switch.swift (in target 'IBDecodable' from project 'IBDecodable')
cd /Users/admin/builder/spi-builder-workspace/.swiftpm/xcode
builtin-SwiftPerFileCompile Switch.swift
SwiftCompile normal arm64_32 /Users/admin/builder/spi-builder-workspace/.dependencies/checkouts/IBDecodable/Sources/Models/Views/Controls/TextField.swift (in target 'IBDecodable' from project 'IBDecodable')
cd /Users/admin/builder/spi-builder-workspace/.swiftpm/xcode
builtin-SwiftPerFileCompile TextField.swift
SwiftDriverJobDiscovery normal arm64_32 Compiling View.swift, VisualEffectView.swift, InterfaceBuilderParser.swift, MapXMLIndexerContainer.swift, MappedCodingKey.swift, XMLDecodable.swift, XMLIndexer.swift, XMLIndexerContainer.swift (in target 'IBDecodable' from project 'IBDecodable')
SwiftCompile normal arm64 Compiling\ View.swift,\ VisualEffectView.swift,\ InterfaceBuilderParser.swift,\ MapXMLIndexerContainer.swift,\ MappedCodingKey.swift,\ XMLDecodable.swift,\ XMLIndexer.swift,\ XMLIndexerContainer.swift /Users/admin/builder/spi-builder-workspace/.dependencies/checkouts/IBDecodable/Sources/Models/Views/View.swift /Users/admin/builder/spi-builder-workspace/.dependencies/checkouts/IBDecodable/Sources/Models/Views/VisualEffectView.swift /Users/admin/builder/spi-builder-workspace/.dependencies/checkouts/IBDecodable/Sources/Parsers/InterfaceBuilderParser.swift /Users/admin/builder/spi-builder-workspace/.dependencies/checkouts/IBDecodable/Sources/XMLDecodable/MapXMLIndexerContainer.swift /Users/admin/builder/spi-builder-workspace/.dependencies/checkouts/IBDecodable/Sources/XMLDecodable/MappedCodingKey.swift /Users/admin/builder/spi-builder-workspace/.dependencies/checkouts/IBDecodable/Sources/XMLDecodable/XMLDecodable.swift /Users/admin/builder/spi-builder-workspace/.dependencies/checkouts/IBDecodable/Sources/XMLDecodable/XMLIndexer.swift /Users/admin/builder/spi-builder-workspace/.dependencies/checkouts/IBDecodable/Sources/XMLDecodable/XMLIndexerContainer.swift (in target 'IBDecodable' from project 'IBDecodable')
SwiftCompile normal arm64 /Users/admin/builder/spi-builder-workspace/.dependencies/checkouts/IBDecodable/Sources/Models/Views/View.swift (in target 'IBDecodable' from project 'IBDecodable')
cd /Users/admin/builder/spi-builder-workspace/.swiftpm/xcode
builtin-SwiftPerFileCompile View.swift
SwiftCompile normal arm64 /Users/admin/builder/spi-builder-workspace/.dependencies/checkouts/IBDecodable/Sources/Models/Views/VisualEffectView.swift (in target 'IBDecodable' from project 'IBDecodable')
cd /Users/admin/builder/spi-builder-workspace/.swiftpm/xcode
builtin-SwiftPerFileCompile VisualEffectView.swift
SwiftCompile normal arm64 /Users/admin/builder/spi-builder-workspace/.dependencies/checkouts/IBDecodable/Sources/Parsers/InterfaceBuilderParser.swift (in target 'IBDecodable' from project 'IBDecodable')
cd /Users/admin/builder/spi-builder-workspace/.swiftpm/xcode
builtin-SwiftPerFileCompile InterfaceBuilderParser.swift
SwiftCompile normal arm64 /Users/admin/builder/spi-builder-workspace/.dependencies/checkouts/IBDecodable/Sources/XMLDecodable/MapXMLIndexerContainer.swift (in target 'IBDecodable' from project 'IBDecodable')
cd /Users/admin/builder/spi-builder-workspace/.swiftpm/xcode
builtin-SwiftPerFileCompile MapXMLIndexerContainer.swift
SwiftCompile normal arm64 /Users/admin/builder/spi-builder-workspace/.dependencies/checkouts/IBDecodable/Sources/XMLDecodable/MappedCodingKey.swift (in target 'IBDecodable' from project 'IBDecodable')
cd /Users/admin/builder/spi-builder-workspace/.swiftpm/xcode
builtin-SwiftPerFileCompile MappedCodingKey.swift
SwiftCompile normal arm64 /Users/admin/builder/spi-builder-workspace/.dependencies/checkouts/IBDecodable/Sources/XMLDecodable/XMLDecodable.swift (in target 'IBDecodable' from project 'IBDecodable')
cd /Users/admin/builder/spi-builder-workspace/.swiftpm/xcode
builtin-SwiftPerFileCompile XMLDecodable.swift
SwiftCompile normal arm64 /Users/admin/builder/spi-builder-workspace/.dependencies/checkouts/IBDecodable/Sources/XMLDecodable/XMLIndexer.swift (in target 'IBDecodable' from project 'IBDecodable')
cd /Users/admin/builder/spi-builder-workspace/.swiftpm/xcode
builtin-SwiftPerFileCompile XMLIndexer.swift
SwiftCompile normal arm64 /Users/admin/builder/spi-builder-workspace/.dependencies/checkouts/IBDecodable/Sources/XMLDecodable/XMLIndexerContainer.swift (in target 'IBDecodable' from project 'IBDecodable')
cd /Users/admin/builder/spi-builder-workspace/.swiftpm/xcode
builtin-SwiftPerFileCompile XMLIndexerContainer.swift
SwiftDriverJobDiscovery normal arm64_32 Emitting module for Commandant (in target 'Commandant' from project 'Commandant')
SwiftDriver\ Compilation\ Requirements Commandant normal arm64_32 com.apple.xcode.tools.swift.compiler (in target 'Commandant' from project 'Commandant')
cd /Users/admin/builder/spi-builder-workspace/.swiftpm/xcode
builtin-Swift-Compilation-Requirements -- /Applications/Xcode-27.0.0-Release.Candidate.app/Contents/Developer/Toolchains/XcodeDefault.xctoolchain/usr/bin/swiftc -parse-as-library -module-name Commandant -Onone @/Users/admin/builder/spi-builder-workspace/.derivedData/Build/Intermediates.noindex/Commandant.build/Debug-watchos/Commandant-t.build/Objects-normal/arm64_32/Commandant.SwiftFileList -DSWIFT_PACKAGE -DDEBUG -DSWIFT_MODULE_RESOURCE_BUNDLE_UNAVAILABLE -DXcode -plugin-path /Applications/Xcode-27.0.0-Release.Candidate.app/Contents/Developer/Toolchains/XcodeDefault.xctoolchain/usr/lib/swift/host/plugins/testing -enable-experimental-feature DebugDescriptionMacro -sdk /Applications/Xcode-27.0.0-Release.Candidate.app/Contents/Developer/Platforms/WatchOS.platform/Developer/SDKs/WatchOS27.0.sdk -target arm64_32-apple-watchos9.0 -g -module-cache-path /Users/admin/builder/spi-builder-workspace/.derivedData/ModuleCache.noindex -Xfrontend -serialize-debugging-options -profile-coverage-mapping -profile-generate -enable-testing -suppress-warnings -index-store-path /Users/admin/builder/spi-builder-workspace/.derivedData/Index.noindex/DataStore -Xcc -D_LIBCPP_HARDENING_MODE\=_LIBCPP_HARDENING_MODE_DEBUG -swift-version 5 -I /Users/admin/builder/spi-builder-workspace/.derivedData/Build/Products/Debug-watchos -Isystem /Applications/Xcode-27.0.0-Release.Candidate.app/Contents/Developer/Platforms/WatchOS.platform/Developer/usr/lib -F /Users/admin/builder/spi-builder-workspace/.derivedData/Build/Products/Debug-watchos/PackageFrameworks -F /Users/admin/builder/spi-builder-workspace/.derivedData/Build/Products/Debug-watchos -F /Applications/Xcode-27.0.0-Release.Candidate.app/Contents/Developer/Platforms/WatchOS.platform/Developer/Library/Frameworks -F /Applications/Xcode-27.0.0-Release.Candidate.app/Contents/Developer/Platforms/WatchOS.platform/Developer/SDKs/WatchOS27.0.sdk/Developer/Library/Frameworks -c -j10 -enable-batch-mode -incremental -Xcc -ivfsstatcache -Xcc /Users/admin/builder/spi-builder-workspace/.derivedData/SDKStatCaches.noindex/watchos27.0-24R360-e829b21a6f8c9b70876ba0858053c04477534ef55a1706bf4c1112bbb242f0a2.sdkstatcache -output-file-map /Users/admin/builder/spi-builder-workspace/.derivedData/Build/Intermediates.noindex/Commandant.build/Debug-watchos/Commandant-t.build/Objects-normal/arm64_32/Commandant-OutputFileMap.json -save-temps -no-color-diagnostics -explicit-module-build -module-cache-path /Users/admin/builder/spi-builder-workspace/.derivedData/Build/Intermediates.noindex/SwiftExplicitPrecompiledModules -clang-scanner-module-cache-path /Users/admin/builder/spi-builder-workspace/.derivedData/ModuleCache.noindex -sdk-module-cache-path /Users/admin/builder/spi-builder-workspace/.derivedData/SDKExplicitPrecompiledModules -emit-dependencies -emit-module -emit-module-path /Users/admin/builder/spi-builder-workspace/.derivedData/Build/Intermediates.noindex/Commandant.build/Debug-watchos/Commandant-t.build/Objects-normal/arm64_32/Commandant.swiftmodule -serialize-diagnostics -dependency-scan-serialize-diagnostics-path /Users/admin/builder/spi-builder-workspace/.derivedData/Build/Intermediates.noindex/Commandant.build/Debug-watchos/Commandant-t.build/Objects-normal/arm64_32/Commandant-dependency-scan.dia -validate-clang-modules-once -clang-build-session-file /Users/admin/builder/spi-builder-workspace/.derivedData/ModuleCache.noindex/Session.modulevalidation -Xcc -fmodules-prune-interval\=86400 -Xcc -fmodules-prune-after\=345600 -emit-const-values -const-gather-protocols-list /Users/admin/builder/spi-builder-workspace/.derivedData/Build/Intermediates.noindex/Commandant.build/Debug-watchos/Commandant-t.build/Objects-normal/arm64_32/Commandant_const_extract_protocols.json -Xcc -I/Users/admin/builder/spi-builder-workspace/.derivedData/Build/Products/Debug-watchos/include -Xcc -I/Users/admin/builder/spi-builder-workspace/.derivedData/Build/Intermediates.noindex/Commandant.build/Debug-watchos/Commandant-t.build/DerivedSources-normal/arm64_32 -Xcc -I/Users/admin/builder/spi-builder-workspace/.derivedData/Build/Intermediates.noindex/Commandant.build/Debug-watchos/Commandant-t.build/DerivedSources/arm64_32 -Xcc -I/Users/admin/builder/spi-builder-workspace/.derivedData/Build/Intermediates.noindex/Commandant.build/Debug-watchos/Commandant-t.build/DerivedSources -Xcc -DSWIFT_PACKAGE -Xcc -DDEBUG\=1 -emit-objc-header -emit-objc-header-path /Users/admin/builder/spi-builder-workspace/.derivedData/Build/Intermediates.noindex/Commandant.build/Debug-watchos/Commandant-t.build/Objects-normal/arm64_32/Commandant-Swift.h -working-directory /Users/admin/builder/spi-builder-workspace/.swiftpm/xcode -experimental-emit-module-separately -disable-cmo
SwiftDriverJobDiscovery normal arm64 Emitting module for Commandant (in target 'Commandant' from project 'Commandant')
SwiftDriver\ Compilation\ Requirements Commandant normal arm64 com.apple.xcode.tools.swift.compiler (in target 'Commandant' from project 'Commandant')
cd /Users/admin/builder/spi-builder-workspace/.swiftpm/xcode
builtin-Swift-Compilation-Requirements -- /Applications/Xcode-27.0.0-Release.Candidate.app/Contents/Developer/Toolchains/XcodeDefault.xctoolchain/usr/bin/swiftc -parse-as-library -module-name Commandant -Onone @/Users/admin/builder/spi-builder-workspace/.derivedData/Build/Intermediates.noindex/Commandant.build/Debug-watchos/Commandant-t.build/Objects-normal/arm64/Commandant.SwiftFileList -DSWIFT_PACKAGE -DDEBUG -DSWIFT_MODULE_RESOURCE_BUNDLE_UNAVAILABLE -DXcode -plugin-path /Applications/Xcode-27.0.0-Release.Candidate.app/Contents/Developer/Toolchains/XcodeDefault.xctoolchain/usr/lib/swift/host/plugins/testing -enable-experimental-feature DebugDescriptionMacro -sdk /Applications/Xcode-27.0.0-Release.Candidate.app/Contents/Developer/Platforms/WatchOS.platform/Developer/SDKs/WatchOS27.0.sdk -target arm64-apple-watchos9.0 -g -module-cache-path /Users/admin/builder/spi-builder-workspace/.derivedData/ModuleCache.noindex -Xfrontend -serialize-debugging-options -profile-coverage-mapping -profile-generate -enable-testing -suppress-warnings -index-store-path /Users/admin/builder/spi-builder-workspace/.derivedData/Index.noindex/DataStore -Xcc -D_LIBCPP_HARDENING_MODE\=_LIBCPP_HARDENING_MODE_DEBUG -swift-version 5 -I /Users/admin/builder/spi-builder-workspace/.derivedData/Build/Products/Debug-watchos -Isystem /Applications/Xcode-27.0.0-Release.Candidate.app/Contents/Developer/Platforms/WatchOS.platform/Developer/usr/lib -F /Users/admin/builder/spi-builder-workspace/.derivedData/Build/Products/Debug-watchos/PackageFrameworks -F /Users/admin/builder/spi-builder-workspace/.derivedData/Build/Products/Debug-watchos -F /Applications/Xcode-27.0.0-Release.Candidate.app/Contents/Developer/Platforms/WatchOS.platform/Developer/Library/Frameworks -F /Applications/Xcode-27.0.0-Release.Candidate.app/Contents/Developer/Platforms/WatchOS.platform/Developer/SDKs/WatchOS27.0.sdk/Developer/Library/Frameworks -c -j10 -enable-batch-mode -incremental -Xcc -ivfsstatcache -Xcc /Users/admin/builder/spi-builder-workspace/.derivedData/SDKStatCaches.noindex/watchos27.0-24R360-e829b21a6f8c9b70876ba0858053c04477534ef55a1706bf4c1112bbb242f0a2.sdkstatcache -output-file-map /Users/admin/builder/spi-builder-workspace/.derivedData/Build/Intermediates.noindex/Commandant.build/Debug-watchos/Commandant-t.build/Objects-normal/arm64/Commandant-OutputFileMap.json -save-temps -no-color-diagnostics -explicit-module-build -module-cache-path /Users/admin/builder/spi-builder-workspace/.derivedData/Build/Intermediates.noindex/SwiftExplicitPrecompiledModules -clang-scanner-module-cache-path /Users/admin/builder/spi-builder-workspace/.derivedData/ModuleCache.noindex -sdk-module-cache-path /Users/admin/builder/spi-builder-workspace/.derivedData/SDKExplicitPrecompiledModules -emit-dependencies -emit-module -emit-module-path /Users/admin/builder/spi-builder-workspace/.derivedData/Build/Intermediates.noindex/Commandant.build/Debug-watchos/Commandant-t.build/Objects-normal/arm64/Commandant.swiftmodule -serialize-diagnostics -dependency-scan-serialize-diagnostics-path /Users/admin/builder/spi-builder-workspace/.derivedData/Build/Intermediates.noindex/Commandant.build/Debug-watchos/Commandant-t.build/Objects-normal/arm64/Commandant-dependency-scan.dia -validate-clang-modules-once -clang-build-session-file /Users/admin/builder/spi-builder-workspace/.derivedData/ModuleCache.noindex/Session.modulevalidation -Xcc -fmodules-prune-interval\=86400 -Xcc -fmodules-prune-after\=345600 -emit-const-values -const-gather-protocols-list /Users/admin/builder/spi-builder-workspace/.derivedData/Build/Intermediates.noindex/Commandant.build/Debug-watchos/Commandant-t.build/Objects-normal/arm64/Commandant_const_extract_protocols.json -Xcc -I/Users/admin/builder/spi-builder-workspace/.derivedData/Build/Products/Debug-watchos/include -Xcc -I/Users/admin/builder/spi-builder-workspace/.derivedData/Build/Intermediates.noindex/Commandant.build/Debug-watchos/Commandant-t.build/DerivedSources-normal/arm64 -Xcc -I/Users/admin/builder/spi-builder-workspace/.derivedData/Build/Intermediates.noindex/Commandant.build/Debug-watchos/Commandant-t.build/DerivedSources/arm64 -Xcc -I/Users/admin/builder/spi-builder-workspace/.derivedData/Build/Intermediates.noindex/Commandant.build/Debug-watchos/Commandant-t.build/DerivedSources -Xcc -DSWIFT_PACKAGE -Xcc -DDEBUG\=1 -emit-objc-header -emit-objc-header-path /Users/admin/builder/spi-builder-workspace/.derivedData/Build/Intermediates.noindex/Commandant.build/Debug-watchos/Commandant-t.build/Objects-normal/arm64/Commandant-Swift.h -working-directory /Users/admin/builder/spi-builder-workspace/.swiftpm/xcode -experimental-emit-module-separately -disable-cmo
Copy /Users/admin/builder/spi-builder-workspace/.derivedData/Build/Products/Debug-watchos/Commandant.swiftmodule/arm64_32-apple-watchos.swiftmodule /Users/admin/builder/spi-builder-workspace/.derivedData/Build/Intermediates.noindex/Commandant.build/Debug-watchos/Commandant-t.build/Objects-normal/arm64_32/Commandant.swiftmodule (in target 'Commandant' from project 'Commandant')
cd /Users/admin/builder/spi-builder-workspace/.dependencies/checkouts/Commandant
builtin-copy -exclude .DS_Store -exclude CVS -exclude .svn -exclude .git -exclude .hg -resolve-src-symlinks -rename /Users/admin/builder/spi-builder-workspace/.derivedData/Build/Intermediates.noindex/Commandant.build/Debug-watchos/Commandant-t.build/Objects-normal/arm64_32/Commandant.swiftmodule /Users/admin/builder/spi-builder-workspace/.derivedData/Build/Products/Debug-watchos/Commandant.swiftmodule/arm64_32-apple-watchos.swiftmodule
SwiftMergeGeneratedHeaders /Users/admin/builder/spi-builder-workspace/.derivedData/Build/Intermediates.noindex/GeneratedModuleMaps-watchos/Commandant-Swift.h /Users/admin/builder/spi-builder-workspace/.derivedData/Build/Intermediates.noindex/Commandant.build/Debug-watchos/Commandant-t.build/Objects-normal/arm64/Commandant-Swift.h /Users/admin/builder/spi-builder-workspace/.derivedData/Build/Intermediates.noindex/Commandant.build/Debug-watchos/Commandant-t.build/Objects-normal/arm64_32/Commandant-Swift.h (in target 'Commandant' from project 'Commandant')
cd /Users/admin/builder/spi-builder-workspace/.dependencies/checkouts/Commandant
builtin-swiftHeaderTool -arch arm64 /Users/admin/builder/spi-builder-workspace/.derivedData/Build/Intermediates.noindex/Commandant.build/Debug-watchos/Commandant-t.build/Objects-normal/arm64/Commandant-Swift.h -arch arm64_32 /Users/admin/builder/spi-builder-workspace/.derivedData/Build/Intermediates.noindex/Commandant.build/Debug-watchos/Commandant-t.build/Objects-normal/arm64_32/Commandant-Swift.h -o /Users/admin/builder/spi-builder-workspace/.derivedData/Build/Intermediates.noindex/GeneratedModuleMaps-watchos/Commandant-Swift.h
Copy /Users/admin/builder/spi-builder-workspace/.derivedData/Build/Products/Debug-watchos/Commandant.swiftmodule/arm64_32-apple-watchos.swiftdoc /Users/admin/builder/spi-builder-workspace/.derivedData/Build/Intermediates.noindex/Commandant.build/Debug-watchos/Commandant-t.build/Objects-normal/arm64_32/Commandant.swiftdoc (in target 'Commandant' from project 'Commandant')
cd /Users/admin/builder/spi-builder-workspace/.dependencies/checkouts/Commandant
builtin-copy -exclude .DS_Store -exclude CVS -exclude .svn -exclude .git -exclude .hg -resolve-src-symlinks -rename /Users/admin/builder/spi-builder-workspace/.derivedData/Build/Intermediates.noindex/Commandant.build/Debug-watchos/Commandant-t.build/Objects-normal/arm64_32/Commandant.swiftdoc /Users/admin/builder/spi-builder-workspace/.derivedData/Build/Products/Debug-watchos/Commandant.swiftmodule/arm64_32-apple-watchos.swiftdoc
Copy /Users/admin/builder/spi-builder-workspace/.derivedData/Build/Products/Debug-watchos/Commandant.swiftmodule/arm64_32-apple-watchos.abi.json /Users/admin/builder/spi-builder-workspace/.derivedData/Build/Intermediates.noindex/Commandant.build/Debug-watchos/Commandant-t.build/Objects-normal/arm64_32/Commandant.abi.json (in target 'Commandant' from project 'Commandant')
cd /Users/admin/builder/spi-builder-workspace/.dependencies/checkouts/Commandant
builtin-copy -exclude .DS_Store -exclude CVS -exclude .svn -exclude .git -exclude .hg -resolve-src-symlinks -rename /Users/admin/builder/spi-builder-workspace/.derivedData/Build/Intermediates.noindex/Commandant.build/Debug-watchos/Commandant-t.build/Objects-normal/arm64_32/Commandant.abi.json /Users/admin/builder/spi-builder-workspace/.derivedData/Build/Products/Debug-watchos/Commandant.swiftmodule/arm64_32-apple-watchos.abi.json
Copy /Users/admin/builder/spi-builder-workspace/.derivedData/Build/Products/Debug-watchos/Commandant.swiftmodule/arm64-apple-watchos.swiftmodule /Users/admin/builder/spi-builder-workspace/.derivedData/Build/Intermediates.noindex/Commandant.build/Debug-watchos/Commandant-t.build/Objects-normal/arm64/Commandant.swiftmodule (in target 'Commandant' from project 'Commandant')
cd /Users/admin/builder/spi-builder-workspace/.dependencies/checkouts/Commandant
builtin-copy -exclude .DS_Store -exclude CVS -exclude .svn -exclude .git -exclude .hg -resolve-src-symlinks -rename /Users/admin/builder/spi-builder-workspace/.derivedData/Build/Intermediates.noindex/Commandant.build/Debug-watchos/Commandant-t.build/Objects-normal/arm64/Commandant.swiftmodule /Users/admin/builder/spi-builder-workspace/.derivedData/Build/Products/Debug-watchos/Commandant.swiftmodule/arm64-apple-watchos.swiftmodule
Copy /Users/admin/builder/spi-builder-workspace/.derivedData/Build/Products/Debug-watchos/Commandant.swiftmodule/arm64-apple-watchos.swiftdoc /Users/admin/builder/spi-builder-workspace/.derivedData/Build/Intermediates.noindex/Commandant.build/Debug-watchos/Commandant-t.build/Objects-normal/arm64/Commandant.swiftdoc (in target 'Commandant' from project 'Commandant')
cd /Users/admin/builder/spi-builder-workspace/.dependencies/checkouts/Commandant
builtin-copy -exclude .DS_Store -exclude CVS -exclude .svn -exclude .git -exclude .hg -resolve-src-symlinks -rename /Users/admin/builder/spi-builder-workspace/.derivedData/Build/Intermediates.noindex/Commandant.build/Debug-watchos/Commandant-t.build/Objects-normal/arm64/Commandant.swiftdoc /Users/admin/builder/spi-builder-workspace/.derivedData/Build/Products/Debug-watchos/Commandant.swiftmodule/arm64-apple-watchos.swiftdoc
SwiftDriverJobDiscovery normal arm64 Compiling OutletCollection.swift, Segue.swift, AnyViewController.swift, CollectionViewController.swift, AVPlayerViewController.swift, GLKViewController.swift, HostingController.swift, NavigationController.swift, PageViewController.swift (in target 'IBDecodable' from project 'IBDecodable')
Copy /Users/admin/builder/spi-builder-workspace/.derivedData/Build/Products/Debug-watchos/Commandant.swiftmodule/arm64-apple-watchos.abi.json /Users/admin/builder/spi-builder-workspace/.derivedData/Build/Intermediates.noindex/Commandant.build/Debug-watchos/Commandant-t.build/Objects-normal/arm64/Commandant.abi.json (in target 'Commandant' from project 'Commandant')
cd /Users/admin/builder/spi-builder-workspace/.dependencies/checkouts/Commandant
builtin-copy -exclude .DS_Store -exclude CVS -exclude .svn -exclude .git -exclude .hg -resolve-src-symlinks -rename /Users/admin/builder/spi-builder-workspace/.derivedData/Build/Intermediates.noindex/Commandant.build/Debug-watchos/Commandant-t.build/Objects-normal/arm64/Commandant.abi.json /Users/admin/builder/spi-builder-workspace/.derivedData/Build/Products/Debug-watchos/Commandant.swiftmodule/arm64-apple-watchos.abi.json
Copy /Users/admin/builder/spi-builder-workspace/.derivedData/Build/Products/Debug-watchos/Commandant.swiftmodule/Project/arm64_32-apple-watchos.swiftsourceinfo /Users/admin/builder/spi-builder-workspace/.derivedData/Build/Intermediates.noindex/Commandant.build/Debug-watchos/Commandant-t.build/Objects-normal/arm64_32/Commandant.swiftsourceinfo (in target 'Commandant' from project 'Commandant')
cd /Users/admin/builder/spi-builder-workspace/.dependencies/checkouts/Commandant
builtin-copy -exclude .DS_Store -exclude CVS -exclude .svn -exclude .git -exclude .hg -resolve-src-symlinks -rename /Users/admin/builder/spi-builder-workspace/.derivedData/Build/Intermediates.noindex/Commandant.build/Debug-watchos/Commandant-t.build/Objects-normal/arm64_32/Commandant.swiftsourceinfo /Users/admin/builder/spi-builder-workspace/.derivedData/Build/Products/Debug-watchos/Commandant.swiftmodule/Project/arm64_32-apple-watchos.swiftsourceinfo
Copy /Users/admin/builder/spi-builder-workspace/.derivedData/Build/Products/Debug-watchos/Commandant.swiftmodule/Project/arm64-apple-watchos.swiftsourceinfo /Users/admin/builder/spi-builder-workspace/.derivedData/Build/Intermediates.noindex/Commandant.build/Debug-watchos/Commandant-t.build/Objects-normal/arm64/Commandant.swiftsourceinfo (in target 'Commandant' from project 'Commandant')
cd /Users/admin/builder/spi-builder-workspace/.dependencies/checkouts/Commandant
builtin-copy -exclude .DS_Store -exclude CVS -exclude .svn -exclude .git -exclude .hg -resolve-src-symlinks -rename /Users/admin/builder/spi-builder-workspace/.derivedData/Build/Intermediates.noindex/Commandant.build/Debug-watchos/Commandant-t.build/Objects-normal/arm64/Commandant.swiftsourceinfo /Users/admin/builder/spi-builder-workspace/.derivedData/Build/Products/Debug-watchos/Commandant.swiftmodule/Project/arm64-apple-watchos.swiftsourceinfo
SwiftCompile normal arm64 Compiling\ SplitViewController.swift,\ TabBarController.swift,\ TableViewController.swift,\ ViewController.swift,\ AnyDependency.swift,\ CustomObject.swift,\ Device.swift,\ Exit.swift,\ InterfaceBuilderDocument.swift /Users/admin/builder/spi-builder-workspace/.dependencies/checkouts/IBDecodable/Sources/Models/Controllers/SplitViewController.swift /Users/admin/builder/spi-builder-workspace/.dependencies/checkouts/IBDecodable/Sources/Models/Controllers/TabBarController.swift /Users/admin/builder/spi-builder-workspace/.dependencies/checkouts/IBDecodable/Sources/Models/Controllers/TableViewController.swift /Users/admin/builder/spi-builder-workspace/.dependencies/checkouts/IBDecodable/Sources/Models/Controllers/ViewController.swift /Users/admin/builder/spi-builder-workspace/.dependencies/checkouts/IBDecodable/Sources/Models/Documents/AnyDependency.swift /Users/admin/builder/spi-builder-workspace/.dependencies/checkouts/IBDecodable/Sources/Models/Documents/CustomObject.swift /Users/admin/builder/spi-builder-workspace/.dependencies/checkouts/IBDecodable/Sources/Models/Documents/Device.swift /Users/admin/builder/spi-builder-workspace/.dependencies/checkouts/IBDecodable/Sources/Models/Documents/Exit.swift /Users/admin/builder/spi-builder-workspace/.dependencies/checkouts/IBDecodable/Sources/Models/Documents/InterfaceBuilderDocument.swift (in target 'IBDecodable' from project 'IBDecodable')
SwiftCompile normal arm64 /Users/admin/builder/spi-builder-workspace/.dependencies/checkouts/IBDecodable/Sources/Models/Controllers/SplitViewController.swift (in target 'IBDecodable' from project 'IBDecodable')
cd /Users/admin/builder/spi-builder-workspace/.swiftpm/xcode
builtin-SwiftPerFileCompile SplitViewController.swift
SwiftCompile normal arm64 /Users/admin/builder/spi-builder-workspace/.dependencies/checkouts/IBDecodable/Sources/Models/Controllers/TabBarController.swift (in target 'IBDecodable' from project 'IBDecodable')
cd /Users/admin/builder/spi-builder-workspace/.swiftpm/xcode
builtin-SwiftPerFileCompile TabBarController.swift
SwiftCompile normal arm64 /Users/admin/builder/spi-builder-workspace/.dependencies/checkouts/IBDecodable/Sources/Models/Controllers/TableViewController.swift (in target 'IBDecodable' from project 'IBDecodable')
cd /Users/admin/builder/spi-builder-workspace/.swiftpm/xcode
builtin-SwiftPerFileCompile TableViewController.swift
SwiftCompile normal arm64 /Users/admin/builder/spi-builder-workspace/.dependencies/checkouts/IBDecodable/Sources/Models/Controllers/ViewController.swift (in target 'IBDecodable' from project 'IBDecodable')
cd /Users/admin/builder/spi-builder-workspace/.swiftpm/xcode
builtin-SwiftPerFileCompile ViewController.swift
SwiftCompile normal arm64 /Users/admin/builder/spi-builder-workspace/.dependencies/checkouts/IBDecodable/Sources/Models/Documents/AnyDependency.swift (in target 'IBDecodable' from project 'IBDecodable')
cd /Users/admin/builder/spi-builder-workspace/.swiftpm/xcode
builtin-SwiftPerFileCompile AnyDependency.swift
SwiftCompile normal arm64 /Users/admin/builder/spi-builder-workspace/.dependencies/checkouts/IBDecodable/Sources/Models/Documents/CustomObject.swift (in target 'IBDecodable' from project 'IBDecodable')
cd /Users/admin/builder/spi-builder-workspace/.swiftpm/xcode
builtin-SwiftPerFileCompile CustomObject.swift
SwiftCompile normal arm64 /Users/admin/builder/spi-builder-workspace/.dependencies/checkouts/IBDecodable/Sources/Models/Documents/Device.swift (in target 'IBDecodable' from project 'IBDecodable')
cd /Users/admin/builder/spi-builder-workspace/.swiftpm/xcode
builtin-SwiftPerFileCompile Device.swift
SwiftCompile normal arm64 /Users/admin/builder/spi-builder-workspace/.dependencies/checkouts/IBDecodable/Sources/Models/Documents/Exit.swift (in target 'IBDecodable' from project 'IBDecodable')
cd /Users/admin/builder/spi-builder-workspace/.swiftpm/xcode
builtin-SwiftPerFileCompile Exit.swift
SwiftCompile normal arm64 /Users/admin/builder/spi-builder-workspace/.dependencies/checkouts/IBDecodable/Sources/Models/Documents/InterfaceBuilderDocument.swift (in target 'IBDecodable' from project 'IBDecodable')
cd /Users/admin/builder/spi-builder-workspace/.swiftpm/xcode
builtin-SwiftPerFileCompile InterfaceBuilderDocument.swift
SwiftCompile normal arm64 Compiling\ TextView.swift,\ ARSCNView.swift,\ ARSKView.swift,\ GLKView.swift,\ MTKView.swift,\ MapView.swift,\ SKView.swift,\ SceneKitView.swift,\ WKWebView.swift /Users/admin/builder/spi-builder-workspace/.dependencies/checkouts/IBDecodable/Sources/Models/Views/Controls/TextView.swift /Users/admin/builder/spi-builder-workspace/.dependencies/checkouts/IBDecodable/Sources/Models/Views/Frameworks/ARSCNView.swift /Users/admin/builder/spi-builder-workspace/.dependencies/checkouts/IBDecodable/Sources/Models/Views/Frameworks/ARSKView.swift /Users/admin/builder/spi-builder-workspace/.dependencies/checkouts/IBDecodable/Sources/Models/Views/Frameworks/GLKView.swift /Users/admin/builder/spi-builder-workspace/.dependencies/checkouts/IBDecodable/Sources/Models/Views/Frameworks/MTKView.swift /Users/admin/builder/spi-builder-workspace/.dependencies/checkouts/IBDecodable/Sources/Models/Views/Frameworks/MapView.swift /Users/admin/builder/spi-builder-workspace/.dependencies/checkouts/IBDecodable/Sources/Models/Views/Frameworks/SKView.swift /Users/admin/builder/spi-builder-workspace/.dependencies/checkouts/IBDecodable/Sources/Models/Views/Frameworks/SceneKitView.swift /Users/admin/builder/spi-builder-workspace/.dependencies/checkouts/IBDecodable/Sources/Models/Views/Frameworks/WKWebView.swift (in target 'IBDecodable' from project 'IBDecodable')
SwiftCompile normal arm64 /Users/admin/builder/spi-builder-workspace/.dependencies/checkouts/IBDecodable/Sources/Models/Views/Controls/TextView.swift (in target 'IBDecodable' from project 'IBDecodable')
cd /Users/admin/builder/spi-builder-workspace/.swiftpm/xcode
builtin-SwiftPerFileCompile TextView.swift
SwiftCompile normal arm64 /Users/admin/builder/spi-builder-workspace/.dependencies/checkouts/IBDecodable/Sources/Models/Views/Frameworks/ARSCNView.swift (in target 'IBDecodable' from project 'IBDecodable')
cd /Users/admin/builder/spi-builder-workspace/.swiftpm/xcode
builtin-SwiftPerFileCompile ARSCNView.swift
SwiftCompile normal arm64 /Users/admin/builder/spi-builder-workspace/.dependencies/checkouts/IBDecodable/Sources/Models/Views/Frameworks/ARSKView.swift (in target 'IBDecodable' from project 'IBDecodable')
cd /Users/admin/builder/spi-builder-workspace/.swiftpm/xcode
builtin-SwiftPerFileCompile ARSKView.swift
SwiftCompile normal arm64 /Users/admin/builder/spi-builder-workspace/.dependencies/checkouts/IBDecodable/Sources/Models/Views/Frameworks/GLKView.swift (in target 'IBDecodable' from project 'IBDecodable')
cd /Users/admin/builder/spi-builder-workspace/.swiftpm/xcode
builtin-SwiftPerFileCompile GLKView.swift
SwiftCompile normal arm64 /Users/admin/builder/spi-builder-workspace/.dependencies/checkouts/IBDecodable/Sources/Models/Views/Frameworks/MTKView.swift (in target 'IBDecodable' from project 'IBDecodable')
cd /Users/admin/builder/spi-builder-workspace/.swiftpm/xcode
builtin-SwiftPerFileCompile MTKView.swift
SwiftCompile normal arm64 /Users/admin/builder/spi-builder-workspace/.dependencies/checkouts/IBDecodable/Sources/Models/Views/Frameworks/MapView.swift (in target 'IBDecodable' from project 'IBDecodable')
cd /Users/admin/builder/spi-builder-workspace/.swiftpm/xcode
builtin-SwiftPerFileCompile MapView.swift
SwiftCompile normal arm64 /Users/admin/builder/spi-builder-workspace/.dependencies/checkouts/IBDecodable/Sources/Models/Views/Frameworks/SKView.swift (in target 'IBDecodable' from project 'IBDecodable')
cd /Users/admin/builder/spi-builder-workspace/.swiftpm/xcode
builtin-SwiftPerFileCompile SKView.swift
SwiftCompile normal arm64 /Users/admin/builder/spi-builder-workspace/.dependencies/checkouts/IBDecodable/Sources/Models/Views/Frameworks/SceneKitView.swift (in target 'IBDecodable' from project 'IBDecodable')
cd /Users/admin/builder/spi-builder-workspace/.swiftpm/xcode
builtin-SwiftPerFileCompile SceneKitView.swift
SwiftCompile normal arm64 /Users/admin/builder/spi-builder-workspace/.dependencies/checkouts/IBDecodable/Sources/Models/Views/Frameworks/WKWebView.swift (in target 'IBDecodable' from project 'IBDecodable')
cd /Users/admin/builder/spi-builder-workspace/.swiftpm/xcode
builtin-SwiftPerFileCompile WKWebView.swift
SwiftCompile normal arm64_32 Compiling\ SplitViewController.swift,\ TabBarController.swift,\ TableViewController.swift,\ ViewController.swift,\ AnyDependency.swift,\ CustomObject.swift,\ Device.swift,\ Exit.swift,\ InterfaceBuilderDocument.swift /Users/admin/builder/spi-builder-workspace/.dependencies/checkouts/IBDecodable/Sources/Models/Controllers/SplitViewController.swift /Users/admin/builder/spi-builder-workspace/.dependencies/checkouts/IBDecodable/Sources/Models/Controllers/TabBarController.swift /Users/admin/builder/spi-builder-workspace/.dependencies/checkouts/IBDecodable/Sources/Models/Controllers/TableViewController.swift /Users/admin/builder/spi-builder-workspace/.dependencies/checkouts/IBDecodable/Sources/Models/Controllers/ViewController.swift /Users/admin/builder/spi-builder-workspace/.dependencies/checkouts/IBDecodable/Sources/Models/Documents/AnyDependency.swift /Users/admin/builder/spi-builder-workspace/.dependencies/checkouts/IBDecodable/Sources/Models/Documents/CustomObject.swift /Users/admin/builder/spi-builder-workspace/.dependencies/checkouts/IBDecodable/Sources/Models/Documents/Device.swift /Users/admin/builder/spi-builder-workspace/.dependencies/checkouts/IBDecodable/Sources/Models/Documents/Exit.swift /Users/admin/builder/spi-builder-workspace/.dependencies/checkouts/IBDecodable/Sources/Models/Documents/InterfaceBuilderDocument.swift (in target 'IBDecodable' from project 'IBDecodable')
SwiftCompile normal arm64_32 /Users/admin/builder/spi-builder-workspace/.dependencies/checkouts/IBDecodable/Sources/Models/Controllers/SplitViewController.swift (in target 'IBDecodable' from project 'IBDecodable')
cd /Users/admin/builder/spi-builder-workspace/.swiftpm/xcode
builtin-SwiftPerFileCompile SplitViewController.swift
SwiftCompile normal arm64_32 /Users/admin/builder/spi-builder-workspace/.dependencies/checkouts/IBDecodable/Sources/Models/Controllers/TabBarController.swift (in target 'IBDecodable' from project 'IBDecodable')
cd /Users/admin/builder/spi-builder-workspace/.swiftpm/xcode
builtin-SwiftPerFileCompile TabBarController.swift
SwiftCompile normal arm64_32 /Users/admin/builder/spi-builder-workspace/.dependencies/checkouts/IBDecodable/Sources/Models/Controllers/TableViewController.swift (in target 'IBDecodable' from project 'IBDecodable')
cd /Users/admin/builder/spi-builder-workspace/.swiftpm/xcode
builtin-SwiftPerFileCompile TableViewController.swift
SwiftCompile normal arm64_32 /Users/admin/builder/spi-builder-workspace/.dependencies/checkouts/IBDecodable/Sources/Models/Controllers/ViewController.swift (in target 'IBDecodable' from project 'IBDecodable')
cd /Users/admin/builder/spi-builder-workspace/.swiftpm/xcode
builtin-SwiftPerFileCompile ViewController.swift
SwiftCompile normal arm64_32 /Users/admin/builder/spi-builder-workspace/.dependencies/checkouts/IBDecodable/Sources/Models/Documents/AnyDependency.swift (in target 'IBDecodable' from project 'IBDecodable')
cd /Users/admin/builder/spi-builder-workspace/.swiftpm/xcode
builtin-SwiftPerFileCompile AnyDependency.swift
SwiftCompile normal arm64_32 /Users/admin/builder/spi-builder-workspace/.dependencies/checkouts/IBDecodable/Sources/Models/Documents/CustomObject.swift (in target 'IBDecodable' from project 'IBDecodable')
cd /Users/admin/builder/spi-builder-workspace/.swiftpm/xcode
builtin-SwiftPerFileCompile CustomObject.swift
SwiftCompile normal arm64_32 /Users/admin/builder/spi-builder-workspace/.dependencies/checkouts/IBDecodable/Sources/Models/Documents/Device.swift (in target 'IBDecodable' from project 'IBDecodable')
cd /Users/admin/builder/spi-builder-workspace/.swiftpm/xcode
builtin-SwiftPerFileCompile Device.swift
SwiftCompile normal arm64_32 /Users/admin/builder/spi-builder-workspace/.dependencies/checkouts/IBDecodable/Sources/Models/Documents/Exit.swift (in target 'IBDecodable' from project 'IBDecodable')
cd /Users/admin/builder/spi-builder-workspace/.swiftpm/xcode
builtin-SwiftPerFileCompile Exit.swift
SwiftCompile normal arm64_32 /Users/admin/builder/spi-builder-workspace/.dependencies/checkouts/IBDecodable/Sources/Models/Documents/InterfaceBuilderDocument.swift (in target 'IBDecodable' from project 'IBDecodable')
cd /Users/admin/builder/spi-builder-workspace/.swiftpm/xcode
builtin-SwiftPerFileCompile InterfaceBuilderDocument.swift
SwiftDriverJobDiscovery normal arm64 Emitting module for IBDecodable (in target 'IBDecodable' from project 'IBDecodable')
SwiftDriver\ Compilation\ Requirements IBDecodable normal arm64 com.apple.xcode.tools.swift.compiler (in target 'IBDecodable' from project 'IBDecodable')
cd /Users/admin/builder/spi-builder-workspace/.swiftpm/xcode
builtin-Swift-Compilation-Requirements -- /Applications/Xcode-27.0.0-Release.Candidate.app/Contents/Developer/Toolchains/XcodeDefault.xctoolchain/usr/bin/swiftc -parse-as-library -module-name IBDecodable -Onone @/Users/admin/builder/spi-builder-workspace/.derivedData/Build/Intermediates.noindex/IBDecodable.build/Debug-watchos/IBDecodable-t.build/Objects-normal/arm64/IBDecodable.SwiftFileList -DSWIFT_PACKAGE -DDEBUG -DSWIFT_MODULE_RESOURCE_BUNDLE_UNAVAILABLE -DXcode -plugin-path /Applications/Xcode-27.0.0-Release.Candidate.app/Contents/Developer/Toolchains/XcodeDefault.xctoolchain/usr/lib/swift/host/plugins/testing -enable-experimental-feature DebugDescriptionMacro -sdk /Applications/Xcode-27.0.0-Release.Candidate.app/Contents/Developer/Platforms/WatchOS.platform/Developer/SDKs/WatchOS27.0.sdk -target arm64-apple-watchos9.0 -g -module-cache-path /Users/admin/builder/spi-builder-workspace/.derivedData/ModuleCache.noindex -Xfrontend -serialize-debugging-options -profile-coverage-mapping -profile-generate -enable-testing -suppress-warnings -index-store-path /Users/admin/builder/spi-builder-workspace/.derivedData/Index.noindex/DataStore -Xcc -D_LIBCPP_HARDENING_MODE\=_LIBCPP_HARDENING_MODE_DEBUG -swift-version 4 -I /Users/admin/builder/spi-builder-workspace/.derivedData/Build/Products/Debug-watchos -Isystem /Applications/Xcode-27.0.0-Release.Candidate.app/Contents/Developer/Platforms/WatchOS.platform/Developer/usr/lib -F /Users/admin/builder/spi-builder-workspace/.derivedData/Build/Products/Debug-watchos/PackageFrameworks -F /Users/admin/builder/spi-builder-workspace/.derivedData/Build/Products/Debug-watchos -F /Applications/Xcode-27.0.0-Release.Candidate.app/Contents/Developer/Platforms/WatchOS.platform/Developer/Library/Frameworks -F /Applications/Xcode-27.0.0-Release.Candidate.app/Contents/Developer/Platforms/WatchOS.platform/Developer/SDKs/WatchOS27.0.sdk/Developer/Library/Frameworks -c -j10 -enable-batch-mode -incremental -Xcc -ivfsstatcache -Xcc /Users/admin/builder/spi-builder-workspace/.derivedData/SDKStatCaches.noindex/watchos27.0-24R360-e829b21a6f8c9b70876ba0858053c04477534ef55a1706bf4c1112bbb242f0a2.sdkstatcache -output-file-map /Users/admin/builder/spi-builder-workspace/.derivedData/Build/Intermediates.noindex/IBDecodable.build/Debug-watchos/IBDecodable-t.build/Objects-normal/arm64/IBDecodable-OutputFileMap.json -save-temps -no-color-diagnostics -emit-dependencies -emit-module -emit-module-path /Users/admin/builder/spi-builder-workspace/.derivedData/Build/Intermediates.noindex/IBDecodable.build/Debug-watchos/IBDecodable-t.build/Objects-normal/arm64/IBDecodable.swiftmodule -serialize-diagnostics -validate-clang-modules-once -clang-build-session-file /Users/admin/builder/spi-builder-workspace/.derivedData/ModuleCache.noindex/Session.modulevalidation -Xcc -fmodules-prune-interval\=86400 -Xcc -fmodules-prune-after\=345600 -emit-const-values -const-gather-protocols-list /Users/admin/builder/spi-builder-workspace/.derivedData/Build/Intermediates.noindex/IBDecodable.build/Debug-watchos/IBDecodable-t.build/Objects-normal/arm64/IBDecodable_const_extract_protocols.json -Xcc -I/Users/admin/builder/spi-builder-workspace/.derivedData/Build/Products/Debug-watchos/include -Xcc -I/Users/admin/builder/spi-builder-workspace/.derivedData/Build/Intermediates.noindex/IBDecodable.build/Debug-watchos/IBDecodable-t.build/DerivedSources-normal/arm64 -Xcc -I/Users/admin/builder/spi-builder-workspace/.derivedData/Build/Intermediates.noindex/IBDecodable.build/Debug-watchos/IBDecodable-t.build/DerivedSources/arm64 -Xcc -I/Users/admin/builder/spi-builder-workspace/.derivedData/Build/Intermediates.noindex/IBDecodable.build/Debug-watchos/IBDecodable-t.build/DerivedSources -Xcc -DSWIFT_PACKAGE -Xcc -DDEBUG\=1 -emit-objc-header -emit-objc-header-path /Users/admin/builder/spi-builder-workspace/.derivedData/Build/Intermediates.noindex/IBDecodable.build/Debug-watchos/IBDecodable-t.build/Objects-normal/arm64/IBDecodable-Swift.h -working-directory /Users/admin/builder/spi-builder-workspace/.swiftpm/xcode -experimental-emit-module-separately -disable-cmo
SwiftDriverJobDiscovery normal arm64_32 Emitting module for IBDecodable (in target 'IBDecodable' from project 'IBDecodable')
SwiftDriver\ Compilation\ Requirements IBDecodable normal arm64_32 com.apple.xcode.tools.swift.compiler (in target 'IBDecodable' from project 'IBDecodable')
cd /Users/admin/builder/spi-builder-workspace/.swiftpm/xcode
builtin-Swift-Compilation-Requirements -- /Applications/Xcode-27.0.0-Release.Candidate.app/Contents/Developer/Toolchains/XcodeDefault.xctoolchain/usr/bin/swiftc -parse-as-library -module-name IBDecodable -Onone @/Users/admin/builder/spi-builder-workspace/.derivedData/Build/Intermediates.noindex/IBDecodable.build/Debug-watchos/IBDecodable-t.build/Objects-normal/arm64_32/IBDecodable.SwiftFileList -DSWIFT_PACKAGE -DDEBUG -DSWIFT_MODULE_RESOURCE_BUNDLE_UNAVAILABLE -DXcode -plugin-path /Applications/Xcode-27.0.0-Release.Candidate.app/Contents/Developer/Toolchains/XcodeDefault.xctoolchain/usr/lib/swift/host/plugins/testing -enable-experimental-feature DebugDescriptionMacro -sdk /Applications/Xcode-27.0.0-Release.Candidate.app/Contents/Developer/Platforms/WatchOS.platform/Developer/SDKs/WatchOS27.0.sdk -target arm64_32-apple-watchos9.0 -g -module-cache-path /Users/admin/builder/spi-builder-workspace/.derivedData/ModuleCache.noindex -Xfrontend -serialize-debugging-options -profile-coverage-mapping -profile-generate -enable-testing -suppress-warnings -index-store-path /Users/admin/builder/spi-builder-workspace/.derivedData/Index.noindex/DataStore -Xcc -D_LIBCPP_HARDENING_MODE\=_LIBCPP_HARDENING_MODE_DEBUG -swift-version 4 -I /Users/admin/builder/spi-builder-workspace/.derivedData/Build/Products/Debug-watchos -Isystem /Applications/Xcode-27.0.0-Release.Candidate.app/Contents/Developer/Platforms/WatchOS.platform/Developer/usr/lib -F /Users/admin/builder/spi-builder-workspace/.derivedData/Build/Products/Debug-watchos/PackageFrameworks -F /Users/admin/builder/spi-builder-workspace/.derivedData/Build/Products/Debug-watchos -F /Applications/Xcode-27.0.0-Release.Candidate.app/Contents/Developer/Platforms/WatchOS.platform/Developer/Library/Frameworks -F /Applications/Xcode-27.0.0-Release.Candidate.app/Contents/Developer/Platforms/WatchOS.platform/Developer/SDKs/WatchOS27.0.sdk/Developer/Library/Frameworks -c -j10 -enable-batch-mode -incremental -Xcc -ivfsstatcache -Xcc /Users/admin/builder/spi-builder-workspace/.derivedData/SDKStatCaches.noindex/watchos27.0-24R360-e829b21a6f8c9b70876ba0858053c04477534ef55a1706bf4c1112bbb242f0a2.sdkstatcache -output-file-map /Users/admin/builder/spi-builder-workspace/.derivedData/Build/Intermediates.noindex/IBDecodable.build/Debug-watchos/IBDecodable-t.build/Objects-normal/arm64_32/IBDecodable-OutputFileMap.json -save-temps -no-color-diagnostics -emit-dependencies -emit-module -emit-module-path /Users/admin/builder/spi-builder-workspace/.derivedData/Build/Intermediates.noindex/IBDecodable.build/Debug-watchos/IBDecodable-t.build/Objects-normal/arm64_32/IBDecodable.swiftmodule -serialize-diagnostics -validate-clang-modules-once -clang-build-session-file /Users/admin/builder/spi-builder-workspace/.derivedData/ModuleCache.noindex/Session.modulevalidation -Xcc -fmodules-prune-interval\=86400 -Xcc -fmodules-prune-after\=345600 -emit-const-values -const-gather-protocols-list /Users/admin/builder/spi-builder-workspace/.derivedData/Build/Intermediates.noindex/IBDecodable.build/Debug-watchos/IBDecodable-t.build/Objects-normal/arm64_32/IBDecodable_const_extract_protocols.json -Xcc -I/Users/admin/builder/spi-builder-workspace/.derivedData/Build/Products/Debug-watchos/include -Xcc -I/Users/admin/builder/spi-builder-workspace/.derivedData/Build/Intermediates.noindex/IBDecodable.build/Debug-watchos/IBDecodable-t.build/DerivedSources-normal/arm64_32 -Xcc -I/Users/admin/builder/spi-builder-workspace/.derivedData/Build/Intermediates.noindex/IBDecodable.build/Debug-watchos/IBDecodable-t.build/DerivedSources/arm64_32 -Xcc -I/Users/admin/builder/spi-builder-workspace/.derivedData/Build/Intermediates.noindex/IBDecodable.build/Debug-watchos/IBDecodable-t.build/DerivedSources -Xcc -DSWIFT_PACKAGE -Xcc -DDEBUG\=1 -emit-objc-header -emit-objc-header-path /Users/admin/builder/spi-builder-workspace/.derivedData/Build/Intermediates.noindex/IBDecodable.build/Debug-watchos/IBDecodable-t.build/Objects-normal/arm64_32/IBDecodable-Swift.h -working-directory /Users/admin/builder/spi-builder-workspace/.swiftpm/xcode -experimental-emit-module-separately -disable-cmo
Copy /Users/admin/builder/spi-builder-workspace/.derivedData/Build/Products/Debug-watchos/IBDecodable.swiftmodule/arm64-apple-watchos.swiftmodule /Users/admin/builder/spi-builder-workspace/.derivedData/Build/Intermediates.noindex/IBDecodable.build/Debug-watchos/IBDecodable-t.build/Objects-normal/arm64/IBDecodable.swiftmodule (in target 'IBDecodable' from project 'IBDecodable')
cd /Users/admin/builder/spi-builder-workspace/.dependencies/checkouts/IBDecodable
builtin-copy -exclude .DS_Store -exclude CVS -exclude .svn -exclude .git -exclude .hg -resolve-src-symlinks -rename /Users/admin/builder/spi-builder-workspace/.derivedData/Build/Intermediates.noindex/IBDecodable.build/Debug-watchos/IBDecodable-t.build/Objects-normal/arm64/IBDecodable.swiftmodule /Users/admin/builder/spi-builder-workspace/.derivedData/Build/Products/Debug-watchos/IBDecodable.swiftmodule/arm64-apple-watchos.swiftmodule
SwiftMergeGeneratedHeaders /Users/admin/builder/spi-builder-workspace/.derivedData/Build/Intermediates.noindex/GeneratedModuleMaps-watchos/IBDecodable-Swift.h /Users/admin/builder/spi-builder-workspace/.derivedData/Build/Intermediates.noindex/IBDecodable.build/Debug-watchos/IBDecodable-t.build/Objects-normal/arm64/IBDecodable-Swift.h /Users/admin/builder/spi-builder-workspace/.derivedData/Build/Intermediates.noindex/IBDecodable.build/Debug-watchos/IBDecodable-t.build/Objects-normal/arm64_32/IBDecodable-Swift.h (in target 'IBDecodable' from project 'IBDecodable')
cd /Users/admin/builder/spi-builder-workspace/.dependencies/checkouts/IBDecodable
builtin-swiftHeaderTool -arch arm64 /Users/admin/builder/spi-builder-workspace/.derivedData/Build/Intermediates.noindex/IBDecodable.build/Debug-watchos/IBDecodable-t.build/Objects-normal/arm64/IBDecodable-Swift.h -arch arm64_32 /Users/admin/builder/spi-builder-workspace/.derivedData/Build/Intermediates.noindex/IBDecodable.build/Debug-watchos/IBDecodable-t.build/Objects-normal/arm64_32/IBDecodable-Swift.h -o /Users/admin/builder/spi-builder-workspace/.derivedData/Build/Intermediates.noindex/GeneratedModuleMaps-watchos/IBDecodable-Swift.h
Copy /Users/admin/builder/spi-builder-workspace/.derivedData/Build/Products/Debug-watchos/IBDecodable.swiftmodule/arm64_32-apple-watchos.swiftmodule /Users/admin/builder/spi-builder-workspace/.derivedData/Build/Intermediates.noindex/IBDecodable.build/Debug-watchos/IBDecodable-t.build/Objects-normal/arm64_32/IBDecodable.swiftmodule (in target 'IBDecodable' from project 'IBDecodable')
cd /Users/admin/builder/spi-builder-workspace/.dependencies/checkouts/IBDecodable
builtin-copy -exclude .DS_Store -exclude CVS -exclude .svn -exclude .git -exclude .hg -resolve-src-symlinks -rename /Users/admin/builder/spi-builder-workspace/.derivedData/Build/Intermediates.noindex/IBDecodable.build/Debug-watchos/IBDecodable-t.build/Objects-normal/arm64_32/IBDecodable.swiftmodule /Users/admin/builder/spi-builder-workspace/.derivedData/Build/Products/Debug-watchos/IBDecodable.swiftmodule/arm64_32-apple-watchos.swiftmodule
Copy /Users/admin/builder/spi-builder-workspace/.derivedData/Build/Products/Debug-watchos/IBDecodable.swiftmodule/arm64_32-apple-watchos.swiftdoc /Users/admin/builder/spi-builder-workspace/.derivedData/Build/Intermediates.noindex/IBDecodable.build/Debug-watchos/IBDecodable-t.build/Objects-normal/arm64_32/IBDecodable.swiftdoc (in target 'IBDecodable' from project 'IBDecodable')
cd /Users/admin/builder/spi-builder-workspace/.dependencies/checkouts/IBDecodable
builtin-copy -exclude .DS_Store -exclude CVS -exclude .svn -exclude .git -exclude .hg -resolve-src-symlinks -rename /Users/admin/builder/spi-builder-workspace/.derivedData/Build/Intermediates.noindex/IBDecodable.build/Debug-watchos/IBDecodable-t.build/Objects-normal/arm64_32/IBDecodable.swiftdoc /Users/admin/builder/spi-builder-workspace/.derivedData/Build/Products/Debug-watchos/IBDecodable.swiftmodule/arm64_32-apple-watchos.swiftdoc
Copy /Users/admin/builder/spi-builder-workspace/.derivedData/Build/Products/Debug-watchos/IBDecodable.swiftmodule/arm64_32-apple-watchos.abi.json /Users/admin/builder/spi-builder-workspace/.derivedData/Build/Intermediates.noindex/IBDecodable.build/Debug-watchos/IBDecodable-t.build/Objects-normal/arm64_32/IBDecodable.abi.json (in target 'IBDecodable' from project 'IBDecodable')
cd /Users/admin/builder/spi-builder-workspace/.dependencies/checkouts/IBDecodable
builtin-copy -exclude .DS_Store -exclude CVS -exclude .svn -exclude .git -exclude .hg -resolve-src-symlinks -rename /Users/admin/builder/spi-builder-workspace/.derivedData/Build/Intermediates.noindex/IBDecodable.build/Debug-watchos/IBDecodable-t.build/Objects-normal/arm64_32/IBDecodable.abi.json /Users/admin/builder/spi-builder-workspace/.derivedData/Build/Products/Debug-watchos/IBDecodable.swiftmodule/arm64_32-apple-watchos.abi.json
Copy /Users/admin/builder/spi-builder-workspace/.derivedData/Build/Products/Debug-watchos/IBDecodable.swiftmodule/arm64-apple-watchos.swiftdoc /Users/admin/builder/spi-builder-workspace/.derivedData/Build/Intermediates.noindex/IBDecodable.build/Debug-watchos/IBDecodable-t.build/Objects-normal/arm64/IBDecodable.swiftdoc (in target 'IBDecodable' from project 'IBDecodable')
cd /Users/admin/builder/spi-builder-workspace/.dependencies/checkouts/IBDecodable
builtin-copy -exclude .DS_Store -exclude CVS -exclude .svn -exclude .git -exclude .hg -resolve-src-symlinks -rename /Users/admin/builder/spi-builder-workspace/.derivedData/Build/Intermediates.noindex/IBDecodable.build/Debug-watchos/IBDecodable-t.build/Objects-normal/arm64/IBDecodable.swiftdoc /Users/admin/builder/spi-builder-workspace/.derivedData/Build/Products/Debug-watchos/IBDecodable.swiftmodule/arm64-apple-watchos.swiftdoc
Copy /Users/admin/builder/spi-builder-workspace/.derivedData/Build/Products/Debug-watchos/IBDecodable.swiftmodule/arm64-apple-watchos.abi.json /Users/admin/builder/spi-builder-workspace/.derivedData/Build/Intermediates.noindex/IBDecodable.build/Debug-watchos/IBDecodable-t.build/Objects-normal/arm64/IBDecodable.abi.json (in target 'IBDecodable' from project 'IBDecodable')
cd /Users/admin/builder/spi-builder-workspace/.dependencies/checkouts/IBDecodable
builtin-copy -exclude .DS_Store -exclude CVS -exclude .svn -exclude .git -exclude .hg -resolve-src-symlinks -rename /Users/admin/builder/spi-builder-workspace/.derivedData/Build/Intermediates.noindex/IBDecodable.build/Debug-watchos/IBDecodable-t.build/Objects-normal/arm64/IBDecodable.abi.json /Users/admin/builder/spi-builder-workspace/.derivedData/Build/Products/Debug-watchos/IBDecodable.swiftmodule/arm64-apple-watchos.abi.json
Copy /Users/admin/builder/spi-builder-workspace/.derivedData/Build/Products/Debug-watchos/IBDecodable.swiftmodule/Project/arm64_32-apple-watchos.swiftsourceinfo /Users/admin/builder/spi-builder-workspace/.derivedData/Build/Intermediates.noindex/IBDecodable.build/Debug-watchos/IBDecodable-t.build/Objects-normal/arm64_32/IBDecodable.swiftsourceinfo (in target 'IBDecodable' from project 'IBDecodable')
cd /Users/admin/builder/spi-builder-workspace/.dependencies/checkouts/IBDecodable
builtin-copy -exclude .DS_Store -exclude CVS -exclude .svn -exclude .git -exclude .hg -resolve-src-symlinks -rename /Users/admin/builder/spi-builder-workspace/.derivedData/Build/Intermediates.noindex/IBDecodable.build/Debug-watchos/IBDecodable-t.build/Objects-normal/arm64_32/IBDecodable.swiftsourceinfo /Users/admin/builder/spi-builder-workspace/.derivedData/Build/Products/Debug-watchos/IBDecodable.swiftmodule/Project/arm64_32-apple-watchos.swiftsourceinfo
Copy /Users/admin/builder/spi-builder-workspace/.derivedData/Build/Products/Debug-watchos/IBDecodable.swiftmodule/Project/arm64-apple-watchos.swiftsourceinfo /Users/admin/builder/spi-builder-workspace/.derivedData/Build/Intermediates.noindex/IBDecodable.build/Debug-watchos/IBDecodable-t.build/Objects-normal/arm64/IBDecodable.swiftsourceinfo (in target 'IBDecodable' from project 'IBDecodable')
cd /Users/admin/builder/spi-builder-workspace/.dependencies/checkouts/IBDecodable
builtin-copy -exclude .DS_Store -exclude CVS -exclude .svn -exclude .git -exclude .hg -resolve-src-symlinks -rename /Users/admin/builder/spi-builder-workspace/.derivedData/Build/Intermediates.noindex/IBDecodable.build/Debug-watchos/IBDecodable-t.build/Objects-normal/arm64/IBDecodable.swiftsourceinfo /Users/admin/builder/spi-builder-workspace/.derivedData/Build/Products/Debug-watchos/IBDecodable.swiftmodule/Project/arm64-apple-watchos.swiftsourceinfo
SwiftCompile normal arm64_32 Compiling\ TextView.swift,\ ARSCNView.swift,\ ARSKView.swift,\ GLKView.swift,\ MTKView.swift,\ MapView.swift,\ SKView.swift,\ SceneKitView.swift,\ WKWebView.swift /Users/admin/builder/spi-builder-workspace/.dependencies/checkouts/IBDecodable/Sources/Models/Views/Controls/TextView.swift /Users/admin/builder/spi-builder-workspace/.dependencies/checkouts/IBDecodable/Sources/Models/Views/Frameworks/ARSCNView.swift /Users/admin/builder/spi-builder-workspace/.dependencies/checkouts/IBDecodable/Sources/Models/Views/Frameworks/ARSKView.swift /Users/admin/builder/spi-builder-workspace/.dependencies/checkouts/IBDecodable/Sources/Models/Views/Frameworks/GLKView.swift /Users/admin/builder/spi-builder-workspace/.dependencies/checkouts/IBDecodable/Sources/Models/Views/Frameworks/MTKView.swift /Users/admin/builder/spi-builder-workspace/.dependencies/checkouts/IBDecodable/Sources/Models/Views/Frameworks/MapView.swift /Users/admin/builder/spi-builder-workspace/.dependencies/checkouts/IBDecodable/Sources/Models/Views/Frameworks/SKView.swift /Users/admin/builder/spi-builder-workspace/.dependencies/checkouts/IBDecodable/Sources/Models/Views/Frameworks/SceneKitView.swift /Users/admin/builder/spi-builder-workspace/.dependencies/checkouts/IBDecodable/Sources/Models/Views/Frameworks/WKWebView.swift (in target 'IBDecodable' from project 'IBDecodable')
SwiftCompile normal arm64_32 /Users/admin/builder/spi-builder-workspace/.dependencies/checkouts/IBDecodable/Sources/Models/Views/Controls/TextView.swift (in target 'IBDecodable' from project 'IBDecodable')
cd /Users/admin/builder/spi-builder-workspace/.swiftpm/xcode
builtin-SwiftPerFileCompile TextView.swift
SwiftCompile normal arm64_32 /Users/admin/builder/spi-builder-workspace/.dependencies/checkouts/IBDecodable/Sources/Models/Views/Frameworks/ARSCNView.swift (in target 'IBDecodable' from project 'IBDecodable')
cd /Users/admin/builder/spi-builder-workspace/.swiftpm/xcode
builtin-SwiftPerFileCompile ARSCNView.swift
SwiftCompile normal arm64_32 /Users/admin/builder/spi-builder-workspace/.dependencies/checkouts/IBDecodable/Sources/Models/Views/Frameworks/ARSKView.swift (in target 'IBDecodable' from project 'IBDecodable')
cd /Users/admin/builder/spi-builder-workspace/.swiftpm/xcode
builtin-SwiftPerFileCompile ARSKView.swift
SwiftCompile normal arm64_32 /Users/admin/builder/spi-builder-workspace/.dependencies/checkouts/IBDecodable/Sources/Models/Views/Frameworks/GLKView.swift (in target 'IBDecodable' from project 'IBDecodable')
cd /Users/admin/builder/spi-builder-workspace/.swiftpm/xcode
builtin-SwiftPerFileCompile GLKView.swift
SwiftCompile normal arm64_32 /Users/admin/builder/spi-builder-workspace/.dependencies/checkouts/IBDecodable/Sources/Models/Views/Frameworks/MTKView.swift (in target 'IBDecodable' from project 'IBDecodable')
cd /Users/admin/builder/spi-builder-workspace/.swiftpm/xcode
builtin-SwiftPerFileCompile MTKView.swift
SwiftCompile normal arm64_32 /Users/admin/builder/spi-builder-workspace/.dependencies/checkouts/IBDecodable/Sources/Models/Views/Frameworks/MapView.swift (in target 'IBDecodable' from project 'IBDecodable')
cd /Users/admin/builder/spi-builder-workspace/.swiftpm/xcode
builtin-SwiftPerFileCompile MapView.swift
SwiftCompile normal arm64_32 /Users/admin/builder/spi-builder-workspace/.dependencies/checkouts/IBDecodable/Sources/Models/Views/Frameworks/SKView.swift (in target 'IBDecodable' from project 'IBDecodable')
cd /Users/admin/builder/spi-builder-workspace/.swiftpm/xcode
builtin-SwiftPerFileCompile SKView.swift
SwiftCompile normal arm64_32 /Users/admin/builder/spi-builder-workspace/.dependencies/checkouts/IBDecodable/Sources/Models/Views/Frameworks/SceneKitView.swift (in target 'IBDecodable' from project 'IBDecodable')
cd /Users/admin/builder/spi-builder-workspace/.swiftpm/xcode
builtin-SwiftPerFileCompile SceneKitView.swift
SwiftCompile normal arm64_32 /Users/admin/builder/spi-builder-workspace/.dependencies/checkouts/IBDecodable/Sources/Models/Views/Frameworks/WKWebView.swift (in target 'IBDecodable' from project 'IBDecodable')
cd /Users/admin/builder/spi-builder-workspace/.swiftpm/xcode
builtin-SwiftPerFileCompile WKWebView.swift
SwiftDriverJobDiscovery normal arm64_32 Compiling OutletCollection.swift, Segue.swift, AnyViewController.swift, CollectionViewController.swift, AVPlayerViewController.swift, GLKViewController.swift, HostingController.swift, NavigationController.swift, PageViewController.swift (in target 'IBDecodable' from project 'IBDecodable')
SwiftCompile normal arm64_32 Compiling\ Placeholder.swift,\ Scene.swift,\ SearchDisplayController.swift,\ StoryboardDocument.swift,\ TargetRuntime.swift,\ XibDocument.swift,\ InterfaceBuilderFile.swift,\ StoryboardFile.swift,\ XibFile.swift /Users/admin/builder/spi-builder-workspace/.dependencies/checkouts/IBDecodable/Sources/Models/Documents/Placeholder.swift /Users/admin/builder/spi-builder-workspace/.dependencies/checkouts/IBDecodable/Sources/Models/Documents/Scene.swift /Users/admin/builder/spi-builder-workspace/.dependencies/checkouts/IBDecodable/Sources/Models/Documents/SearchDisplayController.swift /Users/admin/builder/spi-builder-workspace/.dependencies/checkouts/IBDecodable/Sources/Models/Documents/StoryboardDocument.swift /Users/admin/builder/spi-builder-workspace/.dependencies/checkouts/IBDecodable/Sources/Models/Documents/TargetRuntime.swift /Users/admin/builder/spi-builder-workspace/.dependencies/checkouts/IBDecodable/Sources/Models/Documents/XibDocument.swift /Users/admin/builder/spi-builder-workspace/.dependencies/checkouts/IBDecodable/Sources/Models/Files/InterfaceBuilderFile.swift /Users/admin/builder/spi-builder-workspace/.dependencies/checkouts/IBDecodable/Sources/Models/Files/StoryboardFile.swift /Users/admin/builder/spi-builder-workspace/.dependencies/checkouts/IBDecodable/Sources/Models/Files/XibFile.swift (in target 'IBDecodable' from project 'IBDecodable')
SwiftCompile normal arm64_32 /Users/admin/builder/spi-builder-workspace/.dependencies/checkouts/IBDecodable/Sources/Models/Documents/Placeholder.swift (in target 'IBDecodable' from project 'IBDecodable')
cd /Users/admin/builder/spi-builder-workspace/.swiftpm/xcode
builtin-SwiftPerFileCompile Placeholder.swift
SwiftCompile normal arm64_32 /Users/admin/builder/spi-builder-workspace/.dependencies/checkouts/IBDecodable/Sources/Models/Documents/Scene.swift (in target 'IBDecodable' from project 'IBDecodable')
cd /Users/admin/builder/spi-builder-workspace/.swiftpm/xcode
builtin-SwiftPerFileCompile Scene.swift
SwiftCompile normal arm64_32 /Users/admin/builder/spi-builder-workspace/.dependencies/checkouts/IBDecodable/Sources/Models/Documents/SearchDisplayController.swift (in target 'IBDecodable' from project 'IBDecodable')
cd /Users/admin/builder/spi-builder-workspace/.swiftpm/xcode
builtin-SwiftPerFileCompile SearchDisplayController.swift
SwiftCompile normal arm64_32 /Users/admin/builder/spi-builder-workspace/.dependencies/checkouts/IBDecodable/Sources/Models/Documents/StoryboardDocument.swift (in target 'IBDecodable' from project 'IBDecodable')
cd /Users/admin/builder/spi-builder-workspace/.swiftpm/xcode
builtin-SwiftPerFileCompile StoryboardDocument.swift
SwiftCompile normal arm64_32 /Users/admin/builder/spi-builder-workspace/.dependencies/checkouts/IBDecodable/Sources/Models/Documents/TargetRuntime.swift (in target 'IBDecodable' from project 'IBDecodable')
cd /Users/admin/builder/spi-builder-workspace/.swiftpm/xcode
builtin-SwiftPerFileCompile TargetRuntime.swift
SwiftCompile normal arm64_32 /Users/admin/builder/spi-builder-workspace/.dependencies/checkouts/IBDecodable/Sources/Models/Documents/XibDocument.swift (in target 'IBDecodable' from project 'IBDecodable')
cd /Users/admin/builder/spi-builder-workspace/.swiftpm/xcode
builtin-SwiftPerFileCompile XibDocument.swift
SwiftCompile normal arm64_32 /Users/admin/builder/spi-builder-workspace/.dependencies/checkouts/IBDecodable/Sources/Models/Files/InterfaceBuilderFile.swift (in target 'IBDecodable' from project 'IBDecodable')
cd /Users/admin/builder/spi-builder-workspace/.swiftpm/xcode
builtin-SwiftPerFileCompile InterfaceBuilderFile.swift
SwiftCompile normal arm64_32 /Users/admin/builder/spi-builder-workspace/.dependencies/checkouts/IBDecodable/Sources/Models/Files/StoryboardFile.swift (in target 'IBDecodable' from project 'IBDecodable')
cd /Users/admin/builder/spi-builder-workspace/.swiftpm/xcode
builtin-SwiftPerFileCompile StoryboardFile.swift
SwiftCompile normal arm64_32 /Users/admin/builder/spi-builder-workspace/.dependencies/checkouts/IBDecodable/Sources/Models/Files/XibFile.swift (in target 'IBDecodable' from project 'IBDecodable')
cd /Users/admin/builder/spi-builder-workspace/.swiftpm/xcode
builtin-SwiftPerFileCompile XibFile.swift
SwiftDriverJobDiscovery normal arm64 Compiling Placeholder.swift, Scene.swift, SearchDisplayController.swift, StoryboardDocument.swift, TargetRuntime.swift, XibDocument.swift, InterfaceBuilderFile.swift, StoryboardFile.swift, XibFile.swift (in target 'IBDecodable' from project 'IBDecodable')
SwiftCompile normal arm64 Compiling\ Button.swift,\ ControlProtocol.swift,\ DatePicker.swift,\ PageControl.swift,\ SegmentedControl.swift,\ Slider.swift,\ Stepper.swift,\ Switch.swift,\ TextField.swift /Users/admin/builder/spi-builder-workspace/.dependencies/checkouts/IBDecodable/Sources/Models/Views/Controls/Button.swift /Users/admin/builder/spi-builder-workspace/.dependencies/checkouts/IBDecodable/Sources/Models/Views/Controls/ControlProtocol.swift /Users/admin/builder/spi-builder-workspace/.dependencies/checkouts/IBDecodable/Sources/Models/Views/Controls/DatePicker.swift /Users/admin/builder/spi-builder-workspace/.dependencies/checkouts/IBDecodable/Sources/Models/Views/Controls/PageControl.swift /Users/admin/builder/spi-builder-workspace/.dependencies/checkouts/IBDecodable/Sources/Models/Views/Controls/SegmentedControl.swift /Users/admin/builder/spi-builder-workspace/.dependencies/checkouts/IBDecodable/Sources/Models/Views/Controls/Slider.swift /Users/admin/builder/spi-builder-workspace/.dependencies/checkouts/IBDecodable/Sources/Models/Views/Controls/Stepper.swift /Users/admin/builder/spi-builder-workspace/.dependencies/checkouts/IBDecodable/Sources/Models/Views/Controls/Switch.swift /Users/admin/builder/spi-builder-workspace/.dependencies/checkouts/IBDecodable/Sources/Models/Views/Controls/TextField.swift (in target 'IBDecodable' from project 'IBDecodable')
SwiftCompile normal arm64 /Users/admin/builder/spi-builder-workspace/.dependencies/checkouts/IBDecodable/Sources/Models/Views/Controls/Button.swift (in target 'IBDecodable' from project 'IBDecodable')
cd /Users/admin/builder/spi-builder-workspace/.swiftpm/xcode
builtin-SwiftPerFileCompile Button.swift
SwiftCompile normal arm64 /Users/admin/builder/spi-builder-workspace/.dependencies/checkouts/IBDecodable/Sources/Models/Views/Controls/ControlProtocol.swift (in target 'IBDecodable' from project 'IBDecodable')
cd /Users/admin/builder/spi-builder-workspace/.swiftpm/xcode
builtin-SwiftPerFileCompile ControlProtocol.swift
SwiftCompile normal arm64 /Users/admin/builder/spi-builder-workspace/.dependencies/checkouts/IBDecodable/Sources/Models/Views/Controls/DatePicker.swift (in target 'IBDecodable' from project 'IBDecodable')
cd /Users/admin/builder/spi-builder-workspace/.swiftpm/xcode
builtin-SwiftPerFileCompile DatePicker.swift
SwiftCompile normal arm64 /Users/admin/builder/spi-builder-workspace/.dependencies/checkouts/IBDecodable/Sources/Models/Views/Controls/PageControl.swift (in target 'IBDecodable' from project 'IBDecodable')
cd /Users/admin/builder/spi-builder-workspace/.swiftpm/xcode
builtin-SwiftPerFileCompile PageControl.swift
SwiftCompile normal arm64 /Users/admin/builder/spi-builder-workspace/.dependencies/checkouts/IBDecodable/Sources/Models/Views/Controls/SegmentedControl.swift (in target 'IBDecodable' from project 'IBDecodable')
cd /Users/admin/builder/spi-builder-workspace/.swiftpm/xcode
builtin-SwiftPerFileCompile SegmentedControl.swift
SwiftCompile normal arm64 /Users/admin/builder/spi-builder-workspace/.dependencies/checkouts/IBDecodable/Sources/Models/Views/Controls/Slider.swift (in target 'IBDecodable' from project 'IBDecodable')
cd /Users/admin/builder/spi-builder-workspace/.swiftpm/xcode
builtin-SwiftPerFileCompile Slider.swift
SwiftCompile normal arm64 /Users/admin/builder/spi-builder-workspace/.dependencies/checkouts/IBDecodable/Sources/Models/Views/Controls/Stepper.swift (in target 'IBDecodable' from project 'IBDecodable')
cd /Users/admin/builder/spi-builder-workspace/.swiftpm/xcode
builtin-SwiftPerFileCompile Stepper.swift
SwiftCompile normal arm64 /Users/admin/builder/spi-builder-workspace/.dependencies/checkouts/IBDecodable/Sources/Models/Views/Controls/Switch.swift (in target 'IBDecodable' from project 'IBDecodable')
cd /Users/admin/builder/spi-builder-workspace/.swiftpm/xcode
builtin-SwiftPerFileCompile Switch.swift
SwiftCompile normal arm64 /Users/admin/builder/spi-builder-workspace/.dependencies/checkouts/IBDecodable/Sources/Models/Views/Controls/TextField.swift (in target 'IBDecodable' from project 'IBDecodable')
cd /Users/admin/builder/spi-builder-workspace/.swiftpm/xcode
builtin-SwiftPerFileCompile TextField.swift
SwiftDriverJobDiscovery normal arm64_32 Compiling StringElement.swift, UserDefinedRuntimeAttribute.swift, Variation.swift, ActivityIndicatorView.swift, AnyView.swift, NavigationBar.swift, SearchBar.swift, TabBar.swift, Toolbar.swift (in target 'IBDecodable' from project 'IBDecodable')
SwiftCompile normal arm64 Compiling\ StringElement.swift,\ UserDefinedRuntimeAttribute.swift,\ Variation.swift,\ ActivityIndicatorView.swift,\ AnyView.swift,\ NavigationBar.swift,\ SearchBar.swift,\ TabBar.swift,\ Toolbar.swift /Users/admin/builder/spi-builder-workspace/.dependencies/checkouts/IBDecodable/Sources/Models/StringElement.swift /Users/admin/builder/spi-builder-workspace/.dependencies/checkouts/IBDecodable/Sources/Models/UserDefinedRuntimeAttribute.swift /Users/admin/builder/spi-builder-workspace/.dependencies/checkouts/IBDecodable/Sources/Models/Variation.swift /Users/admin/builder/spi-builder-workspace/.dependencies/checkouts/IBDecodable/Sources/Models/Views/ActivityIndicatorView.swift /Users/admin/builder/spi-builder-workspace/.dependencies/checkouts/IBDecodable/Sources/Models/Views/AnyView.swift /Users/admin/builder/spi-builder-workspace/.dependencies/checkouts/IBDecodable/Sources/Models/Views/Bar/NavigationBar.swift /Users/admin/builder/spi-builder-workspace/.dependencies/checkouts/IBDecodable/Sources/Models/Views/Bar/SearchBar.swift /Users/admin/builder/spi-builder-workspace/.dependencies/checkouts/IBDecodable/Sources/Models/Views/Bar/TabBar.swift /Users/admin/builder/spi-builder-workspace/.dependencies/checkouts/IBDecodable/Sources/Models/Views/Bar/Toolbar.swift (in target 'IBDecodable' from project 'IBDecodable')
SwiftCompile normal arm64 /Users/admin/builder/spi-builder-workspace/.dependencies/checkouts/IBDecodable/Sources/Models/StringElement.swift (in target 'IBDecodable' from project 'IBDecodable')
cd /Users/admin/builder/spi-builder-workspace/.swiftpm/xcode
builtin-SwiftPerFileCompile StringElement.swift
SwiftCompile normal arm64 /Users/admin/builder/spi-builder-workspace/.dependencies/checkouts/IBDecodable/Sources/Models/UserDefinedRuntimeAttribute.swift (in target 'IBDecodable' from project 'IBDecodable')
cd /Users/admin/builder/spi-builder-workspace/.swiftpm/xcode
builtin-SwiftPerFileCompile UserDefinedRuntimeAttribute.swift
SwiftCompile normal arm64 /Users/admin/builder/spi-builder-workspace/.dependencies/checkouts/IBDecodable/Sources/Models/Variation.swift (in target 'IBDecodable' from project 'IBDecodable')
cd /Users/admin/builder/spi-builder-workspace/.swiftpm/xcode
builtin-SwiftPerFileCompile Variation.swift
SwiftCompile normal arm64 /Users/admin/builder/spi-builder-workspace/.dependencies/checkouts/IBDecodable/Sources/Models/Views/ActivityIndicatorView.swift (in target 'IBDecodable' from project 'IBDecodable')
cd /Users/admin/builder/spi-builder-workspace/.swiftpm/xcode
builtin-SwiftPerFileCompile ActivityIndicatorView.swift
SwiftCompile normal arm64 /Users/admin/builder/spi-builder-workspace/.dependencies/checkouts/IBDecodable/Sources/Models/Views/AnyView.swift (in target 'IBDecodable' from project 'IBDecodable')
cd /Users/admin/builder/spi-builder-workspace/.swiftpm/xcode
builtin-SwiftPerFileCompile AnyView.swift
SwiftCompile normal arm64 /Users/admin/builder/spi-builder-workspace/.dependencies/checkouts/IBDecodable/Sources/Models/Views/Bar/NavigationBar.swift (in target 'IBDecodable' from project 'IBDecodable')
cd /Users/admin/builder/spi-builder-workspace/.swiftpm/xcode
builtin-SwiftPerFileCompile NavigationBar.swift
SwiftCompile normal arm64 /Users/admin/builder/spi-builder-workspace/.dependencies/checkouts/IBDecodable/Sources/Models/Views/Bar/SearchBar.swift (in target 'IBDecodable' from project 'IBDecodable')
cd /Users/admin/builder/spi-builder-workspace/.swiftpm/xcode
builtin-SwiftPerFileCompile SearchBar.swift
SwiftCompile normal arm64 /Users/admin/builder/spi-builder-workspace/.dependencies/checkouts/IBDecodable/Sources/Models/Views/Bar/TabBar.swift (in target 'IBDecodable' from project 'IBDecodable')
cd /Users/admin/builder/spi-builder-workspace/.swiftpm/xcode
builtin-SwiftPerFileCompile TabBar.swift
SwiftCompile normal arm64 /Users/admin/builder/spi-builder-workspace/.dependencies/checkouts/IBDecodable/Sources/Models/Views/Bar/Toolbar.swift (in target 'IBDecodable' from project 'IBDecodable')
cd /Users/admin/builder/spi-builder-workspace/.swiftpm/xcode
builtin-SwiftPerFileCompile Toolbar.swift
SwiftDriverJobDiscovery normal arm64 Compiling View.swift, VisualEffectView.swift, InterfaceBuilderParser.swift, MapXMLIndexerContainer.swift, MappedCodingKey.swift, XMLDecodable.swift, XMLIndexer.swift, XMLIndexerContainer.swift (in target 'IBDecodable' from project 'IBDecodable')
SwiftCompile normal arm64_32 Compiling\ IBError.swift,\ IBProtocol.swift,\ Accessibility.swift,\ AttributedString.swift,\ Classes.swift,\ Color.swift,\ Action.swift,\ AnyConnection.swift,\ Outlet.swift /Users/admin/builder/spi-builder-workspace/.dependencies/checkouts/IBDecodable/Sources/IBError.swift /Users/admin/builder/spi-builder-workspace/.dependencies/checkouts/IBDecodable/Sources/IBProtocol.swift /Users/admin/builder/spi-builder-workspace/.dependencies/checkouts/IBDecodable/Sources/Models/Accessibility.swift /Users/admin/builder/spi-builder-workspace/.dependencies/checkouts/IBDecodable/Sources/Models/AttributedString.swift /Users/admin/builder/spi-builder-workspace/.dependencies/checkouts/IBDecodable/Sources/Models/Classes.swift /Users/admin/builder/spi-builder-workspace/.dependencies/checkouts/IBDecodable/Sources/Models/Color.swift /Users/admin/builder/spi-builder-workspace/.dependencies/checkouts/IBDecodable/Sources/Models/Connections/Action.swift /Users/admin/builder/spi-builder-workspace/.dependencies/checkouts/IBDecodable/Sources/Models/Connections/AnyConnection.swift /Users/admin/builder/spi-builder-workspace/.dependencies/checkouts/IBDecodable/Sources/Models/Connections/Outlet.swift (in target 'IBDecodable' from project 'IBDecodable')
SwiftCompile normal arm64_32 /Users/admin/builder/spi-builder-workspace/.dependencies/checkouts/IBDecodable/Sources/IBError.swift (in target 'IBDecodable' from project 'IBDecodable')
cd /Users/admin/builder/spi-builder-workspace/.swiftpm/xcode
builtin-SwiftPerFileCompile IBError.swift
SwiftCompile normal arm64_32 /Users/admin/builder/spi-builder-workspace/.dependencies/checkouts/IBDecodable/Sources/IBProtocol.swift (in target 'IBDecodable' from project 'IBDecodable')
cd /Users/admin/builder/spi-builder-workspace/.swiftpm/xcode
builtin-SwiftPerFileCompile IBProtocol.swift
SwiftCompile normal arm64_32 /Users/admin/builder/spi-builder-workspace/.dependencies/checkouts/IBDecodable/Sources/Models/Accessibility.swift (in target 'IBDecodable' from project 'IBDecodable')
cd /Users/admin/builder/spi-builder-workspace/.swiftpm/xcode
builtin-SwiftPerFileCompile Accessibility.swift
SwiftCompile normal arm64_32 /Users/admin/builder/spi-builder-workspace/.dependencies/checkouts/IBDecodable/Sources/Models/AttributedString.swift (in target 'IBDecodable' from project 'IBDecodable')
cd /Users/admin/builder/spi-builder-workspace/.swiftpm/xcode
builtin-SwiftPerFileCompile AttributedString.swift
SwiftCompile normal arm64_32 /Users/admin/builder/spi-builder-workspace/.dependencies/checkouts/IBDecodable/Sources/Models/Classes.swift (in target 'IBDecodable' from project 'IBDecodable')
cd /Users/admin/builder/spi-builder-workspace/.swiftpm/xcode
builtin-SwiftPerFileCompile Classes.swift
SwiftCompile normal arm64_32 /Users/admin/builder/spi-builder-workspace/.dependencies/checkouts/IBDecodable/Sources/Models/Color.swift (in target 'IBDecodable' from project 'IBDecodable')
cd /Users/admin/builder/spi-builder-workspace/.swiftpm/xcode
builtin-SwiftPerFileCompile Color.swift
SwiftCompile normal arm64_32 /Users/admin/builder/spi-builder-workspace/.dependencies/checkouts/IBDecodable/Sources/Models/Connections/Action.swift (in target 'IBDecodable' from project 'IBDecodable')
cd /Users/admin/builder/spi-builder-workspace/.swiftpm/xcode
builtin-SwiftPerFileCompile Action.swift
SwiftCompile normal arm64_32 /Users/admin/builder/spi-builder-workspace/.dependencies/checkouts/IBDecodable/Sources/Models/Connections/AnyConnection.swift (in target 'IBDecodable' from project 'IBDecodable')
cd /Users/admin/builder/spi-builder-workspace/.swiftpm/xcode
builtin-SwiftPerFileCompile AnyConnection.swift
SwiftCompile normal arm64_32 /Users/admin/builder/spi-builder-workspace/.dependencies/checkouts/IBDecodable/Sources/Models/Connections/Outlet.swift (in target 'IBDecodable' from project 'IBDecodable')
cd /Users/admin/builder/spi-builder-workspace/.swiftpm/xcode
builtin-SwiftPerFileCompile Outlet.swift
SwiftCompile normal arm64_32 Compiling\ ImageView.swift,\ Label.swift,\ Picker.swift,\ ProgressView.swift,\ CollectionView.swift,\ ScrollView.swift,\ TableView.swift,\ StackView.swift /Users/admin/builder/spi-builder-workspace/.dependencies/checkouts/IBDecodable/Sources/Models/Views/ImageView.swift /Users/admin/builder/spi-builder-workspace/.dependencies/checkouts/IBDecodable/Sources/Models/Views/Label.swift /Users/admin/builder/spi-builder-workspace/.dependencies/checkouts/IBDecodable/Sources/Models/Views/Picker.swift /Users/admin/builder/spi-builder-workspace/.dependencies/checkouts/IBDecodable/Sources/Models/Views/ProgressView.swift /Users/admin/builder/spi-builder-workspace/.dependencies/checkouts/IBDecodable/Sources/Models/Views/ScrollViews/CollectionView.swift /Users/admin/builder/spi-builder-workspace/.dependencies/checkouts/IBDecodable/Sources/Models/Views/ScrollViews/ScrollView.swift /Users/admin/builder/spi-builder-workspace/.dependencies/checkouts/IBDecodable/Sources/Models/Views/ScrollViews/TableView.swift /Users/admin/builder/spi-builder-workspace/.dependencies/checkouts/IBDecodable/Sources/Models/Views/StackView.swift (in target 'IBDecodable' from project 'IBDecodable')
SwiftCompile normal arm64_32 /Users/admin/builder/spi-builder-workspace/.dependencies/checkouts/IBDecodable/Sources/Models/Views/ImageView.swift (in target 'IBDecodable' from project 'IBDecodable')
cd /Users/admin/builder/spi-builder-workspace/.swiftpm/xcode
builtin-SwiftPerFileCompile ImageView.swift
SwiftCompile normal arm64_32 /Users/admin/builder/spi-builder-workspace/.dependencies/checkouts/IBDecodable/Sources/Models/Views/Label.swift (in target 'IBDecodable' from project 'IBDecodable')
cd /Users/admin/builder/spi-builder-workspace/.swiftpm/xcode
builtin-SwiftPerFileCompile Label.swift
SwiftCompile normal arm64_32 /Users/admin/builder/spi-builder-workspace/.dependencies/checkouts/IBDecodable/Sources/Models/Views/Picker.swift (in target 'IBDecodable' from project 'IBDecodable')
cd /Users/admin/builder/spi-builder-workspace/.swiftpm/xcode
builtin-SwiftPerFileCompile Picker.swift
SwiftCompile normal arm64_32 /Users/admin/builder/spi-builder-workspace/.dependencies/checkouts/IBDecodable/Sources/Models/Views/ProgressView.swift (in target 'IBDecodable' from project 'IBDecodable')
cd /Users/admin/builder/spi-builder-workspace/.swiftpm/xcode
builtin-SwiftPerFileCompile ProgressView.swift
SwiftCompile normal arm64_32 /Users/admin/builder/spi-builder-workspace/.dependencies/checkouts/IBDecodable/Sources/Models/Views/ScrollViews/CollectionView.swift (in target 'IBDecodable' from project 'IBDecodable')
cd /Users/admin/builder/spi-builder-workspace/.swiftpm/xcode
builtin-SwiftPerFileCompile CollectionView.swift
SwiftCompile normal arm64_32 /Users/admin/builder/spi-builder-workspace/.dependencies/checkouts/IBDecodable/Sources/Models/Views/ScrollViews/ScrollView.swift (in target 'IBDecodable' from project 'IBDecodable')
cd /Users/admin/builder/spi-builder-workspace/.swiftpm/xcode
builtin-SwiftPerFileCompile ScrollView.swift
SwiftCompile normal arm64_32 /Users/admin/builder/spi-builder-workspace/.dependencies/checkouts/IBDecodable/Sources/Models/Views/ScrollViews/TableView.swift (in target 'IBDecodable' from project 'IBDecodable')
cd /Users/admin/builder/spi-builder-workspace/.swiftpm/xcode
builtin-SwiftPerFileCompile TableView.swift
SwiftCompile normal arm64_32 /Users/admin/builder/spi-builder-workspace/.dependencies/checkouts/IBDecodable/Sources/Models/Views/StackView.swift (in target 'IBDecodable' from project 'IBDecodable')
cd /Users/admin/builder/spi-builder-workspace/.swiftpm/xcode
builtin-SwiftPerFileCompile StackView.swift
SwiftDriverJobDiscovery normal arm64 Compiling SplitViewController.swift, TabBarController.swift, TableViewController.swift, ViewController.swift, AnyDependency.swift, CustomObject.swift, Device.swift, Exit.swift, InterfaceBuilderDocument.swift (in target 'IBDecodable' from project 'IBDecodable')
SwiftCompile normal arm64_32 Compiling\ HelpCommand.swift /Users/admin/builder/spi-builder-workspace/.dependencies/checkouts/Commandant/Sources/Commandant/HelpCommand.swift (in target 'Commandant' from project 'Commandant')
SwiftCompile normal arm64_32 /Users/admin/builder/spi-builder-workspace/.dependencies/checkouts/Commandant/Sources/Commandant/HelpCommand.swift (in target 'Commandant' from project 'Commandant')
cd /Users/admin/builder/spi-builder-workspace/.swiftpm/xcode
builtin-SwiftPerFileCompile HelpCommand.swift
SwiftDriverJobDiscovery normal arm64_32 Compiling SplitViewController.swift, TabBarController.swift, TableViewController.swift, ViewController.swift, AnyDependency.swift, CustomObject.swift, Device.swift, Exit.swift, InterfaceBuilderDocument.swift (in target 'IBDecodable' from project 'IBDecodable')
SwiftCompile normal arm64_32 Compiling\ ArgumentProtocol.swift /Users/admin/builder/spi-builder-workspace/.dependencies/checkouts/Commandant/Sources/Commandant/ArgumentProtocol.swift (in target 'Commandant' from project 'Commandant')
SwiftCompile normal arm64_32 /Users/admin/builder/spi-builder-workspace/.dependencies/checkouts/Commandant/Sources/Commandant/ArgumentProtocol.swift (in target 'Commandant' from project 'Commandant')
cd /Users/admin/builder/spi-builder-workspace/.swiftpm/xcode
builtin-SwiftPerFileCompile ArgumentProtocol.swift
SwiftDriverJobDiscovery normal arm64_32 Compiling Placeholder.swift, Scene.swift, SearchDisplayController.swift, StoryboardDocument.swift, TargetRuntime.swift, XibDocument.swift, InterfaceBuilderFile.swift, StoryboardFile.swift, XibFile.swift (in target 'IBDecodable' from project 'IBDecodable')
SwiftCompile normal arm64 Compiling\ ArgumentProtocol.swift /Users/admin/builder/spi-builder-workspace/.dependencies/checkouts/Commandant/Sources/Commandant/ArgumentProtocol.swift (in target 'Commandant' from project 'Commandant')
SwiftCompile normal arm64 /Users/admin/builder/spi-builder-workspace/.dependencies/checkouts/Commandant/Sources/Commandant/ArgumentProtocol.swift (in target 'Commandant' from project 'Commandant')
cd /Users/admin/builder/spi-builder-workspace/.swiftpm/xcode
builtin-SwiftPerFileCompile ArgumentProtocol.swift
SwiftDriverJobDiscovery normal arm64_32 Compiling ArgumentProtocol.swift (in target 'Commandant' from project 'Commandant')
SwiftCompile normal arm64 Compiling\ Argument.swift /Users/admin/builder/spi-builder-workspace/.dependencies/checkouts/Commandant/Sources/Commandant/Argument.swift (in target 'Commandant' from project 'Commandant')
SwiftCompile normal arm64 /Users/admin/builder/spi-builder-workspace/.dependencies/checkouts/Commandant/Sources/Commandant/Argument.swift (in target 'Commandant' from project 'Commandant')
cd /Users/admin/builder/spi-builder-workspace/.swiftpm/xcode
builtin-SwiftPerFileCompile Argument.swift
SwiftDriverJobDiscovery normal arm64_32 Compiling HelpCommand.swift (in target 'Commandant' from project 'Commandant')
SwiftCompile normal arm64_32 Compiling\ ArgumentParser.swift /Users/admin/builder/spi-builder-workspace/.dependencies/checkouts/Commandant/Sources/Commandant/ArgumentParser.swift (in target 'Commandant' from project 'Commandant')
SwiftCompile normal arm64_32 /Users/admin/builder/spi-builder-workspace/.dependencies/checkouts/Commandant/Sources/Commandant/ArgumentParser.swift (in target 'Commandant' from project 'Commandant')
cd /Users/admin/builder/spi-builder-workspace/.swiftpm/xcode
builtin-SwiftPerFileCompile ArgumentParser.swift
SwiftDriverJobDiscovery normal arm64 Compiling ImageView.swift, Label.swift, Picker.swift, ProgressView.swift, CollectionView.swift, ScrollView.swift, TableView.swift, StackView.swift (in target 'IBDecodable' from project 'IBDecodable')
SwiftCompile normal arm64_32 Compiling\ Switch.swift /Users/admin/builder/spi-builder-workspace/.dependencies/checkouts/Commandant/Sources/Commandant/Switch.swift (in target 'Commandant' from project 'Commandant')
SwiftCompile normal arm64_32 /Users/admin/builder/spi-builder-workspace/.dependencies/checkouts/Commandant/Sources/Commandant/Switch.swift (in target 'Commandant' from project 'Commandant')
cd /Users/admin/builder/spi-builder-workspace/.swiftpm/xcode
builtin-SwiftPerFileCompile Switch.swift
SwiftDriverJobDiscovery normal arm64 Compiling ArgumentProtocol.swift (in target 'Commandant' from project 'Commandant')
SwiftCompile normal arm64 Compiling\ ArgumentParser.swift /Users/admin/builder/spi-builder-workspace/.dependencies/checkouts/Commandant/Sources/Commandant/ArgumentParser.swift (in target 'Commandant' from project 'Commandant')
SwiftCompile normal arm64 /Users/admin/builder/spi-builder-workspace/.dependencies/checkouts/Commandant/Sources/Commandant/ArgumentParser.swift (in target 'Commandant' from project 'Commandant')
cd /Users/admin/builder/spi-builder-workspace/.swiftpm/xcode
builtin-SwiftPerFileCompile ArgumentParser.swift
SwiftDriverJobDiscovery normal arm64 Compiling Argument.swift (in target 'Commandant' from project 'Commandant')
SwiftCompile normal arm64_32 Compiling\ Argument.swift /Users/admin/builder/spi-builder-workspace/.dependencies/checkouts/Commandant/Sources/Commandant/Argument.swift (in target 'Commandant' from project 'Commandant')
SwiftCompile normal arm64_32 /Users/admin/builder/spi-builder-workspace/.dependencies/checkouts/Commandant/Sources/Commandant/Argument.swift (in target 'Commandant' from project 'Commandant')
cd /Users/admin/builder/spi-builder-workspace/.swiftpm/xcode
builtin-SwiftPerFileCompile Argument.swift
SwiftDriverJobDiscovery normal arm64_32 Compiling Switch.swift (in target 'Commandant' from project 'Commandant')
SwiftDriverJobDiscovery normal arm64_32 Compiling IBError.swift, IBProtocol.swift, Accessibility.swift, AttributedString.swift, Classes.swift, Color.swift, Action.swift, AnyConnection.swift, Outlet.swift (in target 'IBDecodable' from project 'IBDecodable')
SwiftCompile normal arm64 Compiling\ Switch.swift /Users/admin/builder/spi-builder-workspace/.dependencies/checkouts/Commandant/Sources/Commandant/Switch.swift (in target 'Commandant' from project 'Commandant')
SwiftCompile normal arm64 /Users/admin/builder/spi-builder-workspace/.dependencies/checkouts/Commandant/Sources/Commandant/Switch.swift (in target 'Commandant' from project 'Commandant')
cd /Users/admin/builder/spi-builder-workspace/.swiftpm/xcode
builtin-SwiftPerFileCompile Switch.swift
SwiftDriverJobDiscovery normal arm64 Compiling TextView.swift, ARSCNView.swift, ARSKView.swift, GLKView.swift, MTKView.swift, MapView.swift, SKView.swift, SceneKitView.swift, WKWebView.swift (in target 'IBDecodable' from project 'IBDecodable')
SwiftCompile normal arm64 Compiling\ OrderedSet.swift /Users/admin/builder/spi-builder-workspace/.dependencies/checkouts/Commandant/Sources/Commandant/OrderedSet.swift (in target 'Commandant' from project 'Commandant')
SwiftCompile normal arm64 /Users/admin/builder/spi-builder-workspace/.dependencies/checkouts/Commandant/Sources/Commandant/OrderedSet.swift (in target 'Commandant' from project 'Commandant')
cd /Users/admin/builder/spi-builder-workspace/.swiftpm/xcode
builtin-SwiftPerFileCompile OrderedSet.swift
SwiftCompile normal arm64_32 Compiling\ Option.swift /Users/admin/builder/spi-builder-workspace/.dependencies/checkouts/Commandant/Sources/Commandant/Option.swift (in target 'Commandant' from project 'Commandant')
SwiftCompile normal arm64_32 /Users/admin/builder/spi-builder-workspace/.dependencies/checkouts/Commandant/Sources/Commandant/Option.swift (in target 'Commandant' from project 'Commandant')
cd /Users/admin/builder/spi-builder-workspace/.swiftpm/xcode
builtin-SwiftPerFileCompile Option.swift
SwiftDriverJobDiscovery normal arm64_32 Compiling ArgumentParser.swift (in target 'Commandant' from project 'Commandant')
SwiftDriverJobDiscovery normal arm64 Compiling Switch.swift (in target 'Commandant' from project 'Commandant')
SwiftCompile normal arm64_32 Compiling\ Errors.swift /Users/admin/builder/spi-builder-workspace/.dependencies/checkouts/Commandant/Sources/Commandant/Errors.swift (in target 'Commandant' from project 'Commandant')
SwiftCompile normal arm64_32 /Users/admin/builder/spi-builder-workspace/.dependencies/checkouts/Commandant/Sources/Commandant/Errors.swift (in target 'Commandant' from project 'Commandant')
cd /Users/admin/builder/spi-builder-workspace/.swiftpm/xcode
builtin-SwiftPerFileCompile Errors.swift
SwiftDriverJobDiscovery normal arm64 Compiling ArgumentParser.swift (in target 'Commandant' from project 'Commandant')
SwiftCompile normal arm64_32 Compiling\ OrderedSet.swift /Users/admin/builder/spi-builder-workspace/.dependencies/checkouts/Commandant/Sources/Commandant/OrderedSet.swift (in target 'Commandant' from project 'Commandant')
SwiftCompile normal arm64_32 /Users/admin/builder/spi-builder-workspace/.dependencies/checkouts/Commandant/Sources/Commandant/OrderedSet.swift (in target 'Commandant' from project 'Commandant')
cd /Users/admin/builder/spi-builder-workspace/.swiftpm/xcode
builtin-SwiftPerFileCompile OrderedSet.swift
SwiftDriverJobDiscovery normal arm64_32 Compiling Argument.swift (in target 'Commandant' from project 'Commandant')
SwiftCompile normal arm64 Compiling\ Errors.swift /Users/admin/builder/spi-builder-workspace/.dependencies/checkouts/Commandant/Sources/Commandant/Errors.swift (in target 'Commandant' from project 'Commandant')
SwiftCompile normal arm64 /Users/admin/builder/spi-builder-workspace/.dependencies/checkouts/Commandant/Sources/Commandant/Errors.swift (in target 'Commandant' from project 'Commandant')
cd /Users/admin/builder/spi-builder-workspace/.swiftpm/xcode
builtin-SwiftPerFileCompile Errors.swift
SwiftCompile normal arm64_32 Compiling\ Command.swift /Users/admin/builder/spi-builder-workspace/.dependencies/checkouts/Commandant/Sources/Commandant/Command.swift (in target 'Commandant' from project 'Commandant')
/Users/admin/builder/spi-builder-workspace/.dependencies/checkouts/Commandant/Sources/Commandant/Command.swift:207:15: error: cannot find 'Process' in scope
205 |
206 | func launchTask(_ path: String, arguments: [String]) -> Int32 {
207 | let task = Process()
| `- error: cannot find 'Process' in scope
208 | task.arguments = arguments
209 |
Failed frontend command:
/Applications/Xcode-27.0.0-Release.Candidate.app/Contents/Developer/Toolchains/XcodeDefault.xctoolchain/usr/bin/swift-frontend -frontend -c /Users/admin/builder/spi-builder-workspace/.dependencies/checkouts/Commandant/Sources/Commandant/Argument.swift /Users/admin/builder/spi-builder-workspace/.dependencies/checkouts/Commandant/Sources/Commandant/ArgumentParser.swift /Users/admin/builder/spi-builder-workspace/.dependencies/checkouts/Commandant/Sources/Commandant/ArgumentProtocol.swift -primary-file /Users/admin/builder/spi-builder-workspace/.dependencies/checkouts/Commandant/Sources/Commandant/Command.swift /Users/admin/builder/spi-builder-workspace/.dependencies/checkouts/Commandant/Sources/Commandant/Errors.swift /Users/admin/builder/spi-builder-workspace/.dependencies/checkouts/Commandant/Sources/Commandant/HelpCommand.swift /Users/admin/builder/spi-builder-workspace/.dependencies/checkouts/Commandant/Sources/Commandant/Option.swift /Users/admin/builder/spi-builder-workspace/.dependencies/checkouts/Commandant/Sources/Commandant/OrderedSet.swift /Users/admin/builder/spi-builder-workspace/.dependencies/checkouts/Commandant/Sources/Commandant/Switch.swift -emit-dependencies-path /Users/admin/builder/spi-builder-workspace/.derivedData/Build/Intermediates.noindex/Commandant.build/Debug-watchos/Commandant-t.build/Objects-normal/arm64_32/Command.d -emit-const-values-path /Users/admin/builder/spi-builder-workspace/.derivedData/Build/Intermediates.noindex/Commandant.build/Debug-watchos/Commandant-t.build/Objects-normal/arm64_32/Command.swiftconstvalues -emit-reference-dependencies-path /Users/admin/builder/spi-builder-workspace/.derivedData/Build/Intermediates.noindex/Commandant.build/Debug-watchos/Commandant-t.build/Objects-normal/arm64_32/Command.swiftdeps -serialize-diagnostics-path /Users/admin/builder/spi-builder-workspace/.derivedData/Build/Intermediates.noindex/Commandant.build/Debug-watchos/Commandant-t.build/Objects-normal/arm64_32/Command.dia -target arm64_32-apple-watchos9.0 -module-can-import-version Darwin 428.0.10 0 -disable-cross-import-overlay-search -load-resolved-plugin /Applications/Xcode-27.0.0-Release.Candidate.app/Contents/Developer/Platforms/WatchOS.platform/Developer/usr/lib/swift/host/plugins/libFoundationMacros.dylib\#/Applications/Xcode-27.0.0-Release.Candidate.app/Contents/Developer/Platforms/WatchOS.platform/Developer/usr/bin/swift-plugin-server\#FoundationMacros -load-resolved-plugin /Applications/Xcode-27.0.0-Release.Candidate.app/Contents/Developer/Platforms/WatchOS.platform/Developer/usr/lib/swift/host/plugins/libObservationMacros.dylib\#/Applications/Xcode-27.0.0-Release.Candidate.app/Contents/Developer/Platforms/WatchOS.platform/Developer/usr/bin/swift-plugin-server\#ObservationMacros -load-resolved-plugin /Applications/Xcode-27.0.0-Release.Candidate.app/Contents/Developer/Platforms/WatchOS.platform/Developer/usr/lib/swift/host/plugins/libSwiftMacros.dylib\#/Applications/Xcode-27.0.0-Release.Candidate.app/Contents/Developer/Platforms/WatchOS.platform/Developer/usr/bin/swift-plugin-server\#SwiftMacros -disable-implicit-swift-modules -Xcc -fno-implicit-modules -Xcc -fno-implicit-module-maps -explicit-swift-module-map-file /Users/admin/builder/spi-builder-workspace/.derivedData/Build/Intermediates.noindex/Commandant.build/Debug-watchos/Commandant-t.build/Objects-normal/arm64_32/Commandant-dependencies-1.json -enable-objc-interop -sdk /Applications/Xcode-27.0.0-Release.Candidate.app/Contents/Developer/Platforms/WatchOS.platform/Developer/SDKs/WatchOS27.0.sdk -I /Users/admin/builder/spi-builder-workspace/.derivedData/Build/Products/Debug-watchos -Isystem /Applications/Xcode-27.0.0-Release.Candidate.app/Contents/Developer/Platforms/WatchOS.platform/Developer/usr/lib -F /Users/admin/builder/spi-builder-workspace/.derivedData/Build/Products/Debug-watchos/PackageFrameworks -F /Users/admin/builder/spi-builder-workspace/.derivedData/Build/Products/Debug-watchos -F /Applications/Xcode-27.0.0-Release.Candidate.app/Contents/Developer/Platforms/WatchOS.platform/Developer/Library/Frameworks -F /Applications/Xcode-27.0.0-Release.Candidate.app/Contents/Developer/Platforms/WatchOS.platform/Developer/SDKs/WatchOS27.0.sdk/Developer/Library/Frameworks -module-cache-path /Users/admin/builder/spi-builder-workspace/.derivedData/Build/Intermediates.noindex/SwiftExplicitPrecompiledModules -no-color-diagnostics -Xcc -fno-color-diagnostics -enable-testing -g -debug-info-format\=dwarf -dwarf-version\=4 -suppress-warnings -profile-generate -profile-coverage-mapping -swift-version 5 -Onone -D SWIFT_PACKAGE -D DEBUG -D SWIFT_MODULE_RESOURCE_BUNDLE_UNAVAILABLE -D Xcode -serialize-debugging-options -enable-experimental-feature DebugDescriptionMacro -empty-abi-descriptor -validate-clang-modules-once -clang-build-session-file /Users/admin/builder/spi-builder-workspace/.derivedData/ModuleCache.noindex/Session.modulevalidation -Xcc -working-directory -Xcc /Users/admin/builder/spi-builder-workspace/.swiftpm/xcode -enable-anonymous-context-mangled-names -file-compilation-dir /Users/admin/builder/spi-builder-workspace/.swiftpm/xcode -Xcc -D_LIBCPP_HARDENING_MODE\=_LIBCPP_HARDENING_MODE_DEBUG -Xcc -ivfsstatcache -Xcc /Users/admin/builder/spi-builder-workspace/.derivedData/SDKStatCaches.noindex/watchos27.0-24R360-e829b21a6f8c9b70876ba0858053c04477534ef55a1706bf4c1112bbb242f0a2.sdkstatcache -Xcc -fmodules-prune-interval\=86400 -Xcc -fmodules-prune-after\=345600 -Xcc -I/Users/admin/builder/spi-builder-workspace/.derivedData/Build/Products/Debug-watchos/include -Xcc -I/Users/admin/builder/spi-builder-workspace/.derivedData/Build/Intermediates.noindex/Commandant.build/Debug-watchos/Commandant-t.build/DerivedSources-normal/arm64_32 -Xcc -I/Users/admin/builder/spi-builder-workspace/.derivedData/Build/Intermediates.noindex/Commandant.build/Debug-watchos/Commandant-t.build/DerivedSources/arm64_32 -Xcc -I/Users/admin/builder/spi-builder-workspace/.derivedData/Build/Intermediates.noindex/Commandant.build/Debug-watchos/Commandant-t.build/DerivedSources -Xcc -DSWIFT_PACKAGE -Xcc -DDEBUG\=1 -no-auto-bridging-header-chaining -module-name Commandant -const-gather-protocols-file /Users/admin/builder/spi-builder-workspace/.derivedData/Build/Intermediates.noindex/Commandant.build/Debug-watchos/Commandant-t.build/Objects-normal/arm64_32/Commandant_const_extract_protocols.json -disable-clang-spi -clang-target arm64_32-apple-watchos27.0 -target-sdk-version 27.0 -target-sdk-name watchos27.0 -in-process-plugin-server-path /Applications/Xcode-27.0.0-Release.Candidate.app/Contents/Developer/Toolchains/XcodeDefault.xctoolchain/usr/lib/swift/host/libSwiftInProcPluginServer.dylib -parse-as-library -o /Users/admin/builder/spi-builder-workspace/.derivedData/Build/Intermediates.noindex/Commandant.build/Debug-watchos/Commandant-t.build/Objects-normal/arm64_32/Command.o -debug-module-path /Users/admin/builder/spi-builder-workspace/.derivedData/Build/Intermediates.noindex/Commandant.build/Debug-watchos/Commandant-t.build/Objects-normal/arm64_32/Commandant.swiftmodule -index-unit-output-path /Commandant.build/Debug-watchos/Commandant-t.build/Objects-normal/arm64_32/Command.o -index-store-path /Users/admin/builder/spi-builder-workspace/.derivedData/Index.noindex/DataStore -index-system-modules
SwiftCompile normal arm64_32 /Users/admin/builder/spi-builder-workspace/.dependencies/checkouts/Commandant/Sources/Commandant/Command.swift (in target 'Commandant' from project 'Commandant')
cd /Users/admin/builder/spi-builder-workspace/.swiftpm/xcode
builtin-SwiftPerFileCompile Command.swift
SwiftDriverJobDiscovery normal arm64 Compiling OrderedSet.swift (in target 'Commandant' from project 'Commandant')
SwiftCompile normal arm64 Compiling\ HelpCommand.swift /Users/admin/builder/spi-builder-workspace/.dependencies/checkouts/Commandant/Sources/Commandant/HelpCommand.swift (in target 'Commandant' from project 'Commandant')
SwiftCompile normal arm64 /Users/admin/builder/spi-builder-workspace/.dependencies/checkouts/Commandant/Sources/Commandant/HelpCommand.swift (in target 'Commandant' from project 'Commandant')
cd /Users/admin/builder/spi-builder-workspace/.swiftpm/xcode
builtin-SwiftPerFileCompile HelpCommand.swift
SwiftDriverJobDiscovery normal arm64_32 Compiling Button.swift, ControlProtocol.swift, DatePicker.swift, PageControl.swift, SegmentedControl.swift, Slider.swift, Stepper.swift, Switch.swift, TextField.swift (in target 'IBDecodable' from project 'IBDecodable')
SwiftCompile normal arm64 Compiling\ Option.swift /Users/admin/builder/spi-builder-workspace/.dependencies/checkouts/Commandant/Sources/Commandant/Option.swift (in target 'Commandant' from project 'Commandant')
SwiftCompile normal arm64 /Users/admin/builder/spi-builder-workspace/.dependencies/checkouts/Commandant/Sources/Commandant/Option.swift (in target 'Commandant' from project 'Commandant')
cd /Users/admin/builder/spi-builder-workspace/.swiftpm/xcode
builtin-SwiftPerFileCompile Option.swift
SwiftDriverJobDiscovery normal arm64_32 Compiling Option.swift (in target 'Commandant' from project 'Commandant')
SwiftCompile normal arm64 Compiling\ Command.swift /Users/admin/builder/spi-builder-workspace/.dependencies/checkouts/Commandant/Sources/Commandant/Command.swift (in target 'Commandant' from project 'Commandant')
SwiftCompile normal arm64 /Users/admin/builder/spi-builder-workspace/.dependencies/checkouts/Commandant/Sources/Commandant/Command.swift (in target 'Commandant' from project 'Commandant')
cd /Users/admin/builder/spi-builder-workspace/.swiftpm/xcode
builtin-SwiftPerFileCompile Command.swift
SwiftDriverJobDiscovery normal arm64_32 Compiling OrderedSet.swift (in target 'Commandant' from project 'Commandant')
SwiftDriverJobDiscovery normal arm64_32 Compiling Errors.swift (in target 'Commandant' from project 'Commandant')
SwiftDriver IBGraphKit normal arm64_32 com.apple.xcode.tools.swift.compiler (in target 'IBGraphKit' from project 'IBGraph')
cd /Users/admin/builder/spi-builder-workspace/.swiftpm/xcode
builtin-SwiftDriver -- /Applications/Xcode-27.0.0-Release.Candidate.app/Contents/Developer/Toolchains/XcodeDefault.xctoolchain/usr/bin/swiftc -parse-as-library -module-name IBGraphKit -Onone @/Users/admin/builder/spi-builder-workspace/.derivedData/Build/Intermediates.noindex/IBGraph.build/Debug-watchos/IBGraphKit-t.build/Objects-normal/arm64_32/IBGraphKit.SwiftFileList -DSWIFT_PACKAGE -DDEBUG -DSWIFT_MODULE_RESOURCE_BUNDLE_UNAVAILABLE -Xcc -fmodule-map-file\=/Users/admin/builder/spi-builder-workspace/.derivedData/Build/Intermediates.noindex/GeneratedModuleMaps-watchos/CYaml.modulemap -DXcode -plugin-path /Applications/Xcode-27.0.0-Release.Candidate.app/Contents/Developer/Toolchains/XcodeDefault.xctoolchain/usr/lib/swift/host/plugins/testing -enable-experimental-feature DebugDescriptionMacro -sdk /Applications/Xcode-27.0.0-Release.Candidate.app/Contents/Developer/Platforms/WatchOS.platform/Developer/SDKs/WatchOS27.0.sdk -target arm64_32-apple-watchos9.0 -g -module-cache-path /Users/admin/builder/spi-builder-workspace/.derivedData/ModuleCache.noindex -Xfrontend -serialize-debugging-options -profile-coverage-mapping -profile-generate -enable-testing -index-store-path /Users/admin/builder/spi-builder-workspace/.derivedData/Index.noindex/DataStore -Xcc -D_LIBCPP_HARDENING_MODE\=_LIBCPP_HARDENING_MODE_DEBUG -swift-version 4.2 -I /Users/admin/builder/spi-builder-workspace/.derivedData/Build/Products/Debug-watchos -Isystem /Applications/Xcode-27.0.0-Release.Candidate.app/Contents/Developer/Platforms/WatchOS.platform/Developer/usr/lib -F /Users/admin/builder/spi-builder-workspace/.derivedData/Build/Products/Debug-watchos/PackageFrameworks -F /Users/admin/builder/spi-builder-workspace/.derivedData/Build/Products/Debug-watchos -F /Applications/Xcode-27.0.0-Release.Candidate.app/Contents/Developer/Platforms/WatchOS.platform/Developer/Library/Frameworks -F /Applications/Xcode-27.0.0-Release.Candidate.app/Contents/Developer/Platforms/WatchOS.platform/Developer/SDKs/WatchOS27.0.sdk/Developer/Library/Frameworks -c -j10 -enable-batch-mode -incremental -Xcc -ivfsstatcache -Xcc /Users/admin/builder/spi-builder-workspace/.derivedData/SDKStatCaches.noindex/watchos27.0-24R360-e829b21a6f8c9b70876ba0858053c04477534ef55a1706bf4c1112bbb242f0a2.sdkstatcache -output-file-map /Users/admin/builder/spi-builder-workspace/.derivedData/Build/Intermediates.noindex/IBGraph.build/Debug-watchos/IBGraphKit-t.build/Objects-normal/arm64_32/IBGraphKit-OutputFileMap.json -save-temps -no-color-diagnostics -emit-dependencies -emit-module -emit-module-path /Users/admin/builder/spi-builder-workspace/.derivedData/Build/Intermediates.noindex/IBGraph.build/Debug-watchos/IBGraphKit-t.build/Objects-normal/arm64_32/IBGraphKit.swiftmodule -serialize-diagnostics -validate-clang-modules-once -clang-build-session-file /Users/admin/builder/spi-builder-workspace/.derivedData/ModuleCache.noindex/Session.modulevalidation -Xcc -fmodules-prune-interval\=86400 -Xcc -fmodules-prune-after\=345600 -emit-const-values -const-gather-protocols-list /Users/admin/builder/spi-builder-workspace/.derivedData/Build/Intermediates.noindex/IBGraph.build/Debug-watchos/IBGraphKit-t.build/Objects-normal/arm64_32/IBGraphKit_const_extract_protocols.json -Xcc -I/Users/admin/builder/spi-builder-workspace/.dependencies/checkouts/Yams/Sources/CYaml/include -Xcc -I/Users/admin/builder/spi-builder-workspace/.derivedData/Build/Products/Debug-watchos/include -Xcc -I/Users/admin/builder/spi-builder-workspace/.derivedData/Build/Intermediates.noindex/IBGraph.build/Debug-watchos/IBGraphKit-t.build/DerivedSources-normal/arm64_32 -Xcc -I/Users/admin/builder/spi-builder-workspace/.derivedData/Build/Intermediates.noindex/IBGraph.build/Debug-watchos/IBGraphKit-t.build/DerivedSources/arm64_32 -Xcc -I/Users/admin/builder/spi-builder-workspace/.derivedData/Build/Intermediates.noindex/IBGraph.build/Debug-watchos/IBGraphKit-t.build/DerivedSources -Xcc -DSWIFT_PACKAGE -Xcc -DDEBUG\=1 -emit-objc-header -emit-objc-header-path /Users/admin/builder/spi-builder-workspace/.derivedData/Build/Intermediates.noindex/IBGraph.build/Debug-watchos/IBGraphKit-t.build/Objects-normal/arm64_32/IBGraphKit-Swift.h -working-directory /Users/admin/builder/spi-builder-workspace/.swiftpm/xcode -experimental-emit-module-separately -disable-cmo
SwiftDriver IBGraphKit normal arm64 com.apple.xcode.tools.swift.compiler (in target 'IBGraphKit' from project 'IBGraph')
cd /Users/admin/builder/spi-builder-workspace/.swiftpm/xcode
builtin-SwiftDriver -- /Applications/Xcode-27.0.0-Release.Candidate.app/Contents/Developer/Toolchains/XcodeDefault.xctoolchain/usr/bin/swiftc -parse-as-library -module-name IBGraphKit -Onone @/Users/admin/builder/spi-builder-workspace/.derivedData/Build/Intermediates.noindex/IBGraph.build/Debug-watchos/IBGraphKit-t.build/Objects-normal/arm64/IBGraphKit.SwiftFileList -DSWIFT_PACKAGE -DDEBUG -DSWIFT_MODULE_RESOURCE_BUNDLE_UNAVAILABLE -Xcc -fmodule-map-file\=/Users/admin/builder/spi-builder-workspace/.derivedData/Build/Intermediates.noindex/GeneratedModuleMaps-watchos/CYaml.modulemap -DXcode -plugin-path /Applications/Xcode-27.0.0-Release.Candidate.app/Contents/Developer/Toolchains/XcodeDefault.xctoolchain/usr/lib/swift/host/plugins/testing -enable-experimental-feature DebugDescriptionMacro -sdk /Applications/Xcode-27.0.0-Release.Candidate.app/Contents/Developer/Platforms/WatchOS.platform/Developer/SDKs/WatchOS27.0.sdk -target arm64-apple-watchos9.0 -g -module-cache-path /Users/admin/builder/spi-builder-workspace/.derivedData/ModuleCache.noindex -Xfrontend -serialize-debugging-options -profile-coverage-mapping -profile-generate -enable-testing -index-store-path /Users/admin/builder/spi-builder-workspace/.derivedData/Index.noindex/DataStore -Xcc -D_LIBCPP_HARDENING_MODE\=_LIBCPP_HARDENING_MODE_DEBUG -swift-version 4.2 -I /Users/admin/builder/spi-builder-workspace/.derivedData/Build/Products/Debug-watchos -Isystem /Applications/Xcode-27.0.0-Release.Candidate.app/Contents/Developer/Platforms/WatchOS.platform/Developer/usr/lib -F /Users/admin/builder/spi-builder-workspace/.derivedData/Build/Products/Debug-watchos/PackageFrameworks -F /Users/admin/builder/spi-builder-workspace/.derivedData/Build/Products/Debug-watchos -F /Applications/Xcode-27.0.0-Release.Candidate.app/Contents/Developer/Platforms/WatchOS.platform/Developer/Library/Frameworks -F /Applications/Xcode-27.0.0-Release.Candidate.app/Contents/Developer/Platforms/WatchOS.platform/Developer/SDKs/WatchOS27.0.sdk/Developer/Library/Frameworks -c -j10 -enable-batch-mode -incremental -Xcc -ivfsstatcache -Xcc /Users/admin/builder/spi-builder-workspace/.derivedData/SDKStatCaches.noindex/watchos27.0-24R360-e829b21a6f8c9b70876ba0858053c04477534ef55a1706bf4c1112bbb242f0a2.sdkstatcache -output-file-map /Users/admin/builder/spi-builder-workspace/.derivedData/Build/Intermediates.noindex/IBGraph.build/Debug-watchos/IBGraphKit-t.build/Objects-normal/arm64/IBGraphKit-OutputFileMap.json -save-temps -no-color-diagnostics -emit-dependencies -emit-module -emit-module-path /Users/admin/builder/spi-builder-workspace/.derivedData/Build/Intermediates.noindex/IBGraph.build/Debug-watchos/IBGraphKit-t.build/Objects-normal/arm64/IBGraphKit.swiftmodule -serialize-diagnostics -validate-clang-modules-once -clang-build-session-file /Users/admin/builder/spi-builder-workspace/.derivedData/ModuleCache.noindex/Session.modulevalidation -Xcc -fmodules-prune-interval\=86400 -Xcc -fmodules-prune-after\=345600 -emit-const-values -const-gather-protocols-list /Users/admin/builder/spi-builder-workspace/.derivedData/Build/Intermediates.noindex/IBGraph.build/Debug-watchos/IBGraphKit-t.build/Objects-normal/arm64/IBGraphKit_const_extract_protocols.json -Xcc -I/Users/admin/builder/spi-builder-workspace/.dependencies/checkouts/Yams/Sources/CYaml/include -Xcc -I/Users/admin/builder/spi-builder-workspace/.derivedData/Build/Products/Debug-watchos/include -Xcc -I/Users/admin/builder/spi-builder-workspace/.derivedData/Build/Intermediates.noindex/IBGraph.build/Debug-watchos/IBGraphKit-t.build/DerivedSources-normal/arm64 -Xcc -I/Users/admin/builder/spi-builder-workspace/.derivedData/Build/Intermediates.noindex/IBGraph.build/Debug-watchos/IBGraphKit-t.build/DerivedSources/arm64 -Xcc -I/Users/admin/builder/spi-builder-workspace/.derivedData/Build/Intermediates.noindex/IBGraph.build/Debug-watchos/IBGraphKit-t.build/DerivedSources -Xcc -DSWIFT_PACKAGE -Xcc -DDEBUG\=1 -emit-objc-header -emit-objc-header-path /Users/admin/builder/spi-builder-workspace/.derivedData/Build/Intermediates.noindex/IBGraph.build/Debug-watchos/IBGraphKit-t.build/Objects-normal/arm64/IBGraphKit-Swift.h -working-directory /Users/admin/builder/spi-builder-workspace/.swiftpm/xcode -experimental-emit-module-separately -disable-cmo
SwiftDriverJobDiscovery normal arm64 Compiling Errors.swift (in target 'Commandant' from project 'Commandant')
SwiftCompile normal arm64_32 Compiling\ IBGraph.swift,\ DOTReporter.swift /Users/admin/builder/spi-builder-workspace/Sources/IBGraphKit/IBGraph.swift /Users/admin/builder/spi-builder-workspace/Sources/IBGraphKit/Reporters/DOTReporter.swift (in target 'IBGraphKit' from project 'IBGraph')
SwiftCompile normal arm64_32 /Users/admin/builder/spi-builder-workspace/Sources/IBGraphKit/IBGraph.swift (in target 'IBGraphKit' from project 'IBGraph')
cd /Users/admin/builder/spi-builder-workspace/.swiftpm/xcode
builtin-SwiftPerFileCompile IBGraph.swift
SwiftCompile normal arm64_32 /Users/admin/builder/spi-builder-workspace/Sources/IBGraphKit/Reporters/DOTReporter.swift (in target 'IBGraphKit' from project 'IBGraph')
cd /Users/admin/builder/spi-builder-workspace/.swiftpm/xcode
builtin-SwiftPerFileCompile DOTReporter.swift
SwiftEmitModule normal arm64_32 Emitting\ module\ for\ IBGraphKit (in target 'IBGraphKit' from project 'IBGraph')
SwiftCompile normal arm64_32 (in target 'IBGraphKit' from project 'IBGraph')
cd /Users/admin/builder/spi-builder-workspace/.swiftpm/xcode
PruneExplicitPrecompiledModules /Users/admin/builder/spi-builder-workspace/.derivedData/Build/Intermediates.noindex/SwiftExplicitPrecompiledModules
PruneExplicitPrecompiledModules /Users/admin/builder/spi-builder-workspace/.derivedData/SDKExplicitPrecompiledModules
PruneExplicitPrecompiledModules /Users/admin/builder/spi-builder-workspace/.derivedData/Build/Intermediates.noindex/ExplicitPrecompiledModules
2026-09-16 02:14:21.472 xcodebuild[1191:6341] [MT] IDERunDestination: Supported platforms for the buildables in the current scheme is empty.
** BUILD FAILED **
The following build commands failed:
SwiftCompile normal arm64_32 Compiling\ Command.swift /Users/admin/builder/spi-builder-workspace/.dependencies/checkouts/Commandant/Sources/Commandant/Command.swift (in target 'Commandant' from project 'Commandant')
SwiftCompile normal arm64_32 /Users/admin/builder/spi-builder-workspace/.dependencies/checkouts/Commandant/Sources/Commandant/Command.swift (in target 'Commandant' from project 'Commandant')
Building workspace IBGraph with scheme IBGraph-Package
(3 failures)
Command line invocation:
/Applications/Xcode-27.0.0-Release.Candidate.app/Contents/Developer/usr/bin/xcodebuild -IDEClonedSourcePackagesDirPathOverride=/Users/admin/builder/spi-builder-workspace/.dependencies -resolvePackageDependencies
Resolve Package Graph
Resolved source packages:
Quick: https://github.com/Quick/Quick.git @ 2.2.1
IBGraph: /Users/admin/builder/spi-builder-workspace
Result: https://github.com/antitypical/Result.git @ 4.1.0
DotSwift: https://github.com/ferranpujolcamins/DotSwift.git @ HEAD (e1749ec)
Commandant: https://github.com/Carthage/Commandant.git @ 0.16.0
Spectre: https://github.com/kylef/Spectre.git @ 0.10.1
IBDecodable: https://github.com/IBDecodable/IBDecodable.git @ HEAD (0ae1b9e)
Nimble: https://github.com/Quick/Nimble.git @ 8.1.2
Yams: https://github.com/jpsim/Yams.git @ 2.0.0
PathKit: https://github.com/kylef/PathKit.git @ 1.0.1
SWXMLHash: https://github.com/drmohundro/SWXMLHash.git @ 7.0.2
SwiftGraph: https://github.com/davecom/SwiftGraph @ 3.1.0
resolved source packages: Quick, IBGraph, Result, DotSwift, Commandant, Spectre, IBDecodable, Nimble, Yams, PathKit, SWXMLHash, SwiftGraph
2026-09-16 02:14:34.745 xcodebuild[1583:8451] [MT] IDERunDestination: Supported platforms for the buildables in the current scheme is empty.
{
"dependencies" : [
{
"identity" : "dotswift",
"requirement" : {
"revision" : [
"HEAD"
]
},
"type" : "sourceControl",
"url" : "https://github.com/ferranpujolcamins/DotSwift.git"
},
{
"identity" : "ibdecodable",
"requirement" : {
"revision" : [
"HEAD"
]
},
"type" : "sourceControl",
"url" : "https://github.com/IBDecodable/IBDecodable.git"
},
{
"identity" : "commandant",
"requirement" : {
"range" : [
{
"lower_bound" : "0.16.0",
"upper_bound" : "0.17.0"
}
]
},
"type" : "sourceControl",
"url" : "https://github.com/Carthage/Commandant.git"
},
{
"identity" : "yams",
"requirement" : {
"range" : [
{
"lower_bound" : "2.0.0",
"upper_bound" : "2.1.0"
}
]
},
"type" : "sourceControl",
"url" : "https://github.com/jpsim/Yams.git"
},
{
"identity" : "pathkit",
"requirement" : {
"range" : [
{
"lower_bound" : "1.0.0",
"upper_bound" : "1.1.0"
}
]
},
"type" : "sourceControl",
"url" : "https://github.com/kylef/PathKit.git"
}
],
"manifest_display_name" : "IBGraph",
"name" : "IBGraph",
"path" : "/Users/admin/builder/spi-builder-workspace",
"platforms" : [
],
"products" : [
{
"name" : "ibgraph",
"targets" : [
"IBGraph"
],
"type" : {
"executable" : null
}
},
{
"name" : "IBGraphKit",
"targets" : [
"IBGraphKit"
],
"type" : {
"library" : [
"automatic"
]
}
},
{
"name" : "IBGraphFrontend",
"targets" : [
"IBGraphFrontend"
],
"type" : {
"library" : [
"automatic"
]
}
}
],
"targets" : [
{
"c99name" : "IBGraphTests",
"module_type" : "SwiftTarget",
"name" : "IBGraphTests",
"path" : "Tests",
"sources" : [
"test.swift"
],
"target_dependencies" : [
"IBGraph",
"IBGraphKit"
],
"type" : "test"
},
{
"c99name" : "IBGraphKit",
"module_type" : "SwiftTarget",
"name" : "IBGraphKit",
"path" : "Sources/IBGraphKit",
"product_dependencies" : [
"Commandant",
"DotSwiftAttributes",
"DotSwiftEncoder",
"SwiftGraphBindings",
"IBDecodable",
"Yams"
],
"product_memberships" : [
"ibgraph",
"IBGraphKit",
"IBGraphFrontend"
],
"sources" : [
"Config/Config.swift",
"GraphBuilder.swift",
"IBGraph.swift",
"Reporters/DOTReporter.swift",
"Reporters/DefaultReporter.swift",
"Reporters/GMLReporter.swift",
"Reporters/GraphMLReporter.swift",
"Reporters/JSONReporter.swift",
"Reporters/OnlineReporter.swift",
"Reporters/Reporter.swift",
"Utils/Glob.swift",
"Vertexable.swift"
],
"type" : "library"
},
{
"c99name" : "IBGraphFrontend",
"module_type" : "SwiftTarget",
"name" : "IBGraphFrontend",
"path" : "Sources/IBGraphFrontend",
"product_dependencies" : [
"PathKit"
],
"product_memberships" : [
"ibgraph",
"IBGraphFrontend"
],
"sources" : [
"Commands/GenerateCommand.swift",
"Commands/VersionCommand.swift",
"IBGraphFrontend.swift",
"Version.swift"
],
"target_dependencies" : [
"IBGraphKit"
],
"type" : "library"
},
{
"c99name" : "IBGraph",
"module_type" : "SwiftTarget",
"name" : "IBGraph",
"path" : "Sources/IBGraph",
"product_memberships" : [
"ibgraph"
],
"sources" : [
"main.swift"
],
"target_dependencies" : [
"IBGraphKit",
"IBGraphFrontend"
],
"type" : "executable"
}
],
"tools_version" : "4.2"
}
{
"workspace" : {
"name" : "IBGraph",
"schemes" : [
"ibgraph",
"IBGraph-Package",
"IBGraphFrontend",
"IBGraphKit"
]
}
}
2026-09-16 02:14:36.184 xcodebuild[1591:8520] [MT] IDERunDestination: Supported platforms for the buildables in the current scheme is empty.
Running build ...
env DEVELOPER_DIR=/Applications/Xcode-27.0.0-Release.Candidate.app xcrun xcodebuild -IDEClonedSourcePackagesDirPathOverride=$PWD/.dependencies -skipMacroValidation -skipPackagePluginValidation -derivedDataPath $PWD/.derivedData build -scheme IBGraph-Package -destination generic/platform=watchOS
Command line invocation:
/Applications/Xcode-27.0.0-Release.Candidate.app/Contents/Developer/usr/bin/xcodebuild -IDEClonedSourcePackagesDirPathOverride=/Users/admin/builder/spi-builder-workspace/.dependencies -skipMacroValidation -skipPackagePluginValidation -derivedDataPath /Users/admin/builder/spi-builder-workspace/.derivedData build -scheme IBGraph-Package -destination generic/platform=watchOS
Resolve Package Graph
Resolved source packages:
IBGraph: /Users/admin/builder/spi-builder-workspace
PathKit: https://github.com/kylef/PathKit.git @ 1.0.1
Nimble: https://github.com/Quick/Nimble.git @ 8.1.2
Yams: https://github.com/jpsim/Yams.git @ 2.0.0
IBDecodable: https://github.com/IBDecodable/IBDecodable.git @ HEAD (0ae1b9e)
SWXMLHash: https://github.com/drmohundro/SWXMLHash.git @ 7.0.2
Commandant: https://github.com/Carthage/Commandant.git @ 0.16.0
SwiftGraph: https://github.com/davecom/SwiftGraph @ 3.1.0
Quick: https://github.com/Quick/Quick.git @ 2.2.1
DotSwift: https://github.com/ferranpujolcamins/DotSwift.git @ HEAD (e1749ec)
Spectre: https://github.com/kylef/Spectre.git @ 0.10.1
Result: https://github.com/antitypical/Result.git @ 4.1.0
ComputePackagePrebuildTargetDependencyGraph
Prepare packages
CreateBuildRequest
SendProjectDescription
CreateBuildOperation
ComputeTargetDependencyGraph
note: Building targets in dependency order
note: Target dependency graph (26 targets)
Target 'ibgraph-product' in project 'IBGraph'
➜ Explicit dependency on target 'IBGraphKit' in project 'IBGraph'
➜ Explicit dependency on target 'IBGraphFrontend' in project 'IBGraph'
➜ Explicit dependency on target 'Commandant-product' in project 'Commandant'
➜ Explicit dependency on target 'DotSwiftAttributes-product' in project 'DotSwift'
➜ Explicit dependency on target 'DotSwiftEncoder-product' in project 'DotSwift'
➜ Explicit dependency on target 'SwiftGraphBindings-product' in project 'DotSwift'
➜ Explicit dependency on target 'IBDecodable-product' in project 'IBDecodable'
➜ Explicit dependency on target 'Yams-product' in project 'Yams'
➜ Explicit dependency on target 'PathKit-product' in project 'PathKit'
Target 'IBGraphFrontend-product' in project 'IBGraph'
➜ Explicit dependency on target 'IBGraphFrontend' in project 'IBGraph'
➜ Explicit dependency on target 'IBGraphKit' in project 'IBGraph'
➜ Explicit dependency on target 'Commandant-product' in project 'Commandant'
➜ Explicit dependency on target 'DotSwiftAttributes-product' in project 'DotSwift'
➜ Explicit dependency on target 'DotSwiftEncoder-product' in project 'DotSwift'
➜ Explicit dependency on target 'SwiftGraphBindings-product' in project 'DotSwift'
➜ Explicit dependency on target 'IBDecodable-product' in project 'IBDecodable'
➜ Explicit dependency on target 'Yams-product' in project 'Yams'
➜ Explicit dependency on target 'PathKit-product' in project 'PathKit'
Target 'IBGraphFrontend' in project 'IBGraph'
➜ Explicit dependency on target 'IBGraphKit' in project 'IBGraph'
➜ Explicit dependency on target 'Commandant-product' in project 'Commandant'
➜ Explicit dependency on target 'DotSwiftAttributes-product' in project 'DotSwift'
➜ Explicit dependency on target 'DotSwiftEncoder-product' in project 'DotSwift'
➜ Explicit dependency on target 'SwiftGraphBindings-product' in project 'DotSwift'
➜ Explicit dependency on target 'IBDecodable-product' in project 'IBDecodable'
➜ Explicit dependency on target 'Yams-product' in project 'Yams'
➜ Explicit dependency on target 'PathKit-product' in project 'PathKit'
Target 'PathKit-product' in project 'PathKit'
➜ Explicit dependency on target 'PathKit' in project 'PathKit'
Target 'PathKit' in project 'PathKit' (no dependencies)
Target 'IBGraphKit-product' in project 'IBGraph'
➜ Explicit dependency on target 'IBGraphKit' in project 'IBGraph'
➜ Explicit dependency on target 'Commandant-product' in project 'Commandant'
➜ Explicit dependency on target 'DotSwiftAttributes-product' in project 'DotSwift'
➜ Explicit dependency on target 'DotSwiftEncoder-product' in project 'DotSwift'
➜ Explicit dependency on target 'SwiftGraphBindings-product' in project 'DotSwift'
➜ Explicit dependency on target 'IBDecodable-product' in project 'IBDecodable'
➜ Explicit dependency on target 'Yams-product' in project 'Yams'
Target 'IBGraphKit' in project 'IBGraph'
➜ Explicit dependency on target 'Commandant-product' in project 'Commandant'
➜ Explicit dependency on target 'DotSwiftAttributes-product' in project 'DotSwift'
➜ Explicit dependency on target 'DotSwiftEncoder-product' in project 'DotSwift'
➜ Explicit dependency on target 'SwiftGraphBindings-product' in project 'DotSwift'
➜ Explicit dependency on target 'IBDecodable-product' in project 'IBDecodable'
➜ Explicit dependency on target 'Yams-product' in project 'Yams'
Target 'Yams-product' in project 'Yams'
➜ Explicit dependency on target 'Yams' in project 'Yams'
➜ Explicit dependency on target 'CYaml' in project 'Yams'
Target 'Yams' in project 'Yams'
➜ Explicit dependency on target 'CYaml' in project 'Yams'
Target 'CYaml' in project 'Yams' (no dependencies)
Target 'IBDecodable-product' in project 'IBDecodable'
➜ Explicit dependency on target 'IBDecodable' in project 'IBDecodable'
➜ Explicit dependency on target 'SWXMLHash-product' in project 'SWXMLHash'
Target 'IBDecodable' in project 'IBDecodable'
➜ Explicit dependency on target 'SWXMLHash-product' in project 'SWXMLHash'
Target 'SWXMLHash-product' in project 'SWXMLHash'
➜ Explicit dependency on target 'SWXMLHash' in project 'SWXMLHash'
Target 'SWXMLHash' in project 'SWXMLHash' (no dependencies)
Target 'SwiftGraphBindings-product' in project 'DotSwift'
➜ Explicit dependency on target 'SwiftGraphBindings' in project 'DotSwift'
➜ Explicit dependency on target 'DotSwiftAttributes' in project 'DotSwift'
➜ Explicit dependency on target 'DotSwiftEncoder' in project 'DotSwift'
➜ Explicit dependency on target 'SwiftGraph-product' in project 'SwiftGraph'
Target 'SwiftGraphBindings' in project 'DotSwift'
➜ Explicit dependency on target 'DotSwiftAttributes' in project 'DotSwift'
➜ Explicit dependency on target 'DotSwiftEncoder' in project 'DotSwift'
➜ Explicit dependency on target 'SwiftGraph-product' in project 'SwiftGraph'
Target 'SwiftGraph-product' in project 'SwiftGraph'
➜ Explicit dependency on target 'SwiftGraph' in project 'SwiftGraph'
Target 'SwiftGraph' in project 'SwiftGraph' (no dependencies)
Target 'DotSwiftEncoder-product' in project 'DotSwift'
➜ Explicit dependency on target 'DotSwiftEncoder' in project 'DotSwift'
➜ Explicit dependency on target 'DotSwiftAttributes' in project 'DotSwift'
Target 'DotSwiftEncoder' in project 'DotSwift'
➜ Explicit dependency on target 'DotSwiftAttributes' in project 'DotSwift'
Target 'DotSwiftAttributes-product' in project 'DotSwift'
➜ Explicit dependency on target 'DotSwiftAttributes' in project 'DotSwift'
Target 'DotSwiftAttributes' in project 'DotSwift' (no dependencies)
Target 'Commandant-product' in project 'Commandant'
➜ Explicit dependency on target 'Commandant' in project 'Commandant'
➜ Explicit dependency on target 'Result-product' in project 'Result'
Target 'Commandant' in project 'Commandant'
➜ Explicit dependency on target 'Result-product' in project 'Result'
Target 'Result-product' in project 'Result'
➜ Explicit dependency on target 'Result' in project 'Result'
Target 'Result' in project 'Result' (no dependencies)
GatherProvisioningInputs
CreateBuildDescription
ClangStatCache /Applications/Xcode-27.0.0-Release.Candidate.app/Contents/Developer/Toolchains/XcodeDefault.xctoolchain/usr/bin/clang-stat-cache /Applications/Xcode-27.0.0-Release.Candidate.app/Contents/Developer/Platforms/WatchOS.platform/Developer/SDKs/WatchOS27.0.sdk /Users/admin/builder/spi-builder-workspace/.derivedData/SDKStatCaches.noindex/watchos27.0-24R360-e829b21a6f8c9b70876ba0858053c04477534ef55a1706bf4c1112bbb242f0a2.sdkstatcache
cd /Users/admin/builder/spi-builder-workspace/.swiftpm/xcode
/Applications/Xcode-27.0.0-Release.Candidate.app/Contents/Developer/Toolchains/XcodeDefault.xctoolchain/usr/bin/clang-stat-cache /Applications/Xcode-27.0.0-Release.Candidate.app/Contents/Developer/Platforms/WatchOS.platform/Developer/SDKs/WatchOS27.0.sdk -o /Users/admin/builder/spi-builder-workspace/.derivedData/SDKStatCaches.noindex/watchos27.0-24R360-e829b21a6f8c9b70876ba0858053c04477534ef55a1706bf4c1112bbb242f0a2.sdkstatcache
SwiftDriver IBGraphKit normal arm64_32 com.apple.xcode.tools.swift.compiler (in target 'IBGraphKit' from project 'IBGraph')
cd /Users/admin/builder/spi-builder-workspace/.swiftpm/xcode
builtin-SwiftDriver -- /Applications/Xcode-27.0.0-Release.Candidate.app/Contents/Developer/Toolchains/XcodeDefault.xctoolchain/usr/bin/swiftc -parse-as-library -module-name IBGraphKit -Onone @/Users/admin/builder/spi-builder-workspace/.derivedData/Build/Intermediates.noindex/IBGraph.build/Debug-watchos/IBGraphKit-t.build/Objects-normal/arm64_32/IBGraphKit.SwiftFileList -DSWIFT_PACKAGE -DDEBUG -DSWIFT_MODULE_RESOURCE_BUNDLE_UNAVAILABLE -Xcc -fmodule-map-file\=/Users/admin/builder/spi-builder-workspace/.derivedData/Build/Intermediates.noindex/GeneratedModuleMaps-watchos/CYaml.modulemap -DXcode -plugin-path /Applications/Xcode-27.0.0-Release.Candidate.app/Contents/Developer/Toolchains/XcodeDefault.xctoolchain/usr/lib/swift/host/plugins/testing -enable-experimental-feature DebugDescriptionMacro -sdk /Applications/Xcode-27.0.0-Release.Candidate.app/Contents/Developer/Platforms/WatchOS.platform/Developer/SDKs/WatchOS27.0.sdk -target arm64_32-apple-watchos9.0 -g -module-cache-path /Users/admin/builder/spi-builder-workspace/.derivedData/ModuleCache.noindex -Xfrontend -serialize-debugging-options -profile-coverage-mapping -profile-generate -enable-testing -index-store-path /Users/admin/builder/spi-builder-workspace/.derivedData/Index.noindex/DataStore -Xcc -D_LIBCPP_HARDENING_MODE\=_LIBCPP_HARDENING_MODE_DEBUG -swift-version 4.2 -I /Users/admin/builder/spi-builder-workspace/.derivedData/Build/Products/Debug-watchos -Isystem /Applications/Xcode-27.0.0-Release.Candidate.app/Contents/Developer/Platforms/WatchOS.platform/Developer/usr/lib -F /Users/admin/builder/spi-builder-workspace/.derivedData/Build/Products/Debug-watchos/PackageFrameworks -F /Users/admin/builder/spi-builder-workspace/.derivedData/Build/Products/Debug-watchos -F /Applications/Xcode-27.0.0-Release.Candidate.app/Contents/Developer/Platforms/WatchOS.platform/Developer/Library/Frameworks -F /Applications/Xcode-27.0.0-Release.Candidate.app/Contents/Developer/Platforms/WatchOS.platform/Developer/SDKs/WatchOS27.0.sdk/Developer/Library/Frameworks -c -j10 -enable-batch-mode -incremental -Xcc -ivfsstatcache -Xcc /Users/admin/builder/spi-builder-workspace/.derivedData/SDKStatCaches.noindex/watchos27.0-24R360-e829b21a6f8c9b70876ba0858053c04477534ef55a1706bf4c1112bbb242f0a2.sdkstatcache -output-file-map /Users/admin/builder/spi-builder-workspace/.derivedData/Build/Intermediates.noindex/IBGraph.build/Debug-watchos/IBGraphKit-t.build/Objects-normal/arm64_32/IBGraphKit-OutputFileMap.json -save-temps -no-color-diagnostics -emit-dependencies -emit-module -emit-module-path /Users/admin/builder/spi-builder-workspace/.derivedData/Build/Intermediates.noindex/IBGraph.build/Debug-watchos/IBGraphKit-t.build/Objects-normal/arm64_32/IBGraphKit.swiftmodule -serialize-diagnostics -validate-clang-modules-once -clang-build-session-file /Users/admin/builder/spi-builder-workspace/.derivedData/ModuleCache.noindex/Session.modulevalidation -Xcc -fmodules-prune-interval\=86400 -Xcc -fmodules-prune-after\=345600 -emit-const-values -const-gather-protocols-list /Users/admin/builder/spi-builder-workspace/.derivedData/Build/Intermediates.noindex/IBGraph.build/Debug-watchos/IBGraphKit-t.build/Objects-normal/arm64_32/IBGraphKit_const_extract_protocols.json -Xcc -I/Users/admin/builder/spi-builder-workspace/.dependencies/checkouts/Yams/Sources/CYaml/include -Xcc -I/Users/admin/builder/spi-builder-workspace/.derivedData/Build/Products/Debug-watchos/include -Xcc -I/Users/admin/builder/spi-builder-workspace/.derivedData/Build/Intermediates.noindex/IBGraph.build/Debug-watchos/IBGraphKit-t.build/DerivedSources-normal/arm64_32 -Xcc -I/Users/admin/builder/spi-builder-workspace/.derivedData/Build/Intermediates.noindex/IBGraph.build/Debug-watchos/IBGraphKit-t.build/DerivedSources/arm64_32 -Xcc -I/Users/admin/builder/spi-builder-workspace/.derivedData/Build/Intermediates.noindex/IBGraph.build/Debug-watchos/IBGraphKit-t.build/DerivedSources -Xcc -DSWIFT_PACKAGE -Xcc -DDEBUG\=1 -emit-objc-header -emit-objc-header-path /Users/admin/builder/spi-builder-workspace/.derivedData/Build/Intermediates.noindex/IBGraph.build/Debug-watchos/IBGraphKit-t.build/Objects-normal/arm64_32/IBGraphKit-Swift.h -working-directory /Users/admin/builder/spi-builder-workspace/.swiftpm/xcode -experimental-emit-module-separately -disable-cmo
SwiftDriver IBDecodable normal arm64_32 com.apple.xcode.tools.swift.compiler (in target 'IBDecodable' from project 'IBDecodable')
cd /Users/admin/builder/spi-builder-workspace/.swiftpm/xcode
builtin-SwiftDriver -- /Applications/Xcode-27.0.0-Release.Candidate.app/Contents/Developer/Toolchains/XcodeDefault.xctoolchain/usr/bin/swiftc -parse-as-library -module-name IBDecodable -Onone @/Users/admin/builder/spi-builder-workspace/.derivedData/Build/Intermediates.noindex/IBDecodable.build/Debug-watchos/IBDecodable-t.build/Objects-normal/arm64_32/IBDecodable.SwiftFileList -DSWIFT_PACKAGE -DDEBUG -DSWIFT_MODULE_RESOURCE_BUNDLE_UNAVAILABLE -DXcode -plugin-path /Applications/Xcode-27.0.0-Release.Candidate.app/Contents/Developer/Toolchains/XcodeDefault.xctoolchain/usr/lib/swift/host/plugins/testing -enable-experimental-feature DebugDescriptionMacro -sdk /Applications/Xcode-27.0.0-Release.Candidate.app/Contents/Developer/Platforms/WatchOS.platform/Developer/SDKs/WatchOS27.0.sdk -target arm64_32-apple-watchos9.0 -g -module-cache-path /Users/admin/builder/spi-builder-workspace/.derivedData/ModuleCache.noindex -Xfrontend -serialize-debugging-options -profile-coverage-mapping -profile-generate -enable-testing -suppress-warnings -index-store-path /Users/admin/builder/spi-builder-workspace/.derivedData/Index.noindex/DataStore -Xcc -D_LIBCPP_HARDENING_MODE\=_LIBCPP_HARDENING_MODE_DEBUG -swift-version 4 -I /Users/admin/builder/spi-builder-workspace/.derivedData/Build/Products/Debug-watchos -Isystem /Applications/Xcode-27.0.0-Release.Candidate.app/Contents/Developer/Platforms/WatchOS.platform/Developer/usr/lib -F /Users/admin/builder/spi-builder-workspace/.derivedData/Build/Products/Debug-watchos/PackageFrameworks -F /Users/admin/builder/spi-builder-workspace/.derivedData/Build/Products/Debug-watchos -F /Applications/Xcode-27.0.0-Release.Candidate.app/Contents/Developer/Platforms/WatchOS.platform/Developer/Library/Frameworks -F /Applications/Xcode-27.0.0-Release.Candidate.app/Contents/Developer/Platforms/WatchOS.platform/Developer/SDKs/WatchOS27.0.sdk/Developer/Library/Frameworks -c -j10 -enable-batch-mode -incremental -Xcc -ivfsstatcache -Xcc /Users/admin/builder/spi-builder-workspace/.derivedData/SDKStatCaches.noindex/watchos27.0-24R360-e829b21a6f8c9b70876ba0858053c04477534ef55a1706bf4c1112bbb242f0a2.sdkstatcache -output-file-map /Users/admin/builder/spi-builder-workspace/.derivedData/Build/Intermediates.noindex/IBDecodable.build/Debug-watchos/IBDecodable-t.build/Objects-normal/arm64_32/IBDecodable-OutputFileMap.json -save-temps -no-color-diagnostics -emit-dependencies -emit-module -emit-module-path /Users/admin/builder/spi-builder-workspace/.derivedData/Build/Intermediates.noindex/IBDecodable.build/Debug-watchos/IBDecodable-t.build/Objects-normal/arm64_32/IBDecodable.swiftmodule -serialize-diagnostics -validate-clang-modules-once -clang-build-session-file /Users/admin/builder/spi-builder-workspace/.derivedData/ModuleCache.noindex/Session.modulevalidation -Xcc -fmodules-prune-interval\=86400 -Xcc -fmodules-prune-after\=345600 -emit-const-values -const-gather-protocols-list /Users/admin/builder/spi-builder-workspace/.derivedData/Build/Intermediates.noindex/IBDecodable.build/Debug-watchos/IBDecodable-t.build/Objects-normal/arm64_32/IBDecodable_const_extract_protocols.json -Xcc -I/Users/admin/builder/spi-builder-workspace/.derivedData/Build/Products/Debug-watchos/include -Xcc -I/Users/admin/builder/spi-builder-workspace/.derivedData/Build/Intermediates.noindex/IBDecodable.build/Debug-watchos/IBDecodable-t.build/DerivedSources-normal/arm64_32 -Xcc -I/Users/admin/builder/spi-builder-workspace/.derivedData/Build/Intermediates.noindex/IBDecodable.build/Debug-watchos/IBDecodable-t.build/DerivedSources/arm64_32 -Xcc -I/Users/admin/builder/spi-builder-workspace/.derivedData/Build/Intermediates.noindex/IBDecodable.build/Debug-watchos/IBDecodable-t.build/DerivedSources -Xcc -DSWIFT_PACKAGE -Xcc -DDEBUG\=1 -emit-objc-header -emit-objc-header-path /Users/admin/builder/spi-builder-workspace/.derivedData/Build/Intermediates.noindex/IBDecodable.build/Debug-watchos/IBDecodable-t.build/Objects-normal/arm64_32/IBDecodable-Swift.h -working-directory /Users/admin/builder/spi-builder-workspace/.swiftpm/xcode -experimental-emit-module-separately -disable-cmo
SwiftDriver IBDecodable normal arm64 com.apple.xcode.tools.swift.compiler (in target 'IBDecodable' from project 'IBDecodable')
cd /Users/admin/builder/spi-builder-workspace/.swiftpm/xcode
builtin-SwiftDriver -- /Applications/Xcode-27.0.0-Release.Candidate.app/Contents/Developer/Toolchains/XcodeDefault.xctoolchain/usr/bin/swiftc -parse-as-library -module-name IBDecodable -Onone @/Users/admin/builder/spi-builder-workspace/.derivedData/Build/Intermediates.noindex/IBDecodable.build/Debug-watchos/IBDecodable-t.build/Objects-normal/arm64/IBDecodable.SwiftFileList -DSWIFT_PACKAGE -DDEBUG -DSWIFT_MODULE_RESOURCE_BUNDLE_UNAVAILABLE -DXcode -plugin-path /Applications/Xcode-27.0.0-Release.Candidate.app/Contents/Developer/Toolchains/XcodeDefault.xctoolchain/usr/lib/swift/host/plugins/testing -enable-experimental-feature DebugDescriptionMacro -sdk /Applications/Xcode-27.0.0-Release.Candidate.app/Contents/Developer/Platforms/WatchOS.platform/Developer/SDKs/WatchOS27.0.sdk -target arm64-apple-watchos9.0 -g -module-cache-path /Users/admin/builder/spi-builder-workspace/.derivedData/ModuleCache.noindex -Xfrontend -serialize-debugging-options -profile-coverage-mapping -profile-generate -enable-testing -suppress-warnings -index-store-path /Users/admin/builder/spi-builder-workspace/.derivedData/Index.noindex/DataStore -Xcc -D_LIBCPP_HARDENING_MODE\=_LIBCPP_HARDENING_MODE_DEBUG -swift-version 4 -I /Users/admin/builder/spi-builder-workspace/.derivedData/Build/Products/Debug-watchos -Isystem /Applications/Xcode-27.0.0-Release.Candidate.app/Contents/Developer/Platforms/WatchOS.platform/Developer/usr/lib -F /Users/admin/builder/spi-builder-workspace/.derivedData/Build/Products/Debug-watchos/PackageFrameworks -F /Users/admin/builder/spi-builder-workspace/.derivedData/Build/Products/Debug-watchos -F /Applications/Xcode-27.0.0-Release.Candidate.app/Contents/Developer/Platforms/WatchOS.platform/Developer/Library/Frameworks -F /Applications/Xcode-27.0.0-Release.Candidate.app/Contents/Developer/Platforms/WatchOS.platform/Developer/SDKs/WatchOS27.0.sdk/Developer/Library/Frameworks -c -j10 -enable-batch-mode -incremental -Xcc -ivfsstatcache -Xcc /Users/admin/builder/spi-builder-workspace/.derivedData/SDKStatCaches.noindex/watchos27.0-24R360-e829b21a6f8c9b70876ba0858053c04477534ef55a1706bf4c1112bbb242f0a2.sdkstatcache -output-file-map /Users/admin/builder/spi-builder-workspace/.derivedData/Build/Intermediates.noindex/IBDecodable.build/Debug-watchos/IBDecodable-t.build/Objects-normal/arm64/IBDecodable-OutputFileMap.json -save-temps -no-color-diagnostics -emit-dependencies -emit-module -emit-module-path /Users/admin/builder/spi-builder-workspace/.derivedData/Build/Intermediates.noindex/IBDecodable.build/Debug-watchos/IBDecodable-t.build/Objects-normal/arm64/IBDecodable.swiftmodule -serialize-diagnostics -validate-clang-modules-once -clang-build-session-file /Users/admin/builder/spi-builder-workspace/.derivedData/ModuleCache.noindex/Session.modulevalidation -Xcc -fmodules-prune-interval\=86400 -Xcc -fmodules-prune-after\=345600 -emit-const-values -const-gather-protocols-list /Users/admin/builder/spi-builder-workspace/.derivedData/Build/Intermediates.noindex/IBDecodable.build/Debug-watchos/IBDecodable-t.build/Objects-normal/arm64/IBDecodable_const_extract_protocols.json -Xcc -I/Users/admin/builder/spi-builder-workspace/.derivedData/Build/Products/Debug-watchos/include -Xcc -I/Users/admin/builder/spi-builder-workspace/.derivedData/Build/Intermediates.noindex/IBDecodable.build/Debug-watchos/IBDecodable-t.build/DerivedSources-normal/arm64 -Xcc -I/Users/admin/builder/spi-builder-workspace/.derivedData/Build/Intermediates.noindex/IBDecodable.build/Debug-watchos/IBDecodable-t.build/DerivedSources/arm64 -Xcc -I/Users/admin/builder/spi-builder-workspace/.derivedData/Build/Intermediates.noindex/IBDecodable.build/Debug-watchos/IBDecodable-t.build/DerivedSources -Xcc -DSWIFT_PACKAGE -Xcc -DDEBUG\=1 -emit-objc-header -emit-objc-header-path /Users/admin/builder/spi-builder-workspace/.derivedData/Build/Intermediates.noindex/IBDecodable.build/Debug-watchos/IBDecodable-t.build/Objects-normal/arm64/IBDecodable-Swift.h -working-directory /Users/admin/builder/spi-builder-workspace/.swiftpm/xcode -experimental-emit-module-separately -disable-cmo
SwiftDriver IBGraphKit normal arm64 com.apple.xcode.tools.swift.compiler (in target 'IBGraphKit' from project 'IBGraph')
cd /Users/admin/builder/spi-builder-workspace/.swiftpm/xcode
builtin-SwiftDriver -- /Applications/Xcode-27.0.0-Release.Candidate.app/Contents/Developer/Toolchains/XcodeDefault.xctoolchain/usr/bin/swiftc -parse-as-library -module-name IBGraphKit -Onone @/Users/admin/builder/spi-builder-workspace/.derivedData/Build/Intermediates.noindex/IBGraph.build/Debug-watchos/IBGraphKit-t.build/Objects-normal/arm64/IBGraphKit.SwiftFileList -DSWIFT_PACKAGE -DDEBUG -DSWIFT_MODULE_RESOURCE_BUNDLE_UNAVAILABLE -Xcc -fmodule-map-file\=/Users/admin/builder/spi-builder-workspace/.derivedData/Build/Intermediates.noindex/GeneratedModuleMaps-watchos/CYaml.modulemap -DXcode -plugin-path /Applications/Xcode-27.0.0-Release.Candidate.app/Contents/Developer/Toolchains/XcodeDefault.xctoolchain/usr/lib/swift/host/plugins/testing -enable-experimental-feature DebugDescriptionMacro -sdk /Applications/Xcode-27.0.0-Release.Candidate.app/Contents/Developer/Platforms/WatchOS.platform/Developer/SDKs/WatchOS27.0.sdk -target arm64-apple-watchos9.0 -g -module-cache-path /Users/admin/builder/spi-builder-workspace/.derivedData/ModuleCache.noindex -Xfrontend -serialize-debugging-options -profile-coverage-mapping -profile-generate -enable-testing -index-store-path /Users/admin/builder/spi-builder-workspace/.derivedData/Index.noindex/DataStore -Xcc -D_LIBCPP_HARDENING_MODE\=_LIBCPP_HARDENING_MODE_DEBUG -swift-version 4.2 -I /Users/admin/builder/spi-builder-workspace/.derivedData/Build/Products/Debug-watchos -Isystem /Applications/Xcode-27.0.0-Release.Candidate.app/Contents/Developer/Platforms/WatchOS.platform/Developer/usr/lib -F /Users/admin/builder/spi-builder-workspace/.derivedData/Build/Products/Debug-watchos/PackageFrameworks -F /Users/admin/builder/spi-builder-workspace/.derivedData/Build/Products/Debug-watchos -F /Applications/Xcode-27.0.0-Release.Candidate.app/Contents/Developer/Platforms/WatchOS.platform/Developer/Library/Frameworks -F /Applications/Xcode-27.0.0-Release.Candidate.app/Contents/Developer/Platforms/WatchOS.platform/Developer/SDKs/WatchOS27.0.sdk/Developer/Library/Frameworks -c -j10 -enable-batch-mode -incremental -Xcc -ivfsstatcache -Xcc /Users/admin/builder/spi-builder-workspace/.derivedData/SDKStatCaches.noindex/watchos27.0-24R360-e829b21a6f8c9b70876ba0858053c04477534ef55a1706bf4c1112bbb242f0a2.sdkstatcache -output-file-map /Users/admin/builder/spi-builder-workspace/.derivedData/Build/Intermediates.noindex/IBGraph.build/Debug-watchos/IBGraphKit-t.build/Objects-normal/arm64/IBGraphKit-OutputFileMap.json -save-temps -no-color-diagnostics -emit-dependencies -emit-module -emit-module-path /Users/admin/builder/spi-builder-workspace/.derivedData/Build/Intermediates.noindex/IBGraph.build/Debug-watchos/IBGraphKit-t.build/Objects-normal/arm64/IBGraphKit.swiftmodule -serialize-diagnostics -validate-clang-modules-once -clang-build-session-file /Users/admin/builder/spi-builder-workspace/.derivedData/ModuleCache.noindex/Session.modulevalidation -Xcc -fmodules-prune-interval\=86400 -Xcc -fmodules-prune-after\=345600 -emit-const-values -const-gather-protocols-list /Users/admin/builder/spi-builder-workspace/.derivedData/Build/Intermediates.noindex/IBGraph.build/Debug-watchos/IBGraphKit-t.build/Objects-normal/arm64/IBGraphKit_const_extract_protocols.json -Xcc -I/Users/admin/builder/spi-builder-workspace/.dependencies/checkouts/Yams/Sources/CYaml/include -Xcc -I/Users/admin/builder/spi-builder-workspace/.derivedData/Build/Products/Debug-watchos/include -Xcc -I/Users/admin/builder/spi-builder-workspace/.derivedData/Build/Intermediates.noindex/IBGraph.build/Debug-watchos/IBGraphKit-t.build/DerivedSources-normal/arm64 -Xcc -I/Users/admin/builder/spi-builder-workspace/.derivedData/Build/Intermediates.noindex/IBGraph.build/Debug-watchos/IBGraphKit-t.build/DerivedSources/arm64 -Xcc -I/Users/admin/builder/spi-builder-workspace/.derivedData/Build/Intermediates.noindex/IBGraph.build/Debug-watchos/IBGraphKit-t.build/DerivedSources -Xcc -DSWIFT_PACKAGE -Xcc -DDEBUG\=1 -emit-objc-header -emit-objc-header-path /Users/admin/builder/spi-builder-workspace/.derivedData/Build/Intermediates.noindex/IBGraph.build/Debug-watchos/IBGraphKit-t.build/Objects-normal/arm64/IBGraphKit-Swift.h -working-directory /Users/admin/builder/spi-builder-workspace/.swiftpm/xcode -experimental-emit-module-separately -disable-cmo
SwiftDriver Commandant normal arm64 com.apple.xcode.tools.swift.compiler (in target 'Commandant' from project 'Commandant')
cd /Users/admin/builder/spi-builder-workspace/.swiftpm/xcode
builtin-SwiftDriver -- /Applications/Xcode-27.0.0-Release.Candidate.app/Contents/Developer/Toolchains/XcodeDefault.xctoolchain/usr/bin/swiftc -parse-as-library -module-name Commandant -Onone @/Users/admin/builder/spi-builder-workspace/.derivedData/Build/Intermediates.noindex/Commandant.build/Debug-watchos/Commandant-t.build/Objects-normal/arm64/Commandant.SwiftFileList -DSWIFT_PACKAGE -DDEBUG -DSWIFT_MODULE_RESOURCE_BUNDLE_UNAVAILABLE -DXcode -plugin-path /Applications/Xcode-27.0.0-Release.Candidate.app/Contents/Developer/Toolchains/XcodeDefault.xctoolchain/usr/lib/swift/host/plugins/testing -enable-experimental-feature DebugDescriptionMacro -sdk /Applications/Xcode-27.0.0-Release.Candidate.app/Contents/Developer/Platforms/WatchOS.platform/Developer/SDKs/WatchOS27.0.sdk -target arm64-apple-watchos9.0 -g -module-cache-path /Users/admin/builder/spi-builder-workspace/.derivedData/ModuleCache.noindex -Xfrontend -serialize-debugging-options -profile-coverage-mapping -profile-generate -enable-testing -suppress-warnings -index-store-path /Users/admin/builder/spi-builder-workspace/.derivedData/Index.noindex/DataStore -Xcc -D_LIBCPP_HARDENING_MODE\=_LIBCPP_HARDENING_MODE_DEBUG -swift-version 5 -I /Users/admin/builder/spi-builder-workspace/.derivedData/Build/Products/Debug-watchos -Isystem /Applications/Xcode-27.0.0-Release.Candidate.app/Contents/Developer/Platforms/WatchOS.platform/Developer/usr/lib -F /Users/admin/builder/spi-builder-workspace/.derivedData/Build/Products/Debug-watchos/PackageFrameworks -F /Users/admin/builder/spi-builder-workspace/.derivedData/Build/Products/Debug-watchos -F /Applications/Xcode-27.0.0-Release.Candidate.app/Contents/Developer/Platforms/WatchOS.platform/Developer/Library/Frameworks -F /Applications/Xcode-27.0.0-Release.Candidate.app/Contents/Developer/Platforms/WatchOS.platform/Developer/SDKs/WatchOS27.0.sdk/Developer/Library/Frameworks -c -j10 -enable-batch-mode -incremental -Xcc -ivfsstatcache -Xcc /Users/admin/builder/spi-builder-workspace/.derivedData/SDKStatCaches.noindex/watchos27.0-24R360-e829b21a6f8c9b70876ba0858053c04477534ef55a1706bf4c1112bbb242f0a2.sdkstatcache -output-file-map /Users/admin/builder/spi-builder-workspace/.derivedData/Build/Intermediates.noindex/Commandant.build/Debug-watchos/Commandant-t.build/Objects-normal/arm64/Commandant-OutputFileMap.json -save-temps -no-color-diagnostics -explicit-module-build -module-cache-path /Users/admin/builder/spi-builder-workspace/.derivedData/Build/Intermediates.noindex/SwiftExplicitPrecompiledModules -clang-scanner-module-cache-path /Users/admin/builder/spi-builder-workspace/.derivedData/ModuleCache.noindex -sdk-module-cache-path /Users/admin/builder/spi-builder-workspace/.derivedData/SDKExplicitPrecompiledModules -emit-dependencies -emit-module -emit-module-path /Users/admin/builder/spi-builder-workspace/.derivedData/Build/Intermediates.noindex/Commandant.build/Debug-watchos/Commandant-t.build/Objects-normal/arm64/Commandant.swiftmodule -serialize-diagnostics -dependency-scan-serialize-diagnostics-path /Users/admin/builder/spi-builder-workspace/.derivedData/Build/Intermediates.noindex/Commandant.build/Debug-watchos/Commandant-t.build/Objects-normal/arm64/Commandant-dependency-scan.dia -validate-clang-modules-once -clang-build-session-file /Users/admin/builder/spi-builder-workspace/.derivedData/ModuleCache.noindex/Session.modulevalidation -Xcc -fmodules-prune-interval\=86400 -Xcc -fmodules-prune-after\=345600 -emit-const-values -const-gather-protocols-list /Users/admin/builder/spi-builder-workspace/.derivedData/Build/Intermediates.noindex/Commandant.build/Debug-watchos/Commandant-t.build/Objects-normal/arm64/Commandant_const_extract_protocols.json -Xcc -I/Users/admin/builder/spi-builder-workspace/.derivedData/Build/Products/Debug-watchos/include -Xcc -I/Users/admin/builder/spi-builder-workspace/.derivedData/Build/Intermediates.noindex/Commandant.build/Debug-watchos/Commandant-t.build/DerivedSources-normal/arm64 -Xcc -I/Users/admin/builder/spi-builder-workspace/.derivedData/Build/Intermediates.noindex/Commandant.build/Debug-watchos/Commandant-t.build/DerivedSources/arm64 -Xcc -I/Users/admin/builder/spi-builder-workspace/.derivedData/Build/Intermediates.noindex/Commandant.build/Debug-watchos/Commandant-t.build/DerivedSources -Xcc -DSWIFT_PACKAGE -Xcc -DDEBUG\=1 -emit-objc-header -emit-objc-header-path /Users/admin/builder/spi-builder-workspace/.derivedData/Build/Intermediates.noindex/Commandant.build/Debug-watchos/Commandant-t.build/Objects-normal/arm64/Commandant-Swift.h -working-directory /Users/admin/builder/spi-builder-workspace/.swiftpm/xcode -experimental-emit-module-separately -disable-cmo
SwiftDriver Commandant normal arm64_32 com.apple.xcode.tools.swift.compiler (in target 'Commandant' from project 'Commandant')
cd /Users/admin/builder/spi-builder-workspace/.swiftpm/xcode
builtin-SwiftDriver -- /Applications/Xcode-27.0.0-Release.Candidate.app/Contents/Developer/Toolchains/XcodeDefault.xctoolchain/usr/bin/swiftc -parse-as-library -module-name Commandant -Onone @/Users/admin/builder/spi-builder-workspace/.derivedData/Build/Intermediates.noindex/Commandant.build/Debug-watchos/Commandant-t.build/Objects-normal/arm64_32/Commandant.SwiftFileList -DSWIFT_PACKAGE -DDEBUG -DSWIFT_MODULE_RESOURCE_BUNDLE_UNAVAILABLE -DXcode -plugin-path /Applications/Xcode-27.0.0-Release.Candidate.app/Contents/Developer/Toolchains/XcodeDefault.xctoolchain/usr/lib/swift/host/plugins/testing -enable-experimental-feature DebugDescriptionMacro -sdk /Applications/Xcode-27.0.0-Release.Candidate.app/Contents/Developer/Platforms/WatchOS.platform/Developer/SDKs/WatchOS27.0.sdk -target arm64_32-apple-watchos9.0 -g -module-cache-path /Users/admin/builder/spi-builder-workspace/.derivedData/ModuleCache.noindex -Xfrontend -serialize-debugging-options -profile-coverage-mapping -profile-generate -enable-testing -suppress-warnings -index-store-path /Users/admin/builder/spi-builder-workspace/.derivedData/Index.noindex/DataStore -Xcc -D_LIBCPP_HARDENING_MODE\=_LIBCPP_HARDENING_MODE_DEBUG -swift-version 5 -I /Users/admin/builder/spi-builder-workspace/.derivedData/Build/Products/Debug-watchos -Isystem /Applications/Xcode-27.0.0-Release.Candidate.app/Contents/Developer/Platforms/WatchOS.platform/Developer/usr/lib -F /Users/admin/builder/spi-builder-workspace/.derivedData/Build/Products/Debug-watchos/PackageFrameworks -F /Users/admin/builder/spi-builder-workspace/.derivedData/Build/Products/Debug-watchos -F /Applications/Xcode-27.0.0-Release.Candidate.app/Contents/Developer/Platforms/WatchOS.platform/Developer/Library/Frameworks -F /Applications/Xcode-27.0.0-Release.Candidate.app/Contents/Developer/Platforms/WatchOS.platform/Developer/SDKs/WatchOS27.0.sdk/Developer/Library/Frameworks -c -j10 -enable-batch-mode -incremental -Xcc -ivfsstatcache -Xcc /Users/admin/builder/spi-builder-workspace/.derivedData/SDKStatCaches.noindex/watchos27.0-24R360-e829b21a6f8c9b70876ba0858053c04477534ef55a1706bf4c1112bbb242f0a2.sdkstatcache -output-file-map /Users/admin/builder/spi-builder-workspace/.derivedData/Build/Intermediates.noindex/Commandant.build/Debug-watchos/Commandant-t.build/Objects-normal/arm64_32/Commandant-OutputFileMap.json -save-temps -no-color-diagnostics -explicit-module-build -module-cache-path /Users/admin/builder/spi-builder-workspace/.derivedData/Build/Intermediates.noindex/SwiftExplicitPrecompiledModules -clang-scanner-module-cache-path /Users/admin/builder/spi-builder-workspace/.derivedData/ModuleCache.noindex -sdk-module-cache-path /Users/admin/builder/spi-builder-workspace/.derivedData/SDKExplicitPrecompiledModules -emit-dependencies -emit-module -emit-module-path /Users/admin/builder/spi-builder-workspace/.derivedData/Build/Intermediates.noindex/Commandant.build/Debug-watchos/Commandant-t.build/Objects-normal/arm64_32/Commandant.swiftmodule -serialize-diagnostics -dependency-scan-serialize-diagnostics-path /Users/admin/builder/spi-builder-workspace/.derivedData/Build/Intermediates.noindex/Commandant.build/Debug-watchos/Commandant-t.build/Objects-normal/arm64_32/Commandant-dependency-scan.dia -validate-clang-modules-once -clang-build-session-file /Users/admin/builder/spi-builder-workspace/.derivedData/ModuleCache.noindex/Session.modulevalidation -Xcc -fmodules-prune-interval\=86400 -Xcc -fmodules-prune-after\=345600 -emit-const-values -const-gather-protocols-list /Users/admin/builder/spi-builder-workspace/.derivedData/Build/Intermediates.noindex/Commandant.build/Debug-watchos/Commandant-t.build/Objects-normal/arm64_32/Commandant_const_extract_protocols.json -Xcc -I/Users/admin/builder/spi-builder-workspace/.derivedData/Build/Products/Debug-watchos/include -Xcc -I/Users/admin/builder/spi-builder-workspace/.derivedData/Build/Intermediates.noindex/Commandant.build/Debug-watchos/Commandant-t.build/DerivedSources-normal/arm64_32 -Xcc -I/Users/admin/builder/spi-builder-workspace/.derivedData/Build/Intermediates.noindex/Commandant.build/Debug-watchos/Commandant-t.build/DerivedSources/arm64_32 -Xcc -I/Users/admin/builder/spi-builder-workspace/.derivedData/Build/Intermediates.noindex/Commandant.build/Debug-watchos/Commandant-t.build/DerivedSources -Xcc -DSWIFT_PACKAGE -Xcc -DDEBUG\=1 -emit-objc-header -emit-objc-header-path /Users/admin/builder/spi-builder-workspace/.derivedData/Build/Intermediates.noindex/Commandant.build/Debug-watchos/Commandant-t.build/Objects-normal/arm64_32/Commandant-Swift.h -working-directory /Users/admin/builder/spi-builder-workspace/.swiftpm/xcode -experimental-emit-module-separately -disable-cmo
Ld /Users/admin/builder/spi-builder-workspace/.derivedData/Build/Intermediates.noindex/DotSwift.build/Debug-watchos/SwiftGraphBindings-t.build/Objects-normal/arm64_32/Binary/SwiftGraphBindings.o normal arm64_32 (in target 'SwiftGraphBindings' from project 'DotSwift')
cd /Users/admin/builder/spi-builder-workspace/.dependencies/checkouts/DotSwift
/Applications/Xcode-27.0.0-Release.Candidate.app/Contents/Developer/Toolchains/XcodeDefault.xctoolchain/usr/bin/clang -Xlinker -reproducible -target arm64_32-apple-watchos9.0 -r -isysroot /Applications/Xcode-27.0.0-Release.Candidate.app/Contents/Developer/Platforms/WatchOS.platform/Developer/SDKs/WatchOS27.0.sdk -O0 -w -Xlinker -no_warn_duplicate_libraries -F/Users/admin/builder/spi-builder-workspace/.derivedData/Build/Intermediates.noindex/EagerLinkingTBDs/Debug-watchos -F/Users/admin/builder/spi-builder-workspace/.derivedData/Build/Products/Debug-watchos/PackageFrameworks -F/Users/admin/builder/spi-builder-workspace/.derivedData/Build/Products/Debug-watchos -iframework /Applications/Xcode-27.0.0-Release.Candidate.app/Contents/Developer/Platforms/WatchOS.platform/Developer/Library/Frameworks -iframework /Applications/Xcode-27.0.0-Release.Candidate.app/Contents/Developer/Platforms/WatchOS.platform/Developer/SDKs/WatchOS27.0.sdk/Developer/Library/Frameworks -filelist /Users/admin/builder/spi-builder-workspace/.derivedData/Build/Intermediates.noindex/DotSwift.build/Debug-watchos/SwiftGraphBindings-t.build/Objects-normal/arm64_32/SwiftGraphBindings.LinkFileList -nostdlib -Xlinker -object_path_lto -Xlinker /Users/admin/builder/spi-builder-workspace/.derivedData/Build/Intermediates.noindex/DotSwift.build/Debug-watchos/SwiftGraphBindings-t.build/Objects-normal/arm64_32/SwiftGraphBindings_lto.o -Xlinker -no_deduplicate -Xlinker -debug_variant -Xlinker -dependency_info -Xlinker /Users/admin/builder/spi-builder-workspace/.derivedData/Build/Intermediates.noindex/DotSwift.build/Debug-watchos/SwiftGraphBindings-t.build/Objects-normal/arm64_32/SwiftGraphBindings_dependency_info.dat -fobjc-link-runtime -L/Applications/Xcode-27.0.0-Release.Candidate.app/Contents/Developer/Toolchains/XcodeDefault.xctoolchain/usr/lib/swift/watchos -L/usr/lib/swift -Xlinker -add_ast_path -Xlinker /Users/admin/builder/spi-builder-workspace/.derivedData/Build/Intermediates.noindex/DotSwift.build/Debug-watchos/SwiftGraphBindings-t.build/Objects-normal/arm64_32/SwiftGraphBindings.swiftmodule -o /Users/admin/builder/spi-builder-workspace/.derivedData/Build/Intermediates.noindex/DotSwift.build/Debug-watchos/SwiftGraphBindings-t.build/Objects-normal/arm64_32/Binary/SwiftGraphBindings.o
Ld /Users/admin/builder/spi-builder-workspace/.derivedData/Build/Intermediates.noindex/DotSwift.build/Debug-watchos/SwiftGraphBindings-t.build/Objects-normal/arm64/Binary/SwiftGraphBindings.o normal arm64 (in target 'SwiftGraphBindings' from project 'DotSwift')
cd /Users/admin/builder/spi-builder-workspace/.dependencies/checkouts/DotSwift
/Applications/Xcode-27.0.0-Release.Candidate.app/Contents/Developer/Toolchains/XcodeDefault.xctoolchain/usr/bin/clang -Xlinker -reproducible -target arm64-apple-watchos9.0 -r -isysroot /Applications/Xcode-27.0.0-Release.Candidate.app/Contents/Developer/Platforms/WatchOS.platform/Developer/SDKs/WatchOS27.0.sdk -O0 -w -Xlinker -no_warn_duplicate_libraries -F/Users/admin/builder/spi-builder-workspace/.derivedData/Build/Intermediates.noindex/EagerLinkingTBDs/Debug-watchos -F/Users/admin/builder/spi-builder-workspace/.derivedData/Build/Products/Debug-watchos/PackageFrameworks -F/Users/admin/builder/spi-builder-workspace/.derivedData/Build/Products/Debug-watchos -iframework /Applications/Xcode-27.0.0-Release.Candidate.app/Contents/Developer/Platforms/WatchOS.platform/Developer/Library/Frameworks -iframework /Applications/Xcode-27.0.0-Release.Candidate.app/Contents/Developer/Platforms/WatchOS.platform/Developer/SDKs/WatchOS27.0.sdk/Developer/Library/Frameworks -filelist /Users/admin/builder/spi-builder-workspace/.derivedData/Build/Intermediates.noindex/DotSwift.build/Debug-watchos/SwiftGraphBindings-t.build/Objects-normal/arm64/SwiftGraphBindings.LinkFileList -nostdlib -Xlinker -object_path_lto -Xlinker /Users/admin/builder/spi-builder-workspace/.derivedData/Build/Intermediates.noindex/DotSwift.build/Debug-watchos/SwiftGraphBindings-t.build/Objects-normal/arm64/SwiftGraphBindings_lto.o -Xlinker -no_deduplicate -Xlinker -debug_variant -Xlinker -dependency_info -Xlinker /Users/admin/builder/spi-builder-workspace/.derivedData/Build/Intermediates.noindex/DotSwift.build/Debug-watchos/SwiftGraphBindings-t.build/Objects-normal/arm64/SwiftGraphBindings_dependency_info.dat -fobjc-link-runtime -L/Applications/Xcode-27.0.0-Release.Candidate.app/Contents/Developer/Toolchains/XcodeDefault.xctoolchain/usr/lib/swift/watchos -L/usr/lib/swift -Xlinker -add_ast_path -Xlinker /Users/admin/builder/spi-builder-workspace/.derivedData/Build/Intermediates.noindex/DotSwift.build/Debug-watchos/SwiftGraphBindings-t.build/Objects-normal/arm64/SwiftGraphBindings.swiftmodule -o /Users/admin/builder/spi-builder-workspace/.derivedData/Build/Intermediates.noindex/DotSwift.build/Debug-watchos/SwiftGraphBindings-t.build/Objects-normal/arm64/Binary/SwiftGraphBindings.o
CreateUniversalBinary /Users/admin/builder/spi-builder-workspace/.derivedData/Build/Products/Debug-watchos/SwiftGraphBindings.o normal arm64\ arm64_32 (in target 'SwiftGraphBindings' from project 'DotSwift')
cd /Users/admin/builder/spi-builder-workspace/.dependencies/checkouts/DotSwift
/Applications/Xcode-27.0.0-Release.Candidate.app/Contents/Developer/Toolchains/XcodeDefault.xctoolchain/usr/bin/lipo -create /Users/admin/builder/spi-builder-workspace/.derivedData/Build/Intermediates.noindex/DotSwift.build/Debug-watchos/SwiftGraphBindings-t.build/Objects-normal/arm64/Binary/SwiftGraphBindings.o /Users/admin/builder/spi-builder-workspace/.derivedData/Build/Intermediates.noindex/DotSwift.build/Debug-watchos/SwiftGraphBindings-t.build/Objects-normal/arm64_32/Binary/SwiftGraphBindings.o -output /Users/admin/builder/spi-builder-workspace/.derivedData/Build/Products/Debug-watchos/SwiftGraphBindings.o
ExtractAppIntentsMetadata (in target 'SwiftGraphBindings' from project 'DotSwift')
cd /Users/admin/builder/spi-builder-workspace/.dependencies/checkouts/DotSwift
/Applications/Xcode-27.0.0-Release.Candidate.app/Contents/Developer/Toolchains/XcodeDefault.xctoolchain/usr/bin/appintentsmetadataprocessor --toolchain-dir /var/run/com.apple.security.cryptexd/mnt/com.apple.MobileAsset.MetalToolchain-v27.1.266.1.Qtk5Gh/Metal.xctoolchain --module-name SwiftGraphBindings --sdk-root /Applications/Xcode-27.0.0-Release.Candidate.app/Contents/Developer/Platforms/WatchOS.platform/Developer/SDKs/WatchOS27.0.sdk --xcode-version 27A266a --platform-family watchOS --deployment-target 9.0 --bundle-identifier dotswift.SwiftGraphBindings --output /Users/admin/builder/spi-builder-workspace/.derivedData/Build/Products/Debug-watchos/SwiftGraphBindings.appintents --target-triple arm64-apple-watchos9.0 --target-triple arm64_32-apple-watchos9.0 --binary-file /Users/admin/builder/spi-builder-workspace/.derivedData/Build/Products/Debug-watchos/SwiftGraphBindings.o --dependency-file /Users/admin/builder/spi-builder-workspace/.derivedData/Build/Intermediates.noindex/DotSwift.build/Debug-watchos/SwiftGraphBindings-t.build/Objects-normal/arm64/SwiftGraphBindings_dependency_info.dat --dependency-file /Users/admin/builder/spi-builder-workspace/.derivedData/Build/Intermediates.noindex/DotSwift.build/Debug-watchos/SwiftGraphBindings-t.build/Objects-normal/arm64_32/SwiftGraphBindings_dependency_info.dat --stringsdata-file /Users/admin/builder/spi-builder-workspace/.derivedData/Build/Intermediates.noindex/DotSwift.build/Debug-watchos/SwiftGraphBindings-t.build/Objects-normal/arm64/ExtractedAppShortcutsMetadata.stringsdata --stringsdata-file /Users/admin/builder/spi-builder-workspace/.derivedData/Build/Intermediates.noindex/DotSwift.build/Debug-watchos/SwiftGraphBindings-t.build/Objects-normal/arm64_32/ExtractedAppShortcutsMetadata.stringsdata --source-file-list /Users/admin/builder/spi-builder-workspace/.derivedData/Build/Intermediates.noindex/DotSwift.build/Debug-watchos/SwiftGraphBindings-t.build/Objects-normal/arm64/SwiftGraphBindings.SwiftFileList --source-file-list /Users/admin/builder/spi-builder-workspace/.derivedData/Build/Intermediates.noindex/DotSwift.build/Debug-watchos/SwiftGraphBindings-t.build/Objects-normal/arm64_32/SwiftGraphBindings.SwiftFileList --metadata-file-list /Users/admin/builder/spi-builder-workspace/.derivedData/Build/Intermediates.noindex/DotSwift.build/Debug-watchos/SwiftGraphBindings-t.build/SwiftGraphBindings.DependencyMetadataFileList --static-metadata-file-list /Users/admin/builder/spi-builder-workspace/.derivedData/Build/Intermediates.noindex/DotSwift.build/Debug-watchos/SwiftGraphBindings-t.build/SwiftGraphBindings.DependencyStaticMetadataFileList --swift-const-vals-list /Users/admin/builder/spi-builder-workspace/.derivedData/Build/Intermediates.noindex/DotSwift.build/Debug-watchos/SwiftGraphBindings-t.build/Objects-normal/arm64/SwiftGraphBindings.SwiftConstValuesFileList --swift-const-vals-list /Users/admin/builder/spi-builder-workspace/.derivedData/Build/Intermediates.noindex/DotSwift.build/Debug-watchos/SwiftGraphBindings-t.build/Objects-normal/arm64_32/SwiftGraphBindings.SwiftConstValuesFileList --force --compile-time-extraction --deployment-aware-processing --no-app-shortcuts-localization
2026-09-16 02:14:38.812 appintentsmetadataprocessor[1600:8617] Starting appintentsmetadataprocessor export
2026-09-16 02:14:38.873 appintentsmetadataprocessor[1600:8617] Extracted no relevant App Intents symbols, skipping writing output
SwiftCompile normal arm64 Compiling\ DefaultReporter.swift /Users/admin/builder/spi-builder-workspace/Sources/IBGraphKit/Reporters/DefaultReporter.swift (in target 'IBGraphKit' from project 'IBGraph')
/Users/admin/builder/spi-builder-workspace/Sources/IBGraphKit/Reporters/OnlineReporter.swift:12:8: error: no such module 'Cocoa'
10 | import SwiftGraph
11 | import SwiftGraphBindings
12 | import Cocoa
| `- error: no such module 'Cocoa'
13 |
14 | struct OnlineReporter: Reporter {
Failed frontend command:
/Applications/Xcode-27.0.0-Release.Candidate.app/Contents/Developer/Toolchains/XcodeDefault.xctoolchain/usr/bin/swift-frontend -frontend -c /Users/admin/builder/spi-builder-workspace/Sources/IBGraphKit/Config/Config.swift /Users/admin/builder/spi-builder-workspace/Sources/IBGraphKit/GraphBuilder.swift /Users/admin/builder/spi-builder-workspace/Sources/IBGraphKit/IBGraph.swift /Users/admin/builder/spi-builder-workspace/Sources/IBGraphKit/Reporters/DOTReporter.swift -primary-file /Users/admin/builder/spi-builder-workspace/Sources/IBGraphKit/Reporters/DefaultReporter.swift /Users/admin/builder/spi-builder-workspace/Sources/IBGraphKit/Reporters/GMLReporter.swift /Users/admin/builder/spi-builder-workspace/Sources/IBGraphKit/Reporters/GraphMLReporter.swift /Users/admin/builder/spi-builder-workspace/Sources/IBGraphKit/Reporters/JSONReporter.swift /Users/admin/builder/spi-builder-workspace/Sources/IBGraphKit/Reporters/OnlineReporter.swift /Users/admin/builder/spi-builder-workspace/Sources/IBGraphKit/Reporters/Reporter.swift /Users/admin/builder/spi-builder-workspace/Sources/IBGraphKit/Utils/Glob.swift /Users/admin/builder/spi-builder-workspace/Sources/IBGraphKit/Vertexable.swift -emit-dependencies-path /Users/admin/builder/spi-builder-workspace/.derivedData/Build/Intermediates.noindex/IBGraph.build/Debug-watchos/IBGraphKit-t.build/Objects-normal/arm64/DefaultReporter.d -emit-const-values-path /Users/admin/builder/spi-builder-workspace/.derivedData/Build/Intermediates.noindex/IBGraph.build/Debug-watchos/IBGraphKit-t.build/Objects-normal/arm64/DefaultReporter.swiftconstvalues -emit-reference-dependencies-path /Users/admin/builder/spi-builder-workspace/.derivedData/Build/Intermediates.noindex/IBGraph.build/Debug-watchos/IBGraphKit-t.build/Objects-normal/arm64/DefaultReporter.swiftdeps -serialize-diagnostics-path /Users/admin/builder/spi-builder-workspace/.derivedData/Build/Intermediates.noindex/IBGraph.build/Debug-watchos/IBGraphKit-t.build/Objects-normal/arm64/DefaultReporter.dia -target arm64-apple-watchos9.0 -Xllvm -aarch64-use-tbi -enable-objc-interop -stack-check -sdk /Applications/Xcode-27.0.0-Release.Candidate.app/Contents/Developer/Platforms/WatchOS.platform/Developer/SDKs/WatchOS27.0.sdk -I /Users/admin/builder/spi-builder-workspace/.derivedData/Build/Products/Debug-watchos -Isystem /Applications/Xcode-27.0.0-Release.Candidate.app/Contents/Developer/Platforms/WatchOS.platform/Developer/usr/lib -F /Users/admin/builder/spi-builder-workspace/.derivedData/Build/Products/Debug-watchos/PackageFrameworks -F /Users/admin/builder/spi-builder-workspace/.derivedData/Build/Products/Debug-watchos -F /Applications/Xcode-27.0.0-Release.Candidate.app/Contents/Developer/Platforms/WatchOS.platform/Developer/Library/Frameworks -F /Applications/Xcode-27.0.0-Release.Candidate.app/Contents/Developer/Platforms/WatchOS.platform/Developer/SDKs/WatchOS27.0.sdk/Developer/Library/Frameworks -module-cache-path /Users/admin/builder/spi-builder-workspace/.derivedData/ModuleCache.noindex -no-color-diagnostics -Xcc -fno-color-diagnostics -enable-testing -g -debug-info-format\=dwarf -dwarf-version\=4 -profile-generate -profile-coverage-mapping -swift-version 4.2 -Onone -D SWIFT_PACKAGE -D DEBUG -D SWIFT_MODULE_RESOURCE_BUNDLE_UNAVAILABLE -D Xcode -serialize-debugging-options -enable-experimental-feature DebugDescriptionMacro -empty-abi-descriptor -plugin-path /Applications/Xcode-27.0.0-Release.Candidate.app/Contents/Developer/Toolchains/XcodeDefault.xctoolchain/usr/lib/swift/host/plugins/testing -validate-clang-modules-once -clang-build-session-file /Users/admin/builder/spi-builder-workspace/.derivedData/ModuleCache.noindex/Session.modulevalidation -Xcc -working-directory -Xcc /Users/admin/builder/spi-builder-workspace/.swiftpm/xcode -enable-anonymous-context-mangled-names -file-compilation-dir /Users/admin/builder/spi-builder-workspace/.swiftpm/xcode -Xcc -fmodule-map-file\=/Users/admin/builder/spi-builder-workspace/.derivedData/Build/Intermediates.noindex/GeneratedModuleMaps-watchos/CYaml.modulemap -Xcc -D_LIBCPP_HARDENING_MODE\=_LIBCPP_HARDENING_MODE_DEBUG -Xcc -ivfsstatcache -Xcc /Users/admin/builder/spi-builder-workspace/.derivedData/SDKStatCaches.noindex/watchos27.0-24R360-e829b21a6f8c9b70876ba0858053c04477534ef55a1706bf4c1112bbb242f0a2.sdkstatcache -Xcc -fmodules-prune-interval\=86400 -Xcc -fmodules-prune-after\=345600 -Xcc -I/Users/admin/builder/spi-builder-workspace/.dependencies/checkouts/Yams/Sources/CYaml/include -Xcc -I/Users/admin/builder/spi-builder-workspace/.derivedData/Build/Products/Debug-watchos/include -Xcc -I/Users/admin/builder/spi-builder-workspace/.derivedData/Build/Intermediates.noindex/IBGraph.build/Debug-watchos/IBGraphKit-t.build/DerivedSources-normal/arm64 -Xcc -I/Users/admin/builder/spi-builder-workspace/.derivedData/Build/Intermediates.noindex/IBGraph.build/Debug-watchos/IBGraphKit-t.build/DerivedSources/arm64 -Xcc -I/Users/admin/builder/spi-builder-workspace/.derivedData/Build/Intermediates.noindex/IBGraph.build/Debug-watchos/IBGraphKit-t.build/DerivedSources -Xcc -DSWIFT_PACKAGE -Xcc -DDEBUG\=1 -no-auto-bridging-header-chaining -module-name IBGraphKit -const-gather-protocols-file /Users/admin/builder/spi-builder-workspace/.derivedData/Build/Intermediates.noindex/IBGraph.build/Debug-watchos/IBGraphKit-t.build/Objects-normal/arm64/IBGraphKit_const_extract_protocols.json -disable-clang-spi -target-sdk-version 27.0 -target-sdk-name watchos27.0 -external-plugin-path /Applications/Xcode-27.0.0-Release.Candidate.app/Contents/Developer/Platforms/WatchOS.platform/Developer/usr/lib/swift/host/plugins\#/Applications/Xcode-27.0.0-Release.Candidate.app/Contents/Developer/Platforms/WatchOS.platform/Developer/usr/bin/swift-plugin-server -external-plugin-path /Applications/Xcode-27.0.0-Release.Candidate.app/Contents/Developer/Platforms/WatchOS.platform/Developer/usr/local/lib/swift/host/plugins\#/Applications/Xcode-27.0.0-Release.Candidate.app/Contents/Developer/Platforms/WatchOS.platform/Developer/usr/bin/swift-plugin-server -in-process-plugin-server-path /Applications/Xcode-27.0.0-Release.Candidate.app/Contents/Developer/Toolchains/XcodeDefault.xctoolchain/usr/lib/swift/host/libSwiftInProcPluginServer.dylib -plugin-path /Applications/Xcode-27.0.0-Release.Candidate.app/Contents/Developer/Toolchains/XcodeDefault.xctoolchain/usr/lib/swift/host/plugins -plugin-path /Applications/Xcode-27.0.0-Release.Candidate.app/Contents/Developer/Toolchains/XcodeDefault.xctoolchain/usr/local/lib/swift/host/plugins -parse-as-library -o /Users/admin/builder/spi-builder-workspace/.derivedData/Build/Intermediates.noindex/IBGraph.build/Debug-watchos/IBGraphKit-t.build/Objects-normal/arm64/DefaultReporter.o -index-unit-output-path /IBGraph.build/Debug-watchos/IBGraphKit-t.build/Objects-normal/arm64/DefaultReporter.o -index-store-path /Users/admin/builder/spi-builder-workspace/.derivedData/Index.noindex/DataStore -index-system-modules
SwiftCompile normal arm64 /Users/admin/builder/spi-builder-workspace/Sources/IBGraphKit/Reporters/DefaultReporter.swift (in target 'IBGraphKit' from project 'IBGraph')
cd /Users/admin/builder/spi-builder-workspace/.swiftpm/xcode
builtin-SwiftPerFileCompile DefaultReporter.swift
SwiftEmitModule normal arm64 Emitting\ module\ for\ IBGraphKit (in target 'IBGraphKit' from project 'IBGraph')
SwiftCompile normal arm64 (in target 'IBGraphKit' from project 'IBGraph')
cd /Users/admin/builder/spi-builder-workspace/.swiftpm/xcode
SwiftCompile normal arm64 Compiling\ Vertexable.swift /Users/admin/builder/spi-builder-workspace/Sources/IBGraphKit/Vertexable.swift (in target 'IBGraphKit' from project 'IBGraph')
SwiftCompile normal arm64 /Users/admin/builder/spi-builder-workspace/Sources/IBGraphKit/Vertexable.swift (in target 'IBGraphKit' from project 'IBGraph')
cd /Users/admin/builder/spi-builder-workspace/.swiftpm/xcode
builtin-SwiftPerFileCompile Vertexable.swift
SwiftCompile normal arm64 Compiling\ Reporter.swift /Users/admin/builder/spi-builder-workspace/Sources/IBGraphKit/Reporters/Reporter.swift (in target 'IBGraphKit' from project 'IBGraph')
SwiftCompile normal arm64 /Users/admin/builder/spi-builder-workspace/Sources/IBGraphKit/Reporters/Reporter.swift (in target 'IBGraphKit' from project 'IBGraph')
cd /Users/admin/builder/spi-builder-workspace/.swiftpm/xcode
builtin-SwiftPerFileCompile Reporter.swift
SwiftCompile normal arm64 Compiling\ IBGraph.swift,\ DOTReporter.swift /Users/admin/builder/spi-builder-workspace/Sources/IBGraphKit/IBGraph.swift /Users/admin/builder/spi-builder-workspace/Sources/IBGraphKit/Reporters/DOTReporter.swift (in target 'IBGraphKit' from project 'IBGraph')
SwiftCompile normal arm64 /Users/admin/builder/spi-builder-workspace/Sources/IBGraphKit/IBGraph.swift (in target 'IBGraphKit' from project 'IBGraph')
cd /Users/admin/builder/spi-builder-workspace/.swiftpm/xcode
builtin-SwiftPerFileCompile IBGraph.swift
SwiftCompile normal arm64 /Users/admin/builder/spi-builder-workspace/Sources/IBGraphKit/Reporters/DOTReporter.swift (in target 'IBGraphKit' from project 'IBGraph')
cd /Users/admin/builder/spi-builder-workspace/.swiftpm/xcode
builtin-SwiftPerFileCompile DOTReporter.swift
SwiftCompile normal arm64 Compiling\ GraphMLReporter.swift /Users/admin/builder/spi-builder-workspace/Sources/IBGraphKit/Reporters/GraphMLReporter.swift (in target 'IBGraphKit' from project 'IBGraph')
SwiftCompile normal arm64 /Users/admin/builder/spi-builder-workspace/Sources/IBGraphKit/Reporters/GraphMLReporter.swift (in target 'IBGraphKit' from project 'IBGraph')
cd /Users/admin/builder/spi-builder-workspace/.swiftpm/xcode
builtin-SwiftPerFileCompile GraphMLReporter.swift
SwiftEmitModule normal arm64_32 Emitting\ module\ for\ IBGraphKit (in target 'IBGraphKit' from project 'IBGraph')
SwiftCompile normal arm64_32 (in target 'IBGraphKit' from project 'IBGraph')
cd /Users/admin/builder/spi-builder-workspace/.swiftpm/xcode
SwiftCompile normal arm64_32 Compiling\ OnlineReporter.swift /Users/admin/builder/spi-builder-workspace/Sources/IBGraphKit/Reporters/OnlineReporter.swift (in target 'IBGraphKit' from project 'IBGraph')
SwiftCompile normal arm64_32 /Users/admin/builder/spi-builder-workspace/Sources/IBGraphKit/Reporters/OnlineReporter.swift (in target 'IBGraphKit' from project 'IBGraph')
cd /Users/admin/builder/spi-builder-workspace/.swiftpm/xcode
builtin-SwiftPerFileCompile OnlineReporter.swift
SwiftEmitModule normal arm64 Emitting\ module\ for\ Commandant (in target 'Commandant' from project 'Commandant')
SwiftCompile normal arm64 (in target 'Commandant' from project 'Commandant')
cd /Users/admin/builder/spi-builder-workspace/.swiftpm/xcode
PruneExplicitPrecompiledModules /Users/admin/builder/spi-builder-workspace/.derivedData/Build/Intermediates.noindex/ExplicitPrecompiledModules
PruneExplicitPrecompiledModules /Users/admin/builder/spi-builder-workspace/.derivedData/SDKExplicitPrecompiledModules
PruneExplicitPrecompiledModules /Users/admin/builder/spi-builder-workspace/.derivedData/Build/Intermediates.noindex/SwiftExplicitPrecompiledModules
2026-09-16 02:14:37.378 xcodebuild[1592:8551] [MT] IDERunDestination: Supported platforms for the buildables in the current scheme is empty.
** BUILD FAILED **
The following build commands failed:
SwiftCompile normal arm64 Compiling\ DefaultReporter.swift /Users/admin/builder/spi-builder-workspace/Sources/IBGraphKit/Reporters/DefaultReporter.swift (in target 'IBGraphKit' from project 'IBGraph')
SwiftCompile normal arm64 /Users/admin/builder/spi-builder-workspace/Sources/IBGraphKit/Reporters/DefaultReporter.swift (in target 'IBGraphKit' from project 'IBGraph')
Building workspace IBGraph with scheme IBGraph-Package
(3 failures)
BUILD FAILURE 6.4 watchOS