Build Information
Failed to build WWBankBalanceAnimationLabel, reference main (0d3082), with Swift 6.4 for watchOS using Xcode 27.0 on 20 Sep 2026 10:32:17 UTC.
Build Command
env DEVELOPER_DIR=/Applications/Xcode-27.0.0-Release.Candidate.app xcrun xcodebuild -IDEClonedSourcePackagesDirPathOverride=$PWD/.dependencies -skipMacroValidation -skipPackagePluginValidation -derivedDataPath $PWD/.derivedData build -scheme WWBankBalanceAnimationLabel -destination generic/platform=watchOSBuild Log
========================================
RunAll
========================================
Builder version: 5.1.0
Interrupt handler set up.
========================================
Checkout
========================================
Clone URL: https://github.com/William-Weng/WWBankBalanceAnimationLabel.git
Reference: main
Initialized empty Git repository in /Users/admin/builder/spi-builder-workspace/.git/
From https://github.com/William-Weng/WWBankBalanceAnimationLabel
* branch main -> FETCH_HEAD
* [new branch] main -> origin/main
HEAD is now at 0d3082b - 加上PrivacyInfo.xcprivacy
Cloned https://github.com/William-Weng/WWBankBalanceAnimationLabel.git
Revision (git rev-parse @):
0d3082b07adaaa1396281f3f0bc4492b10e1128d
SUCCESS checkout https://github.com/William-Weng/WWBankBalanceAnimationLabel.git at main
========================================
Build
========================================
Selected platform: watchOS
Swift version: 6.4
Building package at path: $PWD
https://github.com/William-Weng/WWBankBalanceAnimationLabel.git
Command line invocation:
/Applications/Xcode-27.0.0-Release.Candidate.app/Contents/Developer/usr/bin/xcodebuild -IDEClonedSourcePackagesDirPathOverride=/Users/admin/builder/spi-builder-workspace/.dependencies -resolvePackageDependencies
Resolve Package Graph
Resolve Package Graph
Resolved source packages:
WWBankBalanceAnimationLabel: /Users/admin/builder/spi-builder-workspace
resolved source packages: WWBankBalanceAnimationLabel
2026-09-20 06:31:26.239 xcodebuild[529:3035] [MT] IDERunDestination: Supported platforms for the buildables in the current scheme is empty.
{
"dependencies" : [
],
"manifest_display_name" : "WWBankBalanceAnimationLabel",
"name" : "WWBankBalanceAnimationLabel",
"path" : "/Users/admin/builder/spi-builder-workspace",
"platforms" : [
{
"name" : "ios",
"version" : "14.0"
}
],
"products" : [
{
"name" : "WWBankBalanceAnimationLabel",
"targets" : [
"WWBankBalanceAnimationLabel"
],
"type" : {
"library" : [
"automatic"
]
}
}
],
"swift_languages_versions" : [
"5"
],
"targets" : [
{
"c99name" : "WWBankBalanceAnimationLabel",
"module_type" : "SwiftTarget",
"name" : "WWBankBalanceAnimationLabel",
"path" : "Sources/WWBankBalanceAnimationLabel",
"product_memberships" : [
"WWBankBalanceAnimationLabel"
],
"resources" : [
{
"path" : "/Users/admin/builder/spi-builder-workspace/Sources/WWBankBalanceAnimationLabel/Privacy",
"rule" : {
"copy" : {
}
}
}
],
"sources" : [
"BankBalanceAnimationLabel.swift",
"Extension.swift"
],
"type" : "library"
}
],
"tools_version" : "5.6"
}
{
"workspace" : {
"name" : "WWBankBalanceAnimationLabel",
"schemes" : [
"WWBankBalanceAnimationLabel"
]
}
}
2026-09-20 06:32:07.266 xcodebuild[663:4218] [MT] IDERunDestination: Supported platforms for the buildables in the current scheme is empty.
Running build ...
env DEVELOPER_DIR=/Applications/Xcode-27.0.0-Release.Candidate.app xcrun xcodebuild -IDEClonedSourcePackagesDirPathOverride=$PWD/.dependencies -skipMacroValidation -skipPackagePluginValidation -derivedDataPath $PWD/.derivedData build -scheme WWBankBalanceAnimationLabel -destination generic/platform=watchOS
Command line invocation:
/Applications/Xcode-27.0.0-Release.Candidate.app/Contents/Developer/usr/bin/xcodebuild -IDEClonedSourcePackagesDirPathOverride=/Users/admin/builder/spi-builder-workspace/.dependencies -skipMacroValidation -skipPackagePluginValidation -derivedDataPath /Users/admin/builder/spi-builder-workspace/.derivedData build -scheme WWBankBalanceAnimationLabel -destination generic/platform=watchOS
Resolve Package Graph
Resolved source packages:
WWBankBalanceAnimationLabel: /Users/admin/builder/spi-builder-workspace
ComputePackagePrebuildTargetDependencyGraph
Prepare packages
CreateBuildRequest
SendProjectDescription
CreateBuildOperation
ComputeTargetDependencyGraph
note: Building targets in dependency order
note: Target dependency graph (3 targets)
Target 'WWBankBalanceAnimationLabel-product' in project 'WWBankBalanceAnimationLabel'
➜ Explicit dependency on target 'WWBankBalanceAnimationLabel' in project 'WWBankBalanceAnimationLabel'
➜ Explicit dependency on target 'WWBankBalanceAnimationLabel_WWBankBalanceAnimationLabel' in project 'WWBankBalanceAnimationLabel'
Target 'WWBankBalanceAnimationLabel' in project 'WWBankBalanceAnimationLabel'
➜ Explicit dependency on target 'WWBankBalanceAnimationLabel_WWBankBalanceAnimationLabel' in project 'WWBankBalanceAnimationLabel'
Target 'WWBankBalanceAnimationLabel_WWBankBalanceAnimationLabel' in project 'WWBankBalanceAnimationLabel' (no dependencies)
GatherProvisioningInputs
CreateBuildDescription
ExecuteExternalTool /Applications/Xcode-27.0.0-Release.Candidate.app/Contents/Developer/Toolchains/XcodeDefault.xctoolchain/usr/bin/clang -v -E -dM -isysroot /Applications/Xcode-27.0.0-Release.Candidate.app/Contents/Developer/Platforms/WatchOS.platform/Developer/SDKs/WatchOS27.0.sdk -x c -c /dev/null
ExecuteExternalTool /Applications/Xcode-27.0.0-Release.Candidate.app/Contents/Developer/Toolchains/XcodeDefault.xctoolchain/usr/bin/swiftc --version
ExecuteExternalTool /Applications/Xcode-27.0.0-Release.Candidate.app/Contents/Developer/Toolchains/XcodeDefault.xctoolchain/usr/bin/ld -version_details
Build description signature: 78bcb79d79186f6017514f0c9a0fb2c2
Build description path: /Users/admin/builder/spi-builder-workspace/.derivedData/Build/Intermediates.noindex/XCBuildData/78bcb79d79186f6017514f0c9a0fb2c2.xcbuilddata
CreateBuildDirectory /Users/admin/builder/spi-builder-workspace/.derivedData/SDKExplicitPrecompiledModules
cd /Users/admin/builder/spi-builder-workspace/.swiftpm/xcode
builtin-create-build-directory /Users/admin/builder/spi-builder-workspace/.derivedData/SDKExplicitPrecompiledModules
CreateBuildDirectory /Users/admin/builder/spi-builder-workspace/.derivedData/ModuleCache.noindex
cd /Users/admin/builder/spi-builder-workspace/.swiftpm/xcode
builtin-create-build-directory /Users/admin/builder/spi-builder-workspace/.derivedData/ModuleCache.noindex
CreateBuildDirectory /Users/admin/builder/spi-builder-workspace/.derivedData/Build/Intermediates.noindex
cd /Users/admin/builder/spi-builder-workspace/.swiftpm/xcode
builtin-create-build-directory /Users/admin/builder/spi-builder-workspace/.derivedData/Build/Intermediates.noindex
CreateBuildDirectory /Users/admin/builder/spi-builder-workspace/.derivedData/CompilationCache.noindex
cd /Users/admin/builder/spi-builder-workspace/.swiftpm/xcode
builtin-create-build-directory /Users/admin/builder/spi-builder-workspace/.derivedData/CompilationCache.noindex
ClangStatCache /Applications/Xcode-27.0.0-Release.Candidate.app/Contents/Developer/Toolchains/XcodeDefault.xctoolchain/usr/bin/clang-stat-cache /Applications/Xcode-27.0.0-Release.Candidate.app/Contents/Developer/Platforms/WatchOS.platform/Developer/SDKs/WatchOS27.0.sdk /Users/admin/builder/spi-builder-workspace/.derivedData/SDKStatCaches.noindex/watchos27.0-24R360-e829b21a6f8c9b70876ba0858053c04477534ef55a1706bf4c1112bbb242f0a2.sdkstatcache
cd /Users/admin/builder/spi-builder-workspace/.swiftpm/xcode
/Applications/Xcode-27.0.0-Release.Candidate.app/Contents/Developer/Toolchains/XcodeDefault.xctoolchain/usr/bin/clang-stat-cache /Applications/Xcode-27.0.0-Release.Candidate.app/Contents/Developer/Platforms/WatchOS.platform/Developer/SDKs/WatchOS27.0.sdk -o /Users/admin/builder/spi-builder-workspace/.derivedData/SDKStatCaches.noindex/watchos27.0-24R360-e829b21a6f8c9b70876ba0858053c04477534ef55a1706bf4c1112bbb242f0a2.sdkstatcache
CreateBuildDirectory /Users/admin/builder/spi-builder-workspace/.derivedData/Build/Products
cd /Users/admin/builder/spi-builder-workspace/.swiftpm/xcode
builtin-create-build-directory /Users/admin/builder/spi-builder-workspace/.derivedData/Build/Products
CreateBuildDirectory /Users/admin/builder/spi-builder-workspace/.derivedData/Build/Intermediates.noindex/SwiftExplicitPrecompiledModules
cd /Users/admin/builder/spi-builder-workspace/.swiftpm/xcode
builtin-create-build-directory /Users/admin/builder/spi-builder-workspace/.derivedData/Build/Intermediates.noindex/SwiftExplicitPrecompiledModules
CreateBuildDirectory /Users/admin/builder/spi-builder-workspace/.derivedData/Build/Intermediates.noindex/ExplicitPrecompiledModules
cd /Users/admin/builder/spi-builder-workspace/.swiftpm/xcode
builtin-create-build-directory /Users/admin/builder/spi-builder-workspace/.derivedData/Build/Intermediates.noindex/ExplicitPrecompiledModules
CreateBuildDirectory /Users/admin/builder/spi-builder-workspace/.derivedData/Build/Intermediates.noindex/PrecompiledHeaders
cd /Users/admin/builder/spi-builder-workspace/.swiftpm/xcode
builtin-create-build-directory /Users/admin/builder/spi-builder-workspace/.derivedData/Build/Intermediates.noindex/PrecompiledHeaders
CreateBuildDirectory /Users/admin/builder/spi-builder-workspace/.derivedData/Build/Products/Debug-watchos
cd /Users/admin/builder/spi-builder-workspace/.swiftpm/xcode
builtin-create-build-directory /Users/admin/builder/spi-builder-workspace/.derivedData/Build/Products/Debug-watchos
CreateBuildDirectory /Users/admin/builder/spi-builder-workspace/.derivedData/Build/Intermediates.noindex/EagerLinkingTBDs/Debug-watchos
cd /Users/admin/builder/spi-builder-workspace/.swiftpm/xcode
builtin-create-build-directory /Users/admin/builder/spi-builder-workspace/.derivedData/Build/Intermediates.noindex/EagerLinkingTBDs/Debug-watchos
CreateBuildDirectory /Users/admin/builder/spi-builder-workspace/.derivedData/Build/Products/Debug-watchos/PackageFrameworks
cd /Users/admin/builder/spi-builder-workspace/.swiftpm/xcode
builtin-create-build-directory /Users/admin/builder/spi-builder-workspace/.derivedData/Build/Products/Debug-watchos/PackageFrameworks
MkDir /Users/admin/builder/spi-builder-workspace/.derivedData/Build/Products/Debug-watchos/WWBankBalanceAnimationLabel_WWBankBalanceAnimationLabel.bundle (in target 'WWBankBalanceAnimationLabel_WWBankBalanceAnimationLabel' from project 'WWBankBalanceAnimationLabel')
cd /Users/admin/builder/spi-builder-workspace
/bin/mkdir -p /Users/admin/builder/spi-builder-workspace/.derivedData/Build/Products/Debug-watchos/WWBankBalanceAnimationLabel_WWBankBalanceAnimationLabel.bundle
WriteAuxiliaryFile /Users/admin/builder/spi-builder-workspace/.derivedData/Build/Intermediates.noindex/WWBankBalanceAnimationLabel.build/Debug-watchos/WWBankBalanceAnimationLabel-t.build/WWBankBalanceAnimationLabel.DependencyStaticMetadataFileList (in target 'WWBankBalanceAnimationLabel' from project 'WWBankBalanceAnimationLabel')
cd /Users/admin/builder/spi-builder-workspace
write-file /Users/admin/builder/spi-builder-workspace/.derivedData/Build/Intermediates.noindex/WWBankBalanceAnimationLabel.build/Debug-watchos/WWBankBalanceAnimationLabel-t.build/WWBankBalanceAnimationLabel.DependencyStaticMetadataFileList
WriteAuxiliaryFile /Users/admin/builder/spi-builder-workspace/.derivedData/Build/Intermediates.noindex/WWBankBalanceAnimationLabel.build/Debug-watchos/WWBankBalanceAnimationLabel-t.build/WWBankBalanceAnimationLabel.DependencyMetadataFileList (in target 'WWBankBalanceAnimationLabel' from project 'WWBankBalanceAnimationLabel')
cd /Users/admin/builder/spi-builder-workspace
write-file /Users/admin/builder/spi-builder-workspace/.derivedData/Build/Intermediates.noindex/WWBankBalanceAnimationLabel.build/Debug-watchos/WWBankBalanceAnimationLabel-t.build/WWBankBalanceAnimationLabel.DependencyMetadataFileList
WriteAuxiliaryFile /Users/admin/builder/spi-builder-workspace/.derivedData/Build/Intermediates.noindex/WWBankBalanceAnimationLabel.build/Debug-watchos/WWBankBalanceAnimationLabel_WWBankBalanceAnimationLabel-b.build/empty-WWBankBalanceAnimationLabel_WWBankBalanceAnimationLabel.plist (in target 'WWBankBalanceAnimationLabel_WWBankBalanceAnimationLabel' from project 'WWBankBalanceAnimationLabel')
cd /Users/admin/builder/spi-builder-workspace
write-file /Users/admin/builder/spi-builder-workspace/.derivedData/Build/Intermediates.noindex/WWBankBalanceAnimationLabel.build/Debug-watchos/WWBankBalanceAnimationLabel_WWBankBalanceAnimationLabel-b.build/empty-WWBankBalanceAnimationLabel_WWBankBalanceAnimationLabel.plist
WriteAuxiliaryFile /Users/admin/builder/spi-builder-workspace/.derivedData/Build/Intermediates.noindex/WWBankBalanceAnimationLabel.build/Debug-watchos/WWBankBalanceAnimationLabel_WWBankBalanceAnimationLabel-b.build/WWBankBalanceAnimationLabel_WWBankBalanceAnimationLabel.DependencyStaticMetadataFileList (in target 'WWBankBalanceAnimationLabel_WWBankBalanceAnimationLabel' from project 'WWBankBalanceAnimationLabel')
cd /Users/admin/builder/spi-builder-workspace
write-file /Users/admin/builder/spi-builder-workspace/.derivedData/Build/Intermediates.noindex/WWBankBalanceAnimationLabel.build/Debug-watchos/WWBankBalanceAnimationLabel_WWBankBalanceAnimationLabel-b.build/WWBankBalanceAnimationLabel_WWBankBalanceAnimationLabel.DependencyStaticMetadataFileList
WriteAuxiliaryFile /Users/admin/builder/spi-builder-workspace/.derivedData/Build/Intermediates.noindex/WWBankBalanceAnimationLabel.build/Debug-watchos/WWBankBalanceAnimationLabel_WWBankBalanceAnimationLabel-b.build/WWBankBalanceAnimationLabel_WWBankBalanceAnimationLabel.DependencyMetadataFileList (in target 'WWBankBalanceAnimationLabel_WWBankBalanceAnimationLabel' from project 'WWBankBalanceAnimationLabel')
cd /Users/admin/builder/spi-builder-workspace
write-file /Users/admin/builder/spi-builder-workspace/.derivedData/Build/Intermediates.noindex/WWBankBalanceAnimationLabel.build/Debug-watchos/WWBankBalanceAnimationLabel_WWBankBalanceAnimationLabel-b.build/WWBankBalanceAnimationLabel_WWBankBalanceAnimationLabel.DependencyMetadataFileList
WriteAuxiliaryFile /Users/admin/builder/spi-builder-workspace/.derivedData/Build/Intermediates.noindex/WWBankBalanceAnimationLabel.build/Debug-watchos/WWBankBalanceAnimationLabel-t.build/WWBankBalanceAnimationLabel.modulemap (in target 'WWBankBalanceAnimationLabel' from project 'WWBankBalanceAnimationLabel')
cd /Users/admin/builder/spi-builder-workspace
write-file /Users/admin/builder/spi-builder-workspace/.derivedData/Build/Intermediates.noindex/WWBankBalanceAnimationLabel.build/Debug-watchos/WWBankBalanceAnimationLabel-t.build/WWBankBalanceAnimationLabel.modulemap
WriteAuxiliaryFile /Users/admin/builder/spi-builder-workspace/.derivedData/Build/Intermediates.noindex/WWBankBalanceAnimationLabel.build/Debug-watchos/WWBankBalanceAnimationLabel-t.build/Objects-normal/arm64_32/WWBankBalanceAnimationLabel_const_extract_protocols.json (in target 'WWBankBalanceAnimationLabel' from project 'WWBankBalanceAnimationLabel')
cd /Users/admin/builder/spi-builder-workspace
write-file /Users/admin/builder/spi-builder-workspace/.derivedData/Build/Intermediates.noindex/WWBankBalanceAnimationLabel.build/Debug-watchos/WWBankBalanceAnimationLabel-t.build/Objects-normal/arm64_32/WWBankBalanceAnimationLabel_const_extract_protocols.json
WriteAuxiliaryFile /Users/admin/builder/spi-builder-workspace/.derivedData/Build/Intermediates.noindex/WWBankBalanceAnimationLabel.build/Debug-watchos/WWBankBalanceAnimationLabel-t.build/Objects-normal/arm64_32/WWBankBalanceAnimationLabel.SwiftFileList (in target 'WWBankBalanceAnimationLabel' from project 'WWBankBalanceAnimationLabel')
cd /Users/admin/builder/spi-builder-workspace
write-file /Users/admin/builder/spi-builder-workspace/.derivedData/Build/Intermediates.noindex/WWBankBalanceAnimationLabel.build/Debug-watchos/WWBankBalanceAnimationLabel-t.build/Objects-normal/arm64_32/WWBankBalanceAnimationLabel.SwiftFileList
WriteAuxiliaryFile /Users/admin/builder/spi-builder-workspace/.derivedData/Build/Intermediates.noindex/WWBankBalanceAnimationLabel.build/Debug-watchos/WWBankBalanceAnimationLabel-t.build/Objects-normal/arm64_32/WWBankBalanceAnimationLabel.SwiftConstValuesFileList (in target 'WWBankBalanceAnimationLabel' from project 'WWBankBalanceAnimationLabel')
cd /Users/admin/builder/spi-builder-workspace
write-file /Users/admin/builder/spi-builder-workspace/.derivedData/Build/Intermediates.noindex/WWBankBalanceAnimationLabel.build/Debug-watchos/WWBankBalanceAnimationLabel-t.build/Objects-normal/arm64_32/WWBankBalanceAnimationLabel.SwiftConstValuesFileList
WriteAuxiliaryFile /Users/admin/builder/spi-builder-workspace/.derivedData/Build/Intermediates.noindex/WWBankBalanceAnimationLabel.build/Debug-watchos/WWBankBalanceAnimationLabel-t.build/Objects-normal/arm64_32/WWBankBalanceAnimationLabel.LinkFileList (in target 'WWBankBalanceAnimationLabel' from project 'WWBankBalanceAnimationLabel')
cd /Users/admin/builder/spi-builder-workspace
write-file /Users/admin/builder/spi-builder-workspace/.derivedData/Build/Intermediates.noindex/WWBankBalanceAnimationLabel.build/Debug-watchos/WWBankBalanceAnimationLabel-t.build/Objects-normal/arm64_32/WWBankBalanceAnimationLabel.LinkFileList
WriteAuxiliaryFile /Users/admin/builder/spi-builder-workspace/.derivedData/Build/Intermediates.noindex/WWBankBalanceAnimationLabel.build/Debug-watchos/WWBankBalanceAnimationLabel-t.build/Objects-normal/arm64_32/WWBankBalanceAnimationLabel-OutputFileMap.json (in target 'WWBankBalanceAnimationLabel' from project 'WWBankBalanceAnimationLabel')
cd /Users/admin/builder/spi-builder-workspace
write-file /Users/admin/builder/spi-builder-workspace/.derivedData/Build/Intermediates.noindex/WWBankBalanceAnimationLabel.build/Debug-watchos/WWBankBalanceAnimationLabel-t.build/Objects-normal/arm64_32/WWBankBalanceAnimationLabel-OutputFileMap.json
WriteAuxiliaryFile /Users/admin/builder/spi-builder-workspace/.derivedData/Build/Intermediates.noindex/WWBankBalanceAnimationLabel.build/Debug-watchos/WWBankBalanceAnimationLabel-t.build/Objects-normal/arm64/WWBankBalanceAnimationLabel.SwiftFileList (in target 'WWBankBalanceAnimationLabel' from project 'WWBankBalanceAnimationLabel')
cd /Users/admin/builder/spi-builder-workspace
write-file /Users/admin/builder/spi-builder-workspace/.derivedData/Build/Intermediates.noindex/WWBankBalanceAnimationLabel.build/Debug-watchos/WWBankBalanceAnimationLabel-t.build/Objects-normal/arm64/WWBankBalanceAnimationLabel.SwiftFileList
WriteAuxiliaryFile /Users/admin/builder/spi-builder-workspace/.derivedData/Build/Intermediates.noindex/WWBankBalanceAnimationLabel.build/Debug-watchos/WWBankBalanceAnimationLabel-t.build/Objects-normal/arm64/WWBankBalanceAnimationLabel_const_extract_protocols.json (in target 'WWBankBalanceAnimationLabel' from project 'WWBankBalanceAnimationLabel')
cd /Users/admin/builder/spi-builder-workspace
write-file /Users/admin/builder/spi-builder-workspace/.derivedData/Build/Intermediates.noindex/WWBankBalanceAnimationLabel.build/Debug-watchos/WWBankBalanceAnimationLabel-t.build/Objects-normal/arm64/WWBankBalanceAnimationLabel_const_extract_protocols.json
WriteAuxiliaryFile /Users/admin/builder/spi-builder-workspace/.derivedData/Build/Intermediates.noindex/WWBankBalanceAnimationLabel.build/Debug-watchos/WWBankBalanceAnimationLabel-t.build/Objects-normal/arm64/WWBankBalanceAnimationLabel.SwiftConstValuesFileList (in target 'WWBankBalanceAnimationLabel' from project 'WWBankBalanceAnimationLabel')
cd /Users/admin/builder/spi-builder-workspace
write-file /Users/admin/builder/spi-builder-workspace/.derivedData/Build/Intermediates.noindex/WWBankBalanceAnimationLabel.build/Debug-watchos/WWBankBalanceAnimationLabel-t.build/Objects-normal/arm64/WWBankBalanceAnimationLabel.SwiftConstValuesFileList
WriteAuxiliaryFile /Users/admin/builder/spi-builder-workspace/.derivedData/Build/Intermediates.noindex/WWBankBalanceAnimationLabel.build/Debug-watchos/WWBankBalanceAnimationLabel-t.build/Objects-normal/arm64/WWBankBalanceAnimationLabel.LinkFileList (in target 'WWBankBalanceAnimationLabel' from project 'WWBankBalanceAnimationLabel')
cd /Users/admin/builder/spi-builder-workspace
write-file /Users/admin/builder/spi-builder-workspace/.derivedData/Build/Intermediates.noindex/WWBankBalanceAnimationLabel.build/Debug-watchos/WWBankBalanceAnimationLabel-t.build/Objects-normal/arm64/WWBankBalanceAnimationLabel.LinkFileList
WriteAuxiliaryFile /Users/admin/builder/spi-builder-workspace/.derivedData/Build/Intermediates.noindex/WWBankBalanceAnimationLabel.build/Debug-watchos/WWBankBalanceAnimationLabel-t.build/Objects-normal/arm64/WWBankBalanceAnimationLabel-OutputFileMap.json (in target 'WWBankBalanceAnimationLabel' from project 'WWBankBalanceAnimationLabel')
cd /Users/admin/builder/spi-builder-workspace
write-file /Users/admin/builder/spi-builder-workspace/.derivedData/Build/Intermediates.noindex/WWBankBalanceAnimationLabel.build/Debug-watchos/WWBankBalanceAnimationLabel-t.build/Objects-normal/arm64/WWBankBalanceAnimationLabel-OutputFileMap.json
WriteAuxiliaryFile /Users/admin/builder/spi-builder-workspace/.derivedData/Build/Intermediates.noindex/WWBankBalanceAnimationLabel.build/Debug-watchos/WWBankBalanceAnimationLabel-t.build/DerivedSources/resource_bundle_accessor.swift (in target 'WWBankBalanceAnimationLabel' from project 'WWBankBalanceAnimationLabel')
cd /Users/admin/builder/spi-builder-workspace
write-file /Users/admin/builder/spi-builder-workspace/.derivedData/Build/Intermediates.noindex/WWBankBalanceAnimationLabel.build/Debug-watchos/WWBankBalanceAnimationLabel-t.build/DerivedSources/resource_bundle_accessor.swift
Copy /Users/admin/builder/spi-builder-workspace/.derivedData/Build/Intermediates.noindex/GeneratedModuleMaps-watchos/WWBankBalanceAnimationLabel.modulemap /Users/admin/builder/spi-builder-workspace/.derivedData/Build/Intermediates.noindex/WWBankBalanceAnimationLabel.build/Debug-watchos/WWBankBalanceAnimationLabel-t.build/WWBankBalanceAnimationLabel.modulemap (in target 'WWBankBalanceAnimationLabel' from project 'WWBankBalanceAnimationLabel')
cd /Users/admin/builder/spi-builder-workspace
builtin-copy -exclude .DS_Store -exclude CVS -exclude .svn -exclude .git -exclude .hg -resolve-src-symlinks /Users/admin/builder/spi-builder-workspace/.derivedData/Build/Intermediates.noindex/WWBankBalanceAnimationLabel.build/Debug-watchos/WWBankBalanceAnimationLabel-t.build/WWBankBalanceAnimationLabel.modulemap /Users/admin/builder/spi-builder-workspace/.derivedData/Build/Intermediates.noindex/GeneratedModuleMaps-watchos
ProcessInfoPlistFile /Users/admin/builder/spi-builder-workspace/.derivedData/Build/Products/Debug-watchos/WWBankBalanceAnimationLabel_WWBankBalanceAnimationLabel.bundle/Info.plist /Users/admin/builder/spi-builder-workspace/.derivedData/Build/Intermediates.noindex/WWBankBalanceAnimationLabel.build/Debug-watchos/WWBankBalanceAnimationLabel_WWBankBalanceAnimationLabel-b.build/empty-WWBankBalanceAnimationLabel_WWBankBalanceAnimationLabel.plist (in target 'WWBankBalanceAnimationLabel_WWBankBalanceAnimationLabel' from project 'WWBankBalanceAnimationLabel')
cd /Users/admin/builder/spi-builder-workspace
builtin-infoPlistUtility /Users/admin/builder/spi-builder-workspace/.derivedData/Build/Intermediates.noindex/WWBankBalanceAnimationLabel.build/Debug-watchos/WWBankBalanceAnimationLabel_WWBankBalanceAnimationLabel-b.build/empty-WWBankBalanceAnimationLabel_WWBankBalanceAnimationLabel.plist -producttype com.apple.product-type.bundle -expandbuildsettings -format binary -platform watchos -o /Users/admin/builder/spi-builder-workspace/.derivedData/Build/Products/Debug-watchos/WWBankBalanceAnimationLabel_WWBankBalanceAnimationLabel.bundle/Info.plist
CpResource /Users/admin/builder/spi-builder-workspace/.derivedData/Build/Products/Debug-watchos/WWBankBalanceAnimationLabel_WWBankBalanceAnimationLabel.bundle/Privacy /Users/admin/builder/spi-builder-workspace/Sources/WWBankBalanceAnimationLabel/Privacy (in target 'WWBankBalanceAnimationLabel_WWBankBalanceAnimationLabel' from project 'WWBankBalanceAnimationLabel')
cd /Users/admin/builder/spi-builder-workspace
builtin-copy -exclude .DS_Store -exclude CVS -exclude .svn -exclude .git -exclude .hg -resolve-src-symlinks /Users/admin/builder/spi-builder-workspace/Sources/WWBankBalanceAnimationLabel/Privacy /Users/admin/builder/spi-builder-workspace/.derivedData/Build/Products/Debug-watchos/WWBankBalanceAnimationLabel_WWBankBalanceAnimationLabel.bundle
RegisterExecutionPolicyException /Users/admin/builder/spi-builder-workspace/.derivedData/Build/Products/Debug-watchos/WWBankBalanceAnimationLabel_WWBankBalanceAnimationLabel.bundle (in target 'WWBankBalanceAnimationLabel_WWBankBalanceAnimationLabel' from project 'WWBankBalanceAnimationLabel')
cd /Users/admin/builder/spi-builder-workspace
builtin-RegisterExecutionPolicyException /Users/admin/builder/spi-builder-workspace/.derivedData/Build/Products/Debug-watchos/WWBankBalanceAnimationLabel_WWBankBalanceAnimationLabel.bundle
Touch /Users/admin/builder/spi-builder-workspace/.derivedData/Build/Products/Debug-watchos/WWBankBalanceAnimationLabel_WWBankBalanceAnimationLabel.bundle (in target 'WWBankBalanceAnimationLabel_WWBankBalanceAnimationLabel' from project 'WWBankBalanceAnimationLabel')
cd /Users/admin/builder/spi-builder-workspace
/usr/bin/touch -c /Users/admin/builder/spi-builder-workspace/.derivedData/Build/Products/Debug-watchos/WWBankBalanceAnimationLabel_WWBankBalanceAnimationLabel.bundle
SwiftDriver WWBankBalanceAnimationLabel normal arm64 com.apple.xcode.tools.swift.compiler (in target 'WWBankBalanceAnimationLabel' from project 'WWBankBalanceAnimationLabel')
cd /Users/admin/builder/spi-builder-workspace/.swiftpm/xcode
builtin-SwiftDriver -- /Applications/Xcode-27.0.0-Release.Candidate.app/Contents/Developer/Toolchains/XcodeDefault.xctoolchain/usr/bin/swiftc -parse-as-library -module-name WWBankBalanceAnimationLabel -Onone @/Users/admin/builder/spi-builder-workspace/.derivedData/Build/Intermediates.noindex/WWBankBalanceAnimationLabel.build/Debug-watchos/WWBankBalanceAnimationLabel-t.build/Objects-normal/arm64/WWBankBalanceAnimationLabel.SwiftFileList -DSWIFT_PACKAGE -DDEBUG -DSWIFT_MODULE_RESOURCE_BUNDLE_AVAILABLE -DXcode -plugin-path /Applications/Xcode-27.0.0-Release.Candidate.app/Contents/Developer/Toolchains/XcodeDefault.xctoolchain/usr/lib/swift/host/plugins/testing -enable-experimental-feature DebugDescriptionMacro -sdk /Applications/Xcode-27.0.0-Release.Candidate.app/Contents/Developer/Platforms/WatchOS.platform/Developer/SDKs/WatchOS27.0.sdk -target arm64-apple-watchos9.0 -g -module-cache-path /Users/admin/builder/spi-builder-workspace/.derivedData/ModuleCache.noindex -Xfrontend -serialize-debugging-options -enable-testing -index-store-path /Users/admin/builder/spi-builder-workspace/.derivedData/Index.noindex/DataStore -Xcc -D_LIBCPP_HARDENING_MODE\=_LIBCPP_HARDENING_MODE_DEBUG -swift-version 5 -I /Users/admin/builder/spi-builder-workspace/.derivedData/Build/Products/Debug-watchos -Isystem /Applications/Xcode-27.0.0-Release.Candidate.app/Contents/Developer/Platforms/WatchOS.platform/Developer/usr/lib -F /Users/admin/builder/spi-builder-workspace/.derivedData/Build/Products/Debug-watchos -F /Applications/Xcode-27.0.0-Release.Candidate.app/Contents/Developer/Platforms/WatchOS.platform/Developer/Library/Frameworks -F /Applications/Xcode-27.0.0-Release.Candidate.app/Contents/Developer/Platforms/WatchOS.platform/Developer/SDKs/WatchOS27.0.sdk/Developer/Library/Frameworks -c -j10 -enable-batch-mode -incremental -Xcc -ivfsstatcache -Xcc /Users/admin/builder/spi-builder-workspace/.derivedData/SDKStatCaches.noindex/watchos27.0-24R360-e829b21a6f8c9b70876ba0858053c04477534ef55a1706bf4c1112bbb242f0a2.sdkstatcache -output-file-map /Users/admin/builder/spi-builder-workspace/.derivedData/Build/Intermediates.noindex/WWBankBalanceAnimationLabel.build/Debug-watchos/WWBankBalanceAnimationLabel-t.build/Objects-normal/arm64/WWBankBalanceAnimationLabel-OutputFileMap.json -save-temps -no-color-diagnostics -explicit-module-build -module-cache-path /Users/admin/builder/spi-builder-workspace/.derivedData/Build/Intermediates.noindex/SwiftExplicitPrecompiledModules -clang-scanner-module-cache-path /Users/admin/builder/spi-builder-workspace/.derivedData/ModuleCache.noindex -sdk-module-cache-path /Users/admin/builder/spi-builder-workspace/.derivedData/SDKExplicitPrecompiledModules -emit-dependencies -emit-module -emit-module-path /Users/admin/builder/spi-builder-workspace/.derivedData/Build/Intermediates.noindex/WWBankBalanceAnimationLabel.build/Debug-watchos/WWBankBalanceAnimationLabel-t.build/Objects-normal/arm64/WWBankBalanceAnimationLabel.swiftmodule -serialize-diagnostics -dependency-scan-serialize-diagnostics-path /Users/admin/builder/spi-builder-workspace/.derivedData/Build/Intermediates.noindex/WWBankBalanceAnimationLabel.build/Debug-watchos/WWBankBalanceAnimationLabel-t.build/Objects-normal/arm64/WWBankBalanceAnimationLabel-dependency-scan.dia -validate-clang-modules-once -clang-build-session-file /Users/admin/builder/spi-builder-workspace/.derivedData/ModuleCache.noindex/Session.modulevalidation -Xcc -fmodules-prune-interval\=86400 -Xcc -fmodules-prune-after\=345600 -emit-const-values -const-gather-protocols-list /Users/admin/builder/spi-builder-workspace/.derivedData/Build/Intermediates.noindex/WWBankBalanceAnimationLabel.build/Debug-watchos/WWBankBalanceAnimationLabel-t.build/Objects-normal/arm64/WWBankBalanceAnimationLabel_const_extract_protocols.json -Xcc -I/Users/admin/builder/spi-builder-workspace/.derivedData/Build/Products/Debug-watchos/include -Xcc -I/Users/admin/builder/spi-builder-workspace/.derivedData/Build/Intermediates.noindex/WWBankBalanceAnimationLabel.build/Debug-watchos/WWBankBalanceAnimationLabel-t.build/DerivedSources-normal/arm64 -Xcc -I/Users/admin/builder/spi-builder-workspace/.derivedData/Build/Intermediates.noindex/WWBankBalanceAnimationLabel.build/Debug-watchos/WWBankBalanceAnimationLabel-t.build/DerivedSources/arm64 -Xcc -I/Users/admin/builder/spi-builder-workspace/.derivedData/Build/Intermediates.noindex/WWBankBalanceAnimationLabel.build/Debug-watchos/WWBankBalanceAnimationLabel-t.build/DerivedSources -Xcc -DSWIFT_PACKAGE -Xcc -DDEBUG\=1 -emit-objc-header -emit-objc-header-path /Users/admin/builder/spi-builder-workspace/.derivedData/Build/Intermediates.noindex/WWBankBalanceAnimationLabel.build/Debug-watchos/WWBankBalanceAnimationLabel-t.build/Objects-normal/arm64/WWBankBalanceAnimationLabel-Swift.h -working-directory /Users/admin/builder/spi-builder-workspace/.swiftpm/xcode -experimental-emit-module-separately -disable-cmo
SwiftDriver WWBankBalanceAnimationLabel normal arm64_32 com.apple.xcode.tools.swift.compiler (in target 'WWBankBalanceAnimationLabel' from project 'WWBankBalanceAnimationLabel')
cd /Users/admin/builder/spi-builder-workspace/.swiftpm/xcode
builtin-SwiftDriver -- /Applications/Xcode-27.0.0-Release.Candidate.app/Contents/Developer/Toolchains/XcodeDefault.xctoolchain/usr/bin/swiftc -parse-as-library -module-name WWBankBalanceAnimationLabel -Onone @/Users/admin/builder/spi-builder-workspace/.derivedData/Build/Intermediates.noindex/WWBankBalanceAnimationLabel.build/Debug-watchos/WWBankBalanceAnimationLabel-t.build/Objects-normal/arm64_32/WWBankBalanceAnimationLabel.SwiftFileList -DSWIFT_PACKAGE -DDEBUG -DSWIFT_MODULE_RESOURCE_BUNDLE_AVAILABLE -DXcode -plugin-path /Applications/Xcode-27.0.0-Release.Candidate.app/Contents/Developer/Toolchains/XcodeDefault.xctoolchain/usr/lib/swift/host/plugins/testing -enable-experimental-feature DebugDescriptionMacro -sdk /Applications/Xcode-27.0.0-Release.Candidate.app/Contents/Developer/Platforms/WatchOS.platform/Developer/SDKs/WatchOS27.0.sdk -target arm64_32-apple-watchos9.0 -g -module-cache-path /Users/admin/builder/spi-builder-workspace/.derivedData/ModuleCache.noindex -Xfrontend -serialize-debugging-options -enable-testing -index-store-path /Users/admin/builder/spi-builder-workspace/.derivedData/Index.noindex/DataStore -Xcc -D_LIBCPP_HARDENING_MODE\=_LIBCPP_HARDENING_MODE_DEBUG -swift-version 5 -I /Users/admin/builder/spi-builder-workspace/.derivedData/Build/Products/Debug-watchos -Isystem /Applications/Xcode-27.0.0-Release.Candidate.app/Contents/Developer/Platforms/WatchOS.platform/Developer/usr/lib -F /Users/admin/builder/spi-builder-workspace/.derivedData/Build/Products/Debug-watchos -F /Applications/Xcode-27.0.0-Release.Candidate.app/Contents/Developer/Platforms/WatchOS.platform/Developer/Library/Frameworks -F /Applications/Xcode-27.0.0-Release.Candidate.app/Contents/Developer/Platforms/WatchOS.platform/Developer/SDKs/WatchOS27.0.sdk/Developer/Library/Frameworks -c -j10 -enable-batch-mode -incremental -Xcc -ivfsstatcache -Xcc /Users/admin/builder/spi-builder-workspace/.derivedData/SDKStatCaches.noindex/watchos27.0-24R360-e829b21a6f8c9b70876ba0858053c04477534ef55a1706bf4c1112bbb242f0a2.sdkstatcache -output-file-map /Users/admin/builder/spi-builder-workspace/.derivedData/Build/Intermediates.noindex/WWBankBalanceAnimationLabel.build/Debug-watchos/WWBankBalanceAnimationLabel-t.build/Objects-normal/arm64_32/WWBankBalanceAnimationLabel-OutputFileMap.json -save-temps -no-color-diagnostics -explicit-module-build -module-cache-path /Users/admin/builder/spi-builder-workspace/.derivedData/Build/Intermediates.noindex/SwiftExplicitPrecompiledModules -clang-scanner-module-cache-path /Users/admin/builder/spi-builder-workspace/.derivedData/ModuleCache.noindex -sdk-module-cache-path /Users/admin/builder/spi-builder-workspace/.derivedData/SDKExplicitPrecompiledModules -emit-dependencies -emit-module -emit-module-path /Users/admin/builder/spi-builder-workspace/.derivedData/Build/Intermediates.noindex/WWBankBalanceAnimationLabel.build/Debug-watchos/WWBankBalanceAnimationLabel-t.build/Objects-normal/arm64_32/WWBankBalanceAnimationLabel.swiftmodule -serialize-diagnostics -dependency-scan-serialize-diagnostics-path /Users/admin/builder/spi-builder-workspace/.derivedData/Build/Intermediates.noindex/WWBankBalanceAnimationLabel.build/Debug-watchos/WWBankBalanceAnimationLabel-t.build/Objects-normal/arm64_32/WWBankBalanceAnimationLabel-dependency-scan.dia -validate-clang-modules-once -clang-build-session-file /Users/admin/builder/spi-builder-workspace/.derivedData/ModuleCache.noindex/Session.modulevalidation -Xcc -fmodules-prune-interval\=86400 -Xcc -fmodules-prune-after\=345600 -emit-const-values -const-gather-protocols-list /Users/admin/builder/spi-builder-workspace/.derivedData/Build/Intermediates.noindex/WWBankBalanceAnimationLabel.build/Debug-watchos/WWBankBalanceAnimationLabel-t.build/Objects-normal/arm64_32/WWBankBalanceAnimationLabel_const_extract_protocols.json -Xcc -I/Users/admin/builder/spi-builder-workspace/.derivedData/Build/Products/Debug-watchos/include -Xcc -I/Users/admin/builder/spi-builder-workspace/.derivedData/Build/Intermediates.noindex/WWBankBalanceAnimationLabel.build/Debug-watchos/WWBankBalanceAnimationLabel-t.build/DerivedSources-normal/arm64_32 -Xcc -I/Users/admin/builder/spi-builder-workspace/.derivedData/Build/Intermediates.noindex/WWBankBalanceAnimationLabel.build/Debug-watchos/WWBankBalanceAnimationLabel-t.build/DerivedSources/arm64_32 -Xcc -I/Users/admin/builder/spi-builder-workspace/.derivedData/Build/Intermediates.noindex/WWBankBalanceAnimationLabel.build/Debug-watchos/WWBankBalanceAnimationLabel-t.build/DerivedSources -Xcc -DSWIFT_PACKAGE -Xcc -DDEBUG\=1 -emit-objc-header -emit-objc-header-path /Users/admin/builder/spi-builder-workspace/.derivedData/Build/Intermediates.noindex/WWBankBalanceAnimationLabel.build/Debug-watchos/WWBankBalanceAnimationLabel-t.build/Objects-normal/arm64_32/WWBankBalanceAnimationLabel-Swift.h -working-directory /Users/admin/builder/spi-builder-workspace/.swiftpm/xcode -experimental-emit-module-separately -disable-cmo
SwiftExplicitDependencyGeneratePcm arm64_32 /Users/admin/builder/spi-builder-workspace/.derivedData/SDKExplicitPrecompiledModules/_SwiftConcurrencyShims-6RTBPQ03V7BM9SPRK8SUE055H.pcm
SwiftExplicitDependencyGeneratePcm arm64_32 /Users/admin/builder/spi-builder-workspace/.derivedData/SDKExplicitPrecompiledModules/ptrauth-BFXF358ME5AK535N5A9Z766WU.pcm
SwiftExplicitDependencyGeneratePcm arm64_32 /Users/admin/builder/spi-builder-workspace/.derivedData/SDKExplicitPrecompiledModules/_Builtin_stddef-H44EFHQX6XSS5MZ7QP6YJZ76.pcm
SwiftExplicitDependencyGeneratePcm arm64 /Users/admin/builder/spi-builder-workspace/.derivedData/SDKExplicitPrecompiledModules/DeveloperToolsSupport-E7CNISCB36UE8XQ9IOHK9XDX1.pcm
SwiftExplicitDependencyGeneratePcm arm64_32 /Users/admin/builder/spi-builder-workspace/.derivedData/SDKExplicitPrecompiledModules/DeveloperToolsSupport-DZU5G1OCMNWU0AQRULIFHUJ1Z.pcm
SwiftExplicitDependencyGeneratePcm arm64 /Users/admin/builder/spi-builder-workspace/.derivedData/SDKExplicitPrecompiledModules/_Builtin_stddef-1FU30Y8SWFB7OUUHMJQH5J6FM.pcm
SwiftExplicitDependencyGeneratePcm arm64 /Users/admin/builder/spi-builder-workspace/.derivedData/SDKExplicitPrecompiledModules/SwiftShims-4MXFZPV6FEB0XBYXCGPWAMQGL.pcm
SwiftExplicitDependencyGeneratePcm arm64 /Users/admin/builder/spi-builder-workspace/.derivedData/SDKExplicitPrecompiledModules/_Builtin_stdbool-83J96QSOFE9VX04AAS6310UAE.pcm
SwiftExplicitDependencyGeneratePcm arm64 /Users/admin/builder/spi-builder-workspace/.derivedData/SDKExplicitPrecompiledModules/ptrcheck-AIF0NDOYZ8ORBNHQAQR5NNB8M.pcm
SwiftExplicitDependencyGeneratePcm arm64 /Users/admin/builder/spi-builder-workspace/.derivedData/SDKExplicitPrecompiledModules/_Builtin_stdarg-A7UU8LE6MP85SM26YO7PBZNUQ.pcm
SwiftExplicitDependencyGeneratePcm arm64 /Users/admin/builder/spi-builder-workspace/.derivedData/SDKExplicitPrecompiledModules/_AvailabilityInternal-BUNV3UXM65NT37THI4W1AM0SF.pcm
SwiftExplicitDependencyGeneratePcm arm64 /Users/admin/builder/spi-builder-workspace/.derivedData/SDKExplicitPrecompiledModules/_SwiftConcurrencyShims-659N52XSKR5F0QSB880BH2FJR.pcm
SwiftExplicitDependencyGeneratePcm arm64 /Users/admin/builder/spi-builder-workspace/.derivedData/SDKExplicitPrecompiledModules/ptrauth-3TZ9WJCGLYD25HQPWH4968ONX.pcm
SwiftExplicitDependencyGeneratePcm arm64_32 /Users/admin/builder/spi-builder-workspace/.derivedData/SDKExplicitPrecompiledModules/_Builtin_stdbool-A967K8W8YUYEC9SN52KJ7OO88.pcm
SwiftExplicitDependencyGeneratePcm arm64 /Users/admin/builder/spi-builder-workspace/.derivedData/SDKExplicitPrecompiledModules/_Builtin_float-C0CW5Q4HGBQYKE77TC42IAFB5.pcm
SwiftExplicitDependencyGeneratePcm arm64_32 /Users/admin/builder/spi-builder-workspace/.derivedData/SDKExplicitPrecompiledModules/ptrcheck-7ELIH9BTIGVKX3UBITM9N72WD.pcm
SwiftExplicitDependencyGeneratePcm arm64_32 /Users/admin/builder/spi-builder-workspace/.derivedData/SDKExplicitPrecompiledModules/_Builtin_stdarg-D305JG44A2WPI6CJY37X3QJE8.pcm
SwiftExplicitDependencyGeneratePcm arm64_32 /Users/admin/builder/spi-builder-workspace/.derivedData/SDKExplicitPrecompiledModules/_Builtin_float-6KO8O3PEWRCA4WC6PPLOYO6WJ.pcm
SwiftExplicitDependencyGeneratePcm arm64_32 /Users/admin/builder/spi-builder-workspace/.derivedData/SDKExplicitPrecompiledModules/SwiftShims-9CQQGWTSNTN9EB5NSHDWUJICH.pcm
SwiftExplicitDependencyGeneratePcm arm64_32 /Users/admin/builder/spi-builder-workspace/.derivedData/SDKExplicitPrecompiledModules/_AvailabilityInternal-244WAN3Z1QBT7PIA64EZEFY1R.pcm
SwiftExplicitDependencyGeneratePcm arm64 /Users/admin/builder/spi-builder-workspace/.derivedData/SDKExplicitPrecompiledModules/_DarwinFoundation1-7SPX3MD0HMP55E4OLNCPNDQ53.pcm
SwiftExplicitDependencyGeneratePcm arm64_32 /Users/admin/builder/spi-builder-workspace/.derivedData/SDKExplicitPrecompiledModules/_DarwinFoundation1-2GWF9RFMPLQW4PDHS3NARVI3G.pcm
SwiftExplicitDependencyGeneratePcm arm64 /Users/admin/builder/spi-builder-workspace/.derivedData/SDKExplicitPrecompiledModules/_Builtin_limits-9GWPA2B0H20DYUNYHYCWKABJG.pcm
SwiftExplicitDependencyGeneratePcm arm64 /Users/admin/builder/spi-builder-workspace/.derivedData/SDKExplicitPrecompiledModules/_DarwinFoundation2-D0XAPJU49S5E9XMKYOFGSTB1Q.pcm
SwiftExplicitDependencyGeneratePcm arm64_32 /Users/admin/builder/spi-builder-workspace/.derivedData/SDKExplicitPrecompiledModules/_DarwinFoundation2-9MY8GOSYRO0M9MKNXF6D3MBNK.pcm
SwiftExplicitDependencyGeneratePcm arm64_32 /Users/admin/builder/spi-builder-workspace/.derivedData/SDKExplicitPrecompiledModules/_Builtin_limits-3VKBU2AFTD65PAJZ5CJ3LHFM2.pcm
SwiftExplicitDependencyGeneratePcm arm64 /Users/admin/builder/spi-builder-workspace/.derivedData/SDKExplicitPrecompiledModules/string_h-E6PRXK75PHIPCZFWOFCQ3QBMK.pcm
SwiftExplicitDependencyGeneratePcm arm64 /Users/admin/builder/spi-builder-workspace/.derivedData/SDKExplicitPrecompiledModules/sys_types-2KXQLI78OUCDP779AE68GZJ2.pcm
SwiftExplicitDependencyGeneratePcm arm64 /Users/admin/builder/spi-builder-workspace/.derivedData/SDKExplicitPrecompiledModules/_Builtin_stdint-8XMILLJZEGRN2XG7XZUXZ5RLX.pcm
SwiftExplicitDependencyGeneratePcm arm64 /Users/admin/builder/spi-builder-workspace/.derivedData/SDKExplicitPrecompiledModules/_Builtin_tgmath-8NQ96OZ0YHXEC24JI95P01UF8.pcm
SwiftExplicitDependencyGeneratePcm arm64_32 /Users/admin/builder/spi-builder-workspace/.derivedData/SDKExplicitPrecompiledModules/_Builtin_tgmath-23PGCKURCQILXMK0MYZRYDCOU.pcm
SwiftExplicitDependencyGeneratePcm arm64_32 /Users/admin/builder/spi-builder-workspace/.derivedData/SDKExplicitPrecompiledModules/string_h-BFVLUQUSBZWYMLCU9QI7VZALW.pcm
SwiftExplicitDependencyGeneratePcm arm64_32 /Users/admin/builder/spi-builder-workspace/.derivedData/SDKExplicitPrecompiledModules/_Builtin_stdint-1HMXWI3V0V4TXHRWZOMZGZ80Y.pcm
SwiftExplicitDependencyGeneratePcm arm64_32 /Users/admin/builder/spi-builder-workspace/.derivedData/SDKExplicitPrecompiledModules/sys_types-8TLLMW08ZJWDGIIPKOYFGHHZW.pcm
SwiftExplicitDependencyGeneratePcm arm64 /Users/admin/builder/spi-builder-workspace/.derivedData/SDKExplicitPrecompiledModules/_Builtin_stdatomic-7JEFA3KBJJJN6TKJWY3OG1VG5.pcm
SwiftExplicitDependencyGeneratePcm arm64 /Users/admin/builder/spi-builder-workspace/.derivedData/SDKExplicitPrecompiledModules/_DarwinFoundation3-B97LRG0E9GON2NUE65TVG81HU.pcm
SwiftExplicitDependencyGeneratePcm arm64 /Users/admin/builder/spi-builder-workspace/.derivedData/SDKExplicitPrecompiledModules/_Builtin_intrinsics-75960HIPCIYA06IUW8FIIPQT.pcm
SwiftExplicitDependencyGeneratePcm arm64_32 /Users/admin/builder/spi-builder-workspace/.derivedData/SDKExplicitPrecompiledModules/_Builtin_stdatomic-1TY035TURL76BF2U98PZPPZRX.pcm
SwiftExplicitDependencyGeneratePcm arm64_32 /Users/admin/builder/spi-builder-workspace/.derivedData/SDKExplicitPrecompiledModules/_Builtin_intrinsics-196IIAKDQVU42DLOZP9OQCV76.pcm
SwiftExplicitDependencyGeneratePcm arm64_32 /Users/admin/builder/spi-builder-workspace/.derivedData/SDKExplicitPrecompiledModules/_DarwinFoundation3-3DUTYQDQSD9HUAAVY947NMWOI.pcm
SwiftExplicitDependencyGeneratePcm arm64 /Users/admin/builder/spi-builder-workspace/.derivedData/SDKExplicitPrecompiledModules/_Builtin_inttypes-3UQSCM7WNM9EK4HZML8TY5J3D.pcm
SwiftExplicitDependencyGeneratePcm arm64_32 /Users/admin/builder/spi-builder-workspace/.derivedData/SDKExplicitPrecompiledModules/_Builtin_inttypes-D2KPCR4PEX9AQA33NGLUT5SBR.pcm
SwiftExplicitDependencyGeneratePcm arm64 /Users/admin/builder/spi-builder-workspace/.derivedData/SDKExplicitPrecompiledModules/Darwin-3984OXKFNSPE77NT743WK8SEX.pcm
SwiftExplicitDependencyGeneratePcm arm64_32 /Users/admin/builder/spi-builder-workspace/.derivedData/SDKExplicitPrecompiledModules/Darwin-3FVT1SKLN2ZQ5RVOABMTQBB34.pcm
SwiftExplicitDependencyGeneratePcm arm64 /Users/admin/builder/spi-builder-workspace/.derivedData/SDKExplicitPrecompiledModules/simd-EH08NODU6574T74ZKU61VP9BW.pcm
SwiftExplicitDependencyGeneratePcm arm64_32 /Users/admin/builder/spi-builder-workspace/.derivedData/SDKExplicitPrecompiledModules/simd-21UNWYOBUZI1LVSQ99S1XBLMO.pcm
SwiftExplicitDependencyGeneratePcm arm64_32 /Users/admin/builder/spi-builder-workspace/.derivedData/SDKExplicitPrecompiledModules/ObjectiveC-6IJNELR2E80E7LUKESVCP2KET.pcm
SwiftExplicitDependencyGeneratePcm arm64_32 /Users/admin/builder/spi-builder-workspace/.derivedData/SDKExplicitPrecompiledModules/MachO-56838ZJ0NC1EBAJ0O6O8QMPDX.pcm
SwiftExplicitDependencyGeneratePcm arm64 /Users/admin/builder/spi-builder-workspace/.derivedData/SDKExplicitPrecompiledModules/MachO-2U90NNSAQILBNBPS1SA4F8TYP.pcm
SwiftExplicitDependencyGeneratePcm arm64 /Users/admin/builder/spi-builder-workspace/.derivedData/SDKExplicitPrecompiledModules/ObjectiveC-72IVD3VS2RS8Q28D9PIMY0KQP.pcm
SwiftExplicitDependencyGeneratePcm arm64_32 /Users/admin/builder/spi-builder-workspace/.derivedData/SDKExplicitPrecompiledModules/os_object-5YWTC6L4756IWSTPGXS5NM0D0.pcm
SwiftExplicitDependencyGeneratePcm arm64 /Users/admin/builder/spi-builder-workspace/.derivedData/SDKExplicitPrecompiledModules/os_object-3SDKD7F87FTZ26OON37DRYT6O.pcm
SwiftExplicitDependencyGeneratePcm arm64_32 /Users/admin/builder/spi-builder-workspace/.derivedData/SDKExplicitPrecompiledModules/os_workgroup-5JHTPDMNBUNHLJI8LPHKQK1JK.pcm
SwiftExplicitDependencyGeneratePcm arm64 /Users/admin/builder/spi-builder-workspace/.derivedData/SDKExplicitPrecompiledModules/os_workgroup-89GG5G7YC2D0ZTK6AZXXQ20DH.pcm
SwiftExplicitDependencyGeneratePcm arm64 /Users/admin/builder/spi-builder-workspace/.derivedData/SDKExplicitPrecompiledModules/Spatial-44FJGYXFAT2AQAW9Z6T7YS02U.pcm
SwiftExplicitDependencyGeneratePcm arm64_32 /Users/admin/builder/spi-builder-workspace/.derivedData/SDKExplicitPrecompiledModules/Spatial-CWVWNML3T0NXVHZDKVLD3X1YZ.pcm
SwiftExplicitDependencyGeneratePcm arm64_32 /Users/admin/builder/spi-builder-workspace/.derivedData/SDKExplicitPrecompiledModules/Dispatch-2P62F1T4XV63S4P99TUDTOK2Q.pcm
SwiftExplicitDependencyGeneratePcm arm64 /Users/admin/builder/spi-builder-workspace/.derivedData/SDKExplicitPrecompiledModules/Dispatch-1NLJOVAK60XP0DUB05XA59EIM.pcm
SwiftExplicitDependencyGeneratePcm arm64 /Users/admin/builder/spi-builder-workspace/.derivedData/SDKExplicitPrecompiledModules/CoreFoundation-8T2L24YC5NU7WO6WQJWRY7W08.pcm
SwiftExplicitDependencyGeneratePcm arm64_32 /Users/admin/builder/spi-builder-workspace/.derivedData/SDKExplicitPrecompiledModules/CoreFoundation-8E6Y4BA3EXYKUGJ24GT9LGV3N.pcm
SwiftExplicitDependencyGeneratePcm arm64_32 /Users/admin/builder/spi-builder-workspace/.derivedData/SDKExplicitPrecompiledModules/XPC-81Y45QFY96XYYFCW2GT6FY8S4.pcm
SwiftExplicitDependencyGeneratePcm arm64 /Users/admin/builder/spi-builder-workspace/.derivedData/SDKExplicitPrecompiledModules/XPC-40DR0X1DHKGCV4J1IOLFS8MOU.pcm
SwiftExplicitDependencyGeneratePcm arm64_32 /Users/admin/builder/spi-builder-workspace/.derivedData/SDKExplicitPrecompiledModules/os-E5IGB442IA6SBB25TTCOLK2OC.pcm
SwiftExplicitDependencyGeneratePcm arm64 /Users/admin/builder/spi-builder-workspace/.derivedData/SDKExplicitPrecompiledModules/os-5DIL6Z9LFIGLMZAHM7X2T5435.pcm
SwiftExplicitDependencyGeneratePcm arm64 /Users/admin/builder/spi-builder-workspace/.derivedData/SDKExplicitPrecompiledModules/Security-6RZ6YBRU8WCUHRFFRVUK5WKMM.pcm
SwiftExplicitDependencyGeneratePcm arm64 /Users/admin/builder/spi-builder-workspace/.derivedData/SDKExplicitPrecompiledModules/CoreGraphics-DWNZ73GEH98SBJXZ7DEXB420K.pcm
SwiftExplicitDependencyGeneratePcm arm64_32 /Users/admin/builder/spi-builder-workspace/.derivedData/SDKExplicitPrecompiledModules/Security-D7TOWF88VWF67TB9HAFP5UWB1.pcm
SwiftExplicitDependencyGeneratePcm arm64_32 /Users/admin/builder/spi-builder-workspace/.derivedData/SDKExplicitPrecompiledModules/CoreGraphics-9FDXYX6BKBUT6TJ2VF819E7T5.pcm
SwiftExplicitDependencyGeneratePcm arm64 /Users/admin/builder/spi-builder-workspace/.derivedData/SDKExplicitPrecompiledModules/Foundation-DLBKUSGXN8QHAT8W0OARR9S8A.pcm
SwiftExplicitDependencyGeneratePcm arm64_32 /Users/admin/builder/spi-builder-workspace/.derivedData/SDKExplicitPrecompiledModules/Foundation-BJ2VQGI3OGR34500MEQ1VKHPH.pcm
SwiftExplicitDependencyGeneratePcm arm64 /Users/admin/builder/spi-builder-workspace/.derivedData/SDKExplicitPrecompiledModules/CoreText-970YJN6NIYGK1316L35Z0O8QT.pcm
SwiftExplicitDependencyGeneratePcm arm64 /Users/admin/builder/spi-builder-workspace/.derivedData/SDKExplicitPrecompiledModules/CoreVideo-8MRR5MNWUOAW2DBPGUQ8FKK4.pcm
SwiftExplicitDependencyGeneratePcm arm64_32 /Users/admin/builder/spi-builder-workspace/.derivedData/SDKExplicitPrecompiledModules/CoreVideo-2P8HI0403J99LBDPKNFJ5D4DL.pcm
SwiftExplicitDependencyGeneratePcm arm64_32 /Users/admin/builder/spi-builder-workspace/.derivedData/SDKExplicitPrecompiledModules/CoreText-C9X2REPZN2V5BSU4G80FCETDR.pcm
SwiftExplicitDependencyGeneratePcm arm64 /Users/admin/builder/spi-builder-workspace/.derivedData/SDKExplicitPrecompiledModules/Accessibility-27QMG6ZQ1NKYTNBYFPM1XKNFC.pcm
SwiftExplicitDependencyGeneratePcm arm64 /Users/admin/builder/spi-builder-workspace/.derivedData/SDKExplicitPrecompiledModules/DataDetection-7BNVI1SZW5ISQL5SX4WL2X7I5.pcm
SwiftExplicitDependencyGeneratePcm arm64 /Users/admin/builder/spi-builder-workspace/.derivedData/SDKExplicitPrecompiledModules/_LocationEssentials-5ZZDGDXB6HLQUC72SJW7YJ7MK.pcm
SwiftExplicitDependencyGeneratePcm arm64 /Users/admin/builder/spi-builder-workspace/.derivedData/SDKExplicitPrecompiledModules/QuartzCore-94KFMWNOU7ZLUZNB4T5DLZC9D.pcm
SwiftExplicitDependencyGeneratePcm arm64 /Users/admin/builder/spi-builder-workspace/.derivedData/SDKExplicitPrecompiledModules/OSLog-B7VGO357Y3GJG35TST7DKDSI3.pcm
SwiftExplicitDependencyGeneratePcm arm64 /Users/admin/builder/spi-builder-workspace/.derivedData/SDKExplicitPrecompiledModules/Symbols-3EFABTJ9L5PQDJ7RQCYQWEJMM.pcm
SwiftExplicitDependencyGeneratePcm arm64 /Users/admin/builder/spi-builder-workspace/.derivedData/SDKExplicitPrecompiledModules/UIUtilities-IR7RNW23VAUKYI9MLCS9NL9A.pcm
SwiftExplicitDependencyGeneratePcm arm64 /Users/admin/builder/spi-builder-workspace/.derivedData/SDKExplicitPrecompiledModules/CoreTransferable-9PPG3SLJ55T4LITIFYX2M0NOZ.pcm
SwiftExplicitDependencyGeneratePcm arm64 /Users/admin/builder/spi-builder-workspace/.derivedData/SDKExplicitPrecompiledModules/UserNotifications-ARAH8MEQ0C2L0FBO39HITJMAO.pcm
SwiftExplicitDependencyGeneratePcm arm64 /Users/admin/builder/spi-builder-workspace/.derivedData/SDKExplicitPrecompiledModules/UniformTypeIdentifiers-8L08Q8DQJV8C4AW84YVGFGTRN.pcm
SwiftExplicitDependencyGeneratePcm arm64_32 /Users/admin/builder/spi-builder-workspace/.derivedData/SDKExplicitPrecompiledModules/_LocationEssentials-AQ1OL9QKC3LQLY5CNSRM1HB53.pcm
SwiftExplicitDependencyGeneratePcm arm64_32 /Users/admin/builder/spi-builder-workspace/.derivedData/SDKExplicitPrecompiledModules/UIUtilities-9YFVNIMRC5HRVOIARNWHP1E3H.pcm
SwiftExplicitDependencyGeneratePcm arm64_32 /Users/admin/builder/spi-builder-workspace/.derivedData/SDKExplicitPrecompiledModules/DataDetection-U9BF7WHFVA6BZGFXXXP272PS.pcm
SwiftExplicitDependencyGeneratePcm arm64 /Users/admin/builder/spi-builder-workspace/.derivedData/SDKExplicitPrecompiledModules/CoreLocation-ACKJ9K7ABI14F97Y46Y6SRR17.pcm
SwiftExplicitDependencyGeneratePcm arm64_32 /Users/admin/builder/spi-builder-workspace/.derivedData/SDKExplicitPrecompiledModules/Symbols-1H97WMG76HU94F5VGJR19PXFY.pcm
SwiftExplicitDependencyGeneratePcm arm64_32 /Users/admin/builder/spi-builder-workspace/.derivedData/SDKExplicitPrecompiledModules/UniformTypeIdentifiers-CJZ3NTHPSBH4XWX5EVOG56UZS.pcm
SwiftExplicitDependencyGeneratePcm arm64_32 /Users/admin/builder/spi-builder-workspace/.derivedData/SDKExplicitPrecompiledModules/OSLog-D9AVFY0KWO7RVBIQ73CBIJVCN.pcm
SwiftExplicitDependencyGeneratePcm arm64_32 /Users/admin/builder/spi-builder-workspace/.derivedData/SDKExplicitPrecompiledModules/Accessibility-F385OMZ5GYBUY5O4QAJB4NRII.pcm
SwiftExplicitDependencyGeneratePcm arm64_32 /Users/admin/builder/spi-builder-workspace/.derivedData/SDKExplicitPrecompiledModules/UserNotifications-6TBN8TEAKO014N1T2QD926XED.pcm
SwiftExplicitDependencyGeneratePcm arm64_32 /Users/admin/builder/spi-builder-workspace/.derivedData/SDKExplicitPrecompiledModules/CoreTransferable-5D4IR6X37682FPHJ5CBPTKQV6.pcm
SwiftExplicitDependencyGeneratePcm arm64 /Users/admin/builder/spi-builder-workspace/.derivedData/SDKExplicitPrecompiledModules/SwiftUICore-C1DST1IX2Z0PTH5SJJZ1IULRB.pcm
SwiftExplicitDependencyGeneratePcm arm64_32 /Users/admin/builder/spi-builder-workspace/.derivedData/SDKExplicitPrecompiledModules/CoreLocation-8XU5YMYM4P11RQMYCQAG65ITK.pcm
SwiftExplicitDependencyGeneratePcm arm64_32 /Users/admin/builder/spi-builder-workspace/.derivedData/SDKExplicitPrecompiledModules/QuartzCore-6375NPYACK5NYVHPMC1QQ8MC2.pcm
SwiftExplicitDependencyGeneratePcm arm64 /Users/admin/builder/spi-builder-workspace/.derivedData/SDKExplicitPrecompiledModules/CoreMotion-6RD5K48QT1F4L9CATNFD2O7YB.pcm
SwiftExplicitDependencyGeneratePcm arm64_32 /Users/admin/builder/spi-builder-workspace/.derivedData/SDKExplicitPrecompiledModules/CoreMotion-1XGTVTE5PP32UHME8AC63TL6.pcm
SwiftExplicitDependencyGeneratePcm arm64_32 /Users/admin/builder/spi-builder-workspace/.derivedData/SDKExplicitPrecompiledModules/SwiftUICore-3Q7WLRD8MR9R3NGIPUBQCP6F6.pcm
SwiftExplicitDependencyGeneratePcm arm64 /Users/admin/builder/spi-builder-workspace/.derivedData/SDKExplicitPrecompiledModules/UIKit-27R3P1YMV4C6JLDT661G3MRIA.pcm
SwiftExplicitDependencyGeneratePcm arm64_32 /Users/admin/builder/spi-builder-workspace/.derivedData/SDKExplicitPrecompiledModules/UIKit-6PPV7YPZ89CZPHYAP072QH8B6.pcm
SwiftCompile normal arm64 Compiling\ Extension.swift /Users/admin/builder/spi-builder-workspace/Sources/WWBankBalanceAnimationLabel/Extension.swift (in target 'WWBankBalanceAnimationLabel' from project 'WWBankBalanceAnimationLabel')
SwiftCompile normal arm64 /Users/admin/builder/spi-builder-workspace/Sources/WWBankBalanceAnimationLabel/Extension.swift (in target 'WWBankBalanceAnimationLabel' from project 'WWBankBalanceAnimationLabel')
cd /Users/admin/builder/spi-builder-workspace/.swiftpm/xcode
builtin-SwiftPerFileCompile Extension.swift
/Users/admin/builder/spi-builder-workspace/Sources/WWBankBalanceAnimationLabel/Extension.swift:18:66: error: 'CADisplayLink' is unavailable in watchOS
16 | /// - selector: Selector
17 | /// - Returns: CADisplayLink
18 | static func _build(target: AnyObject, selector: Selector) -> CADisplayLink {
| `- error: 'CADisplayLink' is unavailable in watchOS
19 | return CADisplayLink(target: target, selector: selector)
20 | }
/Applications/Xcode-27.0.0-Release.Candidate.app/Contents/Developer/Platforms/WatchOS.platform/Developer/SDKs/WatchOS27.0.sdk/System/Library/Frameworks/QuartzCore.framework/Headers/CADisplayLink.h:21:12: note: 'CADisplayLink' has been explicitly marked unavailable here
19 | API_AVAILABLE(macos(14.0))
20 |
21 | @interface CADisplayLink : NSObject
| `- note: 'CADisplayLink' has been explicitly marked unavailable here
22 | {
23 | @private
/Users/admin/builder/spi-builder-workspace/Sources/WWBankBalanceAnimationLabel/Extension.swift:11:11: error: 'CADisplayLink' is unavailable in watchOS
9 |
10 | // MARK: - CADisplayLink (static function)
11 | extension CADisplayLink {
| `- error: 'CADisplayLink' is unavailable in watchOS
12 |
13 | /// [產生CADisplayLink](https://www.hangge.com/blog/cache/detail_2278.html)
/Applications/Xcode-27.0.0-Release.Candidate.app/Contents/Developer/Platforms/WatchOS.platform/Developer/SDKs/WatchOS27.0.sdk/System/Library/Frameworks/QuartzCore.framework/Headers/CADisplayLink.h:21:12: note: 'CADisplayLink' has been explicitly marked unavailable here
19 | API_AVAILABLE(macos(14.0))
20 |
21 | @interface CADisplayLink : NSObject
| `- note: 'CADisplayLink' has been explicitly marked unavailable here
22 | {
23 | @private
/Users/admin/builder/spi-builder-workspace/Sources/WWBankBalanceAnimationLabel/Extension.swift:24:11: error: 'CADisplayLink' is unavailable in watchOS
22 |
23 | // MARK: - CADisplayLink (function)
24 | extension CADisplayLink {
| `- error: 'CADisplayLink' is unavailable in watchOS
25 |
26 | /// [執行CADisplayLink Timer](https://ios.devdon.com/archives/922)
/Applications/Xcode-27.0.0-Release.Candidate.app/Contents/Developer/Platforms/WatchOS.platform/Developer/SDKs/WatchOS27.0.sdk/System/Library/Frameworks/QuartzCore.framework/Headers/CADisplayLink.h:21:12: note: 'CADisplayLink' has been explicitly marked unavailable here
19 | API_AVAILABLE(macos(14.0))
20 |
21 | @interface CADisplayLink : NSObject
| `- note: 'CADisplayLink' has been explicitly marked unavailable here
22 | {
23 | @private
/Users/admin/builder/spi-builder-workspace/Sources/WWBankBalanceAnimationLabel/Extension.swift:19:16: error: 'CADisplayLink' is unavailable in watchOS
17 | /// - Returns: CADisplayLink
18 | static func _build(target: AnyObject, selector: Selector) -> CADisplayLink {
19 | return CADisplayLink(target: target, selector: selector)
| `- error: 'CADisplayLink' is unavailable in watchOS
20 | }
21 | }
/Applications/Xcode-27.0.0-Release.Candidate.app/Contents/Developer/Platforms/WatchOS.platform/Developer/SDKs/WatchOS27.0.sdk/System/Library/Frameworks/QuartzCore.framework/Headers/CADisplayLink.h:21:12: note: 'CADisplayLink' has been explicitly marked unavailable here
19 | API_AVAILABLE(macos(14.0))
20 |
21 | @interface CADisplayLink : NSObject
| `- note: 'CADisplayLink' has been explicitly marked unavailable here
22 | {
23 | @private
/Users/admin/builder/spi-builder-workspace/Sources/WWBankBalanceAnimationLabel/Extension.swift:31:14: error: 'preferredFramesPerSecond' is unavailable in watchOS
29 | /// - mode: [RunLoop.Mode](https://www.hangge.com/blog/cache/detail_2278.html)
30 | func _fire(to runloop: RunLoop = .main, forMode mode: RunLoop.Mode = .default, fps: Int = 60) {
31 | self.preferredFramesPerSecond = fps
| `- error: 'preferredFramesPerSecond' is unavailable in watchOS
32 | self.add(to: runloop, forMode: mode)
33 | self.add(to: runloop, forMode: .tracking)
/Applications/Xcode-27.0.0-Release.Candidate.app/Contents/Developer/Platforms/WatchOS.platform/Developer/SDKs/WatchOS27.0.sdk/System/Library/Frameworks/QuartzCore.framework/Headers/CADisplayLink.h:88:32: note: 'preferredFramesPerSecond' has been explicitly marked unavailable here
86 | * best-effort attempt at issuing callbacks at the requested rate. */
87 |
88 | @property(nonatomic) NSInteger preferredFramesPerSecond
| `- note: 'preferredFramesPerSecond' has been explicitly marked unavailable here
89 | API_DEPRECATED_WITH_REPLACEMENT ("preferredFrameRateRange",
90 | ios(10.0, API_TO_BE_DEPRECATED),
SwiftEmitModule normal arm64 Emitting\ module\ for\ WWBankBalanceAnimationLabel (in target 'WWBankBalanceAnimationLabel' from project 'WWBankBalanceAnimationLabel')
/Users/admin/builder/spi-builder-workspace/Sources/WWBankBalanceAnimationLabel/BankBalanceAnimationLabel.swift:15:24: error: 'CADisplayLink' is unavailable in watchOS
13 | private var balanceValue: (from: Float, to: Float, format: String) = (0, 0, "$ %.1f")
14 | private var balanceTime: (progress: TimeInterval, lastUpdate: TimeInterval, total: TimeInterval) = (0, 0, 0)
15 | private var timer: CADisplayLink?
| `- error: 'CADisplayLink' is unavailable in watchOS
16 | private var currentValue: Float { return currentValueMaker() }
17 |
/Applications/Xcode-27.0.0-Release.Candidate.app/Contents/Developer/Platforms/WatchOS.platform/Developer/SDKs/WatchOS27.0.sdk/System/Library/Frameworks/QuartzCore.framework/Headers/CADisplayLink.h:21:12: note: 'CADisplayLink' has been explicitly marked unavailable here
19 | API_AVAILABLE(macos(14.0))
20 |
21 | @interface CADisplayLink : NSObject
| `- note: 'CADisplayLink' has been explicitly marked unavailable here
22 | {
23 | @private
/Users/admin/builder/spi-builder-workspace/Sources/WWBankBalanceAnimationLabel/BankBalanceAnimationLabel.swift:11:41: error: 'UILabel' is unavailable in watchOS
9 |
10 | /// MARK: - 有存錢動畫的Label
11 | open class WWBankBalanceAnimationLabel: UILabel {
| `- error: 'UILabel' is unavailable in watchOS
12 |
13 | private var balanceValue: (from: Float, to: Float, format: String) = (0, 0, "$ %.1f")
/Applications/Xcode-27.0.0-Release.Candidate.app/Contents/Developer/Platforms/WatchOS.platform/Developer/SDKs/WatchOS27.0.sdk/System/Library/Frameworks/UIKit.framework/Headers/UILabel.h:33:12: note: 'UILabel' has been explicitly marked unavailable here
31 |
32 | UIKIT_EXTERN API_AVAILABLE(ios(2.0)) API_UNAVAILABLE(watchos) NS_SWIFT_UI_ACTOR
33 | @interface UILabel : UIView <NSCoding, UIContentSizeCategoryAdjusting, UILetterformAwareAdjusting>
| `- note: 'UILabel' has been explicitly marked unavailable here
34 |
35 | @property(nullable, nonatomic,copy) NSString *text; // default is nil
/Users/admin/builder/spi-builder-workspace/Sources/WWBankBalanceAnimationLabel/Extension.swift:18:66: error: 'CADisplayLink' is unavailable in watchOS
16 | /// - selector: Selector
17 | /// - Returns: CADisplayLink
18 | static func _build(target: AnyObject, selector: Selector) -> CADisplayLink {
| `- error: 'CADisplayLink' is unavailable in watchOS
19 | return CADisplayLink(target: target, selector: selector)
20 | }
/Applications/Xcode-27.0.0-Release.Candidate.app/Contents/Developer/Platforms/WatchOS.platform/Developer/SDKs/WatchOS27.0.sdk/System/Library/Frameworks/QuartzCore.framework/Headers/CADisplayLink.h:21:12: note: 'CADisplayLink' has been explicitly marked unavailable here
19 | API_AVAILABLE(macos(14.0))
20 |
21 | @interface CADisplayLink : NSObject
| `- note: 'CADisplayLink' has been explicitly marked unavailable here
22 | {
23 | @private
/Users/admin/builder/spi-builder-workspace/Sources/WWBankBalanceAnimationLabel/Extension.swift:11:11: error: 'CADisplayLink' is unavailable in watchOS
9 |
10 | // MARK: - CADisplayLink (static function)
11 | extension CADisplayLink {
| `- error: 'CADisplayLink' is unavailable in watchOS
12 |
13 | /// [產生CADisplayLink](https://www.hangge.com/blog/cache/detail_2278.html)
/Applications/Xcode-27.0.0-Release.Candidate.app/Contents/Developer/Platforms/WatchOS.platform/Developer/SDKs/WatchOS27.0.sdk/System/Library/Frameworks/QuartzCore.framework/Headers/CADisplayLink.h:21:12: note: 'CADisplayLink' has been explicitly marked unavailable here
19 | API_AVAILABLE(macos(14.0))
20 |
21 | @interface CADisplayLink : NSObject
| `- note: 'CADisplayLink' has been explicitly marked unavailable here
22 | {
23 | @private
/Users/admin/builder/spi-builder-workspace/Sources/WWBankBalanceAnimationLabel/Extension.swift:24:11: error: 'CADisplayLink' is unavailable in watchOS
22 |
23 | // MARK: - CADisplayLink (function)
24 | extension CADisplayLink {
| `- error: 'CADisplayLink' is unavailable in watchOS
25 |
26 | /// [執行CADisplayLink Timer](https://ios.devdon.com/archives/922)
/Applications/Xcode-27.0.0-Release.Candidate.app/Contents/Developer/Platforms/WatchOS.platform/Developer/SDKs/WatchOS27.0.sdk/System/Library/Frameworks/QuartzCore.framework/Headers/CADisplayLink.h:21:12: note: 'CADisplayLink' has been explicitly marked unavailable here
19 | API_AVAILABLE(macos(14.0))
20 |
21 | @interface CADisplayLink : NSObject
| `- note: 'CADisplayLink' has been explicitly marked unavailable here
22 | {
23 | @private
Failed frontend command:
/Applications/Xcode-27.0.0-Release.Candidate.app/Contents/Developer/Toolchains/XcodeDefault.xctoolchain/usr/bin/swift-frontend -frontend -emit-module -experimental-skip-non-inlinable-function-bodies-without-types /Users/admin/builder/spi-builder-workspace/.derivedData/Build/Intermediates.noindex/WWBankBalanceAnimationLabel.build/Debug-watchos/WWBankBalanceAnimationLabel-t.build/DerivedSources/resource_bundle_accessor.swift /Users/admin/builder/spi-builder-workspace/Sources/WWBankBalanceAnimationLabel/BankBalanceAnimationLabel.swift /Users/admin/builder/spi-builder-workspace/Sources/WWBankBalanceAnimationLabel/Extension.swift -target arm64-apple-watchos9.0 -disable-cross-import-overlay-search -load-resolved-plugin /Applications/Xcode-27.0.0-Release.Candidate.app/Contents/Developer/Platforms/WatchOS.platform/Developer/usr/lib/swift/host/plugins/libFoundationMacros.dylib\#/Applications/Xcode-27.0.0-Release.Candidate.app/Contents/Developer/Platforms/WatchOS.platform/Developer/usr/bin/swift-plugin-server\#FoundationMacros -load-resolved-plugin /Applications/Xcode-27.0.0-Release.Candidate.app/Contents/Developer/Platforms/WatchOS.platform/Developer/usr/lib/swift/host/plugins/libObservationMacros.dylib\#/Applications/Xcode-27.0.0-Release.Candidate.app/Contents/Developer/Platforms/WatchOS.platform/Developer/usr/bin/swift-plugin-server\#ObservationMacros -load-resolved-plugin /Applications/Xcode-27.0.0-Release.Candidate.app/Contents/Developer/Platforms/WatchOS.platform/Developer/usr/lib/swift/host/plugins/libSwiftMacros.dylib\#/Applications/Xcode-27.0.0-Release.Candidate.app/Contents/Developer/Platforms/WatchOS.platform/Developer/usr/bin/swift-plugin-server\#SwiftMacros -load-resolved-plugin /Applications/Xcode-27.0.0-Release.Candidate.app/Contents/Developer/Platforms/WatchOS.platform/Developer/usr/lib/swift/host/plugins/libSwiftUIMacros.dylib\#/Applications/Xcode-27.0.0-Release.Candidate.app/Contents/Developer/Platforms/WatchOS.platform/Developer/usr/bin/swift-plugin-server\#SwiftUIMacros -disable-implicit-swift-modules -Xcc -fno-implicit-modules -Xcc -fno-implicit-module-maps -explicit-swift-module-map-file /Users/admin/builder/spi-builder-workspace/.derivedData/Build/Intermediates.noindex/WWBankBalanceAnimationLabel.build/Debug-watchos/WWBankBalanceAnimationLabel-t.build/Objects-normal/arm64/WWBankBalanceAnimationLabel-dependencies-1.json -Xllvm -aarch64-use-tbi -enable-objc-interop -stack-check -sdk /Applications/Xcode-27.0.0-Release.Candidate.app/Contents/Developer/Platforms/WatchOS.platform/Developer/SDKs/WatchOS27.0.sdk -I /Users/admin/builder/spi-builder-workspace/.derivedData/Build/Products/Debug-watchos -Isystem /Applications/Xcode-27.0.0-Release.Candidate.app/Contents/Developer/Platforms/WatchOS.platform/Developer/usr/lib -F /Users/admin/builder/spi-builder-workspace/.derivedData/Build/Products/Debug-watchos -F /Applications/Xcode-27.0.0-Release.Candidate.app/Contents/Developer/Platforms/WatchOS.platform/Developer/Library/Frameworks -F /Applications/Xcode-27.0.0-Release.Candidate.app/Contents/Developer/Platforms/WatchOS.platform/Developer/SDKs/WatchOS27.0.sdk/Developer/Library/Frameworks -module-cache-path /Users/admin/builder/spi-builder-workspace/.derivedData/Build/Intermediates.noindex/SwiftExplicitPrecompiledModules -no-color-diagnostics -Xcc -fno-color-diagnostics -enable-testing -g -debug-info-format\=dwarf -dwarf-version\=4 -swift-version 5 -Onone -D SWIFT_PACKAGE -D DEBUG -D SWIFT_MODULE_RESOURCE_BUNDLE_AVAILABLE -D Xcode -serialize-debugging-options -enable-experimental-feature DebugDescriptionMacro -empty-abi-descriptor -validate-clang-modules-once -clang-build-session-file /Users/admin/builder/spi-builder-workspace/.derivedData/ModuleCache.noindex/Session.modulevalidation -Xcc -working-directory -Xcc /Users/admin/builder/spi-builder-workspace/.swiftpm/xcode -enable-anonymous-context-mangled-names -file-compilation-dir /Users/admin/builder/spi-builder-workspace/.swiftpm/xcode -Xcc -D_LIBCPP_HARDENING_MODE\=_LIBCPP_HARDENING_MODE_DEBUG -Xcc -ivfsstatcache -Xcc /Users/admin/builder/spi-builder-workspace/.derivedData/SDKStatCaches.noindex/watchos27.0-24R360-e829b21a6f8c9b70876ba0858053c04477534ef55a1706bf4c1112bbb242f0a2.sdkstatcache -Xcc -fmodules-prune-interval\=86400 -Xcc -fmodules-prune-after\=345600 -Xcc -I/Users/admin/builder/spi-builder-workspace/.derivedData/Build/Products/Debug-watchos/include -Xcc -I/Users/admin/builder/spi-builder-workspace/.derivedData/Build/Intermediates.noindex/WWBankBalanceAnimationLabel.build/Debug-watchos/WWBankBalanceAnimationLabel-t.build/DerivedSources-normal/arm64 -Xcc -I/Users/admin/builder/spi-builder-workspace/.derivedData/Build/Intermediates.noindex/WWBankBalanceAnimationLabel.build/Debug-watchos/WWBankBalanceAnimationLabel-t.build/DerivedSources/arm64 -Xcc -I/Users/admin/builder/spi-builder-workspace/.derivedData/Build/Intermediates.noindex/WWBankBalanceAnimationLabel.build/Debug-watchos/WWBankBalanceAnimationLabel-t.build/DerivedSources -Xcc -DSWIFT_PACKAGE -Xcc -DDEBUG\=1 -no-auto-bridging-header-chaining -module-name WWBankBalanceAnimationLabel -const-gather-protocols-file /Users/admin/builder/spi-builder-workspace/.derivedData/Build/Intermediates.noindex/WWBankBalanceAnimationLabel.build/Debug-watchos/WWBankBalanceAnimationLabel-t.build/Objects-normal/arm64/WWBankBalanceAnimationLabel_const_extract_protocols.json -disable-clang-spi -clang-target arm64-apple-watchos27.0 -target-sdk-version 27.0 -target-sdk-name watchos27.0 -in-process-plugin-server-path /Applications/Xcode-27.0.0-Release.Candidate.app/Contents/Developer/Toolchains/XcodeDefault.xctoolchain/usr/lib/swift/host/libSwiftInProcPluginServer.dylib -emit-module-doc-path /Users/admin/builder/spi-builder-workspace/.derivedData/Build/Intermediates.noindex/WWBankBalanceAnimationLabel.build/Debug-watchos/WWBankBalanceAnimationLabel-t.build/Objects-normal/arm64/WWBankBalanceAnimationLabel.swiftdoc -emit-module-source-info-path /Users/admin/builder/spi-builder-workspace/.derivedData/Build/Intermediates.noindex/WWBankBalanceAnimationLabel.build/Debug-watchos/WWBankBalanceAnimationLabel-t.build/Objects-normal/arm64/WWBankBalanceAnimationLabel.swiftsourceinfo -emit-objc-header-path /Users/admin/builder/spi-builder-workspace/.derivedData/Build/Intermediates.noindex/WWBankBalanceAnimationLabel.build/Debug-watchos/WWBankBalanceAnimationLabel-t.build/Objects-normal/arm64/WWBankBalanceAnimationLabel-Swift.h -serialize-diagnostics-path /Users/admin/builder/spi-builder-workspace/.derivedData/Build/Intermediates.noindex/WWBankBalanceAnimationLabel.build/Debug-watchos/WWBankBalanceAnimationLabel-t.build/Objects-normal/arm64/WWBankBalanceAnimationLabel-primary-emit-module.dia -emit-dependencies-path /Users/admin/builder/spi-builder-workspace/.derivedData/Build/Intermediates.noindex/WWBankBalanceAnimationLabel.build/Debug-watchos/WWBankBalanceAnimationLabel-t.build/Objects-normal/arm64/WWBankBalanceAnimationLabel-primary-emit-module.d -parse-as-library -o /Users/admin/builder/spi-builder-workspace/.derivedData/Build/Intermediates.noindex/WWBankBalanceAnimationLabel.build/Debug-watchos/WWBankBalanceAnimationLabel-t.build/Objects-normal/arm64/WWBankBalanceAnimationLabel.swiftmodule -emit-abi-descriptor-path /Users/admin/builder/spi-builder-workspace/.derivedData/Build/Intermediates.noindex/WWBankBalanceAnimationLabel.build/Debug-watchos/WWBankBalanceAnimationLabel-t.build/Objects-normal/arm64/WWBankBalanceAnimationLabel.abi.json
SwiftCompile normal arm64 (in target 'WWBankBalanceAnimationLabel' from project 'WWBankBalanceAnimationLabel')
cd /Users/admin/builder/spi-builder-workspace/.swiftpm/xcode
SwiftCompile normal arm64 Compiling\ resource_bundle_accessor.swift /Users/admin/builder/spi-builder-workspace/.derivedData/Build/Intermediates.noindex/WWBankBalanceAnimationLabel.build/Debug-watchos/WWBankBalanceAnimationLabel-t.build/DerivedSources/resource_bundle_accessor.swift (in target 'WWBankBalanceAnimationLabel' from project 'WWBankBalanceAnimationLabel')
SwiftCompile normal arm64 /Users/admin/builder/spi-builder-workspace/.derivedData/Build/Intermediates.noindex/WWBankBalanceAnimationLabel.build/Debug-watchos/WWBankBalanceAnimationLabel-t.build/DerivedSources/resource_bundle_accessor.swift (in target 'WWBankBalanceAnimationLabel' from project 'WWBankBalanceAnimationLabel')
cd /Users/admin/builder/spi-builder-workspace/.swiftpm/xcode
builtin-SwiftPerFileCompile resource_bundle_accessor.swift
SwiftCompile normal arm64 Compiling\ BankBalanceAnimationLabel.swift /Users/admin/builder/spi-builder-workspace/Sources/WWBankBalanceAnimationLabel/BankBalanceAnimationLabel.swift (in target 'WWBankBalanceAnimationLabel' from project 'WWBankBalanceAnimationLabel')
/Users/admin/builder/spi-builder-workspace/Sources/WWBankBalanceAnimationLabel/BankBalanceAnimationLabel.swift:15:24: error: 'CADisplayLink' is unavailable in watchOS
13 | private var balanceValue: (from: Float, to: Float, format: String) = (0, 0, "$ %.1f")
14 | private var balanceTime: (progress: TimeInterval, lastUpdate: TimeInterval, total: TimeInterval) = (0, 0, 0)
15 | private var timer: CADisplayLink?
| `- error: 'CADisplayLink' is unavailable in watchOS
16 | private var currentValue: Float { return currentValueMaker() }
17 |
/Applications/Xcode-27.0.0-Release.Candidate.app/Contents/Developer/Platforms/WatchOS.platform/Developer/SDKs/WatchOS27.0.sdk/System/Library/Frameworks/QuartzCore.framework/Headers/CADisplayLink.h:21:12: note: 'CADisplayLink' has been explicitly marked unavailable here
19 | API_AVAILABLE(macos(14.0))
20 |
21 | @interface CADisplayLink : NSObject
| `- note: 'CADisplayLink' has been explicitly marked unavailable here
22 | {
23 | @private
SwiftCompile normal arm64 /Users/admin/builder/spi-builder-workspace/Sources/WWBankBalanceAnimationLabel/BankBalanceAnimationLabel.swift (in target 'WWBankBalanceAnimationLabel' from project 'WWBankBalanceAnimationLabel')
cd /Users/admin/builder/spi-builder-workspace/.swiftpm/xcode
builtin-SwiftPerFileCompile BankBalanceAnimationLabel.swift
SwiftCompile normal arm64_32 Compiling\ resource_bundle_accessor.swift /Users/admin/builder/spi-builder-workspace/.derivedData/Build/Intermediates.noindex/WWBankBalanceAnimationLabel.build/Debug-watchos/WWBankBalanceAnimationLabel-t.build/DerivedSources/resource_bundle_accessor.swift (in target 'WWBankBalanceAnimationLabel' from project 'WWBankBalanceAnimationLabel')
SwiftCompile normal arm64_32 /Users/admin/builder/spi-builder-workspace/.derivedData/Build/Intermediates.noindex/WWBankBalanceAnimationLabel.build/Debug-watchos/WWBankBalanceAnimationLabel-t.build/DerivedSources/resource_bundle_accessor.swift (in target 'WWBankBalanceAnimationLabel' from project 'WWBankBalanceAnimationLabel')
cd /Users/admin/builder/spi-builder-workspace/.swiftpm/xcode
builtin-SwiftPerFileCompile resource_bundle_accessor.swift
SwiftCompile normal arm64_32 Compiling\ Extension.swift /Users/admin/builder/spi-builder-workspace/Sources/WWBankBalanceAnimationLabel/Extension.swift (in target 'WWBankBalanceAnimationLabel' from project 'WWBankBalanceAnimationLabel')
SwiftCompile normal arm64_32 /Users/admin/builder/spi-builder-workspace/Sources/WWBankBalanceAnimationLabel/Extension.swift (in target 'WWBankBalanceAnimationLabel' from project 'WWBankBalanceAnimationLabel')
cd /Users/admin/builder/spi-builder-workspace/.swiftpm/xcode
builtin-SwiftPerFileCompile Extension.swift
/Users/admin/builder/spi-builder-workspace/Sources/WWBankBalanceAnimationLabel/Extension.swift:18:66: error: 'CADisplayLink' is unavailable in watchOS
16 | /// - selector: Selector
17 | /// - Returns: CADisplayLink
18 | static func _build(target: AnyObject, selector: Selector) -> CADisplayLink {
| `- error: 'CADisplayLink' is unavailable in watchOS
19 | return CADisplayLink(target: target, selector: selector)
20 | }
/Applications/Xcode-27.0.0-Release.Candidate.app/Contents/Developer/Platforms/WatchOS.platform/Developer/SDKs/WatchOS27.0.sdk/System/Library/Frameworks/QuartzCore.framework/Headers/CADisplayLink.h:21:12: note: 'CADisplayLink' has been explicitly marked unavailable here
19 | API_AVAILABLE(macos(14.0))
20 |
21 | @interface CADisplayLink : NSObject
| `- note: 'CADisplayLink' has been explicitly marked unavailable here
22 | {
23 | @private
SwiftEmitModule normal arm64_32 Emitting\ module\ for\ WWBankBalanceAnimationLabel (in target 'WWBankBalanceAnimationLabel' from project 'WWBankBalanceAnimationLabel')
SwiftCompile normal arm64_32 (in target 'WWBankBalanceAnimationLabel' from project 'WWBankBalanceAnimationLabel')
cd /Users/admin/builder/spi-builder-workspace/.swiftpm/xcode
SwiftCompile normal arm64_32 Compiling\ BankBalanceAnimationLabel.swift /Users/admin/builder/spi-builder-workspace/Sources/WWBankBalanceAnimationLabel/BankBalanceAnimationLabel.swift (in target 'WWBankBalanceAnimationLabel' from project 'WWBankBalanceAnimationLabel')
SwiftCompile normal arm64_32 /Users/admin/builder/spi-builder-workspace/Sources/WWBankBalanceAnimationLabel/BankBalanceAnimationLabel.swift (in target 'WWBankBalanceAnimationLabel' from project 'WWBankBalanceAnimationLabel')
cd /Users/admin/builder/spi-builder-workspace/.swiftpm/xcode
builtin-SwiftPerFileCompile BankBalanceAnimationLabel.swift
PruneExplicitPrecompiledModules /Users/admin/builder/spi-builder-workspace/.derivedData/SDKExplicitPrecompiledModules
PruneExplicitPrecompiledModules /Users/admin/builder/spi-builder-workspace/.derivedData/Build/Intermediates.noindex/ExplicitPrecompiledModules
PruneExplicitPrecompiledModules /Users/admin/builder/spi-builder-workspace/.derivedData/Build/Intermediates.noindex/SwiftExplicitPrecompiledModules
2026-09-20 06:32:08.801 xcodebuild[664:4259] [MT] IDERunDestination: Supported platforms for the buildables in the current scheme is empty.
** BUILD FAILED **
The following build commands failed:
SwiftEmitModule normal arm64 Emitting\ module\ for\ WWBankBalanceAnimationLabel (in target 'WWBankBalanceAnimationLabel' from project 'WWBankBalanceAnimationLabel')
SwiftCompile normal arm64 (in target 'WWBankBalanceAnimationLabel' from project 'WWBankBalanceAnimationLabel')
Building workspace WWBankBalanceAnimationLabel with scheme WWBankBalanceAnimationLabel
(3 failures)
Command line invocation:
/Applications/Xcode-27.0.0-Release.Candidate.app/Contents/Developer/usr/bin/xcodebuild -IDEClonedSourcePackagesDirPathOverride=/Users/admin/builder/spi-builder-workspace/.dependencies -resolvePackageDependencies
Resolve Package Graph
Resolved source packages:
WWBankBalanceAnimationLabel: /Users/admin/builder/spi-builder-workspace
resolved source packages: WWBankBalanceAnimationLabel
2026-09-20 06:32:14.617 xcodebuild[790:4742] [MT] IDERunDestination: Supported platforms for the buildables in the current scheme is empty.
{
"dependencies" : [
],
"manifest_display_name" : "WWBankBalanceAnimationLabel",
"name" : "WWBankBalanceAnimationLabel",
"path" : "/Users/admin/builder/spi-builder-workspace",
"platforms" : [
{
"name" : "ios",
"version" : "14.0"
}
],
"products" : [
{
"name" : "WWBankBalanceAnimationLabel",
"targets" : [
"WWBankBalanceAnimationLabel"
],
"type" : {
"library" : [
"automatic"
]
}
}
],
"swift_languages_versions" : [
"5"
],
"targets" : [
{
"c99name" : "WWBankBalanceAnimationLabel",
"module_type" : "SwiftTarget",
"name" : "WWBankBalanceAnimationLabel",
"path" : "Sources/WWBankBalanceAnimationLabel",
"product_memberships" : [
"WWBankBalanceAnimationLabel"
],
"resources" : [
{
"path" : "/Users/admin/builder/spi-builder-workspace/Sources/WWBankBalanceAnimationLabel/Privacy",
"rule" : {
"copy" : {
}
}
}
],
"sources" : [
"BankBalanceAnimationLabel.swift",
"Extension.swift"
],
"type" : "library"
}
],
"tools_version" : "5.6"
}
{
"workspace" : {
"name" : "WWBankBalanceAnimationLabel",
"schemes" : [
"WWBankBalanceAnimationLabel"
]
}
}
2026-09-20 06:32:15.832 xcodebuild[798:4807] [MT] IDERunDestination: Supported platforms for the buildables in the current scheme is empty.
Running build ...
env DEVELOPER_DIR=/Applications/Xcode-27.0.0-Release.Candidate.app xcrun xcodebuild -IDEClonedSourcePackagesDirPathOverride=$PWD/.dependencies -skipMacroValidation -skipPackagePluginValidation -derivedDataPath $PWD/.derivedData build -scheme WWBankBalanceAnimationLabel -destination generic/platform=watchOS
Command line invocation:
/Applications/Xcode-27.0.0-Release.Candidate.app/Contents/Developer/usr/bin/xcodebuild -IDEClonedSourcePackagesDirPathOverride=/Users/admin/builder/spi-builder-workspace/.dependencies -skipMacroValidation -skipPackagePluginValidation -derivedDataPath /Users/admin/builder/spi-builder-workspace/.derivedData build -scheme WWBankBalanceAnimationLabel -destination generic/platform=watchOS
Resolve Package Graph
Resolved source packages:
WWBankBalanceAnimationLabel: /Users/admin/builder/spi-builder-workspace
ComputePackagePrebuildTargetDependencyGraph
Prepare packages
CreateBuildRequest
SendProjectDescription
CreateBuildOperation
ComputeTargetDependencyGraph
note: Building targets in dependency order
note: Target dependency graph (3 targets)
Target 'WWBankBalanceAnimationLabel-product' in project 'WWBankBalanceAnimationLabel'
➜ Explicit dependency on target 'WWBankBalanceAnimationLabel' in project 'WWBankBalanceAnimationLabel'
➜ Explicit dependency on target 'WWBankBalanceAnimationLabel_WWBankBalanceAnimationLabel' in project 'WWBankBalanceAnimationLabel'
Target 'WWBankBalanceAnimationLabel' in project 'WWBankBalanceAnimationLabel'
➜ Explicit dependency on target 'WWBankBalanceAnimationLabel_WWBankBalanceAnimationLabel' in project 'WWBankBalanceAnimationLabel'
Target 'WWBankBalanceAnimationLabel_WWBankBalanceAnimationLabel' in project 'WWBankBalanceAnimationLabel' (no dependencies)
GatherProvisioningInputs
CreateBuildDescription
ClangStatCache /Applications/Xcode-27.0.0-Release.Candidate.app/Contents/Developer/Toolchains/XcodeDefault.xctoolchain/usr/bin/clang-stat-cache /Applications/Xcode-27.0.0-Release.Candidate.app/Contents/Developer/Platforms/WatchOS.platform/Developer/SDKs/WatchOS27.0.sdk /Users/admin/builder/spi-builder-workspace/.derivedData/SDKStatCaches.noindex/watchos27.0-24R360-e829b21a6f8c9b70876ba0858053c04477534ef55a1706bf4c1112bbb242f0a2.sdkstatcache
cd /Users/admin/builder/spi-builder-workspace/.swiftpm/xcode
/Applications/Xcode-27.0.0-Release.Candidate.app/Contents/Developer/Toolchains/XcodeDefault.xctoolchain/usr/bin/clang-stat-cache /Applications/Xcode-27.0.0-Release.Candidate.app/Contents/Developer/Platforms/WatchOS.platform/Developer/SDKs/WatchOS27.0.sdk -o /Users/admin/builder/spi-builder-workspace/.derivedData/SDKStatCaches.noindex/watchos27.0-24R360-e829b21a6f8c9b70876ba0858053c04477534ef55a1706bf4c1112bbb242f0a2.sdkstatcache
SwiftDriver WWBankBalanceAnimationLabel normal arm64 com.apple.xcode.tools.swift.compiler (in target 'WWBankBalanceAnimationLabel' from project 'WWBankBalanceAnimationLabel')
cd /Users/admin/builder/spi-builder-workspace/.swiftpm/xcode
builtin-SwiftDriver -- /Applications/Xcode-27.0.0-Release.Candidate.app/Contents/Developer/Toolchains/XcodeDefault.xctoolchain/usr/bin/swiftc -parse-as-library -module-name WWBankBalanceAnimationLabel -Onone @/Users/admin/builder/spi-builder-workspace/.derivedData/Build/Intermediates.noindex/WWBankBalanceAnimationLabel.build/Debug-watchos/WWBankBalanceAnimationLabel-t.build/Objects-normal/arm64/WWBankBalanceAnimationLabel.SwiftFileList -DSWIFT_PACKAGE -DDEBUG -DSWIFT_MODULE_RESOURCE_BUNDLE_AVAILABLE -DXcode -plugin-path /Applications/Xcode-27.0.0-Release.Candidate.app/Contents/Developer/Toolchains/XcodeDefault.xctoolchain/usr/lib/swift/host/plugins/testing -enable-experimental-feature DebugDescriptionMacro -sdk /Applications/Xcode-27.0.0-Release.Candidate.app/Contents/Developer/Platforms/WatchOS.platform/Developer/SDKs/WatchOS27.0.sdk -target arm64-apple-watchos9.0 -g -module-cache-path /Users/admin/builder/spi-builder-workspace/.derivedData/ModuleCache.noindex -Xfrontend -serialize-debugging-options -enable-testing -index-store-path /Users/admin/builder/spi-builder-workspace/.derivedData/Index.noindex/DataStore -Xcc -D_LIBCPP_HARDENING_MODE\=_LIBCPP_HARDENING_MODE_DEBUG -swift-version 5 -I /Users/admin/builder/spi-builder-workspace/.derivedData/Build/Products/Debug-watchos -Isystem /Applications/Xcode-27.0.0-Release.Candidate.app/Contents/Developer/Platforms/WatchOS.platform/Developer/usr/lib -F /Users/admin/builder/spi-builder-workspace/.derivedData/Build/Products/Debug-watchos -F /Applications/Xcode-27.0.0-Release.Candidate.app/Contents/Developer/Platforms/WatchOS.platform/Developer/Library/Frameworks -F /Applications/Xcode-27.0.0-Release.Candidate.app/Contents/Developer/Platforms/WatchOS.platform/Developer/SDKs/WatchOS27.0.sdk/Developer/Library/Frameworks -c -j10 -enable-batch-mode -incremental -Xcc -ivfsstatcache -Xcc /Users/admin/builder/spi-builder-workspace/.derivedData/SDKStatCaches.noindex/watchos27.0-24R360-e829b21a6f8c9b70876ba0858053c04477534ef55a1706bf4c1112bbb242f0a2.sdkstatcache -output-file-map /Users/admin/builder/spi-builder-workspace/.derivedData/Build/Intermediates.noindex/WWBankBalanceAnimationLabel.build/Debug-watchos/WWBankBalanceAnimationLabel-t.build/Objects-normal/arm64/WWBankBalanceAnimationLabel-OutputFileMap.json -save-temps -no-color-diagnostics -explicit-module-build -module-cache-path /Users/admin/builder/spi-builder-workspace/.derivedData/Build/Intermediates.noindex/SwiftExplicitPrecompiledModules -clang-scanner-module-cache-path /Users/admin/builder/spi-builder-workspace/.derivedData/ModuleCache.noindex -sdk-module-cache-path /Users/admin/builder/spi-builder-workspace/.derivedData/SDKExplicitPrecompiledModules -emit-dependencies -emit-module -emit-module-path /Users/admin/builder/spi-builder-workspace/.derivedData/Build/Intermediates.noindex/WWBankBalanceAnimationLabel.build/Debug-watchos/WWBankBalanceAnimationLabel-t.build/Objects-normal/arm64/WWBankBalanceAnimationLabel.swiftmodule -serialize-diagnostics -dependency-scan-serialize-diagnostics-path /Users/admin/builder/spi-builder-workspace/.derivedData/Build/Intermediates.noindex/WWBankBalanceAnimationLabel.build/Debug-watchos/WWBankBalanceAnimationLabel-t.build/Objects-normal/arm64/WWBankBalanceAnimationLabel-dependency-scan.dia -validate-clang-modules-once -clang-build-session-file /Users/admin/builder/spi-builder-workspace/.derivedData/ModuleCache.noindex/Session.modulevalidation -Xcc -fmodules-prune-interval\=86400 -Xcc -fmodules-prune-after\=345600 -emit-const-values -const-gather-protocols-list /Users/admin/builder/spi-builder-workspace/.derivedData/Build/Intermediates.noindex/WWBankBalanceAnimationLabel.build/Debug-watchos/WWBankBalanceAnimationLabel-t.build/Objects-normal/arm64/WWBankBalanceAnimationLabel_const_extract_protocols.json -Xcc -I/Users/admin/builder/spi-builder-workspace/.derivedData/Build/Products/Debug-watchos/include -Xcc -I/Users/admin/builder/spi-builder-workspace/.derivedData/Build/Intermediates.noindex/WWBankBalanceAnimationLabel.build/Debug-watchos/WWBankBalanceAnimationLabel-t.build/DerivedSources-normal/arm64 -Xcc -I/Users/admin/builder/spi-builder-workspace/.derivedData/Build/Intermediates.noindex/WWBankBalanceAnimationLabel.build/Debug-watchos/WWBankBalanceAnimationLabel-t.build/DerivedSources/arm64 -Xcc -I/Users/admin/builder/spi-builder-workspace/.derivedData/Build/Intermediates.noindex/WWBankBalanceAnimationLabel.build/Debug-watchos/WWBankBalanceAnimationLabel-t.build/DerivedSources -Xcc -DSWIFT_PACKAGE -Xcc -DDEBUG\=1 -emit-objc-header -emit-objc-header-path /Users/admin/builder/spi-builder-workspace/.derivedData/Build/Intermediates.noindex/WWBankBalanceAnimationLabel.build/Debug-watchos/WWBankBalanceAnimationLabel-t.build/Objects-normal/arm64/WWBankBalanceAnimationLabel-Swift.h -working-directory /Users/admin/builder/spi-builder-workspace/.swiftpm/xcode -experimental-emit-module-separately -disable-cmo
SwiftDriver WWBankBalanceAnimationLabel normal arm64_32 com.apple.xcode.tools.swift.compiler (in target 'WWBankBalanceAnimationLabel' from project 'WWBankBalanceAnimationLabel')
cd /Users/admin/builder/spi-builder-workspace/.swiftpm/xcode
builtin-SwiftDriver -- /Applications/Xcode-27.0.0-Release.Candidate.app/Contents/Developer/Toolchains/XcodeDefault.xctoolchain/usr/bin/swiftc -parse-as-library -module-name WWBankBalanceAnimationLabel -Onone @/Users/admin/builder/spi-builder-workspace/.derivedData/Build/Intermediates.noindex/WWBankBalanceAnimationLabel.build/Debug-watchos/WWBankBalanceAnimationLabel-t.build/Objects-normal/arm64_32/WWBankBalanceAnimationLabel.SwiftFileList -DSWIFT_PACKAGE -DDEBUG -DSWIFT_MODULE_RESOURCE_BUNDLE_AVAILABLE -DXcode -plugin-path /Applications/Xcode-27.0.0-Release.Candidate.app/Contents/Developer/Toolchains/XcodeDefault.xctoolchain/usr/lib/swift/host/plugins/testing -enable-experimental-feature DebugDescriptionMacro -sdk /Applications/Xcode-27.0.0-Release.Candidate.app/Contents/Developer/Platforms/WatchOS.platform/Developer/SDKs/WatchOS27.0.sdk -target arm64_32-apple-watchos9.0 -g -module-cache-path /Users/admin/builder/spi-builder-workspace/.derivedData/ModuleCache.noindex -Xfrontend -serialize-debugging-options -enable-testing -index-store-path /Users/admin/builder/spi-builder-workspace/.derivedData/Index.noindex/DataStore -Xcc -D_LIBCPP_HARDENING_MODE\=_LIBCPP_HARDENING_MODE_DEBUG -swift-version 5 -I /Users/admin/builder/spi-builder-workspace/.derivedData/Build/Products/Debug-watchos -Isystem /Applications/Xcode-27.0.0-Release.Candidate.app/Contents/Developer/Platforms/WatchOS.platform/Developer/usr/lib -F /Users/admin/builder/spi-builder-workspace/.derivedData/Build/Products/Debug-watchos -F /Applications/Xcode-27.0.0-Release.Candidate.app/Contents/Developer/Platforms/WatchOS.platform/Developer/Library/Frameworks -F /Applications/Xcode-27.0.0-Release.Candidate.app/Contents/Developer/Platforms/WatchOS.platform/Developer/SDKs/WatchOS27.0.sdk/Developer/Library/Frameworks -c -j10 -enable-batch-mode -incremental -Xcc -ivfsstatcache -Xcc /Users/admin/builder/spi-builder-workspace/.derivedData/SDKStatCaches.noindex/watchos27.0-24R360-e829b21a6f8c9b70876ba0858053c04477534ef55a1706bf4c1112bbb242f0a2.sdkstatcache -output-file-map /Users/admin/builder/spi-builder-workspace/.derivedData/Build/Intermediates.noindex/WWBankBalanceAnimationLabel.build/Debug-watchos/WWBankBalanceAnimationLabel-t.build/Objects-normal/arm64_32/WWBankBalanceAnimationLabel-OutputFileMap.json -save-temps -no-color-diagnostics -explicit-module-build -module-cache-path /Users/admin/builder/spi-builder-workspace/.derivedData/Build/Intermediates.noindex/SwiftExplicitPrecompiledModules -clang-scanner-module-cache-path /Users/admin/builder/spi-builder-workspace/.derivedData/ModuleCache.noindex -sdk-module-cache-path /Users/admin/builder/spi-builder-workspace/.derivedData/SDKExplicitPrecompiledModules -emit-dependencies -emit-module -emit-module-path /Users/admin/builder/spi-builder-workspace/.derivedData/Build/Intermediates.noindex/WWBankBalanceAnimationLabel.build/Debug-watchos/WWBankBalanceAnimationLabel-t.build/Objects-normal/arm64_32/WWBankBalanceAnimationLabel.swiftmodule -serialize-diagnostics -dependency-scan-serialize-diagnostics-path /Users/admin/builder/spi-builder-workspace/.derivedData/Build/Intermediates.noindex/WWBankBalanceAnimationLabel.build/Debug-watchos/WWBankBalanceAnimationLabel-t.build/Objects-normal/arm64_32/WWBankBalanceAnimationLabel-dependency-scan.dia -validate-clang-modules-once -clang-build-session-file /Users/admin/builder/spi-builder-workspace/.derivedData/ModuleCache.noindex/Session.modulevalidation -Xcc -fmodules-prune-interval\=86400 -Xcc -fmodules-prune-after\=345600 -emit-const-values -const-gather-protocols-list /Users/admin/builder/spi-builder-workspace/.derivedData/Build/Intermediates.noindex/WWBankBalanceAnimationLabel.build/Debug-watchos/WWBankBalanceAnimationLabel-t.build/Objects-normal/arm64_32/WWBankBalanceAnimationLabel_const_extract_protocols.json -Xcc -I/Users/admin/builder/spi-builder-workspace/.derivedData/Build/Products/Debug-watchos/include -Xcc -I/Users/admin/builder/spi-builder-workspace/.derivedData/Build/Intermediates.noindex/WWBankBalanceAnimationLabel.build/Debug-watchos/WWBankBalanceAnimationLabel-t.build/DerivedSources-normal/arm64_32 -Xcc -I/Users/admin/builder/spi-builder-workspace/.derivedData/Build/Intermediates.noindex/WWBankBalanceAnimationLabel.build/Debug-watchos/WWBankBalanceAnimationLabel-t.build/DerivedSources/arm64_32 -Xcc -I/Users/admin/builder/spi-builder-workspace/.derivedData/Build/Intermediates.noindex/WWBankBalanceAnimationLabel.build/Debug-watchos/WWBankBalanceAnimationLabel-t.build/DerivedSources -Xcc -DSWIFT_PACKAGE -Xcc -DDEBUG\=1 -emit-objc-header -emit-objc-header-path /Users/admin/builder/spi-builder-workspace/.derivedData/Build/Intermediates.noindex/WWBankBalanceAnimationLabel.build/Debug-watchos/WWBankBalanceAnimationLabel-t.build/Objects-normal/arm64_32/WWBankBalanceAnimationLabel-Swift.h -working-directory /Users/admin/builder/spi-builder-workspace/.swiftpm/xcode -experimental-emit-module-separately -disable-cmo
SwiftEmitModule normal arm64_32 Emitting\ module\ for\ WWBankBalanceAnimationLabel (in target 'WWBankBalanceAnimationLabel' from project 'WWBankBalanceAnimationLabel')
SwiftCompile normal arm64_32 (in target 'WWBankBalanceAnimationLabel' from project 'WWBankBalanceAnimationLabel')
cd /Users/admin/builder/spi-builder-workspace/.swiftpm/xcode
/Users/admin/builder/spi-builder-workspace/Sources/WWBankBalanceAnimationLabel/BankBalanceAnimationLabel.swift:15:24: error: 'CADisplayLink' is unavailable in watchOS
13 | private var balanceValue: (from: Float, to: Float, format: String) = (0, 0, "$ %.1f")
14 | private var balanceTime: (progress: TimeInterval, lastUpdate: TimeInterval, total: TimeInterval) = (0, 0, 0)
15 | private var timer: CADisplayLink?
| `- error: 'CADisplayLink' is unavailable in watchOS
16 | private var currentValue: Float { return currentValueMaker() }
17 |
/Applications/Xcode-27.0.0-Release.Candidate.app/Contents/Developer/Platforms/WatchOS.platform/Developer/SDKs/WatchOS27.0.sdk/System/Library/Frameworks/QuartzCore.framework/Headers/CADisplayLink.h:21:12: note: 'CADisplayLink' has been explicitly marked unavailable here
19 | API_AVAILABLE(macos(14.0))
20 |
21 | @interface CADisplayLink : NSObject
| `- note: 'CADisplayLink' has been explicitly marked unavailable here
22 | {
23 | @private
/Users/admin/builder/spi-builder-workspace/Sources/WWBankBalanceAnimationLabel/BankBalanceAnimationLabel.swift:11:41: error: 'UILabel' is unavailable in watchOS
9 |
10 | /// MARK: - 有存錢動畫的Label
11 | open class WWBankBalanceAnimationLabel: UILabel {
| `- error: 'UILabel' is unavailable in watchOS
12 |
13 | private var balanceValue: (from: Float, to: Float, format: String) = (0, 0, "$ %.1f")
/Applications/Xcode-27.0.0-Release.Candidate.app/Contents/Developer/Platforms/WatchOS.platform/Developer/SDKs/WatchOS27.0.sdk/System/Library/Frameworks/UIKit.framework/Headers/UILabel.h:33:12: note: 'UILabel' has been explicitly marked unavailable here
31 |
32 | UIKIT_EXTERN API_AVAILABLE(ios(2.0)) API_UNAVAILABLE(watchos) NS_SWIFT_UI_ACTOR
33 | @interface UILabel : UIView <NSCoding, UIContentSizeCategoryAdjusting, UILetterformAwareAdjusting>
| `- note: 'UILabel' has been explicitly marked unavailable here
34 |
35 | @property(nullable, nonatomic,copy) NSString *text; // default is nil
SwiftCompile normal arm64_32 Compiling\ resource_bundle_accessor.swift /Users/admin/builder/spi-builder-workspace/.derivedData/Build/Intermediates.noindex/WWBankBalanceAnimationLabel.build/Debug-watchos/WWBankBalanceAnimationLabel-t.build/DerivedSources/resource_bundle_accessor.swift (in target 'WWBankBalanceAnimationLabel' from project 'WWBankBalanceAnimationLabel')
SwiftCompile normal arm64_32 /Users/admin/builder/spi-builder-workspace/.derivedData/Build/Intermediates.noindex/WWBankBalanceAnimationLabel.build/Debug-watchos/WWBankBalanceAnimationLabel-t.build/DerivedSources/resource_bundle_accessor.swift (in target 'WWBankBalanceAnimationLabel' from project 'WWBankBalanceAnimationLabel')
cd /Users/admin/builder/spi-builder-workspace/.swiftpm/xcode
builtin-SwiftPerFileCompile resource_bundle_accessor.swift
SwiftCompile normal arm64_32 Compiling\ Extension.swift /Users/admin/builder/spi-builder-workspace/Sources/WWBankBalanceAnimationLabel/Extension.swift (in target 'WWBankBalanceAnimationLabel' from project 'WWBankBalanceAnimationLabel')
/Users/admin/builder/spi-builder-workspace/Sources/WWBankBalanceAnimationLabel/Extension.swift:18:66: error: 'CADisplayLink' is unavailable in watchOS
16 | /// - selector: Selector
17 | /// - Returns: CADisplayLink
18 | static func _build(target: AnyObject, selector: Selector) -> CADisplayLink {
| `- error: 'CADisplayLink' is unavailable in watchOS
19 | return CADisplayLink(target: target, selector: selector)
20 | }
/Applications/Xcode-27.0.0-Release.Candidate.app/Contents/Developer/Platforms/WatchOS.platform/Developer/SDKs/WatchOS27.0.sdk/System/Library/Frameworks/QuartzCore.framework/Headers/CADisplayLink.h:21:12: note: 'CADisplayLink' has been explicitly marked unavailable here
19 | API_AVAILABLE(macos(14.0))
20 |
21 | @interface CADisplayLink : NSObject
| `- note: 'CADisplayLink' has been explicitly marked unavailable here
22 | {
23 | @private
/Users/admin/builder/spi-builder-workspace/Sources/WWBankBalanceAnimationLabel/Extension.swift:11:11: error: 'CADisplayLink' is unavailable in watchOS
9 |
10 | // MARK: - CADisplayLink (static function)
11 | extension CADisplayLink {
| `- error: 'CADisplayLink' is unavailable in watchOS
12 |
13 | /// [產生CADisplayLink](https://www.hangge.com/blog/cache/detail_2278.html)
/Applications/Xcode-27.0.0-Release.Candidate.app/Contents/Developer/Platforms/WatchOS.platform/Developer/SDKs/WatchOS27.0.sdk/System/Library/Frameworks/QuartzCore.framework/Headers/CADisplayLink.h:21:12: note: 'CADisplayLink' has been explicitly marked unavailable here
19 | API_AVAILABLE(macos(14.0))
20 |
21 | @interface CADisplayLink : NSObject
| `- note: 'CADisplayLink' has been explicitly marked unavailable here
22 | {
23 | @private
/Users/admin/builder/spi-builder-workspace/Sources/WWBankBalanceAnimationLabel/Extension.swift:24:11: error: 'CADisplayLink' is unavailable in watchOS
22 |
23 | // MARK: - CADisplayLink (function)
24 | extension CADisplayLink {
| `- error: 'CADisplayLink' is unavailable in watchOS
25 |
26 | /// [執行CADisplayLink Timer](https://ios.devdon.com/archives/922)
/Applications/Xcode-27.0.0-Release.Candidate.app/Contents/Developer/Platforms/WatchOS.platform/Developer/SDKs/WatchOS27.0.sdk/System/Library/Frameworks/QuartzCore.framework/Headers/CADisplayLink.h:21:12: note: 'CADisplayLink' has been explicitly marked unavailable here
19 | API_AVAILABLE(macos(14.0))
20 |
21 | @interface CADisplayLink : NSObject
| `- note: 'CADisplayLink' has been explicitly marked unavailable here
22 | {
23 | @private
/Users/admin/builder/spi-builder-workspace/Sources/WWBankBalanceAnimationLabel/Extension.swift:19:16: error: 'CADisplayLink' is unavailable in watchOS
17 | /// - Returns: CADisplayLink
18 | static func _build(target: AnyObject, selector: Selector) -> CADisplayLink {
19 | return CADisplayLink(target: target, selector: selector)
| `- error: 'CADisplayLink' is unavailable in watchOS
20 | }
21 | }
/Applications/Xcode-27.0.0-Release.Candidate.app/Contents/Developer/Platforms/WatchOS.platform/Developer/SDKs/WatchOS27.0.sdk/System/Library/Frameworks/QuartzCore.framework/Headers/CADisplayLink.h:21:12: note: 'CADisplayLink' has been explicitly marked unavailable here
19 | API_AVAILABLE(macos(14.0))
20 |
21 | @interface CADisplayLink : NSObject
| `- note: 'CADisplayLink' has been explicitly marked unavailable here
22 | {
23 | @private
/Users/admin/builder/spi-builder-workspace/Sources/WWBankBalanceAnimationLabel/Extension.swift:31:14: error: 'preferredFramesPerSecond' is unavailable in watchOS
29 | /// - mode: [RunLoop.Mode](https://www.hangge.com/blog/cache/detail_2278.html)
30 | func _fire(to runloop: RunLoop = .main, forMode mode: RunLoop.Mode = .default, fps: Int = 60) {
31 | self.preferredFramesPerSecond = fps
| `- error: 'preferredFramesPerSecond' is unavailable in watchOS
32 | self.add(to: runloop, forMode: mode)
33 | self.add(to: runloop, forMode: .tracking)
/Applications/Xcode-27.0.0-Release.Candidate.app/Contents/Developer/Platforms/WatchOS.platform/Developer/SDKs/WatchOS27.0.sdk/System/Library/Frameworks/QuartzCore.framework/Headers/CADisplayLink.h:88:32: note: 'preferredFramesPerSecond' has been explicitly marked unavailable here
86 | * best-effort attempt at issuing callbacks at the requested rate. */
87 |
88 | @property(nonatomic) NSInteger preferredFramesPerSecond
| `- note: 'preferredFramesPerSecond' has been explicitly marked unavailable here
89 | API_DEPRECATED_WITH_REPLACEMENT ("preferredFrameRateRange",
90 | ios(10.0, API_TO_BE_DEPRECATED),
SwiftCompile normal arm64_32 /Users/admin/builder/spi-builder-workspace/Sources/WWBankBalanceAnimationLabel/Extension.swift (in target 'WWBankBalanceAnimationLabel' from project 'WWBankBalanceAnimationLabel')
cd /Users/admin/builder/spi-builder-workspace/.swiftpm/xcode
builtin-SwiftPerFileCompile Extension.swift
SwiftCompile normal arm64_32 Compiling\ BankBalanceAnimationLabel.swift /Users/admin/builder/spi-builder-workspace/Sources/WWBankBalanceAnimationLabel/BankBalanceAnimationLabel.swift (in target 'WWBankBalanceAnimationLabel' from project 'WWBankBalanceAnimationLabel')
/Users/admin/builder/spi-builder-workspace/Sources/WWBankBalanceAnimationLabel/BankBalanceAnimationLabel.swift:15:24: error: 'CADisplayLink' is unavailable in watchOS
13 | private var balanceValue: (from: Float, to: Float, format: String) = (0, 0, "$ %.1f")
14 | private var balanceTime: (progress: TimeInterval, lastUpdate: TimeInterval, total: TimeInterval) = (0, 0, 0)
15 | private var timer: CADisplayLink?
| `- error: 'CADisplayLink' is unavailable in watchOS
16 | private var currentValue: Float { return currentValueMaker() }
17 |
/Applications/Xcode-27.0.0-Release.Candidate.app/Contents/Developer/Platforms/WatchOS.platform/Developer/SDKs/WatchOS27.0.sdk/System/Library/Frameworks/QuartzCore.framework/Headers/CADisplayLink.h:21:12: note: 'CADisplayLink' has been explicitly marked unavailable here
19 | API_AVAILABLE(macos(14.0))
20 |
21 | @interface CADisplayLink : NSObject
| `- note: 'CADisplayLink' has been explicitly marked unavailable here
22 | {
23 | @private
SwiftCompile normal arm64_32 /Users/admin/builder/spi-builder-workspace/Sources/WWBankBalanceAnimationLabel/BankBalanceAnimationLabel.swift (in target 'WWBankBalanceAnimationLabel' from project 'WWBankBalanceAnimationLabel')
cd /Users/admin/builder/spi-builder-workspace/.swiftpm/xcode
builtin-SwiftPerFileCompile BankBalanceAnimationLabel.swift
SwiftCompile normal arm64 Compiling\ BankBalanceAnimationLabel.swift /Users/admin/builder/spi-builder-workspace/Sources/WWBankBalanceAnimationLabel/BankBalanceAnimationLabel.swift (in target 'WWBankBalanceAnimationLabel' from project 'WWBankBalanceAnimationLabel')
/Users/admin/builder/spi-builder-workspace/Sources/WWBankBalanceAnimationLabel/BankBalanceAnimationLabel.swift:15:24: error: 'CADisplayLink' is unavailable in watchOS
13 | private var balanceValue: (from: Float, to: Float, format: String) = (0, 0, "$ %.1f")
14 | private var balanceTime: (progress: TimeInterval, lastUpdate: TimeInterval, total: TimeInterval) = (0, 0, 0)
15 | private var timer: CADisplayLink?
| `- error: 'CADisplayLink' is unavailable in watchOS
16 | private var currentValue: Float { return currentValueMaker() }
17 |
/Applications/Xcode-27.0.0-Release.Candidate.app/Contents/Developer/Platforms/WatchOS.platform/Developer/SDKs/WatchOS27.0.sdk/System/Library/Frameworks/QuartzCore.framework/Headers/CADisplayLink.h:21:12: note: 'CADisplayLink' has been explicitly marked unavailable here
19 | API_AVAILABLE(macos(14.0))
20 |
21 | @interface CADisplayLink : NSObject
| `- note: 'CADisplayLink' has been explicitly marked unavailable here
22 | {
23 | @private
SwiftCompile normal arm64 /Users/admin/builder/spi-builder-workspace/Sources/WWBankBalanceAnimationLabel/BankBalanceAnimationLabel.swift (in target 'WWBankBalanceAnimationLabel' from project 'WWBankBalanceAnimationLabel')
cd /Users/admin/builder/spi-builder-workspace/.swiftpm/xcode
builtin-SwiftPerFileCompile BankBalanceAnimationLabel.swift
SwiftEmitModule normal arm64 Emitting\ module\ for\ WWBankBalanceAnimationLabel (in target 'WWBankBalanceAnimationLabel' from project 'WWBankBalanceAnimationLabel')
/Users/admin/builder/spi-builder-workspace/Sources/WWBankBalanceAnimationLabel/BankBalanceAnimationLabel.swift:15:24: error: 'CADisplayLink' is unavailable in watchOS
13 | private var balanceValue: (from: Float, to: Float, format: String) = (0, 0, "$ %.1f")
14 | private var balanceTime: (progress: TimeInterval, lastUpdate: TimeInterval, total: TimeInterval) = (0, 0, 0)
15 | private var timer: CADisplayLink?
| `- error: 'CADisplayLink' is unavailable in watchOS
16 | private var currentValue: Float { return currentValueMaker() }
17 |
/Applications/Xcode-27.0.0-Release.Candidate.app/Contents/Developer/Platforms/WatchOS.platform/Developer/SDKs/WatchOS27.0.sdk/System/Library/Frameworks/QuartzCore.framework/Headers/CADisplayLink.h:21:12: note: 'CADisplayLink' has been explicitly marked unavailable here
19 | API_AVAILABLE(macos(14.0))
20 |
21 | @interface CADisplayLink : NSObject
| `- note: 'CADisplayLink' has been explicitly marked unavailable here
22 | {
23 | @private
/Users/admin/builder/spi-builder-workspace/Sources/WWBankBalanceAnimationLabel/BankBalanceAnimationLabel.swift:11:41: error: 'UILabel' is unavailable in watchOS
9 |
10 | /// MARK: - 有存錢動畫的Label
11 | open class WWBankBalanceAnimationLabel: UILabel {
| `- error: 'UILabel' is unavailable in watchOS
12 |
13 | private var balanceValue: (from: Float, to: Float, format: String) = (0, 0, "$ %.1f")
/Applications/Xcode-27.0.0-Release.Candidate.app/Contents/Developer/Platforms/WatchOS.platform/Developer/SDKs/WatchOS27.0.sdk/System/Library/Frameworks/UIKit.framework/Headers/UILabel.h:33:12: note: 'UILabel' has been explicitly marked unavailable here
31 |
32 | UIKIT_EXTERN API_AVAILABLE(ios(2.0)) API_UNAVAILABLE(watchos) NS_SWIFT_UI_ACTOR
33 | @interface UILabel : UIView <NSCoding, UIContentSizeCategoryAdjusting, UILetterformAwareAdjusting>
| `- note: 'UILabel' has been explicitly marked unavailable here
34 |
35 | @property(nullable, nonatomic,copy) NSString *text; // default is nil
/Users/admin/builder/spi-builder-workspace/Sources/WWBankBalanceAnimationLabel/Extension.swift:18:66: error: 'CADisplayLink' is unavailable in watchOS
16 | /// - selector: Selector
17 | /// - Returns: CADisplayLink
18 | static func _build(target: AnyObject, selector: Selector) -> CADisplayLink {
| `- error: 'CADisplayLink' is unavailable in watchOS
19 | return CADisplayLink(target: target, selector: selector)
20 | }
/Applications/Xcode-27.0.0-Release.Candidate.app/Contents/Developer/Platforms/WatchOS.platform/Developer/SDKs/WatchOS27.0.sdk/System/Library/Frameworks/QuartzCore.framework/Headers/CADisplayLink.h:21:12: note: 'CADisplayLink' has been explicitly marked unavailable here
19 | API_AVAILABLE(macos(14.0))
20 |
21 | @interface CADisplayLink : NSObject
| `- note: 'CADisplayLink' has been explicitly marked unavailable here
22 | {
23 | @private
/Users/admin/builder/spi-builder-workspace/Sources/WWBankBalanceAnimationLabel/Extension.swift:11:11: error: 'CADisplayLink' is unavailable in watchOS
9 |
10 | // MARK: - CADisplayLink (static function)
11 | extension CADisplayLink {
| `- error: 'CADisplayLink' is unavailable in watchOS
12 |
13 | /// [產生CADisplayLink](https://www.hangge.com/blog/cache/detail_2278.html)
/Applications/Xcode-27.0.0-Release.Candidate.app/Contents/Developer/Platforms/WatchOS.platform/Developer/SDKs/WatchOS27.0.sdk/System/Library/Frameworks/QuartzCore.framework/Headers/CADisplayLink.h:21:12: note: 'CADisplayLink' has been explicitly marked unavailable here
19 | API_AVAILABLE(macos(14.0))
20 |
21 | @interface CADisplayLink : NSObject
| `- note: 'CADisplayLink' has been explicitly marked unavailable here
22 | {
23 | @private
/Users/admin/builder/spi-builder-workspace/Sources/WWBankBalanceAnimationLabel/Extension.swift:24:11: error: 'CADisplayLink' is unavailable in watchOS
22 |
23 | // MARK: - CADisplayLink (function)
24 | extension CADisplayLink {
| `- error: 'CADisplayLink' is unavailable in watchOS
25 |
26 | /// [執行CADisplayLink Timer](https://ios.devdon.com/archives/922)
/Applications/Xcode-27.0.0-Release.Candidate.app/Contents/Developer/Platforms/WatchOS.platform/Developer/SDKs/WatchOS27.0.sdk/System/Library/Frameworks/QuartzCore.framework/Headers/CADisplayLink.h:21:12: note: 'CADisplayLink' has been explicitly marked unavailable here
19 | API_AVAILABLE(macos(14.0))
20 |
21 | @interface CADisplayLink : NSObject
| `- note: 'CADisplayLink' has been explicitly marked unavailable here
22 | {
23 | @private
Failed frontend command:
/Applications/Xcode-27.0.0-Release.Candidate.app/Contents/Developer/Toolchains/XcodeDefault.xctoolchain/usr/bin/swift-frontend -frontend -emit-module -experimental-skip-non-inlinable-function-bodies-without-types /Users/admin/builder/spi-builder-workspace/.derivedData/Build/Intermediates.noindex/WWBankBalanceAnimationLabel.build/Debug-watchos/WWBankBalanceAnimationLabel-t.build/DerivedSources/resource_bundle_accessor.swift /Users/admin/builder/spi-builder-workspace/Sources/WWBankBalanceAnimationLabel/BankBalanceAnimationLabel.swift /Users/admin/builder/spi-builder-workspace/Sources/WWBankBalanceAnimationLabel/Extension.swift -target arm64-apple-watchos9.0 -disable-cross-import-overlay-search -load-resolved-plugin /Applications/Xcode-27.0.0-Release.Candidate.app/Contents/Developer/Platforms/WatchOS.platform/Developer/usr/lib/swift/host/plugins/libFoundationMacros.dylib\#/Applications/Xcode-27.0.0-Release.Candidate.app/Contents/Developer/Platforms/WatchOS.platform/Developer/usr/bin/swift-plugin-server\#FoundationMacros -load-resolved-plugin /Applications/Xcode-27.0.0-Release.Candidate.app/Contents/Developer/Platforms/WatchOS.platform/Developer/usr/lib/swift/host/plugins/libObservationMacros.dylib\#/Applications/Xcode-27.0.0-Release.Candidate.app/Contents/Developer/Platforms/WatchOS.platform/Developer/usr/bin/swift-plugin-server\#ObservationMacros -load-resolved-plugin /Applications/Xcode-27.0.0-Release.Candidate.app/Contents/Developer/Platforms/WatchOS.platform/Developer/usr/lib/swift/host/plugins/libSwiftMacros.dylib\#/Applications/Xcode-27.0.0-Release.Candidate.app/Contents/Developer/Platforms/WatchOS.platform/Developer/usr/bin/swift-plugin-server\#SwiftMacros -load-resolved-plugin /Applications/Xcode-27.0.0-Release.Candidate.app/Contents/Developer/Platforms/WatchOS.platform/Developer/usr/lib/swift/host/plugins/libSwiftUIMacros.dylib\#/Applications/Xcode-27.0.0-Release.Candidate.app/Contents/Developer/Platforms/WatchOS.platform/Developer/usr/bin/swift-plugin-server\#SwiftUIMacros -disable-implicit-swift-modules -Xcc -fno-implicit-modules -Xcc -fno-implicit-module-maps -explicit-swift-module-map-file /Users/admin/builder/spi-builder-workspace/.derivedData/Build/Intermediates.noindex/WWBankBalanceAnimationLabel.build/Debug-watchos/WWBankBalanceAnimationLabel-t.build/Objects-normal/arm64/WWBankBalanceAnimationLabel-dependencies-1.json -Xllvm -aarch64-use-tbi -enable-objc-interop -stack-check -sdk /Applications/Xcode-27.0.0-Release.Candidate.app/Contents/Developer/Platforms/WatchOS.platform/Developer/SDKs/WatchOS27.0.sdk -I /Users/admin/builder/spi-builder-workspace/.derivedData/Build/Products/Debug-watchos -Isystem /Applications/Xcode-27.0.0-Release.Candidate.app/Contents/Developer/Platforms/WatchOS.platform/Developer/usr/lib -F /Users/admin/builder/spi-builder-workspace/.derivedData/Build/Products/Debug-watchos -F /Applications/Xcode-27.0.0-Release.Candidate.app/Contents/Developer/Platforms/WatchOS.platform/Developer/Library/Frameworks -F /Applications/Xcode-27.0.0-Release.Candidate.app/Contents/Developer/Platforms/WatchOS.platform/Developer/SDKs/WatchOS27.0.sdk/Developer/Library/Frameworks -module-cache-path /Users/admin/builder/spi-builder-workspace/.derivedData/Build/Intermediates.noindex/SwiftExplicitPrecompiledModules -no-color-diagnostics -Xcc -fno-color-diagnostics -enable-testing -g -debug-info-format\=dwarf -dwarf-version\=4 -swift-version 5 -Onone -D SWIFT_PACKAGE -D DEBUG -D SWIFT_MODULE_RESOURCE_BUNDLE_AVAILABLE -D Xcode -serialize-debugging-options -enable-experimental-feature DebugDescriptionMacro -empty-abi-descriptor -validate-clang-modules-once -clang-build-session-file /Users/admin/builder/spi-builder-workspace/.derivedData/ModuleCache.noindex/Session.modulevalidation -Xcc -working-directory -Xcc /Users/admin/builder/spi-builder-workspace/.swiftpm/xcode -enable-anonymous-context-mangled-names -file-compilation-dir /Users/admin/builder/spi-builder-workspace/.swiftpm/xcode -Xcc -D_LIBCPP_HARDENING_MODE\=_LIBCPP_HARDENING_MODE_DEBUG -Xcc -ivfsstatcache -Xcc /Users/admin/builder/spi-builder-workspace/.derivedData/SDKStatCaches.noindex/watchos27.0-24R360-e829b21a6f8c9b70876ba0858053c04477534ef55a1706bf4c1112bbb242f0a2.sdkstatcache -Xcc -fmodules-prune-interval\=86400 -Xcc -fmodules-prune-after\=345600 -Xcc -I/Users/admin/builder/spi-builder-workspace/.derivedData/Build/Products/Debug-watchos/include -Xcc -I/Users/admin/builder/spi-builder-workspace/.derivedData/Build/Intermediates.noindex/WWBankBalanceAnimationLabel.build/Debug-watchos/WWBankBalanceAnimationLabel-t.build/DerivedSources-normal/arm64 -Xcc -I/Users/admin/builder/spi-builder-workspace/.derivedData/Build/Intermediates.noindex/WWBankBalanceAnimationLabel.build/Debug-watchos/WWBankBalanceAnimationLabel-t.build/DerivedSources/arm64 -Xcc -I/Users/admin/builder/spi-builder-workspace/.derivedData/Build/Intermediates.noindex/WWBankBalanceAnimationLabel.build/Debug-watchos/WWBankBalanceAnimationLabel-t.build/DerivedSources -Xcc -DSWIFT_PACKAGE -Xcc -DDEBUG\=1 -no-auto-bridging-header-chaining -module-name WWBankBalanceAnimationLabel -const-gather-protocols-file /Users/admin/builder/spi-builder-workspace/.derivedData/Build/Intermediates.noindex/WWBankBalanceAnimationLabel.build/Debug-watchos/WWBankBalanceAnimationLabel-t.build/Objects-normal/arm64/WWBankBalanceAnimationLabel_const_extract_protocols.json -disable-clang-spi -clang-target arm64-apple-watchos27.0 -target-sdk-version 27.0 -target-sdk-name watchos27.0 -in-process-plugin-server-path /Applications/Xcode-27.0.0-Release.Candidate.app/Contents/Developer/Toolchains/XcodeDefault.xctoolchain/usr/lib/swift/host/libSwiftInProcPluginServer.dylib -emit-module-doc-path /Users/admin/builder/spi-builder-workspace/.derivedData/Build/Intermediates.noindex/WWBankBalanceAnimationLabel.build/Debug-watchos/WWBankBalanceAnimationLabel-t.build/Objects-normal/arm64/WWBankBalanceAnimationLabel.swiftdoc -emit-module-source-info-path /Users/admin/builder/spi-builder-workspace/.derivedData/Build/Intermediates.noindex/WWBankBalanceAnimationLabel.build/Debug-watchos/WWBankBalanceAnimationLabel-t.build/Objects-normal/arm64/WWBankBalanceAnimationLabel.swiftsourceinfo -emit-objc-header-path /Users/admin/builder/spi-builder-workspace/.derivedData/Build/Intermediates.noindex/WWBankBalanceAnimationLabel.build/Debug-watchos/WWBankBalanceAnimationLabel-t.build/Objects-normal/arm64/WWBankBalanceAnimationLabel-Swift.h -serialize-diagnostics-path /Users/admin/builder/spi-builder-workspace/.derivedData/Build/Intermediates.noindex/WWBankBalanceAnimationLabel.build/Debug-watchos/WWBankBalanceAnimationLabel-t.build/Objects-normal/arm64/WWBankBalanceAnimationLabel-primary-emit-module.dia -emit-dependencies-path /Users/admin/builder/spi-builder-workspace/.derivedData/Build/Intermediates.noindex/WWBankBalanceAnimationLabel.build/Debug-watchos/WWBankBalanceAnimationLabel-t.build/Objects-normal/arm64/WWBankBalanceAnimationLabel-primary-emit-module.d -parse-as-library -o /Users/admin/builder/spi-builder-workspace/.derivedData/Build/Intermediates.noindex/WWBankBalanceAnimationLabel.build/Debug-watchos/WWBankBalanceAnimationLabel-t.build/Objects-normal/arm64/WWBankBalanceAnimationLabel.swiftmodule -emit-abi-descriptor-path /Users/admin/builder/spi-builder-workspace/.derivedData/Build/Intermediates.noindex/WWBankBalanceAnimationLabel.build/Debug-watchos/WWBankBalanceAnimationLabel-t.build/Objects-normal/arm64/WWBankBalanceAnimationLabel.abi.json
SwiftCompile normal arm64 (in target 'WWBankBalanceAnimationLabel' from project 'WWBankBalanceAnimationLabel')
cd /Users/admin/builder/spi-builder-workspace/.swiftpm/xcode
SwiftCompile normal arm64 Compiling\ Extension.swift /Users/admin/builder/spi-builder-workspace/Sources/WWBankBalanceAnimationLabel/Extension.swift (in target 'WWBankBalanceAnimationLabel' from project 'WWBankBalanceAnimationLabel')
/Users/admin/builder/spi-builder-workspace/Sources/WWBankBalanceAnimationLabel/Extension.swift:18:66: error: 'CADisplayLink' is unavailable in watchOS
16 | /// - selector: Selector
17 | /// - Returns: CADisplayLink
18 | static func _build(target: AnyObject, selector: Selector) -> CADisplayLink {
| `- error: 'CADisplayLink' is unavailable in watchOS
19 | return CADisplayLink(target: target, selector: selector)
20 | }
/Applications/Xcode-27.0.0-Release.Candidate.app/Contents/Developer/Platforms/WatchOS.platform/Developer/SDKs/WatchOS27.0.sdk/System/Library/Frameworks/QuartzCore.framework/Headers/CADisplayLink.h:21:12: note: 'CADisplayLink' has been explicitly marked unavailable here
19 | API_AVAILABLE(macos(14.0))
20 |
21 | @interface CADisplayLink : NSObject
| `- note: 'CADisplayLink' has been explicitly marked unavailable here
22 | {
23 | @private
/Users/admin/builder/spi-builder-workspace/Sources/WWBankBalanceAnimationLabel/Extension.swift:11:11: error: 'CADisplayLink' is unavailable in watchOS
9 |
10 | // MARK: - CADisplayLink (static function)
11 | extension CADisplayLink {
| `- error: 'CADisplayLink' is unavailable in watchOS
12 |
13 | /// [產生CADisplayLink](https://www.hangge.com/blog/cache/detail_2278.html)
/Applications/Xcode-27.0.0-Release.Candidate.app/Contents/Developer/Platforms/WatchOS.platform/Developer/SDKs/WatchOS27.0.sdk/System/Library/Frameworks/QuartzCore.framework/Headers/CADisplayLink.h:21:12: note: 'CADisplayLink' has been explicitly marked unavailable here
19 | API_AVAILABLE(macos(14.0))
20 |
21 | @interface CADisplayLink : NSObject
| `- note: 'CADisplayLink' has been explicitly marked unavailable here
22 | {
23 | @private
/Users/admin/builder/spi-builder-workspace/Sources/WWBankBalanceAnimationLabel/Extension.swift:24:11: error: 'CADisplayLink' is unavailable in watchOS
22 |
23 | // MARK: - CADisplayLink (function)
24 | extension CADisplayLink {
| `- error: 'CADisplayLink' is unavailable in watchOS
25 |
26 | /// [執行CADisplayLink Timer](https://ios.devdon.com/archives/922)
/Applications/Xcode-27.0.0-Release.Candidate.app/Contents/Developer/Platforms/WatchOS.platform/Developer/SDKs/WatchOS27.0.sdk/System/Library/Frameworks/QuartzCore.framework/Headers/CADisplayLink.h:21:12: note: 'CADisplayLink' has been explicitly marked unavailable here
19 | API_AVAILABLE(macos(14.0))
20 |
21 | @interface CADisplayLink : NSObject
| `- note: 'CADisplayLink' has been explicitly marked unavailable here
22 | {
23 | @private
/Users/admin/builder/spi-builder-workspace/Sources/WWBankBalanceAnimationLabel/Extension.swift:19:16: error: 'CADisplayLink' is unavailable in watchOS
17 | /// - Returns: CADisplayLink
18 | static func _build(target: AnyObject, selector: Selector) -> CADisplayLink {
19 | return CADisplayLink(target: target, selector: selector)
| `- error: 'CADisplayLink' is unavailable in watchOS
20 | }
21 | }
/Applications/Xcode-27.0.0-Release.Candidate.app/Contents/Developer/Platforms/WatchOS.platform/Developer/SDKs/WatchOS27.0.sdk/System/Library/Frameworks/QuartzCore.framework/Headers/CADisplayLink.h:21:12: note: 'CADisplayLink' has been explicitly marked unavailable here
19 | API_AVAILABLE(macos(14.0))
20 |
21 | @interface CADisplayLink : NSObject
| `- note: 'CADisplayLink' has been explicitly marked unavailable here
22 | {
23 | @private
/Users/admin/builder/spi-builder-workspace/Sources/WWBankBalanceAnimationLabel/Extension.swift:31:14: error: 'preferredFramesPerSecond' is unavailable in watchOS
29 | /// - mode: [RunLoop.Mode](https://www.hangge.com/blog/cache/detail_2278.html)
30 | func _fire(to runloop: RunLoop = .main, forMode mode: RunLoop.Mode = .default, fps: Int = 60) {
31 | self.preferredFramesPerSecond = fps
| `- error: 'preferredFramesPerSecond' is unavailable in watchOS
32 | self.add(to: runloop, forMode: mode)
33 | self.add(to: runloop, forMode: .tracking)
/Applications/Xcode-27.0.0-Release.Candidate.app/Contents/Developer/Platforms/WatchOS.platform/Developer/SDKs/WatchOS27.0.sdk/System/Library/Frameworks/QuartzCore.framework/Headers/CADisplayLink.h:88:32: note: 'preferredFramesPerSecond' has been explicitly marked unavailable here
86 | * best-effort attempt at issuing callbacks at the requested rate. */
87 |
88 | @property(nonatomic) NSInteger preferredFramesPerSecond
| `- note: 'preferredFramesPerSecond' has been explicitly marked unavailable here
89 | API_DEPRECATED_WITH_REPLACEMENT ("preferredFrameRateRange",
90 | ios(10.0, API_TO_BE_DEPRECATED),
SwiftCompile normal arm64 /Users/admin/builder/spi-builder-workspace/Sources/WWBankBalanceAnimationLabel/Extension.swift (in target 'WWBankBalanceAnimationLabel' from project 'WWBankBalanceAnimationLabel')
cd /Users/admin/builder/spi-builder-workspace/.swiftpm/xcode
builtin-SwiftPerFileCompile Extension.swift
SwiftCompile normal arm64 Compiling\ resource_bundle_accessor.swift /Users/admin/builder/spi-builder-workspace/.derivedData/Build/Intermediates.noindex/WWBankBalanceAnimationLabel.build/Debug-watchos/WWBankBalanceAnimationLabel-t.build/DerivedSources/resource_bundle_accessor.swift (in target 'WWBankBalanceAnimationLabel' from project 'WWBankBalanceAnimationLabel')
SwiftCompile normal arm64 /Users/admin/builder/spi-builder-workspace/.derivedData/Build/Intermediates.noindex/WWBankBalanceAnimationLabel.build/Debug-watchos/WWBankBalanceAnimationLabel-t.build/DerivedSources/resource_bundle_accessor.swift (in target 'WWBankBalanceAnimationLabel' from project 'WWBankBalanceAnimationLabel')
cd /Users/admin/builder/spi-builder-workspace/.swiftpm/xcode
builtin-SwiftPerFileCompile resource_bundle_accessor.swift
PruneExplicitPrecompiledModules /Users/admin/builder/spi-builder-workspace/.derivedData/Build/Intermediates.noindex/ExplicitPrecompiledModules
PruneExplicitPrecompiledModules /Users/admin/builder/spi-builder-workspace/.derivedData/SDKExplicitPrecompiledModules
PruneExplicitPrecompiledModules /Users/admin/builder/spi-builder-workspace/.derivedData/Build/Intermediates.noindex/SwiftExplicitPrecompiledModules
2026-09-20 06:32:16.778 xcodebuild[799:4830] [MT] IDERunDestination: Supported platforms for the buildables in the current scheme is empty.
** BUILD FAILED **
The following build commands failed:
SwiftEmitModule normal arm64 Emitting\ module\ for\ WWBankBalanceAnimationLabel (in target 'WWBankBalanceAnimationLabel' from project 'WWBankBalanceAnimationLabel')
SwiftCompile normal arm64 (in target 'WWBankBalanceAnimationLabel' from project 'WWBankBalanceAnimationLabel')
Building workspace WWBankBalanceAnimationLabel with scheme WWBankBalanceAnimationLabel
(3 failures)
BUILD FAILURE 6.4 watchOS