Build Information
Failed to build GoogleAppEngineV1, reference main (0e82ae), with Swift 6.2 for Android on 11 Oct 2026 16:43:30 UTC.
Build Command
bash -c docker run --pull=always --rm -v "checkouts-54344847-0":/host -w "$PWD" -e JAVA_HOME="/root/.sdkman/candidates/java/current" -e SPI_BUILD="1" -e SPI_PROCESSING="1" registry.gitlab.com/saguaro1/spi-images:android-6.2-latest swift build --swift-sdk aarch64-unknown-linux-android28 2>&1Build Log
========================================
RunAll
========================================
Builder version: 5.1.1
Interrupt handler set up.
========================================
Checkout
========================================
Clone URL: https://github.com/googleapis/swift-google-appengine-v1.git
Reference: main
Initialized empty Git repository in /host/spi-builder-workspace/.git/
hint: Using 'master' as the name for the initial branch. This default branch name
hint: is subject to change. To configure the initial branch name to use in all
hint: of your new repositories, which will suppress this warning, call:
hint:
hint: git config --global init.defaultBranch <name>
hint:
hint: Names commonly chosen instead of 'master' are 'main', 'trunk' and
hint: 'development'. The just-created branch can be renamed via this command:
hint:
hint: git branch -m <name>
From https://github.com/googleapis/swift-google-appengine-v1
* branch main -> FETCH_HEAD
* [new branch] main -> origin/main
HEAD is now at 0e82aea chore: release circa 2026-10-07 (#1382)
Cloned https://github.com/googleapis/swift-google-appengine-v1.git
Revision (git rev-parse @):
0e82aeae08ac11efc3456ace2869c6fb44f15f04
SPI manifest file found: $PWD/.spi.yml
SUCCESS checkout https://github.com/googleapis/swift-google-appengine-v1.git at main
========================================
Build
========================================
Selected platform: android
Swift version: 6.2
Building package at path: $PWD
https://github.com/googleapis/swift-google-appengine-v1.git
Running build ...
bash -c docker run --pull=always --rm -v "checkouts-54344847-0":/host -w "$PWD" -e JAVA_HOME="/root/.sdkman/candidates/java/current" -e SPI_BUILD="1" -e SPI_PROCESSING="1" registry.gitlab.com/saguaro1/spi-images:android-6.2-latest swift build --swift-sdk aarch64-unknown-linux-android28 2>&1
android-6.2-latest: Pulling from saguaro1/spi-images
Digest: sha256:a839c9ce201f1dacc8eb056626ec7ab0a1c6d53d7b77c83feda395f4507c51be
Status: Image is up to date for registry.gitlab.com/saguaro1/spi-images:android-6.2-latest
Fetching https://github.com/googleapis/swift-google-gax
Fetching https://github.com/googleapis/swift-google-auth
Fetching https://github.com/googleapis/swift-google-wkt
Fetching https://github.com/apple/swift-log
Fetching https://github.com/googleapis/swift-google-rpc
Fetching https://github.com/googleapis/swift-google-longrunning
[1/1023] Fetching swift-google-wkt
[12/1642] Fetching swift-google-wkt, swift-google-longrunning
[82/2064] Fetching swift-google-wkt, swift-google-longrunning, swift-google-rpc
[301/3087] Fetching swift-google-wkt, swift-google-longrunning, swift-google-rpc, swift-google-auth
[800/4835] Fetching swift-google-wkt, swift-google-longrunning, swift-google-rpc, swift-google-auth, swift-google-gax
Fetched https://github.com/googleapis/swift-google-rpc from cache (0.37s)
[2665/4413] Fetching swift-google-wkt, swift-google-longrunning, swift-google-auth, swift-google-gax
[3264/12670] Fetching swift-google-wkt, swift-google-longrunning, swift-google-auth, swift-google-gax, swift-log
Fetched https://github.com/googleapis/swift-google-auth from cache (0.41s)
Fetched https://github.com/googleapis/swift-google-gax from cache (0.41s)
Fetched https://github.com/googleapis/swift-google-wkt from cache (0.41s)
[1363/8876] Fetching swift-google-longrunning, swift-log
Fetched https://github.com/googleapis/swift-google-longrunning from cache (0.52s)
Fetched https://github.com/apple/swift-log from cache (0.52s)
Computing version for https://github.com/googleapis/swift-google-wkt
Computed https://github.com/googleapis/swift-google-wkt at 0.5.0 (0.67s)
Fetching https://github.com/swift-extras/swift-extras-base64
[1/954] Fetching swift-extras-base64
Fetched https://github.com/swift-extras/swift-extras-base64 from cache (0.41s)
Computing version for https://github.com/googleapis/swift-google-rpc
Computed https://github.com/googleapis/swift-google-rpc at 0.5.0 (0.56s)
Computing version for https://github.com/googleapis/swift-google-longrunning
Computed https://github.com/googleapis/swift-google-longrunning at 0.5.0 (0.14s)
Computing version for https://github.com/googleapis/swift-google-gax
Computed https://github.com/googleapis/swift-google-gax at 0.5.0 (0.15s)
Fetching https://github.com/apple/swift-nio
Fetching https://github.com/swift-server/async-http-client.git
[1/16464] Fetching async-http-client
[13996/102838] Fetching async-http-client, swift-nio
Fetched https://github.com/swift-server/async-http-client.git from cache (1.04s)
[18139/86374] Fetching swift-nio
Fetched https://github.com/apple/swift-nio from cache (3.44s)
Computing version for https://github.com/googleapis/swift-google-auth
Computed https://github.com/googleapis/swift-google-auth at 0.5.0 (3.59s)
Fetching https://github.com/apple/swift-system.git
Fetching https://github.com/vapor/jwt-kit.git
[1/7241] Fetching swift-system
[2/17495] Fetching swift-system, jwt-kit
Fetched https://github.com/apple/swift-system.git from cache (0.66s)
[6358/10254] Fetching jwt-kit
Fetched https://github.com/vapor/jwt-kit.git from cache (0.84s)
Computing version for https://github.com/swift-extras/swift-extras-base64
Computed https://github.com/swift-extras/swift-extras-base64 at 1.2.0 (0.99s)
Computing version for https://github.com/swift-server/async-http-client.git
Computed https://github.com/swift-server/async-http-client.git at 1.36.2 (0.18s)
Fetching https://github.com/apple/swift-nio-http2.git
Fetching https://github.com/apple/swift-service-context.git
Fetching https://github.com/apple/swift-configuration.git
Fetching https://github.com/apple/swift-algorithms.git
Fetching https://github.com/apple/swift-nio-extras.git
Fetching https://github.com/apple/swift-nio-ssl.git
[1/1501] Fetching swift-service-context
[257/5429] Fetching swift-service-context, swift-configuration
[1935/11593] Fetching swift-service-context, swift-configuration, swift-algorithms
[2507/28464] Fetching swift-service-context, swift-configuration, swift-algorithms, swift-nio-ssl
[6262/35167] Fetching swift-service-context, swift-configuration, swift-algorithms, swift-nio-ssl, swift-nio-extras
[18071/47461] Fetching swift-service-context, swift-configuration, swift-algorithms, swift-nio-ssl, swift-nio-extras, swift-nio-http2
Fetched https://github.com/apple/swift-algorithms.git from cache (0.50s)
[13605/41297] Fetching swift-service-context, swift-configuration, swift-nio-ssl, swift-nio-extras, swift-nio-http2
Fetching https://github.com/apple/swift-atomics.git
Fetched https://github.com/apple/swift-service-context.git from cache (0.56s)
Fetched https://github.com/apple/swift-nio-extras.git from cache (0.56s)
Fetching https://github.com/apple/swift-distributed-tracing.git
[8150/33093] Fetching swift-configuration, swift-nio-ssl, swift-nio-http2
Fetching https://github.com/apple/swift-nio-transport-services.git
[33094/34982] Fetching swift-configuration, swift-nio-ssl, swift-nio-http2, swift-atomics
[33680/37849] Fetching swift-configuration, swift-nio-ssl, swift-nio-http2, swift-atomics, swift-nio-transport-services
[36790/44400] Fetching swift-configuration, swift-nio-ssl, swift-nio-http2, swift-atomics, swift-nio-transport-services, swift-distributed-tracing
Fetched https://github.com/apple/swift-configuration.git from cache (0.99s)
[33750/40472] Fetching swift-nio-ssl, swift-nio-http2, swift-atomics, swift-nio-transport-services, swift-distributed-tracing
Fetched https://github.com/apple/swift-nio-http2.git from cache (0.99s)
[21693/28178] Fetching swift-nio-ssl, swift-atomics, swift-nio-transport-services, swift-distributed-tracing
Fetched https://github.com/apple/swift-atomics.git from cache (0.51s)
[20132/26289] Fetching swift-nio-ssl, swift-nio-transport-services, swift-distributed-tracing
Fetched https://github.com/apple/swift-nio-transport-services.git from cache (0.48s)
[18116/23422] Fetching swift-nio-ssl, swift-distributed-tracing
Fetched https://github.com/apple/swift-distributed-tracing.git from cache (0.58s)
Fetched https://github.com/apple/swift-nio-ssl.git from cache (1.30s)
Computing version for https://github.com/apple/swift-service-context.git
Computed https://github.com/apple/swift-service-context.git at 1.3.0 (1.46s)
Computing version for https://github.com/apple/swift-algorithms.git
Computed https://github.com/apple/swift-algorithms.git at 1.2.1 (0.88s)
Fetching https://github.com/apple/swift-numerics.git
[1/6733] Fetching swift-numerics
Fetched https://github.com/apple/swift-numerics.git from cache (0.50s)
Computing version for https://github.com/apple/swift-log
Computed https://github.com/apple/swift-log at 1.16.1 (0.66s)
Computing version for https://github.com/apple/swift-distributed-tracing.git
Computed https://github.com/apple/swift-distributed-tracing.git at 1.5.0 (0.15s)
Computing version for https://github.com/apple/swift-atomics.git
Computed https://github.com/apple/swift-atomics.git at 1.3.1 (0.14s)
Computing version for https://github.com/apple/swift-numerics.git
Computed https://github.com/apple/swift-numerics.git at 1.1.1 (0.14s)
Computing version for https://github.com/apple/swift-nio
Computed https://github.com/apple/swift-nio at 2.104.0 (0.34s)
Fetching https://github.com/apple/swift-collections.git
[1/28703] Fetching swift-collections
Fetched https://github.com/apple/swift-collections.git from cache (1.50s)
Computing version for https://github.com/apple/swift-configuration.git
Computed https://github.com/apple/swift-configuration.git at 1.2.2 (2.29s)
Fetching https://github.com/swift-server/swift-service-lifecycle
[1/2867] Fetching swift-service-lifecycle
Fetched https://github.com/swift-server/swift-service-lifecycle from cache (0.79s)
Computing version for https://github.com/apple/swift-nio-transport-services.git
Computed https://github.com/apple/swift-nio-transport-services.git at 1.28.0 (0.95s)
Computing version for https://github.com/swift-server/swift-service-lifecycle
Computed https://github.com/swift-server/swift-service-lifecycle at 2.12.1 (0.14s)
Fetching https://github.com/apple/swift-async-algorithms.git
[1/6820] Fetching swift-async-algorithms
Fetched https://github.com/apple/swift-async-algorithms.git from cache (0.57s)
Computing version for https://github.com/apple/swift-async-algorithms.git
Computed https://github.com/apple/swift-async-algorithms.git at 1.1.7 (0.77s)
Computing version for https://github.com/apple/swift-collections.git
Computed https://github.com/apple/swift-collections.git at 1.7.2 (0.24s)
Computing version for https://github.com/apple/swift-nio-http2.git
Computed https://github.com/apple/swift-nio-http2.git at 1.46.0 (0.16s)
Computing version for https://github.com/vapor/jwt-kit.git
Computed https://github.com/vapor/jwt-kit.git at 5.7.1 (0.14s)
Fetching https://github.com/apple/swift-certificates.git
Fetching https://github.com/apple/swift-crypto.git
[1/18629] Fetching swift-crypto
[560/26242] Fetching swift-crypto, swift-certificates
Fetched https://github.com/apple/swift-certificates.git from cache (0.60s)
[2050/18629] Fetching swift-crypto
Fetched https://github.com/apple/swift-crypto.git from cache (1.23s)
Computing version for https://github.com/apple/swift-crypto.git
Computed https://github.com/apple/swift-crypto.git at 4.5.2 (1.83s)
Fetching https://github.com/apple/swift-asn1.git
[1/2009] Fetching swift-asn1
Fetched https://github.com/apple/swift-asn1.git from cache (0.42s)
Computing version for https://github.com/apple/swift-asn1.git
Computed https://github.com/apple/swift-asn1.git at 1.7.3 (0.60s)
Computing version for https://github.com/apple/swift-certificates.git
Computed https://github.com/apple/swift-certificates.git at 1.21.0 (0.20s)
Computing version for https://github.com/apple/swift-nio-ssl.git
Computed https://github.com/apple/swift-nio-ssl.git at 2.37.5 (0.18s)
Computing version for https://github.com/apple/swift-system.git
Computed https://github.com/apple/swift-system.git at 1.8.1 (0.18s)
Computing version for https://github.com/apple/swift-nio-extras.git
Computed https://github.com/apple/swift-nio-extras.git at 1.35.1 (0.27s)
Fetching https://github.com/apple/swift-http-types.git
Fetching https://github.com/apple/swift-http-structured-headers.git
[1/1253] Fetching swift-http-structured-headers
[64/3192] Fetching swift-http-structured-headers, swift-http-types
Fetched https://github.com/apple/swift-http-structured-headers.git from cache (0.38s)
Fetched https://github.com/apple/swift-http-types.git from cache (0.40s)
Computing version for https://github.com/apple/swift-http-structured-headers.git
Computed https://github.com/apple/swift-http-structured-headers.git at 1.7.0 (0.55s)
Computing version for https://github.com/apple/swift-http-types.git
Computed https://github.com/apple/swift-http-types.git at 1.8.0 (0.17s)
Creating working copy for https://github.com/googleapis/swift-google-longrunning
Working copy of https://github.com/googleapis/swift-google-longrunning resolved at 0.5.0
Creating working copy for https://github.com/apple/swift-http-structured-headers.git
Working copy of https://github.com/apple/swift-http-structured-headers.git resolved at 1.7.0
Creating working copy for https://github.com/googleapis/swift-google-auth
Working copy of https://github.com/googleapis/swift-google-auth resolved at 0.5.0
Creating working copy for https://github.com/apple/swift-configuration.git
Working copy of https://github.com/apple/swift-configuration.git resolved at 1.2.2
Creating working copy for https://github.com/apple/swift-nio-extras.git
Working copy of https://github.com/apple/swift-nio-extras.git resolved at 1.35.1
Creating working copy for https://github.com/apple/swift-log
Working copy of https://github.com/apple/swift-log resolved at 1.16.1
Creating working copy for https://github.com/swift-server/swift-service-lifecycle
Working copy of https://github.com/swift-server/swift-service-lifecycle resolved at 2.12.1
Creating working copy for https://github.com/vapor/jwt-kit.git
Working copy of https://github.com/vapor/jwt-kit.git resolved at 5.7.1
Creating working copy for https://github.com/apple/swift-crypto.git
Working copy of https://github.com/apple/swift-crypto.git resolved at 4.5.2
Creating working copy for https://github.com/apple/swift-nio
Working copy of https://github.com/apple/swift-nio resolved at 2.104.0
Creating working copy for https://github.com/apple/swift-collections.git
Working copy of https://github.com/apple/swift-collections.git resolved at 1.7.2
Creating working copy for https://github.com/apple/swift-algorithms.git
Working copy of https://github.com/apple/swift-algorithms.git resolved at 1.2.1
Creating working copy for https://github.com/apple/swift-nio-ssl.git
Working copy of https://github.com/apple/swift-nio-ssl.git resolved at 2.37.5
Creating working copy for https://github.com/apple/swift-numerics.git
Working copy of https://github.com/apple/swift-numerics.git resolved at 1.1.1
Creating working copy for https://github.com/apple/swift-asn1.git
Working copy of https://github.com/apple/swift-asn1.git resolved at 1.7.3
Creating working copy for https://github.com/googleapis/swift-google-wkt
Working copy of https://github.com/googleapis/swift-google-wkt resolved at 0.5.0
Creating working copy for https://github.com/apple/swift-service-context.git
Working copy of https://github.com/apple/swift-service-context.git resolved at 1.3.0
Creating working copy for https://github.com/apple/swift-nio-transport-services.git
Working copy of https://github.com/apple/swift-nio-transport-services.git resolved at 1.28.0
Creating working copy for https://github.com/apple/swift-distributed-tracing.git
Working copy of https://github.com/apple/swift-distributed-tracing.git resolved at 1.5.0
Creating working copy for https://github.com/apple/swift-atomics.git
Working copy of https://github.com/apple/swift-atomics.git resolved at 1.3.1
Creating working copy for https://github.com/apple/swift-system.git
Working copy of https://github.com/apple/swift-system.git resolved at 1.8.1
Creating working copy for https://github.com/apple/swift-http-types.git
Working copy of https://github.com/apple/swift-http-types.git resolved at 1.8.0
Creating working copy for https://github.com/swift-server/async-http-client.git
Working copy of https://github.com/swift-server/async-http-client.git resolved at 1.36.2
Creating working copy for https://github.com/apple/swift-async-algorithms.git
Working copy of https://github.com/apple/swift-async-algorithms.git resolved at 1.1.7
Creating working copy for https://github.com/apple/swift-nio-http2.git
Working copy of https://github.com/apple/swift-nio-http2.git resolved at 1.46.0
Creating working copy for https://github.com/swift-extras/swift-extras-base64
Working copy of https://github.com/swift-extras/swift-extras-base64 resolved at 1.2.0
Creating working copy for https://github.com/googleapis/swift-google-rpc
Working copy of https://github.com/googleapis/swift-google-rpc resolved at 0.5.0
Creating working copy for https://github.com/apple/swift-certificates.git
Working copy of https://github.com/apple/swift-certificates.git resolved at 1.21.0
Creating working copy for https://github.com/googleapis/swift-google-gax
Working copy of https://github.com/googleapis/swift-google-gax resolved at 0.5.0
Building for debugging...
[0/1088] Compiling a_i2d_fp.cc
[1/1088] Compiling _NumericsShims _NumericsShims.c
[1/1088] Write sources
[6/1088] Compiling _AtomicsShims.c
[7/1088] Write sources
[78/1088] Compiling CXKCPShims shims.c
[79/1088] Compiling SimpleFIPS202.c
[80/1088] Compiling KeccakSponge.c
[81/1088] Compiling a_octet.cc
[82/1088] Compiling KeccakHash.c
[83/1088] Compiling CSystem shims.c
[84/1088] Compiling CNIOWindows shim.c
[85/1088] Compiling CNIOWindows WSAStartup.c
[86/1088] Compiling CNIOWASI CNIOWASI.c
[87/1088] Compiling CNIOPosix event_loop_id.c
[88/1088] Compiling CNIOOpenBSD shim.c
[89/1088] Compiling a_strex.cc
[90/1088] Compiling CNIOLinux shim.c
[91/1088] Compiling a_mbstr.cc
[92/1088] Compiling CNIOLinux liburing_shims.c
[93/1088] Compiling evp.cc
[94/1088] Compiling CNIOFreeBSD shim.c
[95/1088] Compiling CNIOLLHTTP c_nio_http.c
[96/1088] Compiling KeccakP-1600-opt64.c
[97/1088] Compiling a_int.cc
[98/1088] Write swift-version--11D90AFD9DD3AB2.txt
[99/1088] Compiling a_object.cc
[100/1088] Compiling CNIOExtrasZlib zutil.c
[101/1088] Compiling CNIOLLHTTP c_nio_api.c
[102/1088] Compiling CNIOExtrasZlib inftrees.c
[103/1097] Compiling CNIOExtrasZlib trees.c
[104/1137] Compiling CNIOLLHTTP c_nio_llhttp.c
[105/1151] Compiling CNIOExtrasZlib inflate.c
[107/1175] Compiling ServiceContextModule ServiceContextKey.swift
[108/1175] Compiling RealModule ElementaryFunctions.swift
[109/1175] Compiling RealModule Float+Real.swift
[110/1175] Compiling RealModule AlgebraicField.swift
[111/1177] Compiling RealModule ApproximateEquality.swift
[112/1177] Compiling Logging SwiftLogNoOpLogHandler.swift
[113/1177] Compiling Logging Locks.swift
[114/1177] Compiling _CertificateInternals _TinyArray.swift
[115/1177] Emitting module _CertificateInternals
[117/1178] Compiling _NIODataStructures Heap.swift
[118/1178] Compiling RealModule Real.swift
[119/1178] Compiling RealModule RealFunctions.swift
[120/1178] Compiling RealModule Float16+Real.swift
[121/1178] Compiling RealModule Float80+Real.swift
[122/1179] Emitting module _NIOBase64
[123/1179] Compiling ServiceContextModule ServiceContext.swift
[124/1179] Emitting module ServiceContextModule
[125/1180] Compiling _NIOBase64 Base64.swift
[128/1186] Compiling SwiftASN1 TimeUtilities.swift
[129/1186] Compiling SwiftASN1 UTCTime.swift
[130/1202] Compiling InternalCollectionsUtilities FixedWidthInteger+roundUpToPowerOfTwo.swift
[131/1202] Compiling InternalCollectionsUtilities Integer rank.swift
[132/1202] Compiling InternalCollectionsUtilities BorrowingIteratorProtocol+Equality.swift
[133/1202] Compiling InternalCollectionsUtilities BorrowingIteratorProtocol+Extras.swift
[134/1202] Compiling RealModule RelaxedArithmetic.swift
[135/1209] Compiling Logging LoggingSystem.swift
[136/1209] Compiling InternalCollectionsUtilities Debugging.swift
[137/1209] Compiling InternalCollectionsUtilities Descriptions.swift
[138/1210] Emitting module SystemPackage
[139/1220] Compiling InternalCollectionsUtilities Iterable+CopyContents.swift
[140/1220] Compiling InternalCollectionsUtilities Iterable+Equality.swift
[141/1220] Compiling _NIODataStructures _TinyArray.swift
[142/1220] Compiling InternalCollectionsUtilities UInt+first and last set bit.swift
[143/1220] Compiling InternalCollectionsUtilities UInt+reversed.swift
[144/1220] Emitting module _NIODataStructures
[145/1220] Emitting module RealModule
[148/1221] Compiling _NIODataStructures PriorityQueue.swift
[150/1228] Emitting module SwiftASN1
[155/1231] Wrapping AST for _CertificateInternals for debugging
[156/1231] Wrapping AST for _NIOBase64 for debugging
[157/1231] Wrapping AST for _NIODataStructures for debugging
[159/1231] Compiling Instrumentation NoOpInstrument.swift
[159/1231] Wrapping AST for RealModule for debugging
[160/1231] Wrapping AST for ServiceContextModule for debugging
[162/1231] Emitting module Instrumentation
[163/1231] Compiling InternalCollectionsUtilities UnsafeRawBufferPointer+Extras.swift
[164/1231] Compiling InternalCollectionsUtilities _SortedCollection.swift
[165/1231] Compiling InternalCollectionsUtilities _UniqueCollection.swift
[165/1231] Compiling CNIOExtrasZlib inffast.c
[167/1231] Compiling Instrumentation MultiplexInstrument.swift
[167/1231] Compiling CNIOExtrasZlib crc32.c
[168/1231] Compiling CNIOExtrasZlib adler32.c
[169/1231] Compiling CNIODarwin shim.c
[170/1231] Compiling CNIOExtrasZlib deflate.c
[172/1231] Compiling Logging Logger.swift
[173/1231] Compiling Logging Logger+With.swift
[174/1231] Compiling Logging Logger+Attributes.swift
[174/1231] Compiling fiat_p256_adx_sqr.S
[175/1231] Compiling fiat_p256_adx_mul.S
[177/1231] Compiling InternalCollectionsUtilities Strideable+LimitHelpers.swift
[178/1231] Compiling InternalCollectionsUtilities String+Padding.swift
[179/1231] Compiling InternalCollectionsUtilities TemporaryAllocation.swift
[180/1231] Compiling InternalCollectionsUtilities _UnsafeBitSet+Index.swift
[184/1231] Compiling fiat_curve25519_adx_square.S
[185/1231] Compiling fiat_curve25519_adx_mul.S
[186/1231] Compiling CNIOBoringSSLShims shims.c
[192/1231] Compiling InternalCollectionsUtilities LifetimeOverride.swift
[193/1231] Compiling InternalCollectionsUtilities MutableRef.swift
[194/1231] Compiling InternalCollectionsUtilities MutableSpan+Extras.swift
[195/1231] Compiling InternalCollectionsUtilities OutputSpan+Extras.swift
[196/1231] Compiling InternalCollectionsUtilities RandomAccessCollection+Offsets.swift
[197/1231] Compiling InternalCollectionsUtilities Span+Extras.swift
[198/1231] Compiling ExtrasBase64 Base32.swift
[199/1231] Compiling InternalCollectionsUtilities UnsafeMutablePointer+Extras.swift
[200/1231] Compiling InternalCollectionsUtilities UnsafeMutableRawBufferPointer+Extras.swift
[201/1231] Compiling InternalCollectionsUtilities UnsafePointer+Extras.swift
[202/1231] Compiling InternalCollectionsUtilities _UnsafeBitSet+_Word.swift
[203/1231] Compiling InternalCollectionsUtilities _UnsafeBitSet.swift
[204/1231] Compiling InternalCollectionsUtilities UnsafeBufferPointer+Extras.swift
[205/1231] Compiling InternalCollectionsUtilities UnsafeMutableBufferPointer+Extras.swift
[206/1231] Emitting module InternalCollectionsUtilities
[208/1232] Compiling SystemPackage SystemString.swift
[209/1232] Compiling SystemPackage Util+StringArray.swift
[210/1232] Compiling SystemPackage Util.swift
[211/1232] Compiling SystemPackage UtilConsumers.swift
[212/1232] Compiling SystemPackage WinSDK+Overlay.swift
[215/1232] Emitting module Logging
[230/1232] Compiling SystemPackage Mocking.swift
[237/1233] Compiling Logging MetadataProvider.swift
[240/1234] Compiling SystemPackage RawBuffer.swift
[241/1234] Compiling SystemPackage Syscalls.swift
[242/1234] Compiling SystemPackage WindowsSyscallAdapters.swift
[243/1234] Compiling SystemPackage MachPort.swift
[244/1234] Compiling SystemPackage PlatformString.swift
[244/1234] Wrapping AST for SwiftASN1 for debugging
[246/1238] Compiling SpanPreview MutableSpan+InputSpanHelpers.swift
[247/1238] Compiling SpanPreview InputSpan.swift
[248/1238] Emitting module SpanPreview
[248/1238] Wrapping AST for Logging for debugging
[250/1238] Compiling SpanPreview OutputSpan+InputSpanHelpers.swift
[250/1239] Wrapping AST for InternalCollectionsUtilities for debugging
[252/1239] Compiling tls_method.cc
[253/1239] Compiling tls_record.cc
[255/1239] Compiling Instrumentation InstrumentationSystem.swift
[256/1239] Compiling Instrumentation Instrument.swift
[257/1239] Compiling Instrumentation Locks.swift
[257/1266] Wrapping AST for SpanPreview for debugging
[260/1282] Compiling DequeModule Deque.swift
[261/1282] Compiling DequeModule _DequeBuffer.swift
[262/1282] Compiling DequeModule _DequeBufferHeader.swift
[263/1282] Compiling DequeModule RigidDeque+Append.swift
[264/1282] Compiling DequeModule RigidDeque+Consumption.swift
[265/1282] Compiling DequeModule RigidDeque+ContainerOperations.swift
[266/1282] Compiling DequeModule RigidDeque+Deprecations.swift
[267/1282] Compiling DequeModule RigidDeque+Prepend.swift
[268/1282] Compiling DequeModule RigidDeque+Removals.swift
[269/1282] Compiling DequeModule RigidDeque+Replacements.swift
[270/1282] Compiling DequeModule RigidDeque+Testing.swift
[271/1282] Compiling DequeModule RigidDeque.swift
[272/1282] Compiling DequeModule UniqueDeque+Append.swift
[273/1282] Compiling DequeModule RigidDeque+Descriptions.swift
[274/1282] Compiling DequeModule RigidDeque+Equatable.swift
[275/1282] Compiling DequeModule RigidDeque+Hashable.swift
[277/1291] Compiling DequeModule UniqueDeque+Initializers.swift
[278/1291] Compiling DequeModule UniqueDeque+Insertions.swift
[279/1291] Compiling DequeModule UniqueDeque+Iterable.swift
[280/1291] Compiling DequeModule UniqueDeque+Prepend.swift
[281/1291] Compiling DequeModule UniqueDeque+Removals.swift
[282/1291] Compiling DequeModule UniqueDeque+Consumption.swift
[283/1291] Compiling DequeModule UniqueDeque+ContainerOperations.swift
[284/1291] Compiling DequeModule UniqueDeque+Deprecations.swift
[285/1291] Compiling DequeModule UniqueDeque+Descriptions.swift
[286/1291] Compiling DequeModule UniqueDeque+Equatable.swift
[287/1291] Compiling DequeModule UniqueDeque+Hashable.swift
[291/1296] Compiling DequeModule RigidDeque+Initializers.swift
[292/1296] Compiling DequeModule RigidDeque+Insertions.swift
[293/1296] Compiling DequeModule RigidDeque+Iterable.swift
[294/1296] Compiling Tracing TracingTime.swift
[301/1297] Compiling Tracing TracerProtocol+Legacy.swift
[302/1297] Compiling Tracing TracerProtocol.swift
[303/1297] Compiling Tracing Tracer.swift
[304/1297] Compiling Tracing WithTracer.swift
[304/1297] Compiling tls13_server.cc
[305/1297] Wrapping AST for SystemPackage for debugging
[306/1297] Wrapping AST for Instrumentation for debugging
[314/1297] Compiling DequeModule Deque+Codable.swift
[315/1297] Compiling DequeModule Deque+Collection.swift
[316/1297] Compiling DequeModule Deque+CustomReflectable.swift
[317/1297] Compiling DequeModule Deque+Descriptions.swift
[318/1297] Compiling DequeModule Deque+Equatable.swift
[319/1297] Compiling DequeModule Deque+ExpressibleByArrayLiteral.swift
[320/1297] Compiling Tracing InstrumentationSystem+Tracing.swift
[321/1297] Emitting module Tracing
[322/1297] Compiling Tracing SpanProtocol.swift
[323/1297] Compiling Tracing NoOpTracer.swift
[324/1298] Compiling DequeModule Deque+Extras.swift
[325/1298] Compiling DequeModule Deque+Hashable.swift
[326/1298] Compiling DequeModule Deque+Testing.swift
[327/1298] Compiling DequeModule Deque._Storage.swift
[328/1298] Compiling DequeModule Deque._UnsafeHandle.swift
[330/1298] Compiling tls13_enc.cc
[331/1298] Compiling t1_enc.cc
[332/1298] Compiling tls13_client.cc
[333/1298] Compiling tls13_both.cc
[334/1298] Wrapping AST for Tracing for debugging
[335/1298] Compiling ssl_x509.cc
[337/1298] Emitting module DequeModule
[337/1298] Compiling ssl_versions.cc
[338/1298] Compiling ssl_stat.cc
[339/1298] Compiling ssl_session.cc
[340/1298] Compiling ssl_transcript.cc
[341/1298] Compiling ssl_privkey.cc
[343/1298] Compiling DequeModule UniqueDeque+Replacements.swift
[344/1298] Compiling DequeModule UniqueDeque.swift
[345/1298] Compiling DequeModule _DequeSlot.swift
[346/1298] Compiling DequeModule _UnsafeDequeHandle.swift
[347/1298] Compiling DequeModule _UnsafeDequeSegments.swift
[349/1299] Compiling ExtrasBase64 Base64+Span.swift
[350/1299] Compiling ExtrasBase64 Base32+Span.swift
[351/1299] Compiling ExtrasBase64 Base64.swift
[351/1299] Compiling ssl_file.cc
[352/1342] Compiling ssl_key_share.cc
[354/1342] Emitting module ExtrasBase64
[354/1343] Compiling ssl_lib.cc
[356/1343] Wrapping AST for DequeModule for debugging
[357/1343] Compiling ssl_cipher.cc
[358/1343] Compiling ssl_cert.cc
[359/1354] Compiling ssl_credential.cc
[360/1374] Wrapping AST for ExtrasBase64 for debugging
[362/1374] Compiling Configuration JSONSnapshot.swift
[363/1374] Compiling Configuration PropertyListSnapshot.swift
[364/1374] Compiling Configuration ReloadingFileProvider.swift
[365/1374] Compiling Configuration ReloadingFileProviderMetrics.swift
[366/1374] Compiling Configuration YAMLSnapshot.swift
[367/1374] Compiling Configuration InMemoryProvider.swift
[368/1379] Emitting module Configuration
[368/1379] Compiling ssl_buffer.cc
[369/1379] Compiling s3_lib.cc
[371/1379] Compiling GoogleWKT WKTInt64Value.swift
[372/1379] Compiling GoogleWKT WKTRecursive.swift
[373/1379] Compiling GoogleWKT WKTStringValue.swift
[374/1379] Compiling GoogleWKT WKTTimestamp.swift
[375/1379] Compiling GoogleWKT WKTUInt32Value.swift
[376/1379] Compiling GoogleWKT WKTUInt64Value.swift
[376/1379] Compiling ssl_asn1.cc
[377/1379] Compiling ssl_aead_ctx.cc
[378/1379] Compiling s3_pkt.cc
[379/1379] Compiling s3_both.cc
[385/1383] Compiling GoogleWKT WKTDoubleValue.swift
[386/1383] Compiling GoogleWKT WKTDuration.swift
[387/1383] Compiling GoogleWKT WKTEmpty.swift
[388/1383] Compiling GoogleWKT WKTFieldMask.swift
[389/1383] Compiling GoogleWKT UnknownFields.swift
[390/1383] Compiling GoogleWKT WKTAny.swift
[391/1383] Compiling GoogleWKT WKTAnyError.swift
[392/1383] Compiling GoogleWKT WKTBoolValue.swift
[393/1383] Compiling GoogleWKT WKTBytesValue.swift
[394/1383] Compiling GoogleWKT WKTFloatValue.swift
[395/1383] Compiling GoogleWKT WKTInt32Value.swift
[398/1383] Compiling GoogleWKT WKTValue.swift
[399/1383] Compiling GoogleWKT WKTApi.swift
[400/1383] Compiling GoogleWKT WKTEnum.swift
[401/1383] Compiling GoogleWKT WKTEnumValue.swift
[402/1383] Compiling GoogleWKT WKTField.swift
[403/1383] Compiling GoogleWKT WKTMethod.swift
[404/1383] Compiling GoogleWKT WKTMixin.swift
[405/1383] Compiling GoogleWKT WKTOption.swift
[405/1383] Compiling handshake_client.cc
[406/1383] Compiling handshake_server.cc
[408/1383] Compiling GoogleWKT AnyPackable.swift
[409/1383] Compiling GoogleWKT DecodeToDefault.swift
[410/1383] Compiling GoogleWKT DiscoveryBase64.swift
[411/1383] Compiling GoogleWKT ProtoJSONDecoder.swift
[412/1383] Compiling GoogleWKT ProtoJSONEncoder.swift
[413/1383] Emitting module GoogleWKT
[413/1383] Compiling handshake.cc
[415/1383] Compiling GoogleWKT WKTSourceContext.swift
[416/1383] Compiling GoogleWKT WKTSyntax.swift
[417/1383] Compiling GoogleWKT WKTType.swift
[418/1383] Compiling GoogleWKT PackageVersion.swift
[419/1399] Compiling handoff.cc
[421/1399] Compiling GoogleRpc Help.swift
[422/1399] Compiling GoogleRpc HttpHeader.swift
[423/1399] Compiling GoogleRpc HttpRequest.swift
[424/1399] Compiling GoogleRpc HttpResponse.swift
[425/1399] Compiling GoogleRpc PreconditionFailure.swift
[426/1399] Compiling GoogleRpc QuotaFailure.swift
[433/1399] Compiling Configuration MutableInMemoryProvider.swift
[434/1399] Compiling Configuration ConfigProvider+Operators.swift
[435/1399] Compiling Configuration KeyMappingProvider.swift
[436/1399] Compiling Configuration SecretsSpecifier.swift
[437/1399] Compiling Configuration AsyncCombineLatestManySequence.swift
[438/1399] Compiling Configuration CombineLatestManyStateMachine.swift
[438/1399] Wrapping AST for GoogleWKT for debugging
[440/1399] Compiling GoogleRpc LocalizedMessage.swift
[441/1399] Compiling GoogleRpc PackageVersion.swift
[443/1401] Compiling extensions.cc
[447/1401] Compiling GoogleRpc DebugInfo.swift
[448/1401] Compiling GoogleRpc ErrorInfo.swift
[448/1401] Compiling encrypted_client_hello.cc
[450/1401] Emitting module GoogleRpc
[451/1401] Compiling GoogleRpc BadRequest.swift
[452/1401] Compiling GoogleRpc Code.swift
[453/1401] Compiling GoogleRpc RequestInfo.swift
[454/1401] Compiling GoogleRpc ResourceInfo.swift
[457/1401] Compiling Configuration CombineLatestManyStorage.swift
[458/1401] Compiling Configuration AsyncSequences.swift
[459/1401] Compiling Configuration FoundationExtensions.swift
[460/1401] Compiling Configuration Span.swift
[461/1401] Compiling Configuration ConfigBytesFromStringDecoder.swift
[461/1401] Compiling dtls_method.cc
[462/1401] Compiling dtls_record.cc
[464/1401] Compiling GoogleRpc RetryInfo.swift
[465/1401] Compiling GoogleRpc Status.swift
[466/1402] Compiling d1_srtp.cc
[467/1402] Compiling md5-x86_64-linux.S
[468/1402] Compiling md5-x86_64-apple.S
[469/1402] Compiling md5-586-linux.S
[470/1402] Compiling md5-586-apple.S
[471/1402] Wrapping AST for GoogleRpc for debugging
[472/1402] Compiling chacha20_poly1305_x86_64-linux.S
[473/1402] Compiling chacha20_poly1305_x86_64-apple.S
[474/1402] Compiling chacha20_poly1305_armv8-win.S
[475/1402] Compiling chacha20_poly1305_armv8-apple.S
[476/1402] Compiling chacha-x86_64-linux.S
[477/1402] Compiling chacha20_poly1305_armv8-linux.S
[478/1402] Compiling chacha-x86_64-apple.S
[479/1402] Compiling chacha-x86-linux.S
[480/1402] Compiling chacha-x86-apple.S
[481/1402] Compiling chacha-armv8-win.S
[482/1402] Compiling chacha-armv8-apple.S
[483/1402] Compiling chacha-armv8-linux.S
[484/1402] Compiling chacha-armv4-linux.S
[485/1402] Compiling aes128gcmsiv-x86_64-linux.S
[486/1402] Compiling err_data.cc
[487/1402] Compiling aes128gcmsiv-x86_64-apple.S
[488/1402] Compiling x86_64-mont5-linux.S
[489/1402] Compiling x86_64-mont5-apple.S
[490/1402] Compiling x86_64-mont-linux.S
[491/1402] Compiling x86_64-mont-apple.S
[492/1402] Compiling x86-mont-linux.S
[493/1402] Compiling x86-mont-apple.S
[494/1402] Compiling vpaes-x86_64-linux.S
[495/1402] Compiling vpaes-x86_64-apple.S
[496/1402] Compiling vpaes-x86-linux.S
[497/1402] Compiling d1_pkt.cc
[498/1402] Compiling vpaes-x86-apple.S
[498/1402] Compiling vpaes-armv8-win.S
[500/1402] Compiling vpaes-armv8-linux.S
[501/1402] Compiling vpaes-armv8-apple.S
[502/1402] Compiling vpaes-armv7-linux.S
[515/1402] Compiling sha512-x86_64-linux.S
[516/1403] Compiling sha512-x86_64-apple.S
[517/1403] Compiling sha512-armv8-win.S
[518/1403] Compiling sha512-armv8-apple.S
[519/1403] Compiling sha512-armv8-linux.S
[521/1403] Compiling d1_lib.cc
[522/1403] Compiling sha512-armv4-linux.S
[523/1403] Compiling sha512-586-linux.S
[524/1403] Compiling sha512-586-apple.S
[525/1403] Compiling sha256-x86_64-linux.S
[526/1403] Compiling bio_ssl.cc
[527/1403] Compiling sha256-x86_64-apple.S
[528/1403] Compiling sha256-armv8-win.S
[529/1403] Compiling sha256-armv8-apple.S
[530/1403] Compiling sha256-armv8-linux.S
[531/1403] Compiling sha256-armv4-linux.S
[532/1403] Compiling sha256-586-linux.S
[533/1403] Compiling sha1-x86_64-apple.S
[534/1403] Compiling sha1-x86_64-linux.S
[535/1403] Compiling sha256-586-apple.S
[536/1403] Compiling sha1-armv8-win.S
[537/1403] Wrapping AST for Configuration for debugging
[538/1403] Compiling sha1-armv8-apple.S
[539/1403] Compiling sha1-armv4-large-linux.S
[539/1403] Compiling sha1-586-linux.S
[541/1403] Compiling sha1-586-apple.S
[542/1403] Compiling sha1-armv8-linux.S
[543/1403] Compiling rsaz-avx2-linux.S
[544/1403] Compiling rsaz-avx2-apple.S
[545/1403] Compiling rdrand-x86_64-apple.S
[545/1403] Compiling rdrand-x86_64-linux.S
[547/1403] Compiling p256_beeu-x86_64-asm-linux.S
[548/1403] Compiling p256_beeu-x86_64-asm-apple.S
[549/1403] Compiling p256_beeu-armv8-asm-win.S
[550/1403] Compiling p256_beeu-armv8-asm-apple.S
[551/1403] Compiling p256_beeu-armv8-asm-linux.S
[551/1403] Compiling p256-x86_64-asm-linux.S
[553/1403] Compiling p256-armv8-asm-win.S
[554/1403] Compiling p256-x86_64-asm-apple.S
[555/1403] Compiling p256-armv8-asm-linux.S
[556/1403] Compiling p256-armv8-asm-apple.S
[557/1403] Compiling ghashv8-armv8-win.S
[558/1403] Compiling ghashv8-armv8-linux.S
[559/1403] Compiling ghashv8-armv7-linux.S
[560/1403] Compiling ghash-x86_64-linux.S
[561/1403] Compiling ghashv8-armv8-apple.S
[562/1403] Compiling ghash-x86-linux.S
[563/1403] Compiling ghash-x86_64-apple.S
[564/1403] Compiling ghash-ssse3-x86_64-apple.S
[565/1403] Compiling ghash-x86-apple.S
[566/1403] Compiling ghash-ssse3-x86_64-linux.S
[567/1403] Compiling ghash-ssse3-x86-linux.S
[568/1403] Compiling ghash-ssse3-x86-apple.S
[569/1403] Compiling d1_both.cc
[570/1403] Compiling ghash-neon-armv8-win.S
[571/1403] Compiling ghash-neon-armv8-linux.S
[572/1403] Compiling ghash-neon-armv8-apple.S
[573/1403] Compiling ghash-armv4-linux.S
[574/1403] Compiling co-586-linux.S
[575/1403] Compiling co-586-apple.S
[576/1403] Compiling bsaes-armv7-linux.S
[576/1403] Compiling bn-armv8-win.S
[578/1403] Compiling bn-armv8-linux.S
[579/1403] Compiling bn-586-linux.S
[580/1403] Compiling bn-armv8-apple.S
[580/1403] Compiling bn-586-apple.S
[582/1403] Compiling armv8-mont-win.S
[583/1403] Compiling armv8-mont-linux.S
[584/1403] Compiling armv4-mont-linux.S
[585/1403] Compiling armv8-mont-apple.S
[586/1403] Compiling aesv8-gcm-armv8-win.S
[587/1403] Compiling aesv8-gcm-armv8-apple.S
[588/1403] Compiling aesv8-armv8-win.S
[589/1403] Compiling aesv8-gcm-armv8-linux.S
[590/1403] Compiling aesv8-armv8-linux.S
[591/1403] Compiling aesv8-armv8-apple.S
[592/1403] Compiling aesni-x86_64-linux.S
[593/1403] Compiling aesv8-armv7-linux.S
[594/1403] Compiling aesni-x86_64-apple.S
[595/1403] Compiling aesni-x86-apple.S
[596/1403] Compiling aesni-x86-linux.S
[597/1403] Compiling aesni-gcm-x86_64-linux.S
[598/1403] Compiling aesni-gcm-x86_64-apple.S
[599/1403] Compiling aes-gcm-avx2-x86_64-apple.S
[600/1403] Compiling aes-gcm-avx10-x86_64-linux.S
[601/1403] Compiling aes-gcm-avx2-x86_64-linux.S
[602/1403] Compiling aes-gcm-avx10-x86_64-apple.S
[603/1403] Compiling x_sig.cc
[604/1403] Compiling x_val.cc
[605/1403] Compiling x_x509a.cc
[606/1403] Compiling x_spki.cc
[607/1403] Compiling x_x509.cc
[607/1403] Compiling x_pubkey.cc
[608/1403] Compiling x_name.cc
[610/1403] Compiling x_req.cc
[611/1403] Compiling x_exten.cc
[612/1403] Compiling x509spki.cc
[613/1403] Compiling x_attrib.cc
[614/1403] Compiling x_crl.cc
[614/1403] Compiling x_algor.cc
[616/1403] Compiling x509rset.cc
[617/1403] Compiling x509name.cc
[618/1403] Compiling x_all.cc
[619/1403] Compiling x509cset.cc
[620/1403] Compiling x509_vpm.cc
[621/1403] Compiling x509_txt.cc
[622/1403] Compiling x509_trs.cc
[622/1403] Compiling x509_v3.cc
[624/1403] Compiling x509_set.cc
[625/1403] Compiling x509_vfy.cc
[626/1403] Compiling x509_req.cc
[627/1403] Compiling x509_d2.cc
[627/1403] Compiling x509_obj.cc
[629/1403] Compiling x509_def.cc
[630/1403] Compiling x509_ext.cc
[631/1403] Compiling x509_lu.cc
[632/1403] Compiling x509_att.cc
[633/1403] Compiling x509.cc
[634/1403] Compiling x509_cmp.cc
[635/1403] Compiling v3_skey.cc
[636/1403] Compiling v3_prn.cc
[637/1403] Compiling v3_pmaps.cc
[638/1403] Compiling v3_purp.cc
[639/1403] Compiling v3_ocsp.cc
[640/1403] Compiling v3_pcons.cc
[641/1403] Compiling v3_utl.cc
[642/1403] Compiling v3_ncons.cc
[643/1403] Compiling v3_int.cc
[644/1403] Compiling v3_info.cc
[645/1403] Compiling v3_lib.cc
[645/1403] Compiling v3_ia5.cc
[647/1403] Compiling v3_genn.cc
[648/1403] Compiling v3_extku.cc
[649/1403] Compiling v3_enum.cc
[650/1403] Compiling v3_crld.cc
[651/1403] Compiling v3_cpols.cc
[652/1403] Compiling v3_bitst.cc
[653/1403] Compiling v3_conf.cc
[654/1403] Compiling v3_bcons.cc
[655/1403] Compiling v3_akeya.cc
[655/1403] Compiling v3_alt.cc
[657/1403] Compiling v3_akey.cc
[658/1403] Compiling t_x509a.cc
[659/1403] Compiling i2d_pr.cc
[660/1403] Compiling t_crl.cc
[661/1403] Compiling t_x509.cc
[662/1403] Compiling name_print.cc
[662/1403] Compiling t_req.cc
[664/1403] Compiling rsa_pss.cc
[665/1403] Compiling policy.cc
[666/1403] Compiling by_file.cc
[667/1403] Compiling by_dir.cc
[668/1403] Compiling algorithm.cc
[669/1403] Compiling asn1_gen.cc
[670/1403] Compiling a_verify.cc
[671/1403] Compiling a_digest.cc
[672/1403] Compiling voprf.cc
[673/1403] Compiling a_sign.cc
[674/1403] Compiling trust_token.cc
[675/1403] Compiling thread_win.cc
[676/1403] Compiling thread.cc
[677/1403] Compiling thread_pthread.cc
[678/1403] Compiling thread_none.cc
[679/1403] Compiling stack.cc
[680/1403] Compiling pmbtoken.cc
[681/1403] Compiling slhdsa.cc
[682/1403] Compiling spake2plus.cc
[683/1403] Compiling sha512.cc
[684/1403] Compiling sha1.cc
[685/1403] Compiling sha256.cc
[686/1403] Compiling siphash.cc
[687/1403] Compiling rsa_print.cc
[688/1403] Compiling rsa_extra.cc
[689/1403] Compiling rsa_crypt.cc
[690/1403] Compiling rc4.cc
[691/1403] Compiling refcount.cc
[692/1403] Compiling windows.cc
[693/1403] Compiling urandom.cc
[694/1403] Compiling trusty.cc
[695/1403] Compiling rsa_asn1.cc
[696/1403] Compiling rand.cc
[697/1403] Compiling passive.cc
[698/1403] Compiling poly1305_arm_asm.S
[699/1403] Compiling ios.cc
[700/1403] Compiling getentropy.cc
[701/1403] Compiling forkunsafe.cc
[702/1403] Compiling fork_detect.cc
[703/1403] Compiling deterministic.cc
[704/1403] Compiling poly1305_vec.cc
[705/1403] Compiling pool.cc
[706/1403] Compiling poly1305_arm.cc
[707/1403] Compiling poly1305.cc
[708/1403] Compiling pkcs7.cc
[709/1403] Compiling pkcs8.cc
[710/1403] Compiling p5_pbev2.cc
[711/1403] Compiling pkcs7_x509.cc
[712/1403] Compiling pkcs8_x509.cc
[713/1403] Compiling pem_xaux.cc
[714/1403] Compiling pem_x509.cc
[715/1403] Compiling pem_pkey.cc
[716/1403] Compiling pem_pk8.cc
[717/1403] Compiling pem_oth.cc
[718/1403] Compiling mlkem.cc
[719/1403] Compiling pem_info.cc
[720/1403] Compiling pem_lib.cc
[721/1403] Compiling pem_all.cc
[722/1403] Compiling obj_xref.cc
[723/1403] Compiling obj.cc
[724/1403] Compiling poly_rq_mul.S
[725/1403] Compiling mldsa.cc
[726/1403] Compiling fips_shared_support.cc
[727/1403] Compiling mem.cc
[728/1403] Compiling md5.cc
[729/1403] Compiling lhash.cc
[730/1403] Compiling md4.cc
[731/1403] Compiling kyber.cc
[732/1403] Compiling ex_data.cc
[733/1403] Compiling hrss.cc
[734/1403] Compiling sign.cc
[735/1403] Compiling scrypt.cc
[736/1403] Compiling print.cc
[737/1403] Compiling hpke.cc
[738/1403] Compiling pbkdf.cc
[739/1403] Compiling p_x25519.cc
[740/1403] Compiling p_x25519_asn1.cc
[741/1403] Compiling p_rsa_asn1.cc
[742/1403] Compiling p_rsa.cc
[743/1403] Compiling p_hkdf.cc
[744/1403] Compiling p_ed25519.cc
[745/1403] Compiling p_ed25519_asn1.cc
[746/1403] Compiling p_ec_asn1.cc
[747/1403] Compiling p_ec.cc
[748/1403] Compiling p_dh_asn1.cc
[749/1403] Compiling p_dh.cc
[750/1403] Compiling evp_ctx.cc
[751/1403] Compiling p_dsa_asn1.cc
[752/1403] Compiling evp_asn1.cc
[753/1403] Compiling err.cc
[754/1403] Compiling evp.cc
[755/1403] Compiling engine.cc
[756/1403] Compiling ecdh.cc
[757/1403] Compiling hash_to_curve.cc
[758/1403] Compiling ecdsa_asn1.cc
[759/1403] Compiling ec_derive.cc
[760/1403] Compiling dsa.cc
[761/1403] Compiling dsa_asn1.cc
[762/1403] Compiling ec_asn1.cc
[763/1403] Compiling params.cc
[764/1403] Compiling x25519-asm-arm.S
[765/1403] Compiling digest_extra.cc
[766/1403] Compiling bcm.cc
[767/1403] Compiling des.cc
[768/1403] Compiling dh_asn1.cc
[769/1403] Compiling curve25519_64_adx.cc
[770/1403] Compiling spake25519.cc
[770/1403] Compiling cpu_intel.cc
[772/1403] Compiling crypto.cc
[773/1403] Compiling cpu_arm_linux.cc
[774/1403] Compiling curve25519.cc
[775/1403] Compiling cpu_arm_freebsd.cc
[776/1403] Compiling cpu_aarch64_win.cc
[777/1403] Compiling cpu_aarch64_sysreg.cc
[778/1403] Compiling cpu_aarch64_openbsd.cc
[779/1403] Compiling cpu_aarch64_linux.cc
[780/1403] Compiling cpu_aarch64_fuchsia.cc
[781/1403] Compiling cpu_aarch64_apple.cc
[782/1403] Compiling get_cipher.cc
[783/1403] Compiling tls_cbc.cc
[784/1403] Compiling conf.cc
[785/1403] Compiling e_tls.cc
[786/1403] Compiling e_rc4.cc
[787/1403] Compiling e_null.cc
[788/1403] Compiling e_rc2.cc
[789/1403] Compiling e_des.cc
[790/1403] Compiling e_chacha20poly1305.cc
[791/1403] Compiling e_aesctrhmac.cc
[792/1403] Compiling e_aesgcmsiv.cc
[793/1403] Compiling derive_key.cc
[794/1403] Compiling chacha.cc
[795/1403] Compiling unicode.cc
[796/1403] Compiling buf.cc
[797/1403] Compiling cbb.cc
[797/1403] Compiling cbs.cc
[799/1403] Compiling ber.cc
[800/1403] Compiling asn1_compat.cc
[801/1403] Compiling bn_asn1.cc
[802/1403] Compiling convert.cc
[803/1403] Compiling blake2.cc
[804/1403] Compiling socket_helper.cc
[805/1403] Compiling printf.cc
[806/1403] Compiling socket.cc
[807/1403] Compiling hexdump.cc
[808/1403] Compiling pair.cc
[809/1403] Compiling file.cc
[810/1403] Compiling fd.cc
[811/1403] Compiling errno.cc
[812/1403] Compiling connect.cc
[813/1403] Compiling bio_mem.cc
[814/1403] Compiling bio.cc
[815/1403] Compiling base64.cc
[816/1403] Compiling tasn_utl.cc
[817/1403] Compiling tasn_typ.cc
[818/1403] Compiling tasn_fre.cc
[819/1403] Compiling tasn_enc.cc
[820/1403] Compiling f_string.cc
[821/1403] Compiling posix_time.cc
[822/1403] Compiling tasn_new.cc
[823/1403] Compiling tasn_dec.cc
[824/1403] Compiling f_int.cc
[825/1403] Compiling asn_pack.cc
[826/1403] Compiling asn1_par.cc
[827/1403] Compiling asn1_lib.cc
[828/1403] Compiling a_utctm.cc
[829/1403] Compiling a_type.cc
[830/1403] Compiling a_time.cc
[831/1403] Compiling a_octet.cc
[832/1403] Compiling a_strnid.cc
[833/1403] Compiling a_strex.cc
[834/1403] Compiling a_object.cc
[835/1403] Compiling a_i2d_fp.cc
[836/1403] Compiling a_dup.cc
[837/1403] Compiling a_gentm.cc
[838/1403] Compiling a_int.cc
[839/1403] Compiling a_mbstr.cc
[840/1403] Compiling a_d2i_fp.cc
[841/1403] Compiling CGoogleGaxCRC32C CGoogleGaxCRC32C.c
[842/1403] Compiling fiat_p256_adx_sqr.S
[843/1403] Compiling fiat_p256_adx_mul.S
[844/1403] Compiling fiat_curve25519_adx_square.S
[845/1403] Compiling fiat_curve25519_adx_mul.S
[846/1403] Compiling md5-x86_64-linux.S
[847/1403] Compiling md5-x86_64-apple.S
[848/1403] Compiling md5-586-linux.S
[849/1403] Compiling a_bitstr.cc
[850/1403] Compiling md5-586-apple.S
[851/1403] Compiling chacha20_poly1305_x86_64-linux.S
[852/1403] Compiling chacha20_poly1305_x86_64-apple.S
[853/1403] Compiling chacha20_poly1305_armv8-win.S
[854/1403] Compiling chacha20_poly1305_armv8-apple.S
[855/1403] Compiling chacha-x86_64-linux.S
[856/1403] Compiling chacha20_poly1305_armv8-linux.S
[857/1403] Compiling CCryptoBoringSSLShims shims.c
[858/1403] Compiling chacha-x86_64-apple.S
[859/1403] Compiling chacha-x86-linux.S
[860/1403] Compiling chacha-x86-apple.S
[861/1403] Compiling a_bool.cc
[862/1403] Compiling chacha-armv8-win.S
[863/1403] Compiling chacha-armv8-apple.S
[864/1403] Compiling chacha-armv4-linux.S
[865/1403] Compiling aes128gcmsiv-x86_64-linux.S
[865/1403] Compiling aes128gcmsiv-x86_64-apple.S
[867/1403] Compiling chacha-armv8-linux.S
[868/1403] Compiling x86_64-mont5-linux.S
[869/1403] Compiling x86_64-mont5-apple.S
[870/1403] Compiling x86_64-mont-linux.S
[870/1403] Compiling x86_64-mont-apple.S
[872/1403] Compiling x86-mont-linux.S
[873/1403] Compiling x86-mont-apple.S
[874/1403] Compiling vpaes-x86_64-linux.S
[875/1403] Compiling vpaes-x86-linux.S
[876/1403] Compiling vpaes-x86_64-apple.S
[877/1403] Compiling vpaes-x86-apple.S
[878/1403] Compiling vpaes-armv8-win.S
[879/1403] Compiling vpaes-armv8-apple.S
[880/1403] Compiling vpaes-armv7-linux.S
[881/1403] Compiling vpaes-armv8-linux.S
[882/1403] Compiling sha512-x86_64-linux.S
[883/1403] Compiling sha512-x86_64-apple.S
[884/1403] Compiling sha512-armv8-win.S
[885/1403] Compiling sha512-armv8-apple.S
[886/1403] Compiling sha512-armv4-linux.S
[887/1403] Compiling sha512-armv8-linux.S
[888/1403] Compiling sha512-586-linux.S
[889/1403] Compiling err_data.cc
[890/1403] Compiling sha256-x86_64-linux.S
[891/1403] Compiling sha512-586-apple.S
[892/1403] Compiling sha256-x86_64-apple.S
[893/1403] Compiling sha256-armv8-win.S
[894/1403] Compiling sha256-armv8-apple.S
[895/1403] Compiling sha256-586-apple.S
[896/1403] Compiling sha256-586-linux.S
[897/1403] Compiling sha256-armv4-linux.S
[898/1403] Compiling sha256-armv8-linux.S
[899/1403] Compiling sha1-x86_64-linux.S
[900/1403] Compiling sha1-x86_64-apple.S
[901/1403] Compiling sha1-armv8-apple.S
[902/1403] Compiling sha1-armv8-win.S
[903/1403] Compiling sha1-armv4-large-linux.S
[904/1403] Compiling sha1-armv8-linux.S
[905/1403] Compiling sha1-586-linux.S
[906/1403] Compiling rsaz-avx2-apple.S
[907/1403] Compiling rsaz-avx2-linux.S
[908/1403] Compiling sha1-586-apple.S
[909/1403] Compiling rdrand-x86_64-linux.S
[910/1403] Compiling rdrand-x86_64-apple.S
[911/1403] Compiling p256_beeu-x86_64-asm-linux.S
[912/1403] Compiling p256_beeu-x86_64-asm-apple.S
[913/1403] Compiling p256_beeu-armv8-asm-win.S
[914/1403] Compiling p256_beeu-armv8-asm-linux.S
[915/1403] Compiling p256-x86_64-asm-linux.S
[916/1403] Compiling p256-x86_64-asm-apple.S
[917/1403] Compiling p256_beeu-armv8-asm-apple.S
[918/1403] Compiling p256-armv8-asm-win.S
[919/1403] Compiling p256-armv8-asm-linux.S
[920/1403] Compiling p256-armv8-asm-apple.S
[921/1403] Compiling ghashv8-armv8-win.S
[922/1403] Compiling ghashv8-armv8-linux.S
[923/1403] Compiling ghashv8-armv8-apple.S
[924/1403] Compiling ghashv8-armv7-linux.S
[925/1403] Compiling ghash-x86_64-apple.S
[926/1403] Compiling ghash-x86-linux.S
[927/1403] Compiling ghash-x86_64-linux.S
[928/1403] Compiling ghash-x86-apple.S
[929/1403] Compiling ghash-ssse3-x86_64-linux.S
[930/1403] Compiling ghash-ssse3-x86_64-apple.S
[931/1403] Compiling ghash-ssse3-x86-linux.S
[932/1403] Compiling ghash-neon-armv8-win.S
[933/1403] Compiling ghash-ssse3-x86-apple.S
[934/1403] Compiling ghash-neon-armv8-linux.S
[935/1403] Compiling ghash-neon-armv8-apple.S
[936/1403] Compiling ghash-armv4-linux.S
[937/1403] Compiling co-586-linux.S
[938/1403] Compiling co-586-apple.S
[939/1403] Compiling bsaes-armv7-linux.S
[940/1403] Compiling bn-armv8-win.S
[941/1403] Compiling bn-armv8-linux.S
[942/1403] Compiling bn-armv8-apple.S
[943/1403] Compiling bn-586-apple.S
[944/1403] Compiling bn-586-linux.S
[945/1403] Compiling armv8-mont-win.S
[946/1403] Compiling armv8-mont-apple.S
[947/1403] Compiling armv8-mont-linux.S
[948/1403] Compiling armv4-mont-linux.S
[949/1403] Compiling aesv8-gcm-armv8-apple.S
[950/1403] Compiling aesv8-gcm-armv8-win.S
[951/1403] Compiling aesv8-gcm-armv8-linux.S
[952/1403] Compiling aesv8-armv8-win.S
[953/1403] Compiling aesv8-armv8-linux.S
[954/1403] Compiling aesv8-armv7-linux.S
[955/1403] Compiling aesv8-armv8-apple.S
[956/1403] Compiling aesni-x86_64-linux.S
[957/1403] Compiling aesni-x86_64-apple.S
[958/1403] Compiling aesni-x86-linux.S
[959/1403] Compiling aesni-x86-apple.S
[960/1403] Compiling aesni-gcm-x86_64-linux.S
[961/1403] Compiling aes-gcm-avx512-x86_64-linux.S
[962/1403] Compiling aesni-gcm-x86_64-apple.S
[963/1403] Compiling aes-gcm-avx512-x86_64-apple.S
[964/1403] Compiling aes-gcm-avx2-x86_64-linux.S
[965/1403] Compiling aes-gcm-avx2-x86_64-apple.S
[966/1403] Compiling xwing.cc
[967/1403] Compiling x_sig.cc
[968/1403] Compiling x_spki.cc
[969/1403] Compiling x_x509a.cc
[970/1403] Compiling x_req.cc
[971/1403] Compiling x_x509.cc
[972/1403] Compiling c-nioatomics.c
[973/1403] Compiling x_pubkey.cc
[974/1403] Compiling x_exten.cc
[975/1403] Compiling x_crl.cc
[976/1403] Compiling x_name.cc
[977/1403] Compiling x_attrib.cc
[978/1403] Compiling c-atomics.c
[979/1410] Compiling x_all.cc
[981/1410] Compiling NIOConcurrencyHelpers NIOLockedValueBox.swift
[981/1410] Compiling x_algor.cc
[983/1410] Compiling NIOConcurrencyHelpers NIOThreadPoolWorkAvailable.swift
[983/1410] Compiling x509_vpm.cc
[984/1410] Compiling x509cset.cc
[986/1410] Compiling NIOConcurrencyHelpers NIOLock.swift
[986/1410] Compiling x509rset.cc
[987/1410] Compiling x509name.cc
[988/1410] Compiling x509spki.cc
[990/1410] Compiling NIOConcurrencyHelpers atomics.swift
[991/1410] Compiling NIOConcurrencyHelpers lock.swift
[992/1410] Emitting module NIOConcurrencyHelpers
[993/1410] Compiling NIOConcurrencyHelpers NIOAtomic.swift
[994/1411] Compiling x509_v3.cc
[995/1411] Wrapping AST for NIOConcurrencyHelpers for debugging
[996/1411] Compiling x509_vfy.cc
[997/1411] Compiling x509_txt.cc
[998/1411] Compiling x509_trs.cc
[999/1411] Compiling x509_req.cc
[1000/1411] Compiling x509_set.cc
[1001/1411] Compiling x509_obj.cc
[1002/1411] Compiling x509_lu.cc
[1003/1411] Compiling x509_ext.cc
[1004/1411] Compiling x509_def.cc
[1005/1411] Compiling x509_d2.cc
[1006/1411] Compiling x509.cc
[1007/1411] Compiling x509_cmp.cc
[1008/1411] Compiling x509_att.cc
[1009/1411] Compiling v3_utl.cc
[1010/1411] Compiling v3_skey.cc
[1011/1411] Compiling v3_purp.cc
[1012/1411] Compiling v3_prn.cc
[1013/1411] Compiling v3_pmaps.cc
[1014/1411] Compiling v3_ocsp.cc
[1015/1411] Compiling v3_pcons.cc
[1016/1411] Compiling v3_ncons.cc
[1017/1411] Compiling v3_lib.cc
[1018/1411] Compiling v3_int.cc
[1019/1411] Compiling v3_info.cc
[1020/1411] Compiling v3_ia5.cc
[1021/1411] Compiling v3_genn.cc
[1022/1411] Compiling v3_extku.cc
[1023/1411] Compiling v3_enum.cc
[1024/1411] Compiling v3_crld.cc
[1025/1411] Compiling v3_cpols.cc
[1026/1411] Compiling v3_conf.cc
[1027/1411] Compiling v3_bitst.cc
[1028/1411] Compiling v3_bcons.cc
[1029/1411] Compiling v3_alt.cc
[1030/1411] Compiling v3_akeya.cc
[1031/1411] Compiling v3_akey.cc
[1032/1411] Compiling t_x509a.cc
[1033/1411] Compiling t_x509.cc
[1034/1411] Compiling t_req.cc
[1035/1411] Compiling t_crl.cc
[1036/1411] Compiling rsa_pss.cc
[1037/1411] Compiling i2d_pr.cc
[1038/1411] Compiling name_print.cc
[1039/1411] Compiling policy.cc
[1040/1411] Compiling by_file.cc
[1041/1411] Compiling by_dir.cc
[1042/1411] Compiling asn1_gen.cc
[1043/1411] Compiling algorithm.cc
[1044/1411] Compiling a_verify.cc
[1045/1411] Compiling a_sign.cc
[1046/1411] Compiling a_digest.cc
[1047/1411] Compiling voprf.cc
[1047/1411] Compiling trust_token.cc
[1049/1411] Compiling thread_win.cc
[1050/1411] Compiling thread_pthread.cc
[1051/1411] Compiling thread_none.cc
[1052/1411] Compiling thread.cc
[1053/1411] Compiling pmbtoken.cc
[1054/1411] Compiling stack.cc
[1055/1411] Compiling siphash.cc
[1056/1411] Compiling sha512.cc
[1057/1411] Compiling sha256.cc
[1058/1411] Compiling slhdsa.cc
[1059/1411] Compiling sha1.cc
[1060/1411] Compiling rsa_print.cc
[1061/1411] Compiling spake2plus.cc
[1062/1411] Compiling rsa_extra.cc
[1063/1411] Compiling rsa_crypt.cc
[1064/1411] Compiling refcount.cc
[1065/1411] Compiling rc4.cc
[1066/1411] Compiling windows.cc
[1067/1411] Compiling urandom.cc
[1068/1411] Compiling trusty.cc
[1069/1411] Compiling rand.cc
[1070/1411] Compiling rsa_asn1.cc
[1071/1411] Compiling ios.cc
[1072/1411] Compiling passive.cc
[1073/1411] Compiling poly1305_arm_asm.S
[1074/1411] Compiling getentropy.cc
[1075/1411] Compiling deterministic.cc
[1076/1411] Compiling forkunsafe.cc
[1077/1411] Compiling fork_detect.cc
[1078/1411] Compiling poly1305_vec.cc
[1079/1411] Compiling poly1305_arm.cc
[1080/1411] Compiling poly1305.cc
[1081/1411] Compiling pool.cc
[1082/1411] Compiling pkcs8_x509.cc
[1083/1411] Compiling p5_pbev2.cc
[1084/1411] Compiling pkcs8.cc
[1085/1411] Compiling pkcs7_x509.cc
[1086/1411] Compiling pkcs7.cc
[1087/1411] Compiling pem_x509.cc
[1087/1411] Compiling pem_xaux.cc
[1089/1411] Compiling pem_pkey.cc
[1090/1411] Compiling pem_pk8.cc
[1091/1411] Compiling mlkem.cc
[1092/1411] Compiling pem_oth.cc
[1093/1411] Compiling pem_info.cc
[1094/1411] Compiling pem_lib.cc
[1095/1411] Compiling obj_xref.cc
[1096/1411] Compiling pem_all.cc
[1097/1411] Compiling obj.cc
[1098/1411] Compiling poly_rq_mul.S
[1099/1411] Compiling mldsa.cc
[1100/1411] Compiling mem.cc
[1101/1411] Compiling fips_shared_support.cc
[1102/1411] Compiling lhash.cc
[1103/1411] Compiling md5.cc
[1104/1411] Compiling md4.cc
[1105/1411] Compiling kyber.cc
[1106/1411] Compiling fuzzer_mode.cc
[1107/1411] Compiling hrss.cc
[1108/1411] Compiling ex_data.cc
[1109/1411] Compiling hpke.cc
[1110/1411] Compiling scrypt.cc
[1111/1411] Compiling pbkdf.cc
[1112/1411] Compiling sign.cc
[1113/1411] Compiling print.cc
[1114/1411] Compiling p_x25519_asn1.cc
[1115/1411] Compiling p_x25519.cc
[1116/1411] Compiling p_rsa_asn1.cc
[1117/1411] Compiling p_rsa.cc
[1118/1411] Compiling p_ed25519.cc
[1119/1411] Compiling p_hkdf.cc
[1120/1411] Compiling p_ed25519_asn1.cc
[1121/1411] Compiling p_ec_asn1.cc
[1122/1411] Compiling p_ec.cc
[1123/1411] Compiling p_dsa_asn1.cc
[1124/1411] Compiling p_dh.cc
[1125/1411] Compiling p_dh_asn1.cc
[1126/1411] Compiling evp_ctx.cc
[1127/1411] Compiling err.cc
[1128/1411] Compiling engine.cc
[1129/1411] Compiling evp_asn1.cc
[1130/1411] Compiling ecdsa_p1363.cc
[1131/1411] Compiling ecdh.cc
[1132/1411] Compiling ecdsa_asn1.cc
[1133/1411] Compiling ec_derive.cc
[1134/1411] Compiling hash_to_curve.cc
[1135/1411] Compiling dsa.cc
[1136/1411] Compiling dsa_asn1.cc
[1137/1411] Compiling ec_asn1.cc
[1138/1411] Compiling params.cc
[1139/1411] Compiling x25519-asm-arm.S
[1140/1411] Compiling digest_extra.cc
[1141/1411] Compiling des.cc
[1142/1411] Compiling dh_asn1.cc
[1143/1411] Compiling curve25519_64_adx.cc
[1144/1411] Compiling crypto.cc
[1145/1411] Compiling spake25519.cc
[1146/1411] Compiling cpu_intel.cc
[1147/1411] Compiling curve25519.cc
[1148/1411] Compiling cpu_arm_linux.cc
[1149/1411] Compiling cpu_arm_freebsd.cc
[1150/1411] Compiling cpu_aarch64_win.cc
[1151/1411] Compiling cpu_aarch64_sysreg.cc
[1152/1411] Compiling cpu_aarch64_openbsd.cc
[1153/1411] Compiling cpu_aarch64_linux.cc
[1154/1411] Compiling cpu_aarch64_fuchsia.cc
[1155/1411] Compiling cpu_aarch64_apple.cc
[1156/1411] Compiling tls_cbc.cc
[1157/1411] Compiling conf.cc
[1158/1411] Compiling get_cipher.cc
[1159/1411] Compiling e_tls.cc
[1160/1411] Compiling e_rc4.cc
[1161/1411] Compiling e_rc2.cc
[1162/1411] Compiling cms.cc
[1163/1411] Compiling e_null.cc
[1164/1411] Compiling e_des.cc
[1165/1411] Compiling e_chacha20poly1305.cc
[1166/1411] Compiling e_aeseax.cc
[1167/1411] Compiling e_aesgcmsiv.cc
[1168/1411] Compiling chacha.cc
[1169/1411] Compiling e_aesctrhmac.cc
[1170/1411] Compiling derive_key.cc
[1171/1411] Compiling unicode.cc
[1172/1411] Compiling sqrt.cc
[1173/1411] Compiling buf.cc
[1174/1411] Compiling cbs.cc
[1175/1411] Compiling asn1_compat.cc
[1176/1411] Compiling ber.cc
[1177/1411] Compiling cbb.cc
[1178/1411] Compiling exponentiation.cc
[1179/1411] Compiling blake2.cc
[1180/1411] Compiling div.cc
[1181/1411] Compiling printf.cc
[1182/1411] Compiling pair.cc
[1183/1411] Compiling bn_asn1.cc
[1184/1411] Compiling convert.cc
[1185/1411] Compiling hexdump.cc
[1186/1411] Compiling file.cc
[1187/1411] Compiling fd.cc
[1188/1411] Compiling errno.cc
[1189/1411] Compiling bio_mem.cc
[1190/1411] Compiling base64.cc
[1191/1411] Compiling bio.cc
[1192/1411] Compiling tasn_typ.cc
[1193/1411] Compiling tasn_fre.cc
[1193/1411] Compiling tasn_utl.cc
[1195/1411] Compiling tasn_enc.cc
[1196/1411] Compiling tasn_new.cc
[1197/1411] Compiling posix_time.cc
[1198/1411] Compiling f_string.cc
[1199/1411] Compiling tasn_dec.cc
[1200/1411] Compiling f_int.cc
[1201/1411] Compiling asn_pack.cc
[1202/1411] Compiling asn1_par.cc
[1203/1411] Compiling asn1_lib.cc
[1204/1411] Compiling a_utctm.cc
[1205/1411] Compiling a_dup.cc
[1206/1411] Compiling a_type.cc
[1207/1411] Compiling bcm.cc
[1208/1411] Compiling CAsyncHTTPClient CAsyncHTTPClient.c
[1208/1411] Write sources
[1209/1411] Compiling a_time.cc
[1229/1412] Compiling a_gentm.cc
[1230/1454] Compiling a_strnid.cc
[1231/1454] Compiling a_d2i_fp.cc
[1233/1454] Compiling Algorithms Intersperse.swift
[1234/1454] Compiling Algorithms AdjacentPairs.swift
[1235/1456] Compiling Algorithms RandomSample.swift
[1236/1456] Compiling Algorithms Reductions.swift
[1236/1456] Compiling a_bool.cc
[1238/1456] Compiling Algorithms FirstNonNil.swift
[1239/1456] Compiling Algorithms Joined.swift
[1240/1456] Compiling Algorithms Keyed.swift
[1241/1456] Compiling Algorithms MinMax.swift
[1241/1456] Compiling aes.cc
[1243/1456] Compiling Algorithms Compacted.swift
[1244/1456] Compiling Algorithms Cycle.swift
[1245/1456] Compiling Algorithms EitherSequence.swift
[1246/1456] Compiling Atomics IntegerOperations.swift
[1247/1456] Compiling Atomics Unmanaged extensions.swift
[1250/1459] Compiling a_bitstr.cc
[1252/1467] Compiling Algorithms Split.swift
[1253/1467] Compiling Algorithms Stride.swift
[1254/1467] Compiling Algorithms Suffix.swift
[1255/1467] Compiling Algorithms FlattenCollection.swift
[1256/1467] Compiling Algorithms Grouped.swift
[1257/1467] Compiling Algorithms Indexed.swift
[1264/1467] Compiling Algorithms Permutations.swift
[1265/1467] Compiling Algorithms Product.swift
[1269/1467] Compiling Algorithms Trim.swift
[1270/1467] Compiling Algorithms Unique.swift
[1271/1467] Compiling Algorithms Windows.swift
[1272/1467] Compiling CryptoBoringWrapper CryptoKitErrors_boring.swift
[1274/1467] Compiling Algorithms Chain.swift
[1275/1467] Compiling Algorithms Chunked.swift
[1276/1467] Compiling Algorithms Combinations.swift
[1277/1467] Compiling CryptoBoringWrapper RandomBytes.swift
[1278/1467] Compiling CryptoBoringWrapper FiniteFieldArithmeticContext.swift
[1279/1467] Compiling CryptoBoringWrapper BoringSSLAEAD.swift
[1280/1467] Emitting module CryptoBoringWrapper
[1281/1467] Emitting module Algorithms
[1283/1468] Compiling CryptoBoringWrapper EllipticCurvePoint.swift
[1283/1468] Wrapping AST for Algorithms for debugging
[1291/1468] Emitting module Atomics
[1292/1469] Wrapping AST for Atomics for debugging
[1294/1469] Compiling CryptoBoringWrapper ArbitraryPrecisionInteger.swift
[1295/1469] Compiling CryptoBoringWrapper EllipticCurve.swift
[1296/1534] Wrapping AST for CryptoBoringWrapper for debugging
[1298/1618] Compiling Crypto ASN1Null.swift
[1299/1618] Compiling Crypto ASN1OctetString.swift
[1300/1618] Compiling Crypto ASN1Strings.swift
[1301/1618] Compiling Crypto ArraySliceBigint.swift
[1302/1618] Compiling Crypto GeneralizedTime.swift
[1303/1618] Compiling Crypto ObjectIdentifier.swift
[1304/1618] Compiling Crypto ECDSASignature.swift
[1305/1618] Compiling Crypto PEMDocument.swift
[1306/1618] Compiling Crypto PKCS8PrivateKey.swift
[1307/1618] Compiling Crypto SEC1PrivateKey.swift
[1308/1618] Compiling Crypto SubjectPublicKeyInfo.swift
[1309/1618] Compiling Crypto CryptoError_boring.swift
[1310/1629] Compiling Crypto AES-GCM.swift
[1311/1629] Compiling Crypto AES-GCM_boring.swift
[1312/1629] Compiling Crypto ChaChaPoly_boring.swift
[1313/1629] Compiling Crypto ChaChaPoly.swift
[1314/1629] Compiling Crypto Cipher.swift
[1315/1629] Compiling Crypto Nonces.swift
[1316/1629] Compiling Crypto ASN1.swift
[1317/1629] Compiling Crypto ASN1Any.swift
[1318/1629] Compiling Crypto ASN1BitString.swift
[1319/1629] Compiling Crypto ASN1Boolean.swift
[1320/1629] Compiling Crypto ASN1Identifier.swift
[1321/1629] Compiling Crypto ASN1Integer.swift
[1322/1629] Emitting module Crypto
[1332/1637] Compiling Crypto HKDF.swift
[1333/1637] Compiling Crypto AESWrap.swift
[1334/1637] Compiling Crypto AESWrap_boring.swift
[1335/1637] Compiling NIOCore SingleStepByteToMessageDecoder.swift
[1336/1637] Compiling NIOCore SocketAddresses.swift
[1337/1637] Compiling NIOCore SocketOptionProvider.swift
[1338/1637] Compiling NIOCore SystemCallHelpers.swift
[1339/1637] Compiling NIOCore TimeAmount+Duration.swift
[1340/1637] Compiling NIOCore TypeAssistedChannelHandler.swift
[1341/1637] Compiling NIOCore UniversalBootstrapSupport.swift
[1342/1637] Compiling NIOCore Utilities.swift
[1343/1637] Compiling Crypto HMAC.swift
[1344/1637] Compiling Crypto MACFunctions.swift
[1345/1637] Compiling Crypto MessageAuthenticationCode.swift
[1346/1637] Compiling Crypto AES.swift
[1347/1637] Compiling Crypto ECDSASignature_boring.swift
[1348/1637] Compiling Crypto ECDSA_boring.swift
[1349/1637] Compiling Crypto EdDSA_boring.swift
[1350/1637] Compiling Crypto MLDSA_boring.swift
[1351/1637] Compiling Crypto MLDSA_wrapper.swift
[1352/1637] Compiling Crypto ECDSA.swift
[1353/1637] Compiling Crypto Ed25519.swift
[1354/1637] Compiling Crypto MLDSA.swift
[1355/1637] Compiling Crypto HPKE-LabeledExtract.swift
[1356/1637] Compiling Crypto HPKE-Utils.swift
[1357/1637] Compiling Crypto DHKEM.swift
[1358/1637] Compiling Crypto HPKE-KEM-Curve25519.swift
[1359/1637] Compiling Crypto HPKE-NIST-EC-KEMs.swift
[1360/1637] Compiling Crypto HPKE-KEM.swift
[1361/1637] Compiling Crypto HPKE-Errors.swift
[1362/1637] Compiling Crypto HPKE.swift
[1363/1637] Compiling Crypto HPKE-Context.swift
[1364/1637] Compiling Crypto HPKE-KeySchedule.swift
[1365/1637] Compiling Crypto HPKE-Modes.swift
[1366/1637] Compiling Crypto Insecure.swift
[1367/1637] Compiling Crypto CryptoKitErrors.swift
[1368/1637] Compiling Crypto Digest_boring.swift
[1369/1637] Compiling Crypto Digest.swift
[1370/1637] Compiling Crypto Digests.swift
[1371/1637] Compiling Crypto HashFunctions.swift
[1372/1637] Compiling Crypto HashFunctions_SHA2.swift
[1373/1637] Compiling Crypto HashFunctions_SHA3.swift
[1374/1637] Compiling Crypto Digest_xkcp.swift
[1375/1637] Compiling Crypto HPKE-AEAD.swift
[1376/1637] Compiling Crypto HPKE-Ciphersuite.swift
[1377/1637] Compiling Crypto HPKE-KDF.swift
[1378/1637] Compiling Crypto HPKE-KexKeyDerivation.swift
[1379/1637] Compiling Crypto Insecure_HashFunctions.swift
[1380/1637] Compiling Crypto MLKEM_boring.swift
[1381/1637] Compiling Crypto MLKEM_wrapper.swift
[1382/1637] Compiling Crypto XWing_boring.swift
[1383/1637] Compiling Crypto KEM-Errors.swift
[1384/1637] Compiling Crypto KEM.swift
[1385/1637] Compiling Crypto MLKEM.swift
[1386/1637] Compiling Crypto XWing.swift
[1387/1637] Compiling Crypto ECDH_boring.swift
[1388/1637] Compiling Crypto DH.swift
[1389/1637] Compiling Crypto ECDH.swift
[1390/1637] Compiling Crypto ANSIx963.swift
[1436/1637] Compiling Crypto Signature.swift
[1437/1637] Compiling Crypto CryptoKitErrors_boring.swift
[1438/1637] Compiling Crypto Optional+withUnsafeBytes_boring.swift
[1439/1637] Compiling Crypto RNG_boring.swift
[1440/1637] Compiling Crypto SafeCompare_boring.swift
[1441/1637] Compiling Crypto Zeroization_boring.swift
[1442/1637] Compiling Crypto _CryptoModuleAnchor.swift
[1443/1637] Compiling Crypto PrettyBytes.swift
[1444/1637] Compiling Crypto SafeCompare.swift
[1445/1637] Compiling Crypto SecureBytes.swift
[1446/1637] Compiling Crypto Zeroization.swift
[1447/1638] Wrapping AST for Crypto for debugging
[1449/1700] Compiling CryptoExtras PKCS8DERRepresentation.swift
[1450/1700] Compiling CryptoExtras PKCS8PrivateKey.swift
[1451/1700] Compiling CryptoExtras RFC8410AlgorithmIdentifier.swift
[1452/1700] Compiling CryptoExtras ECToolbox_boring.swift
[1453/1700] Compiling CryptoExtras ECToolbox.swift
[1454/1700] Compiling CryptoExtras HashToField.swift
[1455/1700] Compiling CryptoExtras KDF.swift
[1456/1700] Compiling CryptoExtras PBKDF2_boring.swift
[1457/1700] Compiling CryptoExtras PBKDF2_commoncrypto.swift
[1458/1708] Compiling CryptoExtras ThreadSpecific.swift
[1459/1708] Compiling CryptoExtras ThreadWindows.swift
[1460/1708] Compiling CryptoExtras DLEQ.swift
[1461/1708] Compiling CryptoExtras Prover.swift
[1462/1708] Compiling CryptoExtras Verifier.swift
[1463/1708] Compiling CryptoExtras ZKPToolbox.swift
[1466/1708] Compiling CryptoExtras ARCServer.swift
[1467/1708] Compiling CryptoExtras ChaCha20CTR_boring.swift
[1468/1708] Compiling CryptoExtras ChaCha20CTR.swift
[1469/1708] Compiling CryptoExtras BoringSSLSHA512256Context.swift
[1470/1708] Compiling CryptoExtras BoringSSLSHA512256HashFunction.swift
[1471/1708] Compiling CryptoExtras SHA512256.swift
[1472/1708] Compiling CryptoExtras SHA512256Digest.swift
[1473/1708] Compiling CryptoExtras Curve25519+PEM.swift
[1474/1708] Compiling CryptoExtras ObjectIdentifier.swift
[1475/1708] Emitting module CryptoExtras
[1476/1708] Compiling CryptoExtras Data+Extensions.swift
[1477/1708] Compiling CryptoExtras DigestType.swift
[1478/1708] Compiling CryptoExtras Error.swift
[1479/1708] Compiling CryptoExtras I2OSP.swift
[1480/1708] Compiling CryptoExtras IntegerEncoding.swift
[1481/1708] Compiling CryptoExtras PEMDocument.swift
[1482/1708] Compiling CryptoExtras PrettyBytes.swift
[1483/1708] Compiling CryptoExtras SubjectPublicKeyInfo.swift
[1484/1708] Compiling CryptoExtras ThreadOps.swift
[1485/1708] Compiling CryptoExtras ThreadPosix.swift
[1492/1708] Compiling CryptoExtras AES_CBC.swift
[1493/1708] Compiling CryptoExtras AES_CFB.swift
[1494/1708] Compiling CryptoExtras AES_CTR.swift
[1495/1708] Compiling CryptoExtras AES_GCM_SIV.swift
[1496/1708] Compiling CryptoExtras Block Function.swift
[1497/1708] Compiling CryptoExtras AES_CBC_boring.swift
[1498/1708] Compiling CryptoExtras AES_CFB_boring.swift
[1499/1708] Compiling CryptoExtras AES_CTR_boring.swift
[1500/1708] Compiling CryptoExtras AES_GCM_SIV_boring.swift
[1501/1708] Compiling CryptoExtras PBKDF2.swift
[1502/1708] Compiling CryptoExtras Scrypt_boring.swift
[1503/1708] Compiling CryptoExtras Scrypt.swift
[1504/1708] Compiling CryptoExtras OPRF.swift
[1505/1708] Compiling CryptoExtras OPRFClient.swift
[1506/1708] Compiling CryptoExtras OPRFServer.swift
[1507/1708] Compiling CryptoExtras VOPRF+API.swift
[1508/1708] Compiling CryptoExtras VOPRFClient.swift
[1509/1708] Compiling CryptoExtras VOPRFServer.swift
[1510/1708] Compiling CryptoExtras CMAC.swift
[1511/1708] Compiling CryptoExtras ARC+API.swift
[1512/1708] Compiling CryptoExtras ARC.swift
[1513/1708] Compiling CryptoExtras ARCCredential.swift
[1514/1708] Compiling CryptoExtras ARCEncoding.swift
[1515/1708] Compiling CryptoExtras ARCPrecredential.swift
[1516/1708] Compiling CryptoExtras ARCPresentation.swift
[1517/1708] Compiling CryptoExtras ARCRequest.swift
[1518/1708] Compiling CryptoExtras ARCResponse.swift
[1519/1708] Compiling CryptoExtras BoringSSLPassphraseCallbackManager.swift
[1520/1708] Compiling CryptoExtras RSA+BlindSigning.swift
[1521/1708] Compiling CryptoExtras RSA.swift
[1522/1708] Compiling CryptoExtras RSA_boring.swift
[1523/1708] Compiling CryptoExtras Reexport.swift
[1524/1708] Compiling CryptoExtras Zeroization_boring.swift
[1525/1708] Compiling CryptoExtras BoringSSLHelpers.swift
[1526/1708] Compiling CryptoExtras CryptoKitErrors_boring.swift
[1527/1709] Wrapping AST for CryptoExtras for debugging
[1538/1711] Emitting module _CryptoExtras
[1539/1711] Compiling _CryptoExtras Exports.swift
[1540/1712] Wrapping AST for _CryptoExtras for debugging
[1542/1807] Emitting module NIOCore
[1543/1808] Wrapping AST for NIOCore for debugging
[1545/1865] Emitting module NIOFoundationEssentialsCompat
[1546/1865] Compiling NIOEmbedded AsyncTestingChannel.swift
[1547/1865] Emitting module NIOEmbedded
[1548/1865] Compiling NIOFoundationEssentialsCompat Codable+ByteBuffer.swift
[1549/1865] Compiling NIOFoundationEssentialsCompat ByteBuffer-foundation.swift
[1550/1866] Wrapping AST for NIOFoundationEssentialsCompat for debugging
[1552/1866] Compiling NIOPosix SelectorUring.swift
[1553/1866] Compiling NIOPosix SelectorWSAPoll.swift
[1554/1866] Compiling NIOPosix ServerSocket.swift
[1555/1866] Compiling NIOPosix Socket.swift
[1556/1866] Compiling NIOPosix SocketChannel.swift
[1557/1866] Compiling NIOPosix SocketProtocols.swift
[1558/1866] Compiling NIOPosix StructuredConcurrencyHelpers.swift
[1559/1866] Compiling NIOPosix System.swift
[1560/1866] Compiling X509 CustomPrivateKey.swift
[1561/1866] Compiling X509 Digests.swift
[1562/1866] Compiling X509 DistinguishedName.swift
[1563/1866] Compiling X509 CommonName.swift
[1564/1866] Compiling X509 CountryName.swift
[1565/1866] Compiling X509 DNBuilder.swift
[1566/1879] Compiling NIOEmbedded AsyncTestingEventLoop.swift
[1567/1879] Compiling NIOEmbedded Embedded.swift
[1568/1880] Wrapping AST for NIOEmbedded for debugging
[1570/1880] Compiling X509 PKCS8PrivateKey.swift
[1571/1880] Compiling X509 PromiseAndFuture.swift
[1572/1880] Compiling X509 RDNAttribute.swift
[1573/1880] Compiling X509 RandomNumberGenerator+bytes.swift
[1574/1880] Compiling X509 RelativeDistinguishedName.swift
[1575/1880] Compiling X509 SEC1PrivateKey.swift
[1576/1880] Compiling X509 SecKeyWrapper.swift
[1577/1880] Compiling X509 Signature.swift
[1578/1880] Compiling X509 SignatureAlgorithm.swift
[1579/1880] Compiling X509 AllOfPolicies.swift
[1580/1880] Compiling X509 AnyPolicy.swift
[1581/1880] Compiling X509 CertificateStore.swift
[1582/1880] Compiling X509 CustomCertificateStore.swift
[1583/1880] Compiling NIOPosix MultiThreadedEventLoopGroup.swift
[1584/1880] Compiling NIOPosix NIOPosixSendableMetatype.swift
[1585/1880] Compiling NIOPosix NIORandomizedDNSResolver.swift
[1586/1880] Compiling NIOPosix NIOThreadPool.swift
[1587/1880] Compiling NIOPosix NonBlockingFileIO.swift
[1588/1880] Compiling NIOPosix PendingDatagramWritesManager.swift
[1589/1880] Compiling NIOPosix PendingWritesManager.swift
[1590/1880] Compiling NIOPosix HappyEyeballs.swift
[1591/1880] Compiling NIOPosix IO.swift
[1592/1880] Compiling NIOPosix IntegerBitPacking.swift
[1593/1880] Compiling NIOPosix IntegerTypes.swift
[1594/1880] Compiling NIOPosix Linux.swift
[1595/1880] Compiling NIOPosix LinuxCPUSet.swift
[1596/1880] Compiling NIOPosix LinuxUring.swift
[1597/1880] Compiling X509 OCSPExtensionID.swift
[1598/1880] Compiling X509 OCSPNonce.swift
[1599/1880] Compiling X509 OCSPPolicy.swift
[1600/1880] Compiling X509 OCSPRequest.swift
[1601/1880] Compiling X509 OCSPResponse.swift
[1602/1880] Compiling X509 OCSPResponseBytes.swift
[1603/1880] Compiling X509 OCSPResponseData.swift
[1604/1880] Compiling X509 OCSPResponseStatus.swift
[1605/1880] Compiling X509 OCSPSignature.swift
[1606/1880] Compiling X509 OCSPSingleRequest.swift
[1607/1880] Compiling X509 OCSPSingleResponse.swift
[1608/1880] Compiling X509 OCSPTBSRequest.swift
[1609/1880] Compiling X509 OCSPVersion.swift
[1610/1880] Compiling X509 OneOfPolicies.swift
[1611/1880] Compiling X509 PolicyBuilder.swift
[1612/1880] Compiling X509 BasicConstraintsPolicy.swift
[1613/1880] Compiling X509 DNSNames.swift
[1614/1880] Compiling X509 ExpiryPolicy.swift
[1615/1880] Compiling X509 IPConstraints.swift
[1616/1880] Compiling X509 NameConstraintsPolicy.swift
[1617/1880] Compiling X509 RFC5280Policy.swift
[1618/1880] Compiling X509 URIConstraints.swift
[1619/1880] Compiling X509 VersionPolicy.swift
[1620/1880] Compiling X509 ServerIdentityPolicy.swift
[1621/1880] Compiling X509 TrustRootLoading.swift
[1622/1880] Compiling X509 UnverifiedChain.swift
[1623/1880] Compiling NIOPosix PipeChannel.swift
[1624/1880] Compiling NIOPosix PipePair.swift
[1625/1880] Compiling NIOPosix Pool.swift
[1626/1880] Compiling NIOPosix PosixSingletons+ConcurrencyTakeOver.swift
[1627/1880] Compiling NIOPosix PosixSingletons.swift
[1628/1880] Compiling NIOPosix RawSocketBootstrap.swift
[1629/1880] Compiling NIOPosix Resolver.swift
[1630/1880] Compiling NIOPosix Selectable.swift
[1631/1880] Compiling NIOPosix SelectableChannel.swift
[1632/1880] Compiling NIOPosix SelectableEventLoop.swift
[1633/1880] Compiling NIOPosix SelectorEpoll.swift
[1634/1880] Compiling NIOPosix SelectorGeneric.swift
[1635/1880] Compiling NIOPosix SelectorKqueue.swift
[1636/1880] Compiling NIOPosix BSDSocketAPICommon.swift
[1637/1880] Compiling NIOPosix BSDSocketAPIPosix.swift
[1638/1880] Compiling NIOPosix BSDSocketAPIWindows.swift
[1639/1880] Compiling NIOPosix BaseSocket.swift
[1640/1880] Compiling NIOPosix BaseSocketChannel+AccessibleTransport.swift
[1641/1880] Compiling NIOPosix BaseSocketChannel+SocketOptionProvider.swift
[1642/1880] Compiling NIOPosix BaseSocketChannel.swift
[1643/1880] Compiling NIOPosix BaseStreamSocketChannel.swift
[1644/1880] Compiling NIOPosix Bootstrap.swift
[1645/1880] Compiling NIOPosix ControlMessage.swift
[1646/1880] Compiling NIOPosix DatagramVectorReadManager.swift
[1647/1880] Compiling NIOPosix Errors+Any.swift
[1648/1880] Compiling NIOPosix FileDescriptor.swift
[1649/1880] Compiling NIOPosix GetaddrinfoResolver.swift
[1650/1880] Emitting module NIOPosix
[1686/1887] Emitting module X509
[1687/1887] Compiling NIOPosix Thread.swift
[1688/1887] Compiling NIOPosix ThreadPosix.swift
[1689/1887] Compiling NIOPosix ThreadWindows.swift
[1690/1887] Compiling NIOPosix Utilities.swift
[1691/1887] Compiling NIOPosix VsockAddress.swift
[1692/1887] Compiling NIOPosix VsockChannelEvents.swift
[1693/1887] Compiling NIOPosix Windows.swift
[1708/1888] Wrapping AST for NIOPosix for debugging
[1710/1890] Compiling NIO Exports.swift
[1711/1890] Emitting module NIO
[1712/1891] Wrapping AST for NIO for debugging
[1714/1930] Compiling NIOFoundationCompat Exports.swift
[1715/1930] Compiling NIOTLS TLSEvents.swift
[1716/1930] Emitting module NIOSOCKS
[1717/1930] Compiling NIOFoundationCompat JSONSerialization+ByteBuffer.swift
[1718/1930] Emitting module NIOFoundationCompat
[1719/1930] Compiling NIOFoundationCompat WaitSpinningRunLoop.swift
[1721/1932] Compiling NIOSOCKS SOCKSResponse.swift
[1722/1932] Compiling NIOSOCKS ClientStateMachine.swift
[1723/1932] Compiling NIOSOCKS SelectedAuthenticationMethod.swift
[1723/1932] Wrapping AST for NIOFoundationCompat for debugging
[1725/1932] Compiling NIOHTTP1 ByteCollectionUtils.swift
[1726/1932] Compiling NIOHTTP1 HTTPDecoder.swift
[1727/1932] Compiling NIOHTTP1 HTTPEncoder.swift
[1728/1932] Compiling NIOHTTP1 HTTPHeaderValidator.swift
[1729/1932] Compiling NIOSOCKS ServerStateMachine.swift
[1730/1932] Compiling NIOHTTP1 HTTPTypedPipelineSetup.swift
[1731/1932] Compiling NIOHTTP1 HTTPTypes.swift
[1732/1932] Compiling NIOHTTP1 HTTPHeaders+Validation.swift
[1733/1932] Compiling NIOHTTP1 HTTPPipelineSetup.swift
[1735/1933] Compiling X509 ValidatedCertificateChain.swift
[1736/1933] Compiling X509 VerificationDiagnostic.swift
[1737/1933] Compiling X509 Verifier.swift
[1738/1933] Compiling X509 VerifierPolicy.swift
[1739/1933] Compiling X509 AlgorithmIdentifier.swift
[1740/1933] Compiling X509 ECDSASignature.swift
[1741/1933] Compiling X509 RSAPKCS1PublicKey.swift
[1742/1933] Compiling X509 SubjectPublicKeyInfo.swift
[1743/1933] Compiling X509 TBSCertificate.swift
[1744/1933] Compiling X509 Time.swift
[1745/1933] Compiling X509 TimeCalculations.swift
[1746/1933] Compiling X509 Validity.swift
[1747/1933] Compiling X509 X509SendableMetatype.swift
[1748/1933] Compiling NIOHTTP1 NIOTypedHTTPClientUpgradeHandler.swift
[1749/1933] Compiling NIOHTTP1 NIOTypedHTTPClientUpgraderStateMachine.swift
[1750/1935] Emitting module NIOTLS
[1751/1935] Compiling NIOTLS NIOTypedApplicationProtocolNegotiationHandler.swift
[1752/1935] Compiling NIOTLS ProtocolNegotiationHandlerStateMachine.swift
[1753/1935] Compiling NIOTLS SNIHandler.swift
[1754/1935] Compiling NIOTLS ApplicationProtocolNegotiationHandler.swift
[1754/1937] Wrapping AST for NIOSOCKS for debugging
[1757/1937] Wrapping AST for NIOTLS for debugging
[1759/1967] Compiling NIOSSL SSLCertificateExtensions.swift
[1760/1967] Compiling NIOSSL SSLCertificateName.swift
[1760/1967] Wrapping AST for X509 for debugging
[1762/2034] Compiling JWTKit JWTParser+MandatoryVerificationFields.swift
[1763/2034] Compiling JWTKit JWTParser.swift
[1764/2034] Compiling JWTKit GoogleHostedDomainClaim.swift
[1765/2034] Compiling JWTKit IDClaim.swift
[1766/2034] Compiling JWTKit IssuedAtClaim.swift
[1767/2034] Compiling JWTKit JWTMultiValueClaim.swift
[1768/2034] Compiling JWTKit JWTUnixEpochClaim.swift
[1769/2034] Compiling JWTKit JWTAlgorithm.swift
[1770/2034] Compiling JWTKit JWTError.swift
[1771/2034] Compiling JWTKit IssuerClaim.swift
[1772/2034] Compiling JWTKit JWTClaim.swift
[1773/2034] Compiling JWTKit AudienceClaim.swift
[1774/2034] Compiling JWTKit BoolClaim.swift
[1775/2034] Compiling JWTKit ExpirationClaim.swift
[1783/2043] Compiling JWTKit ECDSASigningAlgorithm.swift
[1784/2043] Compiling JWTKit JWTKeyCollection+ECDSA.swift
[1785/2043] Compiling JWTKit P256+CurveType.swift
[1786/2043] Compiling JWTKit P384+CurveType.swift
[1787/2043] Compiling JWTKit P521+CurveType.swift
[1788/2043] Compiling JWTKit EdDSA.swift
[1789/2043] Compiling JWTKit EdDSACurve.swift
[1790/2043] Compiling JWTKit EdDSAError.swift
[1791/2043] Compiling JWTKit EdDSASigner.swift
[1792/2043] Compiling JWTKit JWTKeyCollection+EdDSA.swift
[1793/2043] Compiling JWTKit MLDSAType.swift
[1794/2043] Compiling JWTKit JWTKeyCollection+UnsecuredNone.swift
[1795/2043] Compiling JWTKit UnsecuredNoneSigner.swift
[1796/2043] Compiling JWTKit JWTKeyCollection+RSA.swift
[1797/2043] Compiling JWTKit RSA.swift
[1798/2043] Compiling JWTKit RSAError.swift
[1799/2043] Compiling JWTKit RSASigner.swift
[1800/2043] Compiling JWTKit Base64URL.swift
[1801/2043] Compiling JWTKit CryptoSigner.swift
[1802/2043] Compiling JWTKit LocaleClaim.swift
[1803/2043] Compiling JWTKit NotBeforeClaim.swift
[1804/2043] Compiling JWTKit SubjectClaim.swift
[1805/2043] Compiling JWTKit TenantIDClaim.swift
[1806/2043] Compiling JWTKit ECDSA.swift
[1807/2043] Compiling JWTKit ECDSACurve.swift
[1808/2043] Compiling JWTKit ECDSACurveType.swift
[1809/2043] Compiling JWTKit ECDSAError.swift
[1810/2043] Compiling JWTKit ECDSAKeyTypes.swift
[1811/2043] Compiling JWTKit ECDSASigner.swift
[1815/2043] Emitting module NIOHTTP1
[1820/2048] Wrapping AST for NIOHTTP1 for debugging
[1822/2065] Emitting module NIOSSL
[1823/2065] Compiling NIOHPACK HPACKEncoder.swift
[1824/2065] Compiling NIOHPACK HPACKErrors.swift
[1825/2065] Compiling NIOHPACK HPACKHeader.swift
[1826/2065] Compiling NIOHPACK HeaderTables.swift
[1827/2065] Compiling NIOHPACK DynamicHeaderTable.swift
[1828/2065] Compiling JWTKit JWTSerializer.swift
[1829/2065] Compiling NIOSSL Zeroization.swift
[1830/2065] Compiling NIOSSL TLSConfiguration.swift
[1831/2065] Compiling NIOSSL UniversalBootstrapSupport.swift
[1832/2065] Compiling NIOSSL UnsafeKeyAndChainTarget.swift
[1833/2065] Compiling JWTKit MLDSA87+MLDSAKey.swift
[1834/2065] Compiling JWTKit MLDSAError.swift
[1835/2065] Compiling JWTKit MLDSAKey.swift
[1836/2065] Compiling JWTKit MLDSASigner.swift
[1837/2065] Emitting module JWTKit
[1840/2065] Compiling JWTKit JWTHeader+CommonFields.swift
[1841/2065] Compiling JWTKit JWTHeader.swift
[1842/2065] Compiling JWTKit JWTHeaderField.swift
[1843/2065] Compiling JWTKit JWTKeyCollection.swift
[1846/2065] Compiling JWTKit JWTPayload.swift
[1847/2065] Compiling JWTKit HMAC.swift
[1848/2065] Compiling JWTKit HMACError.swift
[1849/2065] Compiling JWTKit HMACSigner.swift
[1850/2065] Compiling JWTKit JWTKeyCollection+HMAC.swift
[1851/2065] Compiling JWTKit Insecure.swift
[1852/2065] Compiling JWTKit JWK.swift
[1853/2065] Compiling JWTKit JWKIdentifier.swift
[1854/2065] Compiling JWTKit JWKS.swift
[1855/2065] Compiling JWTKit JWKSigner.swift
[1864/2065] Emitting module NIOHTTPCompression
[1865/2065] Compiling NIOHTTPCompression HTTPDecompressor.swift
[1870/2065] Compiling NIOHPACK IntegerCoding.swift
[1871/2065] Compiling NIOHPACK IndexedHeaderTable.swift
[1872/2066] Compiling NIOHTTPCompression HTTPDecompression.swift
[1873/2066] Compiling NIOHPACK HuffmanTables.swift
[1874/2066] Compiling NIOHPACK HuffmanCoding.swift
[1875/2066] Compiling NIOHTTPCompression HTTPRequestCompressor.swift
[1876/2066] Compiling NIOHTTPCompression HTTPCompression.swift
[1877/2066] Compiling NIOHTTPCompression HTTPResponseCompressor.swift
[1878/2067] Compiling NIOHPACK StaticHeaderTable.swift
[1879/2067] Wrapping AST for NIOHTTPCompression for debugging
[1881/2067] Emitting module NIOHPACK
[1887/2067] Compiling NIOHPACK HPACKDecoder.swift
[1888/2068] Wrapping AST for NIOHPACK for debugging
[1898/2131] Compiling NIOHTTP2 HTTP2ConnectionStateChange.swift
[1899/2131] Compiling NIOHTTP2 HTTP2Error.swift
[1900/2131] Compiling NIOHTTP2 HTTP2ErrorCode.swift
[1901/2131] Compiling NIOHTTP2 HTTP2FlowControlWindow.swift
[1902/2131] Compiling JWTKit CustomizedJSONCoders.swift
[1903/2131] Compiling JWTKit Utilities.swift
[1904/2131] Compiling JWTKit AppleIdentityToken.swift
[1905/2131] Compiling JWTKit FirebaseAuthIdentityToken.swift
[1906/2131] Compiling JWTKit GoogleIdentityToken.swift
[1907/2131] Compiling JWTKit MicrosoftIdentityToken.swift
[1908/2131] Compiling JWTKit EmptyPolicy.swift
[1909/2131] Compiling JWTKit ValidationTimePayload.swift
[1910/2131] Compiling JWTKit X5CVerifier.swift
[1912/2133] Wrapping AST for NIOSSL for debugging
[1913/2133] Wrapping AST for JWTKit for debugging
[1915/2133] Emitting module NIOHTTP2
[1916/2141] Compiling NIOHTTP2 HTTP2StreamMultiplexer.swift
[1917/2141] Compiling NIOHTTP2 HTTP2ToHTTP1Codec.swift
[1918/2141] Compiling NIOHTTP2 HTTP2UserEvents.swift
[1919/2141] Compiling NIOHTTP2 InboundEventBuffer.swift
[1920/2141] Compiling NIOHTTP2 InboundWindowManager.swift
[1921/2141] Compiling NIOHTTP2 MultiplexerAbstractChannel.swift
[1922/2141] Compiling NIOHTTP2 NIOHTTP2FrameDelegate.swift
[1923/2141] Compiling NIOHTTP2 NIOHTTP2ServerConnectionManagementHandler+StateMachine.swift
[1924/2141] Compiling NIOHTTP2 DOSHeuristics.swift
[1925/2141] Compiling NIOHTTP2 Error+Any.swift
[1926/2141] Compiling NIOHTTP2 ConcurrentStreamBuffer.swift
[1927/2141] Compiling NIOHTTP2 ControlFrameBuffer.swift
[1928/2141] Compiling NIOHTTP2 OutboundFlowControlBuffer.swift
[1929/2141] Compiling NIOHTTP2 OutboundFrameBuffer.swift
[1930/2141] Compiling NIOHTTP2 GlitchesMonitor.swift
[1931/2141] Compiling NIOHTTP2 HPACKHeaders+Validation.swift
[1932/2141] Compiling NIOHTTP2 HTTP2ChannelHandler+InboundStreamMultiplexer.swift
[1933/2141] Compiling NIOHTTP2 ConnectionStateMachine.swift
[1934/2141] Compiling NIOHTTP2 ConnectionStreamsState.swift
[1935/2141] Compiling NIOHTTP2 MayReceiveFrames.swift
[1936/2141] Compiling NIOHTTP2 ReceivingDataState.swift
[1937/2141] Compiling NIOHTTP2 ReceivingGoAwayState.swift
[1938/2141] Compiling NIOHTTP2 ReceivingHeadersState.swift
[1939/2141] Compiling NIOHTTP2 ReceivingPushPromiseState.swift
[1940/2141] Compiling NIOHTTP2 ReceivingRstStreamState.swift
[1941/2141] Compiling NIOHTTP2 ReceivingWindowUpdateState.swift
[1942/2141] Compiling NIOHTTP2 NIOHTTP2ServerConnectionManagementHandler.swift
[1943/2141] Compiling NIOHTTP2 StreamChannelFlowController.swift
[1944/2141] Compiling NIOHTTP2 StreamChannelList.swift
[1945/2141] Compiling NIOHTTP2 StreamMap.swift
[1946/2141] Compiling NIOHTTP2 StreamStateMachine.swift
[1947/2141] Compiling NIOHTTP2 Timer.swift
[1948/2141] Compiling NIOHTTP2 UnsafeTransfer.swift
[1949/2141] Compiling NIOHTTP2 WatermarkedFlowController.swift
[1950/2141] Compiling NIOHTTP2 HasFlowControlWindows.swift
[1951/2141] Compiling NIOHTTP2 HasLocalSettings.swift
[1952/2141] Compiling NIOHTTP2 HasRemoteSettings.swift
[1953/2141] Compiling NIOHTTP2 LocallyQuiescingState.swift
[1954/2141] Compiling NIOHTTP2 QuiescingState.swift
[1955/2141] Compiling NIOHTTP2 RemotelyQuiescingState.swift
[1956/2141] Compiling NIOHTTP2 SendAndReceiveGoawayState.swift
[1957/2141] Compiling NIOHTTP2 StateMachineResult.swift
[1958/2141] Compiling NIOHTTP2 ContentLengthVerifier.swift
[1959/2141] Compiling NIOHTTP2 MaySendFrames.swift
[1960/2141] Compiling NIOHTTP2 SendingDataState.swift
[1961/2141] Compiling NIOHTTP2 SendingGoawayState.swift
[1962/2141] Compiling NIOHTTP2 SendingHeadersState.swift
[1963/2141] Compiling NIOHTTP2 SendingPushPromiseState.swift
[1964/2141] Compiling NIOHTTP2 SendingRstStreamState.swift
[1965/2141] Compiling NIOHTTP2 SendingWindowUpdateState.swift
[1966/2141] Compiling NIOHTTP2 HTTP2SettingsState.swift
[1967/2141] Compiling NIOHTTP2 HasExtendedConnectSettings.swift
[1968/2141] Compiling NIOHTTP2 HTTP2FrameParser.swift
[1969/2141] Compiling NIOHTTP2 HTTP2PingData.swift
[1970/2141] Compiling NIOHTTP2 HTTP2PipelineHelpers.swift
[1971/2141] Compiling NIOHTTP2 HTTP2Settings.swift
[1972/2141] Compiling NIOHTTP2 HTTP2Stream.swift
[1973/2141] Compiling NIOHTTP2 HTTP2StreamChannel+OutboundStreamMultiplexer.swift
[1974/2141] Compiling NIOHTTP2 HTTP2StreamChannel.swift
[1975/2141] Compiling NIOHTTP2 HTTP2StreamDelegate.swift
[1976/2141] Compiling NIOHTTP2 HTTP2StreamID.swift
[1977/2141] Compiling NIOHTTP2 HTTP2ChannelHandler+InlineStreamMultiplexer.swift
[1978/2141] Compiling NIOHTTP2 HTTP2ChannelHandler.swift
[1979/2141] Compiling NIOHTTP2 HTTP2CommonInboundStreamMultiplexer.swift
[1984/2141] Compiling NIOHTTP2 HTTP2Frame.swift
[1985/2141] Compiling NIOHTTP2 HTTP2FrameEncoder.swift
[1986/2142] Wrapping AST for NIOHTTP2 for debugging
[1988/2206] Emitting module AsyncHTTPClient
[1989/2214] Compiling AsyncHTTPClient HTTPClientResponse.swift
[1990/2214] Compiling AsyncHTTPClient SingleIteratorPrecondition.swift
[1991/2214] Compiling AsyncHTTPClient Transaction+StateMachine.swift
[1992/2214] Compiling AsyncHTTPClient Transaction.swift
[1993/2214] Compiling AsyncHTTPClient Base64.swift
[1994/2214] Compiling AsyncHTTPClient BasicAuth.swift
[1995/2214] Compiling AsyncHTTPClient BestEffortHashableTLSConfiguration.swift
[1996/2214] Compiling AsyncHTTPClient Configuration+BrowserLike.swift
[1997/2214] Compiling AsyncHTTPClient ConnectionPool.swift
[1998/2214] Compiling AsyncHTTPClient AnyAsyncSequence.swift
[1999/2214] Compiling AsyncHTTPClient AnyAsyncSequenceProucerDelete.swift
[2000/2214] Compiling AsyncHTTPClient AsyncLazySequence.swift
[2001/2214] Compiling AsyncHTTPClient HTTPClient+execute.swift
[2002/2214] Compiling AsyncHTTPClient HTTPClient+shutdown.swift
[2003/2214] Compiling AsyncHTTPClient HTTPClient+tracing.swift
[2004/2214] Compiling AsyncHTTPClient HTTPClientRequest+Prepared.swift
[2005/2214] Compiling AsyncHTTPClient HTTPClientRequest+auth.swift
[2006/2214] Compiling AsyncHTTPClient HTTPClientRequest.swift
[2007/2214] Compiling AsyncHTTPClient LRUCache.swift
[2008/2214] Compiling AsyncHTTPClient NIOLoopBound+Execute.swift
[2009/2214] Compiling AsyncHTTPClient NWErrorHandler.swift
[2010/2214] Compiling AsyncHTTPClient NWWaitingHandler.swift
[2011/2214] Compiling AsyncHTTPClient TLSConfiguration.swift
[2012/2214] Compiling AsyncHTTPClient RedirectState.swift
[2013/2214] Compiling AsyncHTTPClient RequestBag+StateMachine.swift
[2014/2214] Compiling AsyncHTTPClient RequestBag+Tracing.swift
[2015/2214] Compiling AsyncHTTPClient RequestBag.swift
[2016/2214] Compiling AsyncHTTPClient RequestValidation.swift
[2017/2214] Compiling AsyncHTTPClient SSLContextCache.swift
[2018/2214] Compiling AsyncHTTPClient Scheme.swift
[2019/2214] Compiling AsyncHTTPClient Singleton.swift
[2020/2214] Compiling AsyncHTTPClient StringConvertibleInstances.swift
[2021/2214] Compiling AsyncHTTPClient StructuredConcurrencyHelpers.swift
[2022/2214] Compiling AsyncHTTPClient TracingSupport.swift
[2023/2214] Compiling AsyncHTTPClient Utils.swift
[2024/2214] Compiling AsyncHTTPClient HTTPConnectionEvent.swift
[2025/2214] Compiling AsyncHTTPClient HTTPConnectionPool+Factory.swift
[2026/2214] Compiling AsyncHTTPClient HTTPConnectionPool+Manager.swift
[2027/2214] Compiling AsyncHTTPClient HTTPConnectionPool.swift
[2028/2214] Compiling AsyncHTTPClient HTTPExecutableRequest.swift
[2029/2214] Compiling AsyncHTTPClient HTTPRequestStateMachine+Demand.swift
[2030/2214] Compiling AsyncHTTPClient HTTPRequestStateMachine.swift
[2031/2214] Compiling AsyncHTTPClient RequestBodyLength.swift
[2032/2214] Compiling AsyncHTTPClient RequestFramingMetadata.swift
[2033/2214] Compiling AsyncHTTPClient RequestOptions.swift
[2034/2214] Compiling AsyncHTTPClient HTTPConnectionPool+Backoff.swift
[2035/2214] Compiling AsyncHTTPClient HTTPConnectionPool+HTTP1Connections.swift
[2036/2214] Compiling AsyncHTTPClient HTTPConnectionPool+HTTP1StateMachine.swift
[2037/2214] Compiling AsyncHTTPClient HTTPConnectionPool+HTTP2Connections.swift
[2038/2214] Compiling AsyncHTTPClient HTTPConnectionPool+HTTP2StateMachine.swift
[2039/2214] Compiling AsyncHTTPClient HTTPConnectionPool+RequestQueue.swift
[2040/2214] Compiling AsyncHTTPClient HTTPConnectionPool+StateMachine.swift
[2041/2214] Compiling AsyncHTTPClient ConnectionTarget.swift
[2042/2214] Compiling AsyncHTTPClient HTTP1ProxyConnectHandler.swift
[2043/2214] Compiling AsyncHTTPClient SOCKSEventsHandler.swift
[2044/2214] Compiling AsyncHTTPClient TLSEventsHandler.swift
[2045/2214] Compiling AsyncHTTPClient HTTP1ClientChannelHandler.swift
[2046/2214] Compiling AsyncHTTPClient HTTP1Connection.swift
[2047/2214] Compiling AsyncHTTPClient HTTP1ConnectionStateMachine.swift
[2048/2214] Compiling AsyncHTTPClient HTTP2ClientRequestHandler.swift
[2049/2214] Compiling AsyncHTTPClient HTTP2Connection.swift
[2050/2214] Compiling AsyncHTTPClient HTTP2IdleHandler.swift
[2051/2214] Compiling AsyncHTTPClient DeconstructedURL.swift
[2052/2214] Compiling AsyncHTTPClient FileDownloadDelegate.swift
[2053/2214] Compiling AsyncHTTPClient FoundationExtensions.swift
[2054/2214] Compiling AsyncHTTPClient HTTPClient+HTTPCookie.swift
[2055/2214] Compiling AsyncHTTPClient HTTPClient+Proxy.swift
[2056/2214] Compiling AsyncHTTPClient HTTPClient+StructuredConcurrency.swift
[2057/2214] Compiling AsyncHTTPClient HTTPClient.swift
[2058/2214] Compiling AsyncHTTPClient HTTPClientConfiguration+SwiftConfiguration.swift
[2059/2214] Compiling AsyncHTTPClient HTTPHandler.swift
[2060/2215] Wrapping AST for AsyncHTTPClient for debugging
[2062/2238] Compiling GoogleAuth ADC.swift
[2063/2238] Compiling GoogleAuth ADCPath.swift
[2064/2238] Compiling GoogleAuth ADCResolver.swift
[2065/2238] Compiling GoogleAuth AuthHeaders.swift
[2066/2241] Compiling GoogleAuth ServiceAccountCredentials.swift
[2067/2241] Compiling GoogleAuth ServiceAccountData.swift
[2068/2241] Compiling GoogleAuth ServiceAccountTokenProvider.swift
[2069/2241] Compiling GoogleAuth SubjectTokenProvider.swift
[2070/2241] Compiling GoogleAuth MDSAccessTokenProvider.swift
[2071/2241] Compiling GoogleAuth MDSCredentials.swift
[2072/2241] Compiling GoogleAuth UserAccountData.swift
[2073/2241] Compiling GoogleAuth UserAccountTokenProvider.swift
[2074/2241] Compiling GoogleAuth UserCredentials.swift
[2075/2241] Emitting module GoogleAuth
[2076/2241] Compiling GoogleAuth AnonymousCredentials.swift
[2077/2241] Compiling GoogleAuth ApiKeyCredentials.swift
[2078/2241] Compiling GoogleAuth ExternalAccountCredentials.swift
[2079/2241] Compiling GoogleAuth CredentialParserRegistry.swift
[2080/2241] Compiling GoogleAuth Credentials.swift
[2081/2241] Compiling GoogleAuth CredentialsError.swift
[2082/2241] Compiling GoogleAuth AuthHTTPClient.swift
[2083/2241] Compiling GoogleAuth AuthHTTPError.swift
[2084/2241] Compiling GoogleAuth RetryEngine.swift
[2085/2241] Compiling GoogleAuth STSHandler.swift
[2086/2241] Compiling GoogleAuth TokenCache.swift
[2087/2241] Compiling GoogleAuth PackageVersion.swift
[2088/2242] Wrapping AST for GoogleAuth for debugging
[2090/2300] Compiling GoogleGax AIP194+PollingErrorPolicy.swift
[2091/2300] Compiling GoogleGax AIP194+RetryPolicy.swift
[2092/2300] Compiling GoogleGax AIP194.swift
[2093/2300] Compiling GoogleGax AdaptiveThrottler.swift
[2094/2300] Compiling GoogleGax AlwaysPoll.swift
[2095/2300] Compiling GoogleGax AlwaysRetry.swift
[2096/2300] Compiling GoogleGax ApiClientHeader.swift
[2097/2300] Compiling GoogleGax BackoffPolicy.swift
[2098/2300] Compiling GoogleGax BasePollingErrorPolicy.swift
[2099/2308] Emitting module GoogleGax
[2100/2308] Compiling GoogleGax LimitedAttemptCount+PollingErrorPolicy.swift
[2101/2308] Compiling GoogleGax LimitedAttemptCount+RetryPolicy.swift
[2102/2308] Compiling GoogleGax LimitedAttemptCount.swift
[2103/2308] Compiling GoogleGax LimitedElapsedTime+PollingErrorPolicy.swift
[2104/2308] Compiling GoogleGax LimitedElapsedTime+RetryPolicy.swift
[2105/2308] Compiling GoogleGax LimitedElapsedTime.swift
[2106/2308] Compiling GoogleGax LongRunningOperations.swift
[2107/2308] Compiling GoogleGax NeverRetry.swift
[2108/2308] Compiling GoogleGax ContinueOnIO.swift
[2109/2308] Compiling GoogleGax CredentialsProtocol.swift
[2110/2308] Compiling GoogleGax ErrorWrapper.swift
[2111/2308] Compiling GoogleGax ExponentialBackoff+BackoffPolicy.swift
[2112/2308] Compiling GoogleGax ExponentialBackoff+PollingBackoffPolicy.swift
[2113/2308] Compiling GoogleGax ExponentialBackoff.swift
[2114/2308] Compiling GoogleGax HTTPClient.swift
[2115/2308] Compiling GoogleGax HTTPClientHolder.swift
[2116/2308] Compiling GoogleGax Pagination.swift
/host/spi-builder-workspace/.build/checkouts/swift-google-gax/Sources/GoogleGax/Pagination.swift:44:22: error: cannot convert '@Sendable (String) async throws -> (response: ResponseType, items: [Item], nextToken: String)' to 'nonisolated(nonsending) @Sendable (String) async throws -> (response: ResponseType, items: [Item], nextToken: String)' because crossing of an isolation boundary requires parameter and result types to conform to 'Sendable' protocol
42 | ) where ResponseType: _PaginatedResponse<Item> {
43 | self.initialPageToken = initialPageToken ?? ""
44 | self.fetchPage = { token in
| |- error: cannot convert '@Sendable (String) async throws -> (response: ResponseType, items: [Item], nextToken: String)' to 'nonisolated(nonsending) @Sendable (String) async throws -> (response: ResponseType, items: [Item], nextToken: String)' because crossing of an isolation boundary requires parameter and result types to conform to 'Sendable' protocol
| `- note: type 'Item' does not conform to 'Sendable' protocol
45 | let response = try await listRpc(token)
46 | return (response, response._getPaginatedItems(), response._nextPageToken())
[2117/2308] Compiling GoogleGax PollingBackoffPolicy.swift
/host/spi-builder-workspace/.build/checkouts/swift-google-gax/Sources/GoogleGax/Pagination.swift:44:22: error: cannot convert '@Sendable (String) async throws -> (response: ResponseType, items: [Item], nextToken: String)' to 'nonisolated(nonsending) @Sendable (String) async throws -> (response: ResponseType, items: [Item], nextToken: String)' because crossing of an isolation boundary requires parameter and result types to conform to 'Sendable' protocol
42 | ) where ResponseType: _PaginatedResponse<Item> {
43 | self.initialPageToken = initialPageToken ?? ""
44 | self.fetchPage = { token in
| |- error: cannot convert '@Sendable (String) async throws -> (response: ResponseType, items: [Item], nextToken: String)' to 'nonisolated(nonsending) @Sendable (String) async throws -> (response: ResponseType, items: [Item], nextToken: String)' because crossing of an isolation boundary requires parameter and result types to conform to 'Sendable' protocol
| `- note: type 'Item' does not conform to 'Sendable' protocol
45 | let response = try await listRpc(token)
46 | return (response, response._getPaginatedItems(), response._nextPageToken())
[2118/2308] Compiling GoogleGax PollingErrorPolicy.swift
/host/spi-builder-workspace/.build/checkouts/swift-google-gax/Sources/GoogleGax/Pagination.swift:44:22: error: cannot convert '@Sendable (String) async throws -> (response: ResponseType, items: [Item], nextToken: String)' to 'nonisolated(nonsending) @Sendable (String) async throws -> (response: ResponseType, items: [Item], nextToken: String)' because crossing of an isolation boundary requires parameter and result types to conform to 'Sendable' protocol
42 | ) where ResponseType: _PaginatedResponse<Item> {
43 | self.initialPageToken = initialPageToken ?? ""
44 | self.fetchPage = { token in
| |- error: cannot convert '@Sendable (String) async throws -> (response: ResponseType, items: [Item], nextToken: String)' to 'nonisolated(nonsending) @Sendable (String) async throws -> (response: ResponseType, items: [Item], nextToken: String)' because crossing of an isolation boundary requires parameter and result types to conform to 'Sendable' protocol
| `- note: type 'Item' does not conform to 'Sendable' protocol
45 | let response = try await listRpc(token)
46 | return (response, response._getPaginatedItems(), response._nextPageToken())
[2119/2308] Compiling GoogleGax PollingResult.swift
/host/spi-builder-workspace/.build/checkouts/swift-google-gax/Sources/GoogleGax/Pagination.swift:44:22: error: cannot convert '@Sendable (String) async throws -> (response: ResponseType, items: [Item], nextToken: String)' to 'nonisolated(nonsending) @Sendable (String) async throws -> (response: ResponseType, items: [Item], nextToken: String)' because crossing of an isolation boundary requires parameter and result types to conform to 'Sendable' protocol
42 | ) where ResponseType: _PaginatedResponse<Item> {
43 | self.initialPageToken = initialPageToken ?? ""
44 | self.fetchPage = { token in
| |- error: cannot convert '@Sendable (String) async throws -> (response: ResponseType, items: [Item], nextToken: String)' to 'nonisolated(nonsending) @Sendable (String) async throws -> (response: ResponseType, items: [Item], nextToken: String)' because crossing of an isolation boundary requires parameter and result types to conform to 'Sendable' protocol
| `- note: type 'Item' does not conform to 'Sendable' protocol
45 | let response = try await listRpc(token)
46 | return (response, response._getPaginatedItems(), response._nextPageToken())
[2120/2308] Compiling GoogleGax PollingState.swift
/host/spi-builder-workspace/.build/checkouts/swift-google-gax/Sources/GoogleGax/Pagination.swift:44:22: error: cannot convert '@Sendable (String) async throws -> (response: ResponseType, items: [Item], nextToken: String)' to 'nonisolated(nonsending) @Sendable (String) async throws -> (response: ResponseType, items: [Item], nextToken: String)' because crossing of an isolation boundary requires parameter and result types to conform to 'Sendable' protocol
42 | ) where ResponseType: _PaginatedResponse<Item> {
43 | self.initialPageToken = initialPageToken ?? ""
44 | self.fetchPage = { token in
| |- error: cannot convert '@Sendable (String) async throws -> (response: ResponseType, items: [Item], nextToken: String)' to 'nonisolated(nonsending) @Sendable (String) async throws -> (response: ResponseType, items: [Item], nextToken: String)' because crossing of an isolation boundary requires parameter and result types to conform to 'Sendable' protocol
| `- note: type 'Item' does not conform to 'Sendable' protocol
45 | let response = try await listRpc(token)
46 | return (response, response._getPaginatedItems(), response._nextPageToken())
[2121/2308] Compiling GoogleGax ProtobufConversionError.swift
/host/spi-builder-workspace/.build/checkouts/swift-google-gax/Sources/GoogleGax/Pagination.swift:44:22: error: cannot convert '@Sendable (String) async throws -> (response: ResponseType, items: [Item], nextToken: String)' to 'nonisolated(nonsending) @Sendable (String) async throws -> (response: ResponseType, items: [Item], nextToken: String)' because crossing of an isolation boundary requires parameter and result types to conform to 'Sendable' protocol
42 | ) where ResponseType: _PaginatedResponse<Item> {
43 | self.initialPageToken = initialPageToken ?? ""
44 | self.fetchPage = { token in
| |- error: cannot convert '@Sendable (String) async throws -> (response: ResponseType, items: [Item], nextToken: String)' to 'nonisolated(nonsending) @Sendable (String) async throws -> (response: ResponseType, items: [Item], nextToken: String)' because crossing of an isolation boundary requires parameter and result types to conform to 'Sendable' protocol
| `- note: type 'Item' does not conform to 'Sendable' protocol
45 | let response = try await listRpc(token)
46 | return (response, response._getPaginatedItems(), response._nextPageToken())
[2122/2308] Compiling GoogleGax QueryParameter.swift
/host/spi-builder-workspace/.build/checkouts/swift-google-gax/Sources/GoogleGax/Pagination.swift:44:22: error: cannot convert '@Sendable (String) async throws -> (response: ResponseType, items: [Item], nextToken: String)' to 'nonisolated(nonsending) @Sendable (String) async throws -> (response: ResponseType, items: [Item], nextToken: String)' because crossing of an isolation boundary requires parameter and result types to conform to 'Sendable' protocol
42 | ) where ResponseType: _PaginatedResponse<Item> {
43 | self.initialPageToken = initialPageToken ?? ""
44 | self.fetchPage = { token in
| |- error: cannot convert '@Sendable (String) async throws -> (response: ResponseType, items: [Item], nextToken: String)' to 'nonisolated(nonsending) @Sendable (String) async throws -> (response: ResponseType, items: [Item], nextToken: String)' because crossing of an isolation boundary requires parameter and result types to conform to 'Sendable' protocol
| `- note: type 'Item' does not conform to 'Sendable' protocol
45 | let response = try await listRpc(token)
46 | return (response, response._getPaginatedItems(), response._nextPageToken())
[2123/2308] Compiling GoogleGax RequestError.swift
/host/spi-builder-workspace/.build/checkouts/swift-google-gax/Sources/GoogleGax/Pagination.swift:44:22: error: cannot convert '@Sendable (String) async throws -> (response: ResponseType, items: [Item], nextToken: String)' to 'nonisolated(nonsending) @Sendable (String) async throws -> (response: ResponseType, items: [Item], nextToken: String)' because crossing of an isolation boundary requires parameter and result types to conform to 'Sendable' protocol
42 | ) where ResponseType: _PaginatedResponse<Item> {
43 | self.initialPageToken = initialPageToken ?? ""
44 | self.fetchPage = { token in
| |- error: cannot convert '@Sendable (String) async throws -> (response: ResponseType, items: [Item], nextToken: String)' to 'nonisolated(nonsending) @Sendable (String) async throws -> (response: ResponseType, items: [Item], nextToken: String)' because crossing of an isolation boundary requires parameter and result types to conform to 'Sendable' protocol
| `- note: type 'Item' does not conform to 'Sendable' protocol
45 | let response = try await listRpc(token)
46 | return (response, response._getPaginatedItems(), response._nextPageToken())
[2124/2308] Compiling GoogleGax BaseRetryPolicy.swift
[2125/2308] Compiling GoogleGax BindingError.swift
[2126/2308] Compiling GoogleGax CRC32C.swift
[2127/2308] Compiling GoogleGax CircuitBreaker.swift
[2128/2308] Compiling GoogleGax ClientError.swift
[2129/2308] Compiling GoogleGax ClientOptions.swift
[2130/2308] Compiling GoogleGax ContinueOnIO+PollingErrorPolicy.swift
[2131/2308] Compiling GoogleGax ContinueOnIO+RetryPolicy.swift
[2132/2308] Compiling GoogleGax RequestOptions.swift
[2133/2308] Compiling GoogleGax RetryLoop.swift
[2134/2308] Compiling GoogleGax RetryPolicy.swift
[2135/2308] Compiling GoogleGax RetryResult.swift
[2136/2308] Compiling GoogleGax RetryState.swift
[2137/2308] Compiling GoogleGax RetryThrottler.swift
[2138/2308] Compiling GoogleGax RetryThrottlerError.swift
[2139/2308] Compiling GoogleGax RoutingMatcher.swift
[2140/2308] Compiling GoogleGax HTTPClientProtocol.swift
[2141/2308] Compiling GoogleGax HTTPClientRequest.swift
[2142/2308] Compiling GoogleGax HTTPClientResponse.swift
[2143/2308] Compiling GoogleGax HTTPHeaders.swift
[2144/2308] Compiling GoogleGax HTTPResponseBody.swift
[2145/2308] Compiling GoogleGax HeaderNames.swift
[2146/2308] Compiling GoogleGax Host.swift
[2147/2308] Compiling GoogleGax InProgressResult.swift
[2148/2308] Compiling GoogleGax ServiceError.swift
[2149/2308] Compiling GoogleGax StatusDetail.swift
[2150/2308] Compiling GoogleGax StrictIdempotency.swift
[2151/2308] Compiling GoogleGax ThrottleResult.swift
[2152/2308] Compiling GoogleGax TooManyRequests+PollingErrorPolicy.swift
[2153/2308] Compiling GoogleGax TooManyRequests+RetryPolicy.swift
[2154/2308] Compiling GoogleGax TooManyRequests.swift
[2155/2308] Compiling GoogleGax PackageVersion.swift
BUILD FAILURE 6.2 android