The Swift Package Index logo.Swift Package Index

Build Information

Failed to build swift-tagged, reference 0.10.0 (33ef07), with Swift 6.2 for Wasm on 14 Sep 2026 23:06:48 UTC.

Build Command

bash -c docker run --pull=always --rm -v "checkouts-54344844-1":/host -w "$PWD" -e JAVA_HOME="/root/.sdkman/candidates/java/current" -e SPI_BUILD="1" -e SPI_PROCESSING="1" registry.gitlab.com/saguaro1/spi-images:wasm-6.2-latest swift build --swift-sdk swift-6.2-RELEASE_wasm 2>&1

Build Log

========================================
RunAll
========================================
Builder version: 5.0.2
Interrupt handler set up.
========================================
Checkout
========================================
Clone URL: https://github.com/swift-atoms/swift-tagged.git
Reference: 0.10.0
Initialized empty Git repository in /host/spi-builder-workspace/.git/
hint: Using 'master' as the name for the initial branch. This default branch name
hint: is subject to change. To configure the initial branch name to use in all
hint: of your new repositories, which will suppress this warning, call:
hint:
hint: 	git config --global init.defaultBranch <name>
hint:
hint: Names commonly chosen instead of 'master' are 'main', 'trunk' and
hint: 'development'. The just-created branch can be renamed via this command:
hint:
hint: 	git branch -m <name>
From https://github.com/swift-atoms/swift-tagged
 * tag               0.10.0     -> FETCH_HEAD
HEAD is now at 33ef077 Add `CodingKeyRepresentable` conditional conformance (#66)
Cloned https://github.com/swift-atoms/swift-tagged.git
Revision (git rev-parse @):
33ef077f6ab3eb6a2fe155bea3787f0a632a9d6d
SUCCESS checkout https://github.com/swift-atoms/swift-tagged.git at 0.10.0
========================================
Build
========================================
Selected platform:         wasm
Swift version:             6.2
Building package at path:  $PWD
https://github.com/swift-atoms/swift-tagged.git
Running build ...
bash -c docker run --pull=always --rm -v "checkouts-54344844-1":/host -w "$PWD" -e JAVA_HOME="/root/.sdkman/candidates/java/current" -e SPI_BUILD="1" -e SPI_PROCESSING="1" registry.gitlab.com/saguaro1/spi-images:wasm-6.2-latest swift build --swift-sdk swift-6.2-RELEASE_wasm 2>&1
wasm-6.2-latest: Pulling from saguaro1/spi-images
Digest: sha256:ff44196b45f83e5a0a99a627b185f548850d9bc1242e3dee2178fb1570812fe8
Status: Image is up to date for registry.gitlab.com/saguaro1/spi-images:wasm-6.2-latest
Building for debugging...
[0/4] Write sources
[3/4] Write swift-version-24593BA9C3E375BF.txt
[5/7] Compiling Tagged UUID.swift
[6/7] Compiling Tagged Tagged.swift
[7/7] Emitting module Tagged
[9/12] Emitting module TaggedMoney
[10/12] Compiling TaggedMoney TaggedMoney.swift
error: emit-module command failed with exit code 1 (use -v to see invocation)
[11/13] Emitting module TaggedTime
/host/spi-builder-workspace/Sources/TaggedTime/TaggedTime.swift:1:8: error: no such module 'Dispatch'
  1 | import Dispatch
    |        `- error: no such module 'Dispatch'
  2 | import Foundation
  3 | import Tagged
[12/13] Compiling TaggedTime TaggedTime.swift
/host/spi-builder-workspace/Sources/TaggedTime/TaggedTime.swift:1:8: error: no such module 'Dispatch'
  1 | import Dispatch
    |        `- error: no such module 'Dispatch'
  2 | import Foundation
  3 | import Tagged
BUILD FAILURE 6.2 wasm