Build Information
Failed to build flare-client-swift, reference main (06b7e2), with Swift 6.1 for tvOS using Xcode 16.3 on 9 Sep 2026 12:41:24 UTC.
Build Command
env DEVELOPER_DIR=/Applications/Xcode-16.3.0.app xcrun xcodebuild -IDEClonedSourcePackagesDirPathOverride=$PWD/.dependencies -skipMacroValidation -skipPackagePluginValidation -derivedDataPath $PWD/.derivedData build -scheme flare-client-swift-Package -destination generic/platform=tvOSBuild Log
CompileC /Users/admin/builder/spi-builder-workspace/.derivedData/Build/Intermediates.noindex/PLCrashReporter.build/Debug-appletvos/CrashReporter.build/Objects-normal/arm64/PLCrashLogWriterEncoding.o /Users/admin/builder/spi-builder-workspace/.dependencies/checkouts/plcrashreporter/Source/PLCrashLogWriterEncoding.c normal arm64 c com.apple.compilers.llvm.clang.1_0.compiler (in target 'CrashReporter' from project 'PLCrashReporter')
cd /Users/admin/builder/spi-builder-workspace/.swiftpm/xcode
Using response file: /Users/admin/builder/spi-builder-workspace/.derivedData/Build/Intermediates.noindex/PLCrashReporter.build/Debug-appletvos/CrashReporter.build/Objects-normal/arm64/7187679823f38a2a940e0043cdf9d637-common-args.resp
/Applications/Xcode-16.3.0.app/Contents/Developer/Toolchains/XcodeDefault.xctoolchain/usr/bin/clang -x c -ivfsstatcache /Users/admin/builder/spi-builder-workspace/.derivedData/SDKStatCaches.noindex/appletvos18.4-22L251-271d326055c85f9856fa135c41255102.sdkstatcache -fmessage-length\=0 -fdiagnostics-show-note-include-stack -fmacro-backtrace-limit\=0 -fno-color-diagnostics -fmodules-prune-interval\=86400 -fmodules-prune-after\=345600 -fbuild-session-file\=/Users/admin/builder/spi-builder-workspace/.derivedData/ModuleCache.noindex/Session.modulevalidation -fmodules-validate-once-per-build-session -Wnon-modular-include-in-framework-module -Werror\=non-modular-include-in-framework-module -Wno-trigraphs -Wno-missing-field-initializers -Wno-missing-prototypes -Wno-return-type -Wno-missing-braces -Wparentheses -Wswitch -Wno-unused-function -Wno-unused-label -Wno-unused-parameter -Wno-unused-variable -Wunused-value -Wno-empty-body -Wno-uninitialized -Wno-unknown-pragmas -w -Wno-shadow -Wno-four-char-constants -Wno-conversion -Wno-constant-conversion -Wno-int-conversion -Wno-bool-conversion -Wno-enum-conversion -Wno-float-conversion -Wno-non-literal-null-conversion -Wno-objc-literal-conversion -Wshorten-64-to-32 -Wpointer-sign -Wno-newline-eof -Wno-implicit-fallthrough -fstrict-aliasing -Wdeprecated-declarations -Wno-sign-conversion -Wno-infinite-recursion -Wno-comma -Wno-block-capture-autoreleasing -Wno-strict-prototypes -Wno-semicolon-before-method-body -index-store-path /Users/admin/builder/spi-builder-workspace/.derivedData/Index.noindex/DataStore @/Users/admin/builder/spi-builder-workspace/.derivedData/Build/Intermediates.noindex/PLCrashReporter.build/Debug-appletvos/CrashReporter.build/Objects-normal/arm64/7187679823f38a2a940e0043cdf9d637-common-args.resp -MMD -MT dependencies -MF /Users/admin/builder/spi-builder-workspace/.derivedData/Build/Intermediates.noindex/PLCrashReporter.build/Debug-appletvos/CrashReporter.build/Objects-normal/arm64/PLCrashLogWriterEncoding.d --serialize-diagnostics /Users/admin/builder/spi-builder-workspace/.derivedData/Build/Intermediates.noindex/PLCrashReporter.build/Debug-appletvos/CrashReporter.build/Objects-normal/arm64/PLCrashLogWriterEncoding.dia -c /Users/admin/builder/spi-builder-workspace/.dependencies/checkouts/plcrashreporter/Source/PLCrashLogWriterEncoding.c -o /Users/admin/builder/spi-builder-workspace/.derivedData/Build/Intermediates.noindex/PLCrashReporter.build/Debug-appletvos/CrashReporter.build/Objects-normal/arm64/PLCrashLogWriterEncoding.o -index-unit-output-path /PLCrashReporter.build/Debug-appletvos/CrashReporter.build/Objects-normal/arm64/PLCrashLogWriterEncoding.o
CompileC /Users/admin/builder/spi-builder-workspace/.derivedData/Build/Intermediates.noindex/PLCrashReporter.build/Debug-appletvos/CrashReporter.build/Objects-normal/arm64/PLCrashMachExceptionPort.o /Users/admin/builder/spi-builder-workspace/.dependencies/checkouts/plcrashreporter/Source/PLCrashMachExceptionPort.m normal arm64 objective-c com.apple.compilers.llvm.clang.1_0.compiler (in target 'CrashReporter' from project 'PLCrashReporter')
cd /Users/admin/builder/spi-builder-workspace/.swiftpm/xcode
Using response file: /Users/admin/builder/spi-builder-workspace/.derivedData/Build/Intermediates.noindex/PLCrashReporter.build/Debug-appletvos/CrashReporter.build/Objects-normal/arm64/e6072d4f65d7061329687fe24e3d63a7-common-args.resp
/Applications/Xcode-16.3.0.app/Contents/Developer/Toolchains/XcodeDefault.xctoolchain/usr/bin/clang -x objective-c -ivfsstatcache /Users/admin/builder/spi-builder-workspace/.derivedData/SDKStatCaches.noindex/appletvos18.4-22L251-271d326055c85f9856fa135c41255102.sdkstatcache -fmessage-length\=0 -fdiagnostics-show-note-include-stack -fmacro-backtrace-limit\=0 -fno-color-diagnostics -fmodules-prune-interval\=86400 -fmodules-prune-after\=345600 -fbuild-session-file\=/Users/admin/builder/spi-builder-workspace/.derivedData/ModuleCache.noindex/Session.modulevalidation -fmodules-validate-once-per-build-session -Wnon-modular-include-in-framework-module -Werror\=non-modular-include-in-framework-module -Wno-trigraphs -Wno-missing-field-initializers -Wno-missing-prototypes -Wno-return-type -Wno-implicit-atomic-properties -Wno-objc-interface-ivars -Wno-arc-repeated-use-of-weak -Wno-missing-braces -Wparentheses -Wswitch -Wno-unused-function -Wno-unused-label -Wno-unused-parameter -Wno-unused-variable -Wunused-value -Wno-empty-body -Wno-uninitialized -Wno-unknown-pragmas -w -Wno-shadow -Wno-four-char-constants -Wno-conversion -Wno-constant-conversion -Wno-int-conversion -Wno-bool-conversion -Wno-enum-conversion -Wno-float-conversion -Wno-non-literal-null-conversion -Wno-objc-literal-conversion -Wshorten-64-to-32 -Wpointer-sign -Wno-newline-eof -Wno-selector -Wno-strict-selector-match -Wno-undeclared-selector -Wno-deprecated-implementations -Wno-implicit-fallthrough -fstrict-aliasing -Wprotocol -Wdeprecated-declarations -Wno-sign-conversion -Wno-infinite-recursion -Wno-comma -Wno-block-capture-autoreleasing -Wno-strict-prototypes -Wno-semicolon-before-method-body -index-store-path /Users/admin/builder/spi-builder-workspace/.derivedData/Index.noindex/DataStore @/Users/admin/builder/spi-builder-workspace/.derivedData/Build/Intermediates.noindex/PLCrashReporter.build/Debug-appletvos/CrashReporter.build/Objects-normal/arm64/e6072d4f65d7061329687fe24e3d63a7-common-args.resp -include /Users/admin/builder/spi-builder-workspace/.derivedData/Build/Intermediates.noindex/PLCrashReporter.build/Debug-appletvos/CrashReporter.build/DerivedSources/resource_bundle_accessor.h -MMD -MT dependencies -MF /Users/admin/builder/spi-builder-workspace/.derivedData/Build/Intermediates.noindex/PLCrashReporter.build/Debug-appletvos/CrashReporter.build/Objects-normal/arm64/PLCrashMachExceptionPort.d --serialize-diagnostics /Users/admin/builder/spi-builder-workspace/.derivedData/Build/Intermediates.noindex/PLCrashReporter.build/Debug-appletvos/CrashReporter.build/Objects-normal/arm64/PLCrashMachExceptionPort.dia -c /Users/admin/builder/spi-builder-workspace/.dependencies/checkouts/plcrashreporter/Source/PLCrashMachExceptionPort.m -o /Users/admin/builder/spi-builder-workspace/.derivedData/Build/Intermediates.noindex/PLCrashReporter.build/Debug-appletvos/CrashReporter.build/Objects-normal/arm64/PLCrashMachExceptionPort.o -index-unit-output-path /PLCrashReporter.build/Debug-appletvos/CrashReporter.build/Objects-normal/arm64/PLCrashMachExceptionPort.o
SwiftDriver\ Compilation Flare normal arm64 com.apple.xcode.tools.swift.compiler (in target 'Flare' from project 'flare-client-swift')
cd /Users/admin/builder/spi-builder-workspace/.swiftpm/xcode
builtin-Swift-Compilation -- /Applications/Xcode-16.3.0.app/Contents/Developer/Toolchains/XcodeDefault.xctoolchain/usr/bin/swiftc -module-name Flare -Onone -enforce-exclusivity\=checked @/Users/admin/builder/spi-builder-workspace/.derivedData/Build/Intermediates.noindex/flare-client-swift.build/Debug-appletvos/Flare.build/Objects-normal/arm64/Flare.SwiftFileList -DSWIFT_PACKAGE -DDEBUG -stats-output-dir .stats -plugin-path /Applications/Xcode-16.3.0.app/Contents/Developer/Toolchains/XcodeDefault.xctoolchain/usr/lib/swift/host/plugins/testing -enable-experimental-feature DebugDescriptionMacro -sdk /Applications/Xcode-16.3.0.app/Contents/Developer/Platforms/AppleTVOS.platform/Developer/SDKs/AppleTVOS18.4.sdk -target arm64-apple-tvos15.0 -g -module-cache-path /Users/admin/builder/spi-builder-workspace/.derivedData/ModuleCache.noindex -Xfrontend -serialize-debugging-options -profile-coverage-mapping -profile-generate -enable-testing -index-store-path /Users/admin/builder/spi-builder-workspace/.derivedData/Index.noindex/DataStore -swift-version 6 -I /Users/admin/builder/spi-builder-workspace/.derivedData/Build/Products/Debug-appletvos -I /Applications/Xcode-16.3.0.app/Contents/Developer/Platforms/AppleTVOS.platform/Developer/usr/lib -F /Users/admin/builder/spi-builder-workspace/.derivedData/Build/Products/Debug-appletvos -F /Applications/Xcode-16.3.0.app/Contents/Developer/Platforms/AppleTVOS.platform/Developer/Library/Frameworks -F /Applications/Xcode-16.3.0.app/Contents/Developer/Platforms/AppleTVOS.platform/Developer/SDKs/AppleTVOS18.4.sdk/Developer/Library/Frameworks -c -j10 -enable-batch-mode -incremental -Xcc -ivfsstatcache -Xcc /Users/admin/builder/spi-builder-workspace/.derivedData/SDKStatCaches.noindex/appletvos18.4-22L251-271d326055c85f9856fa135c41255102.sdkstatcache -output-file-map /Users/admin/builder/spi-builder-workspace/.derivedData/Build/Intermediates.noindex/flare-client-swift.build/Debug-appletvos/Flare.build/Objects-normal/arm64/Flare-OutputFileMap.json -use-frontend-parseable-output -save-temps -no-color-diagnostics -serialize-diagnostics -emit-dependencies -emit-module -emit-module-path /Users/admin/builder/spi-builder-workspace/.derivedData/Build/Intermediates.noindex/flare-client-swift.build/Debug-appletvos/Flare.build/Objects-normal/arm64/Flare.swiftmodule -validate-clang-modules-once -clang-build-session-file /Users/admin/builder/spi-builder-workspace/.derivedData/ModuleCache.noindex/Session.modulevalidation -package-name spi_builder_workspace -Xcc -I/Users/admin/builder/spi-builder-workspace/.derivedData/Build/Intermediates.noindex/flare-client-swift.build/Debug-appletvos/Flare.build/swift-overrides.hmap -emit-const-values -Xfrontend -const-gather-protocols-file -Xfrontend /Users/admin/builder/spi-builder-workspace/.derivedData/Build/Intermediates.noindex/flare-client-swift.build/Debug-appletvos/Flare.build/Objects-normal/arm64/Flare_const_extract_protocols.json -Xcc -I/Users/admin/builder/spi-builder-workspace/.derivedData/Build/Products/Debug-appletvos/include -Xcc -I/Users/admin/builder/spi-builder-workspace/.derivedData/Build/Intermediates.noindex/flare-client-swift.build/Debug-appletvos/Flare.build/DerivedSources-normal/arm64 -Xcc -I/Users/admin/builder/spi-builder-workspace/.derivedData/Build/Intermediates.noindex/flare-client-swift.build/Debug-appletvos/Flare.build/DerivedSources/arm64 -Xcc -I/Users/admin/builder/spi-builder-workspace/.derivedData/Build/Intermediates.noindex/flare-client-swift.build/Debug-appletvos/Flare.build/DerivedSources -Xcc -DSWIFT_PACKAGE -Xcc -DDEBUG\=1 -emit-objc-header -emit-objc-header-path /Users/admin/builder/spi-builder-workspace/.derivedData/Build/Intermediates.noindex/flare-client-swift.build/Debug-appletvos/Flare.build/Objects-normal/arm64/Flare-Swift.h -working-directory /Users/admin/builder/spi-builder-workspace/.swiftpm/xcode -experimental-emit-module-separately -disable-cmo
CompileC /Users/admin/builder/spi-builder-workspace/.derivedData/Build/Intermediates.noindex/PLCrashReporter.build/Debug-appletvos/CrashReporter.build/Objects-normal/arm64/PLCrashAsyncThread_x86.o /Users/admin/builder/spi-builder-workspace/.dependencies/checkouts/plcrashreporter/Source/PLCrashAsyncThread_x86.c normal arm64 c com.apple.compilers.llvm.clang.1_0.compiler (in target 'CrashReporter' from project 'PLCrashReporter')
cd /Users/admin/builder/spi-builder-workspace/.swiftpm/xcode
Using response file: /Users/admin/builder/spi-builder-workspace/.derivedData/Build/Intermediates.noindex/PLCrashReporter.build/Debug-appletvos/CrashReporter.build/Objects-normal/arm64/7187679823f38a2a940e0043cdf9d637-common-args.resp
/Applications/Xcode-16.3.0.app/Contents/Developer/Toolchains/XcodeDefault.xctoolchain/usr/bin/clang -x c -ivfsstatcache /Users/admin/builder/spi-builder-workspace/.derivedData/SDKStatCaches.noindex/appletvos18.4-22L251-271d326055c85f9856fa135c41255102.sdkstatcache -fmessage-length\=0 -fdiagnostics-show-note-include-stack -fmacro-backtrace-limit\=0 -fno-color-diagnostics -fmodules-prune-interval\=86400 -fmodules-prune-after\=345600 -fbuild-session-file\=/Users/admin/builder/spi-builder-workspace/.derivedData/ModuleCache.noindex/Session.modulevalidation -fmodules-validate-once-per-build-session -Wnon-modular-include-in-framework-module -Werror\=non-modular-include-in-framework-module -Wno-trigraphs -Wno-missing-field-initializers -Wno-missing-prototypes -Wno-return-type -Wno-missing-braces -Wparentheses -Wswitch -Wno-unused-function -Wno-unused-label -Wno-unused-parameter -Wno-unused-variable -Wunused-value -Wno-empty-body -Wno-uninitialized -Wno-unknown-pragmas -w -Wno-shadow -Wno-four-char-constants -Wno-conversion -Wno-constant-conversion -Wno-int-conversion -Wno-bool-conversion -Wno-enum-conversion -Wno-float-conversion -Wno-non-literal-null-conversion -Wno-objc-literal-conversion -Wshorten-64-to-32 -Wpointer-sign -Wno-newline-eof -Wno-implicit-fallthrough -fstrict-aliasing -Wdeprecated-declarations -Wno-sign-conversion -Wno-infinite-recursion -Wno-comma -Wno-block-capture-autoreleasing -Wno-strict-prototypes -Wno-semicolon-before-method-body -index-store-path /Users/admin/builder/spi-builder-workspace/.derivedData/Index.noindex/DataStore @/Users/admin/builder/spi-builder-workspace/.derivedData/Build/Intermediates.noindex/PLCrashReporter.build/Debug-appletvos/CrashReporter.build/Objects-normal/arm64/7187679823f38a2a940e0043cdf9d637-common-args.resp -MMD -MT dependencies -MF /Users/admin/builder/spi-builder-workspace/.derivedData/Build/Intermediates.noindex/PLCrashReporter.build/Debug-appletvos/CrashReporter.build/Objects-normal/arm64/PLCrashAsyncThread_x86.d --serialize-diagnostics /Users/admin/builder/spi-builder-workspace/.derivedData/Build/Intermediates.noindex/PLCrashReporter.build/Debug-appletvos/CrashReporter.build/Objects-normal/arm64/PLCrashAsyncThread_x86.dia -c /Users/admin/builder/spi-builder-workspace/.dependencies/checkouts/plcrashreporter/Source/PLCrashAsyncThread_x86.c -o /Users/admin/builder/spi-builder-workspace/.derivedData/Build/Intermediates.noindex/PLCrashReporter.build/Debug-appletvos/CrashReporter.build/Objects-normal/arm64/PLCrashAsyncThread_x86.o -index-unit-output-path /PLCrashReporter.build/Debug-appletvos/CrashReporter.build/Objects-normal/arm64/PLCrashAsyncThread_x86.o
ScanDependencies /Users/admin/builder/spi-builder-workspace/.derivedData/Build/Intermediates.noindex/PLCrashReporter.build/Debug-appletvos/CrashReporter.build/Objects-normal/arm64/PLCrashAsyncThread.o /Users/admin/builder/spi-builder-workspace/.dependencies/checkouts/plcrashreporter/Source/PLCrashAsyncThread.c normal arm64 c com.apple.compilers.llvm.clang.1_0.compiler (in target 'CrashReporter' from project 'PLCrashReporter')
cd /Users/admin/builder/spi-builder-workspace/.swiftpm/xcode
Using response file: /Users/admin/builder/spi-builder-workspace/.derivedData/Build/Intermediates.noindex/PLCrashReporter.build/Debug-appletvos/CrashReporter.build/Objects-normal/arm64/7187679823f38a2a940e0043cdf9d637-common-args.resp
builtin-ScanDependencies -o /Users/admin/builder/spi-builder-workspace/.derivedData/Build/Intermediates.noindex/PLCrashReporter.build/Debug-appletvos/CrashReporter.build/Objects-normal/arm64/PLCrashAsyncThread.o.scan -- /Applications/Xcode-16.3.0.app/Contents/Developer/Toolchains/XcodeDefault.xctoolchain/usr/bin/clang -x c -ivfsstatcache /Users/admin/builder/spi-builder-workspace/.derivedData/SDKStatCaches.noindex/appletvos18.4-22L251-271d326055c85f9856fa135c41255102.sdkstatcache -fmessage-length\=0 -fdiagnostics-show-note-include-stack -fmacro-backtrace-limit\=0 -fno-color-diagnostics -fmodules-prune-interval\=86400 -fmodules-prune-after\=345600 -fbuild-session-file\=/Users/admin/builder/spi-builder-workspace/.derivedData/ModuleCache.noindex/Session.modulevalidation -fmodules-validate-once-per-build-session -Wnon-modular-include-in-framework-module -Werror\=non-modular-include-in-framework-module -Wno-trigraphs -Wno-missing-field-initializers -Wno-missing-prototypes -Wno-return-type -Wno-missing-braces -Wparentheses -Wswitch -Wno-unused-function -Wno-unused-label -Wno-unused-parameter -Wno-unused-variable -Wunused-value -Wno-empty-body -Wno-uninitialized -Wno-unknown-pragmas -w -Wno-shadow -Wno-four-char-constants -Wno-conversion -Wno-constant-conversion -Wno-int-conversion -Wno-bool-conversion -Wno-enum-conversion -Wno-float-conversion -Wno-non-literal-null-conversion -Wno-objc-literal-conversion -Wshorten-64-to-32 -Wpointer-sign -Wno-newline-eof -Wno-implicit-fallthrough -fstrict-aliasing -Wdeprecated-declarations -Wno-sign-conversion -Wno-infinite-recursion -Wno-comma -Wno-block-capture-autoreleasing -Wno-strict-prototypes -Wno-semicolon-before-method-body -index-store-path /Users/admin/builder/spi-builder-workspace/.derivedData/Index.noindex/DataStore @/Users/admin/builder/spi-builder-workspace/.derivedData/Build/Intermediates.noindex/PLCrashReporter.build/Debug-appletvos/CrashReporter.build/Objects-normal/arm64/7187679823f38a2a940e0043cdf9d637-common-args.resp -MMD -MT dependencies -MF /Users/admin/builder/spi-builder-workspace/.derivedData/Build/Intermediates.noindex/PLCrashReporter.build/Debug-appletvos/CrashReporter.build/Objects-normal/arm64/PLCrashAsyncThread.d --serialize-diagnostics /Users/admin/builder/spi-builder-workspace/.derivedData/Build/Intermediates.noindex/PLCrashReporter.build/Debug-appletvos/CrashReporter.build/Objects-normal/arm64/PLCrashAsyncThread.dia -c /Users/admin/builder/spi-builder-workspace/.dependencies/checkouts/plcrashreporter/Source/PLCrashAsyncThread.c -o /Users/admin/builder/spi-builder-workspace/.derivedData/Build/Intermediates.noindex/PLCrashReporter.build/Debug-appletvos/CrashReporter.build/Objects-normal/arm64/PLCrashAsyncThread.o -index-unit-output-path /PLCrashReporter.build/Debug-appletvos/CrashReporter.build/Objects-normal/arm64/PLCrashAsyncThread.o
ScanDependencies /Users/admin/builder/spi-builder-workspace/.derivedData/Build/Intermediates.noindex/PLCrashReporter.build/Debug-appletvos/CrashReporter.build/Objects-normal/arm64/PLCrashAsyncSymbolication.o /Users/admin/builder/spi-builder-workspace/.dependencies/checkouts/plcrashreporter/Source/PLCrashAsyncSymbolication.c normal arm64 c com.apple.compilers.llvm.clang.1_0.compiler (in target 'CrashReporter' from project 'PLCrashReporter')
cd /Users/admin/builder/spi-builder-workspace/.swiftpm/xcode
Using response file: /Users/admin/builder/spi-builder-workspace/.derivedData/Build/Intermediates.noindex/PLCrashReporter.build/Debug-appletvos/CrashReporter.build/Objects-normal/arm64/7187679823f38a2a940e0043cdf9d637-common-args.resp
builtin-ScanDependencies -o /Users/admin/builder/spi-builder-workspace/.derivedData/Build/Intermediates.noindex/PLCrashReporter.build/Debug-appletvos/CrashReporter.build/Objects-normal/arm64/PLCrashAsyncSymbolication.o.scan -- /Applications/Xcode-16.3.0.app/Contents/Developer/Toolchains/XcodeDefault.xctoolchain/usr/bin/clang -x c -ivfsstatcache /Users/admin/builder/spi-builder-workspace/.derivedData/SDKStatCaches.noindex/appletvos18.4-22L251-271d326055c85f9856fa135c41255102.sdkstatcache -fmessage-length\=0 -fdiagnostics-show-note-include-stack -fmacro-backtrace-limit\=0 -fno-color-diagnostics -fmodules-prune-interval\=86400 -fmodules-prune-after\=345600 -fbuild-session-file\=/Users/admin/builder/spi-builder-workspace/.derivedData/ModuleCache.noindex/Session.modulevalidation -fmodules-validate-once-per-build-session -Wnon-modular-include-in-framework-module -Werror\=non-modular-include-in-framework-module -Wno-trigraphs -Wno-missing-field-initializers -Wno-missing-prototypes -Wno-return-type -Wno-missing-braces -Wparentheses -Wswitch -Wno-unused-function -Wno-unused-label -Wno-unused-parameter -Wno-unused-variable -Wunused-value -Wno-empty-body -Wno-uninitialized -Wno-unknown-pragmas -w -Wno-shadow -Wno-four-char-constants -Wno-conversion -Wno-constant-conversion -Wno-int-conversion -Wno-bool-conversion -Wno-enum-conversion -Wno-float-conversion -Wno-non-literal-null-conversion -Wno-objc-literal-conversion -Wshorten-64-to-32 -Wpointer-sign -Wno-newline-eof -Wno-implicit-fallthrough -fstrict-aliasing -Wdeprecated-declarations -Wno-sign-conversion -Wno-infinite-recursion -Wno-comma -Wno-block-capture-autoreleasing -Wno-strict-prototypes -Wno-semicolon-before-method-body -index-store-path /Users/admin/builder/spi-builder-workspace/.derivedData/Index.noindex/DataStore @/Users/admin/builder/spi-builder-workspace/.derivedData/Build/Intermediates.noindex/PLCrashReporter.build/Debug-appletvos/CrashReporter.build/Objects-normal/arm64/7187679823f38a2a940e0043cdf9d637-common-args.resp -MMD -MT dependencies -MF /Users/admin/builder/spi-builder-workspace/.derivedData/Build/Intermediates.noindex/PLCrashReporter.build/Debug-appletvos/CrashReporter.build/Objects-normal/arm64/PLCrashAsyncSymbolication.d --serialize-diagnostics /Users/admin/builder/spi-builder-workspace/.derivedData/Build/Intermediates.noindex/PLCrashReporter.build/Debug-appletvos/CrashReporter.build/Objects-normal/arm64/PLCrashAsyncSymbolication.dia -c /Users/admin/builder/spi-builder-workspace/.dependencies/checkouts/plcrashreporter/Source/PLCrashAsyncSymbolication.c -o /Users/admin/builder/spi-builder-workspace/.derivedData/Build/Intermediates.noindex/PLCrashReporter.build/Debug-appletvos/CrashReporter.build/Objects-normal/arm64/PLCrashAsyncSymbolication.o -index-unit-output-path /PLCrashReporter.build/Debug-appletvos/CrashReporter.build/Objects-normal/arm64/PLCrashAsyncSymbolication.o
CompileC /Users/admin/builder/spi-builder-workspace/.derivedData/Build/Intermediates.noindex/PLCrashReporter.build/Debug-appletvos/CrashReporter.build/Objects-normal/arm64/PLCrashLogWriter.o /Users/admin/builder/spi-builder-workspace/.dependencies/checkouts/plcrashreporter/Source/PLCrashLogWriter.m normal arm64 objective-c com.apple.compilers.llvm.clang.1_0.compiler (in target 'CrashReporter' from project 'PLCrashReporter')
cd /Users/admin/builder/spi-builder-workspace/.swiftpm/xcode
Using response file: /Users/admin/builder/spi-builder-workspace/.derivedData/Build/Intermediates.noindex/PLCrashReporter.build/Debug-appletvos/CrashReporter.build/Objects-normal/arm64/e6072d4f65d7061329687fe24e3d63a7-common-args.resp
/Applications/Xcode-16.3.0.app/Contents/Developer/Toolchains/XcodeDefault.xctoolchain/usr/bin/clang -x objective-c -ivfsstatcache /Users/admin/builder/spi-builder-workspace/.derivedData/SDKStatCaches.noindex/appletvos18.4-22L251-271d326055c85f9856fa135c41255102.sdkstatcache -fmessage-length\=0 -fdiagnostics-show-note-include-stack -fmacro-backtrace-limit\=0 -fno-color-diagnostics -fmodules-prune-interval\=86400 -fmodules-prune-after\=345600 -fbuild-session-file\=/Users/admin/builder/spi-builder-workspace/.derivedData/ModuleCache.noindex/Session.modulevalidation -fmodules-validate-once-per-build-session -Wnon-modular-include-in-framework-module -Werror\=non-modular-include-in-framework-module -Wno-trigraphs -Wno-missing-field-initializers -Wno-missing-prototypes -Wno-return-type -Wno-implicit-atomic-properties -Wno-objc-interface-ivars -Wno-arc-repeated-use-of-weak -Wno-missing-braces -Wparentheses -Wswitch -Wno-unused-function -Wno-unused-label -Wno-unused-parameter -Wno-unused-variable -Wunused-value -Wno-empty-body -Wno-uninitialized -Wno-unknown-pragmas -w -Wno-shadow -Wno-four-char-constants -Wno-conversion -Wno-constant-conversion -Wno-int-conversion -Wno-bool-conversion -Wno-enum-conversion -Wno-float-conversion -Wno-non-literal-null-conversion -Wno-objc-literal-conversion -Wshorten-64-to-32 -Wpointer-sign -Wno-newline-eof -Wno-selector -Wno-strict-selector-match -Wno-undeclared-selector -Wno-deprecated-implementations -Wno-implicit-fallthrough -fstrict-aliasing -Wprotocol -Wdeprecated-declarations -Wno-sign-conversion -Wno-infinite-recursion -Wno-comma -Wno-block-capture-autoreleasing -Wno-strict-prototypes -Wno-semicolon-before-method-body -index-store-path /Users/admin/builder/spi-builder-workspace/.derivedData/Index.noindex/DataStore @/Users/admin/builder/spi-builder-workspace/.derivedData/Build/Intermediates.noindex/PLCrashReporter.build/Debug-appletvos/CrashReporter.build/Objects-normal/arm64/e6072d4f65d7061329687fe24e3d63a7-common-args.resp -include /Users/admin/builder/spi-builder-workspace/.derivedData/Build/Intermediates.noindex/PLCrashReporter.build/Debug-appletvos/CrashReporter.build/DerivedSources/resource_bundle_accessor.h -MMD -MT dependencies -MF /Users/admin/builder/spi-builder-workspace/.derivedData/Build/Intermediates.noindex/PLCrashReporter.build/Debug-appletvos/CrashReporter.build/Objects-normal/arm64/PLCrashLogWriter.d --serialize-diagnostics /Users/admin/builder/spi-builder-workspace/.derivedData/Build/Intermediates.noindex/PLCrashReporter.build/Debug-appletvos/CrashReporter.build/Objects-normal/arm64/PLCrashLogWriter.dia -c /Users/admin/builder/spi-builder-workspace/.dependencies/checkouts/plcrashreporter/Source/PLCrashLogWriter.m -o /Users/admin/builder/spi-builder-workspace/.derivedData/Build/Intermediates.noindex/PLCrashReporter.build/Debug-appletvos/CrashReporter.build/Objects-normal/arm64/PLCrashLogWriter.o -index-unit-output-path /PLCrashReporter.build/Debug-appletvos/CrashReporter.build/Objects-normal/arm64/PLCrashLogWriter.o
CompileC /Users/admin/builder/spi-builder-workspace/.derivedData/Build/Intermediates.noindex/PLCrashReporter.build/Debug-appletvos/CrashReporter.build/Objects-normal/arm64/PLCrashHostInfo.o /Users/admin/builder/spi-builder-workspace/.dependencies/checkouts/plcrashreporter/Source/PLCrashHostInfo.m normal arm64 objective-c com.apple.compilers.llvm.clang.1_0.compiler (in target 'CrashReporter' from project 'PLCrashReporter')
cd /Users/admin/builder/spi-builder-workspace/.swiftpm/xcode
Using response file: /Users/admin/builder/spi-builder-workspace/.derivedData/Build/Intermediates.noindex/PLCrashReporter.build/Debug-appletvos/CrashReporter.build/Objects-normal/arm64/e6072d4f65d7061329687fe24e3d63a7-common-args.resp
/Applications/Xcode-16.3.0.app/Contents/Developer/Toolchains/XcodeDefault.xctoolchain/usr/bin/clang -x objective-c -ivfsstatcache /Users/admin/builder/spi-builder-workspace/.derivedData/SDKStatCaches.noindex/appletvos18.4-22L251-271d326055c85f9856fa135c41255102.sdkstatcache -fmessage-length\=0 -fdiagnostics-show-note-include-stack -fmacro-backtrace-limit\=0 -fno-color-diagnostics -fmodules-prune-interval\=86400 -fmodules-prune-after\=345600 -fbuild-session-file\=/Users/admin/builder/spi-builder-workspace/.derivedData/ModuleCache.noindex/Session.modulevalidation -fmodules-validate-once-per-build-session -Wnon-modular-include-in-framework-module -Werror\=non-modular-include-in-framework-module -Wno-trigraphs -Wno-missing-field-initializers -Wno-missing-prototypes -Wno-return-type -Wno-implicit-atomic-properties -Wno-objc-interface-ivars -Wno-arc-repeated-use-of-weak -Wno-missing-braces -Wparentheses -Wswitch -Wno-unused-function -Wno-unused-label -Wno-unused-parameter -Wno-unused-variable -Wunused-value -Wno-empty-body -Wno-uninitialized -Wno-unknown-pragmas -w -Wno-shadow -Wno-four-char-constants -Wno-conversion -Wno-constant-conversion -Wno-int-conversion -Wno-bool-conversion -Wno-enum-conversion -Wno-float-conversion -Wno-non-literal-null-conversion -Wno-objc-literal-conversion -Wshorten-64-to-32 -Wpointer-sign -Wno-newline-eof -Wno-selector -Wno-strict-selector-match -Wno-undeclared-selector -Wno-deprecated-implementations -Wno-implicit-fallthrough -fstrict-aliasing -Wprotocol -Wdeprecated-declarations -Wno-sign-conversion -Wno-infinite-recursion -Wno-comma -Wno-block-capture-autoreleasing -Wno-strict-prototypes -Wno-semicolon-before-method-body -index-store-path /Users/admin/builder/spi-builder-workspace/.derivedData/Index.noindex/DataStore @/Users/admin/builder/spi-builder-workspace/.derivedData/Build/Intermediates.noindex/PLCrashReporter.build/Debug-appletvos/CrashReporter.build/Objects-normal/arm64/e6072d4f65d7061329687fe24e3d63a7-common-args.resp -include /Users/admin/builder/spi-builder-workspace/.derivedData/Build/Intermediates.noindex/PLCrashReporter.build/Debug-appletvos/CrashReporter.build/DerivedSources/resource_bundle_accessor.h -MMD -MT dependencies -MF /Users/admin/builder/spi-builder-workspace/.derivedData/Build/Intermediates.noindex/PLCrashReporter.build/Debug-appletvos/CrashReporter.build/Objects-normal/arm64/PLCrashHostInfo.d --serialize-diagnostics /Users/admin/builder/spi-builder-workspace/.derivedData/Build/Intermediates.noindex/PLCrashReporter.build/Debug-appletvos/CrashReporter.build/Objects-normal/arm64/PLCrashHostInfo.dia -c /Users/admin/builder/spi-builder-workspace/.dependencies/checkouts/plcrashreporter/Source/PLCrashHostInfo.m -o /Users/admin/builder/spi-builder-workspace/.derivedData/Build/Intermediates.noindex/PLCrashReporter.build/Debug-appletvos/CrashReporter.build/Objects-normal/arm64/PLCrashHostInfo.o -index-unit-output-path /PLCrashReporter.build/Debug-appletvos/CrashReporter.build/Objects-normal/arm64/PLCrashHostInfo.o
ScanDependencies /Users/admin/builder/spi-builder-workspace/.derivedData/Build/Intermediates.noindex/PLCrashReporter.build/Debug-appletvos/CrashReporter.build/Objects-normal/arm64/PLCrashAsyncSignalInfo.o /Users/admin/builder/spi-builder-workspace/.dependencies/checkouts/plcrashreporter/Source/PLCrashAsyncSignalInfo.c normal arm64 c com.apple.compilers.llvm.clang.1_0.compiler (in target 'CrashReporter' from project 'PLCrashReporter')
cd /Users/admin/builder/spi-builder-workspace/.swiftpm/xcode
Using response file: /Users/admin/builder/spi-builder-workspace/.derivedData/Build/Intermediates.noindex/PLCrashReporter.build/Debug-appletvos/CrashReporter.build/Objects-normal/arm64/7187679823f38a2a940e0043cdf9d637-common-args.resp
builtin-ScanDependencies -o /Users/admin/builder/spi-builder-workspace/.derivedData/Build/Intermediates.noindex/PLCrashReporter.build/Debug-appletvos/CrashReporter.build/Objects-normal/arm64/PLCrashAsyncSignalInfo.o.scan -- /Applications/Xcode-16.3.0.app/Contents/Developer/Toolchains/XcodeDefault.xctoolchain/usr/bin/clang -x c -ivfsstatcache /Users/admin/builder/spi-builder-workspace/.derivedData/SDKStatCaches.noindex/appletvos18.4-22L251-271d326055c85f9856fa135c41255102.sdkstatcache -fmessage-length\=0 -fdiagnostics-show-note-include-stack -fmacro-backtrace-limit\=0 -fno-color-diagnostics -fmodules-prune-interval\=86400 -fmodules-prune-after\=345600 -fbuild-session-file\=/Users/admin/builder/spi-builder-workspace/.derivedData/ModuleCache.noindex/Session.modulevalidation -fmodules-validate-once-per-build-session -Wnon-modular-include-in-framework-module -Werror\=non-modular-include-in-framework-module -Wno-trigraphs -Wno-missing-field-initializers -Wno-missing-prototypes -Wno-return-type -Wno-missing-braces -Wparentheses -Wswitch -Wno-unused-function -Wno-unused-label -Wno-unused-parameter -Wno-unused-variable -Wunused-value -Wno-empty-body -Wno-uninitialized -Wno-unknown-pragmas -w -Wno-shadow -Wno-four-char-constants -Wno-conversion -Wno-constant-conversion -Wno-int-conversion -Wno-bool-conversion -Wno-enum-conversion -Wno-float-conversion -Wno-non-literal-null-conversion -Wno-objc-literal-conversion -Wshorten-64-to-32 -Wpointer-sign -Wno-newline-eof -Wno-implicit-fallthrough -fstrict-aliasing -Wdeprecated-declarations -Wno-sign-conversion -Wno-infinite-recursion -Wno-comma -Wno-block-capture-autoreleasing -Wno-strict-prototypes -Wno-semicolon-before-method-body -index-store-path /Users/admin/builder/spi-builder-workspace/.derivedData/Index.noindex/DataStore @/Users/admin/builder/spi-builder-workspace/.derivedData/Build/Intermediates.noindex/PLCrashReporter.build/Debug-appletvos/CrashReporter.build/Objects-normal/arm64/7187679823f38a2a940e0043cdf9d637-common-args.resp -MMD -MT dependencies -MF /Users/admin/builder/spi-builder-workspace/.derivedData/Build/Intermediates.noindex/PLCrashReporter.build/Debug-appletvos/CrashReporter.build/Objects-normal/arm64/PLCrashAsyncSignalInfo.d --serialize-diagnostics /Users/admin/builder/spi-builder-workspace/.derivedData/Build/Intermediates.noindex/PLCrashReporter.build/Debug-appletvos/CrashReporter.build/Objects-normal/arm64/PLCrashAsyncSignalInfo.dia -c /Users/admin/builder/spi-builder-workspace/.dependencies/checkouts/plcrashreporter/Source/PLCrashAsyncSignalInfo.c -o /Users/admin/builder/spi-builder-workspace/.derivedData/Build/Intermediates.noindex/PLCrashReporter.build/Debug-appletvos/CrashReporter.build/Objects-normal/arm64/PLCrashAsyncSignalInfo.o -index-unit-output-path /PLCrashReporter.build/Debug-appletvos/CrashReporter.build/Objects-normal/arm64/PLCrashAsyncSignalInfo.o
CompileC /Users/admin/builder/spi-builder-workspace/.derivedData/Build/Intermediates.noindex/PLCrashReporter.build/Debug-appletvos/CrashReporter.build/Objects-normal/arm64/PLCrashAsyncThread_current-0e6752d863b2cc4becf7ac930b694bda.o /Users/admin/builder/spi-builder-workspace/.dependencies/checkouts/plcrashreporter/Source/PLCrashAsyncThread_current.c normal arm64 c com.apple.compilers.llvm.clang.1_0.compiler (in target 'CrashReporter' from project 'PLCrashReporter')
cd /Users/admin/builder/spi-builder-workspace/.swiftpm/xcode
Using response file: /Users/admin/builder/spi-builder-workspace/.derivedData/Build/Intermediates.noindex/PLCrashReporter.build/Debug-appletvos/CrashReporter.build/Objects-normal/arm64/7187679823f38a2a940e0043cdf9d637-common-args.resp
/Applications/Xcode-16.3.0.app/Contents/Developer/Toolchains/XcodeDefault.xctoolchain/usr/bin/clang -x c -ivfsstatcache /Users/admin/builder/spi-builder-workspace/.derivedData/SDKStatCaches.noindex/appletvos18.4-22L251-271d326055c85f9856fa135c41255102.sdkstatcache -fmessage-length\=0 -fdiagnostics-show-note-include-stack -fmacro-backtrace-limit\=0 -fno-color-diagnostics -fmodules-prune-interval\=86400 -fmodules-prune-after\=345600 -fbuild-session-file\=/Users/admin/builder/spi-builder-workspace/.derivedData/ModuleCache.noindex/Session.modulevalidation -fmodules-validate-once-per-build-session -Wnon-modular-include-in-framework-module -Werror\=non-modular-include-in-framework-module -Wno-trigraphs -Wno-missing-field-initializers -Wno-missing-prototypes -Wno-return-type -Wno-missing-braces -Wparentheses -Wswitch -Wno-unused-function -Wno-unused-label -Wno-unused-parameter -Wno-unused-variable -Wunused-value -Wno-empty-body -Wno-uninitialized -Wno-unknown-pragmas -w -Wno-shadow -Wno-four-char-constants -Wno-conversion -Wno-constant-conversion -Wno-int-conversion -Wno-bool-conversion -Wno-enum-conversion -Wno-float-conversion -Wno-non-literal-null-conversion -Wno-objc-literal-conversion -Wshorten-64-to-32 -Wpointer-sign -Wno-newline-eof -Wno-implicit-fallthrough -fstrict-aliasing -Wdeprecated-declarations -Wno-sign-conversion -Wno-infinite-recursion -Wno-comma -Wno-block-capture-autoreleasing -Wno-strict-prototypes -Wno-semicolon-before-method-body -index-store-path /Users/admin/builder/spi-builder-workspace/.derivedData/Index.noindex/DataStore @/Users/admin/builder/spi-builder-workspace/.derivedData/Build/Intermediates.noindex/PLCrashReporter.build/Debug-appletvos/CrashReporter.build/Objects-normal/arm64/7187679823f38a2a940e0043cdf9d637-common-args.resp -MMD -MT dependencies -MF /Users/admin/builder/spi-builder-workspace/.derivedData/Build/Intermediates.noindex/PLCrashReporter.build/Debug-appletvos/CrashReporter.build/Objects-normal/arm64/PLCrashAsyncThread_current-0e6752d863b2cc4becf7ac930b694bda.d --serialize-diagnostics /Users/admin/builder/spi-builder-workspace/.derivedData/Build/Intermediates.noindex/PLCrashReporter.build/Debug-appletvos/CrashReporter.build/Objects-normal/arm64/PLCrashAsyncThread_current-0e6752d863b2cc4becf7ac930b694bda.dia -c /Users/admin/builder/spi-builder-workspace/.dependencies/checkouts/plcrashreporter/Source/PLCrashAsyncThread_current.c -o /Users/admin/builder/spi-builder-workspace/.derivedData/Build/Intermediates.noindex/PLCrashReporter.build/Debug-appletvos/CrashReporter.build/Objects-normal/arm64/PLCrashAsyncThread_current-0e6752d863b2cc4becf7ac930b694bda.o -index-unit-output-path /PLCrashReporter.build/Debug-appletvos/CrashReporter.build/Objects-normal/arm64/PLCrashAsyncThread_current-0e6752d863b2cc4becf7ac930b694bda.o
CompileC /Users/admin/builder/spi-builder-workspace/.derivedData/Build/Intermediates.noindex/PLCrashReporter.build/Debug-appletvos/CrashReporter.build/Objects-normal/arm64/PLCrashAsyncThread_arm.o /Users/admin/builder/spi-builder-workspace/.dependencies/checkouts/plcrashreporter/Source/PLCrashAsyncThread_arm.c normal arm64 c com.apple.compilers.llvm.clang.1_0.compiler (in target 'CrashReporter' from project 'PLCrashReporter')
cd /Users/admin/builder/spi-builder-workspace/.swiftpm/xcode
Using response file: /Users/admin/builder/spi-builder-workspace/.derivedData/Build/Intermediates.noindex/PLCrashReporter.build/Debug-appletvos/CrashReporter.build/Objects-normal/arm64/7187679823f38a2a940e0043cdf9d637-common-args.resp
/Applications/Xcode-16.3.0.app/Contents/Developer/Toolchains/XcodeDefault.xctoolchain/usr/bin/clang -x c -ivfsstatcache /Users/admin/builder/spi-builder-workspace/.derivedData/SDKStatCaches.noindex/appletvos18.4-22L251-271d326055c85f9856fa135c41255102.sdkstatcache -fmessage-length\=0 -fdiagnostics-show-note-include-stack -fmacro-backtrace-limit\=0 -fno-color-diagnostics -fmodules-prune-interval\=86400 -fmodules-prune-after\=345600 -fbuild-session-file\=/Users/admin/builder/spi-builder-workspace/.derivedData/ModuleCache.noindex/Session.modulevalidation -fmodules-validate-once-per-build-session -Wnon-modular-include-in-framework-module -Werror\=non-modular-include-in-framework-module -Wno-trigraphs -Wno-missing-field-initializers -Wno-missing-prototypes -Wno-return-type -Wno-missing-braces -Wparentheses -Wswitch -Wno-unused-function -Wno-unused-label -Wno-unused-parameter -Wno-unused-variable -Wunused-value -Wno-empty-body -Wno-uninitialized -Wno-unknown-pragmas -w -Wno-shadow -Wno-four-char-constants -Wno-conversion -Wno-constant-conversion -Wno-int-conversion -Wno-bool-conversion -Wno-enum-conversion -Wno-float-conversion -Wno-non-literal-null-conversion -Wno-objc-literal-conversion -Wshorten-64-to-32 -Wpointer-sign -Wno-newline-eof -Wno-implicit-fallthrough -fstrict-aliasing -Wdeprecated-declarations -Wno-sign-conversion -Wno-infinite-recursion -Wno-comma -Wno-block-capture-autoreleasing -Wno-strict-prototypes -Wno-semicolon-before-method-body -index-store-path /Users/admin/builder/spi-builder-workspace/.derivedData/Index.noindex/DataStore @/Users/admin/builder/spi-builder-workspace/.derivedData/Build/Intermediates.noindex/PLCrashReporter.build/Debug-appletvos/CrashReporter.build/Objects-normal/arm64/7187679823f38a2a940e0043cdf9d637-common-args.resp -MMD -MT dependencies -MF /Users/admin/builder/spi-builder-workspace/.derivedData/Build/Intermediates.noindex/PLCrashReporter.build/Debug-appletvos/CrashReporter.build/Objects-normal/arm64/PLCrashAsyncThread_arm.d --serialize-diagnostics /Users/admin/builder/spi-builder-workspace/.derivedData/Build/Intermediates.noindex/PLCrashReporter.build/Debug-appletvos/CrashReporter.build/Objects-normal/arm64/PLCrashAsyncThread_arm.dia -c /Users/admin/builder/spi-builder-workspace/.dependencies/checkouts/plcrashreporter/Source/PLCrashAsyncThread_arm.c -o /Users/admin/builder/spi-builder-workspace/.derivedData/Build/Intermediates.noindex/PLCrashReporter.build/Debug-appletvos/CrashReporter.build/Objects-normal/arm64/PLCrashAsyncThread_arm.o -index-unit-output-path /PLCrashReporter.build/Debug-appletvos/CrashReporter.build/Objects-normal/arm64/PLCrashAsyncThread_arm.o
PrecompileModule /Users/admin/builder/spi-builder-workspace/.derivedData/Build/Intermediates.noindex/ExplicitPrecompiledModules/MachO-4D1M0B0B1YONJO3Z771B73RIG.scan
cd /Users/admin/builder/spi-builder-workspace/.swiftpm/xcode
builtin-precompileModule /Users/admin/builder/spi-builder-workspace/.derivedData/Build/Intermediates.noindex/ExplicitPrecompiledModules/MachO-4D1M0B0B1YONJO3Z771B73RIG.scan
CompileC /Users/admin/builder/spi-builder-workspace/.derivedData/Build/Intermediates.noindex/PLCrashReporter.build/Debug-appletvos/CrashReporter.build/Objects-normal/arm64/PLCrashAsyncSignalInfo.o /Users/admin/builder/spi-builder-workspace/.dependencies/checkouts/plcrashreporter/Source/PLCrashAsyncSignalInfo.c normal arm64 c com.apple.compilers.llvm.clang.1_0.compiler (in target 'CrashReporter' from project 'PLCrashReporter')
cd /Users/admin/builder/spi-builder-workspace/.swiftpm/xcode
Using response file: /Users/admin/builder/spi-builder-workspace/.derivedData/Build/Intermediates.noindex/PLCrashReporter.build/Debug-appletvos/CrashReporter.build/Objects-normal/arm64/7187679823f38a2a940e0043cdf9d637-common-args.resp
/Applications/Xcode-16.3.0.app/Contents/Developer/Toolchains/XcodeDefault.xctoolchain/usr/bin/clang -x c -ivfsstatcache /Users/admin/builder/spi-builder-workspace/.derivedData/SDKStatCaches.noindex/appletvos18.4-22L251-271d326055c85f9856fa135c41255102.sdkstatcache -fmessage-length\=0 -fdiagnostics-show-note-include-stack -fmacro-backtrace-limit\=0 -fno-color-diagnostics -fmodules-prune-interval\=86400 -fmodules-prune-after\=345600 -fbuild-session-file\=/Users/admin/builder/spi-builder-workspace/.derivedData/ModuleCache.noindex/Session.modulevalidation -fmodules-validate-once-per-build-session -Wnon-modular-include-in-framework-module -Werror\=non-modular-include-in-framework-module -Wno-trigraphs -Wno-missing-field-initializers -Wno-missing-prototypes -Wno-return-type -Wno-missing-braces -Wparentheses -Wswitch -Wno-unused-function -Wno-unused-label -Wno-unused-parameter -Wno-unused-variable -Wunused-value -Wno-empty-body -Wno-uninitialized -Wno-unknown-pragmas -w -Wno-shadow -Wno-four-char-constants -Wno-conversion -Wno-constant-conversion -Wno-int-conversion -Wno-bool-conversion -Wno-enum-conversion -Wno-float-conversion -Wno-non-literal-null-conversion -Wno-objc-literal-conversion -Wshorten-64-to-32 -Wpointer-sign -Wno-newline-eof -Wno-implicit-fallthrough -fstrict-aliasing -Wdeprecated-declarations -Wno-sign-conversion -Wno-infinite-recursion -Wno-comma -Wno-block-capture-autoreleasing -Wno-strict-prototypes -Wno-semicolon-before-method-body -index-store-path /Users/admin/builder/spi-builder-workspace/.derivedData/Index.noindex/DataStore @/Users/admin/builder/spi-builder-workspace/.derivedData/Build/Intermediates.noindex/PLCrashReporter.build/Debug-appletvos/CrashReporter.build/Objects-normal/arm64/7187679823f38a2a940e0043cdf9d637-common-args.resp -MMD -MT dependencies -MF /Users/admin/builder/spi-builder-workspace/.derivedData/Build/Intermediates.noindex/PLCrashReporter.build/Debug-appletvos/CrashReporter.build/Objects-normal/arm64/PLCrashAsyncSignalInfo.d --serialize-diagnostics /Users/admin/builder/spi-builder-workspace/.derivedData/Build/Intermediates.noindex/PLCrashReporter.build/Debug-appletvos/CrashReporter.build/Objects-normal/arm64/PLCrashAsyncSignalInfo.dia -c /Users/admin/builder/spi-builder-workspace/.dependencies/checkouts/plcrashreporter/Source/PLCrashAsyncSignalInfo.c -o /Users/admin/builder/spi-builder-workspace/.derivedData/Build/Intermediates.noindex/PLCrashReporter.build/Debug-appletvos/CrashReporter.build/Objects-normal/arm64/PLCrashAsyncSignalInfo.o -index-unit-output-path /PLCrashReporter.build/Debug-appletvos/CrashReporter.build/Objects-normal/arm64/PLCrashAsyncSignalInfo.o
CompileC /Users/admin/builder/spi-builder-workspace/.derivedData/Build/Intermediates.noindex/PLCrashReporter.build/Debug-appletvos/CrashReporter.build/Objects-normal/arm64/PLCrashAsyncThread.o /Users/admin/builder/spi-builder-workspace/.dependencies/checkouts/plcrashreporter/Source/PLCrashAsyncThread.c normal arm64 c com.apple.compilers.llvm.clang.1_0.compiler (in target 'CrashReporter' from project 'PLCrashReporter')
cd /Users/admin/builder/spi-builder-workspace/.swiftpm/xcode
Using response file: /Users/admin/builder/spi-builder-workspace/.derivedData/Build/Intermediates.noindex/PLCrashReporter.build/Debug-appletvos/CrashReporter.build/Objects-normal/arm64/7187679823f38a2a940e0043cdf9d637-common-args.resp
/Applications/Xcode-16.3.0.app/Contents/Developer/Toolchains/XcodeDefault.xctoolchain/usr/bin/clang -x c -ivfsstatcache /Users/admin/builder/spi-builder-workspace/.derivedData/SDKStatCaches.noindex/appletvos18.4-22L251-271d326055c85f9856fa135c41255102.sdkstatcache -fmessage-length\=0 -fdiagnostics-show-note-include-stack -fmacro-backtrace-limit\=0 -fno-color-diagnostics -fmodules-prune-interval\=86400 -fmodules-prune-after\=345600 -fbuild-session-file\=/Users/admin/builder/spi-builder-workspace/.derivedData/ModuleCache.noindex/Session.modulevalidation -fmodules-validate-once-per-build-session -Wnon-modular-include-in-framework-module -Werror\=non-modular-include-in-framework-module -Wno-trigraphs -Wno-missing-field-initializers -Wno-missing-prototypes -Wno-return-type -Wno-missing-braces -Wparentheses -Wswitch -Wno-unused-function -Wno-unused-label -Wno-unused-parameter -Wno-unused-variable -Wunused-value -Wno-empty-body -Wno-uninitialized -Wno-unknown-pragmas -w -Wno-shadow -Wno-four-char-constants -Wno-conversion -Wno-constant-conversion -Wno-int-conversion -Wno-bool-conversion -Wno-enum-conversion -Wno-float-conversion -Wno-non-literal-null-conversion -Wno-objc-literal-conversion -Wshorten-64-to-32 -Wpointer-sign -Wno-newline-eof -Wno-implicit-fallthrough -fstrict-aliasing -Wdeprecated-declarations -Wno-sign-conversion -Wno-infinite-recursion -Wno-comma -Wno-block-capture-autoreleasing -Wno-strict-prototypes -Wno-semicolon-before-method-body -index-store-path /Users/admin/builder/spi-builder-workspace/.derivedData/Index.noindex/DataStore @/Users/admin/builder/spi-builder-workspace/.derivedData/Build/Intermediates.noindex/PLCrashReporter.build/Debug-appletvos/CrashReporter.build/Objects-normal/arm64/7187679823f38a2a940e0043cdf9d637-common-args.resp -MMD -MT dependencies -MF /Users/admin/builder/spi-builder-workspace/.derivedData/Build/Intermediates.noindex/PLCrashReporter.build/Debug-appletvos/CrashReporter.build/Objects-normal/arm64/PLCrashAsyncThread.d --serialize-diagnostics /Users/admin/builder/spi-builder-workspace/.derivedData/Build/Intermediates.noindex/PLCrashReporter.build/Debug-appletvos/CrashReporter.build/Objects-normal/arm64/PLCrashAsyncThread.dia -c /Users/admin/builder/spi-builder-workspace/.dependencies/checkouts/plcrashreporter/Source/PLCrashAsyncThread.c -o /Users/admin/builder/spi-builder-workspace/.derivedData/Build/Intermediates.noindex/PLCrashReporter.build/Debug-appletvos/CrashReporter.build/Objects-normal/arm64/PLCrashAsyncThread.o -index-unit-output-path /PLCrashReporter.build/Debug-appletvos/CrashReporter.build/Objects-normal/arm64/PLCrashAsyncThread.o
ScanDependencies /Users/admin/builder/spi-builder-workspace/.derivedData/Build/Intermediates.noindex/PLCrashReporter.build/Debug-appletvos/CrashReporter.build/Objects-normal/arm64/PLCrashAsyncMachOString.o /Users/admin/builder/spi-builder-workspace/.dependencies/checkouts/plcrashreporter/Source/PLCrashAsyncMachOString.c normal arm64 c com.apple.compilers.llvm.clang.1_0.compiler (in target 'CrashReporter' from project 'PLCrashReporter')
cd /Users/admin/builder/spi-builder-workspace/.swiftpm/xcode
Using response file: /Users/admin/builder/spi-builder-workspace/.derivedData/Build/Intermediates.noindex/PLCrashReporter.build/Debug-appletvos/CrashReporter.build/Objects-normal/arm64/7187679823f38a2a940e0043cdf9d637-common-args.resp
builtin-ScanDependencies -o /Users/admin/builder/spi-builder-workspace/.derivedData/Build/Intermediates.noindex/PLCrashReporter.build/Debug-appletvos/CrashReporter.build/Objects-normal/arm64/PLCrashAsyncMachOString.o.scan -- /Applications/Xcode-16.3.0.app/Contents/Developer/Toolchains/XcodeDefault.xctoolchain/usr/bin/clang -x c -ivfsstatcache /Users/admin/builder/spi-builder-workspace/.derivedData/SDKStatCaches.noindex/appletvos18.4-22L251-271d326055c85f9856fa135c41255102.sdkstatcache -fmessage-length\=0 -fdiagnostics-show-note-include-stack -fmacro-backtrace-limit\=0 -fno-color-diagnostics -fmodules-prune-interval\=86400 -fmodules-prune-after\=345600 -fbuild-session-file\=/Users/admin/builder/spi-builder-workspace/.derivedData/ModuleCache.noindex/Session.modulevalidation -fmodules-validate-once-per-build-session -Wnon-modular-include-in-framework-module -Werror\=non-modular-include-in-framework-module -Wno-trigraphs -Wno-missing-field-initializers -Wno-missing-prototypes -Wno-return-type -Wno-missing-braces -Wparentheses -Wswitch -Wno-unused-function -Wno-unused-label -Wno-unused-parameter -Wno-unused-variable -Wunused-value -Wno-empty-body -Wno-uninitialized -Wno-unknown-pragmas -w -Wno-shadow -Wno-four-char-constants -Wno-conversion -Wno-constant-conversion -Wno-int-conversion -Wno-bool-conversion -Wno-enum-conversion -Wno-float-conversion -Wno-non-literal-null-conversion -Wno-objc-literal-conversion -Wshorten-64-to-32 -Wpointer-sign -Wno-newline-eof -Wno-implicit-fallthrough -fstrict-aliasing -Wdeprecated-declarations -Wno-sign-conversion -Wno-infinite-recursion -Wno-comma -Wno-block-capture-autoreleasing -Wno-strict-prototypes -Wno-semicolon-before-method-body -index-store-path /Users/admin/builder/spi-builder-workspace/.derivedData/Index.noindex/DataStore @/Users/admin/builder/spi-builder-workspace/.derivedData/Build/Intermediates.noindex/PLCrashReporter.build/Debug-appletvos/CrashReporter.build/Objects-normal/arm64/7187679823f38a2a940e0043cdf9d637-common-args.resp -MMD -MT dependencies -MF /Users/admin/builder/spi-builder-workspace/.derivedData/Build/Intermediates.noindex/PLCrashReporter.build/Debug-appletvos/CrashReporter.build/Objects-normal/arm64/PLCrashAsyncMachOString.d --serialize-diagnostics /Users/admin/builder/spi-builder-workspace/.derivedData/Build/Intermediates.noindex/PLCrashReporter.build/Debug-appletvos/CrashReporter.build/Objects-normal/arm64/PLCrashAsyncMachOString.dia -c /Users/admin/builder/spi-builder-workspace/.dependencies/checkouts/plcrashreporter/Source/PLCrashAsyncMachOString.c -o /Users/admin/builder/spi-builder-workspace/.derivedData/Build/Intermediates.noindex/PLCrashReporter.build/Debug-appletvos/CrashReporter.build/Objects-normal/arm64/PLCrashAsyncMachOString.o -index-unit-output-path /PLCrashReporter.build/Debug-appletvos/CrashReporter.build/Objects-normal/arm64/PLCrashAsyncMachOString.o
ScanDependencies /Users/admin/builder/spi-builder-workspace/.derivedData/Build/Intermediates.noindex/PLCrashReporter.build/Debug-appletvos/CrashReporter.build/Objects-normal/arm64/PLCrashAsyncMachOImage.o /Users/admin/builder/spi-builder-workspace/.dependencies/checkouts/plcrashreporter/Source/PLCrashAsyncMachOImage.c normal arm64 c com.apple.compilers.llvm.clang.1_0.compiler (in target 'CrashReporter' from project 'PLCrashReporter')
cd /Users/admin/builder/spi-builder-workspace/.swiftpm/xcode
Using response file: /Users/admin/builder/spi-builder-workspace/.derivedData/Build/Intermediates.noindex/PLCrashReporter.build/Debug-appletvos/CrashReporter.build/Objects-normal/arm64/7187679823f38a2a940e0043cdf9d637-common-args.resp
builtin-ScanDependencies -o /Users/admin/builder/spi-builder-workspace/.derivedData/Build/Intermediates.noindex/PLCrashReporter.build/Debug-appletvos/CrashReporter.build/Objects-normal/arm64/PLCrashAsyncMachOImage.o.scan -- /Applications/Xcode-16.3.0.app/Contents/Developer/Toolchains/XcodeDefault.xctoolchain/usr/bin/clang -x c -ivfsstatcache /Users/admin/builder/spi-builder-workspace/.derivedData/SDKStatCaches.noindex/appletvos18.4-22L251-271d326055c85f9856fa135c41255102.sdkstatcache -fmessage-length\=0 -fdiagnostics-show-note-include-stack -fmacro-backtrace-limit\=0 -fno-color-diagnostics -fmodules-prune-interval\=86400 -fmodules-prune-after\=345600 -fbuild-session-file\=/Users/admin/builder/spi-builder-workspace/.derivedData/ModuleCache.noindex/Session.modulevalidation -fmodules-validate-once-per-build-session -Wnon-modular-include-in-framework-module -Werror\=non-modular-include-in-framework-module -Wno-trigraphs -Wno-missing-field-initializers -Wno-missing-prototypes -Wno-return-type -Wno-missing-braces -Wparentheses -Wswitch -Wno-unused-function -Wno-unused-label -Wno-unused-parameter -Wno-unused-variable -Wunused-value -Wno-empty-body -Wno-uninitialized -Wno-unknown-pragmas -w -Wno-shadow -Wno-four-char-constants -Wno-conversion -Wno-constant-conversion -Wno-int-conversion -Wno-bool-conversion -Wno-enum-conversion -Wno-float-conversion -Wno-non-literal-null-conversion -Wno-objc-literal-conversion -Wshorten-64-to-32 -Wpointer-sign -Wno-newline-eof -Wno-implicit-fallthrough -fstrict-aliasing -Wdeprecated-declarations -Wno-sign-conversion -Wno-infinite-recursion -Wno-comma -Wno-block-capture-autoreleasing -Wno-strict-prototypes -Wno-semicolon-before-method-body -index-store-path /Users/admin/builder/spi-builder-workspace/.derivedData/Index.noindex/DataStore @/Users/admin/builder/spi-builder-workspace/.derivedData/Build/Intermediates.noindex/PLCrashReporter.build/Debug-appletvos/CrashReporter.build/Objects-normal/arm64/7187679823f38a2a940e0043cdf9d637-common-args.resp -MMD -MT dependencies -MF /Users/admin/builder/spi-builder-workspace/.derivedData/Build/Intermediates.noindex/PLCrashReporter.build/Debug-appletvos/CrashReporter.build/Objects-normal/arm64/PLCrashAsyncMachOImage.d --serialize-diagnostics /Users/admin/builder/spi-builder-workspace/.derivedData/Build/Intermediates.noindex/PLCrashReporter.build/Debug-appletvos/CrashReporter.build/Objects-normal/arm64/PLCrashAsyncMachOImage.dia -c /Users/admin/builder/spi-builder-workspace/.dependencies/checkouts/plcrashreporter/Source/PLCrashAsyncMachOImage.c -o /Users/admin/builder/spi-builder-workspace/.derivedData/Build/Intermediates.noindex/PLCrashReporter.build/Debug-appletvos/CrashReporter.build/Objects-normal/arm64/PLCrashAsyncMachOImage.o -index-unit-output-path /PLCrashReporter.build/Debug-appletvos/CrashReporter.build/Objects-normal/arm64/PLCrashAsyncMachOImage.o
ScanDependencies /Users/admin/builder/spi-builder-workspace/.derivedData/Build/Intermediates.noindex/PLCrashReporter.build/Debug-appletvos/CrashReporter.build/Objects-normal/arm64/PLCrashAsyncMachExceptionInfo.o /Users/admin/builder/spi-builder-workspace/.dependencies/checkouts/plcrashreporter/Source/PLCrashAsyncMachExceptionInfo.c normal arm64 c com.apple.compilers.llvm.clang.1_0.compiler (in target 'CrashReporter' from project 'PLCrashReporter')
cd /Users/admin/builder/spi-builder-workspace/.swiftpm/xcode
Using response file: /Users/admin/builder/spi-builder-workspace/.derivedData/Build/Intermediates.noindex/PLCrashReporter.build/Debug-appletvos/CrashReporter.build/Objects-normal/arm64/7187679823f38a2a940e0043cdf9d637-common-args.resp
builtin-ScanDependencies -o /Users/admin/builder/spi-builder-workspace/.derivedData/Build/Intermediates.noindex/PLCrashReporter.build/Debug-appletvos/CrashReporter.build/Objects-normal/arm64/PLCrashAsyncMachExceptionInfo.o.scan -- /Applications/Xcode-16.3.0.app/Contents/Developer/Toolchains/XcodeDefault.xctoolchain/usr/bin/clang -x c -ivfsstatcache /Users/admin/builder/spi-builder-workspace/.derivedData/SDKStatCaches.noindex/appletvos18.4-22L251-271d326055c85f9856fa135c41255102.sdkstatcache -fmessage-length\=0 -fdiagnostics-show-note-include-stack -fmacro-backtrace-limit\=0 -fno-color-diagnostics -fmodules-prune-interval\=86400 -fmodules-prune-after\=345600 -fbuild-session-file\=/Users/admin/builder/spi-builder-workspace/.derivedData/ModuleCache.noindex/Session.modulevalidation -fmodules-validate-once-per-build-session -Wnon-modular-include-in-framework-module -Werror\=non-modular-include-in-framework-module -Wno-trigraphs -Wno-missing-field-initializers -Wno-missing-prototypes -Wno-return-type -Wno-missing-braces -Wparentheses -Wswitch -Wno-unused-function -Wno-unused-label -Wno-unused-parameter -Wno-unused-variable -Wunused-value -Wno-empty-body -Wno-uninitialized -Wno-unknown-pragmas -w -Wno-shadow -Wno-four-char-constants -Wno-conversion -Wno-constant-conversion -Wno-int-conversion -Wno-bool-conversion -Wno-enum-conversion -Wno-float-conversion -Wno-non-literal-null-conversion -Wno-objc-literal-conversion -Wshorten-64-to-32 -Wpointer-sign -Wno-newline-eof -Wno-implicit-fallthrough -fstrict-aliasing -Wdeprecated-declarations -Wno-sign-conversion -Wno-infinite-recursion -Wno-comma -Wno-block-capture-autoreleasing -Wno-strict-prototypes -Wno-semicolon-before-method-body -index-store-path /Users/admin/builder/spi-builder-workspace/.derivedData/Index.noindex/DataStore @/Users/admin/builder/spi-builder-workspace/.derivedData/Build/Intermediates.noindex/PLCrashReporter.build/Debug-appletvos/CrashReporter.build/Objects-normal/arm64/7187679823f38a2a940e0043cdf9d637-common-args.resp -MMD -MT dependencies -MF /Users/admin/builder/spi-builder-workspace/.derivedData/Build/Intermediates.noindex/PLCrashReporter.build/Debug-appletvos/CrashReporter.build/Objects-normal/arm64/PLCrashAsyncMachExceptionInfo.d --serialize-diagnostics /Users/admin/builder/spi-builder-workspace/.derivedData/Build/Intermediates.noindex/PLCrashReporter.build/Debug-appletvos/CrashReporter.build/Objects-normal/arm64/PLCrashAsyncMachExceptionInfo.dia -c /Users/admin/builder/spi-builder-workspace/.dependencies/checkouts/plcrashreporter/Source/PLCrashAsyncMachExceptionInfo.c -o /Users/admin/builder/spi-builder-workspace/.derivedData/Build/Intermediates.noindex/PLCrashReporter.build/Debug-appletvos/CrashReporter.build/Objects-normal/arm64/PLCrashAsyncMachExceptionInfo.o -index-unit-output-path /PLCrashReporter.build/Debug-appletvos/CrashReporter.build/Objects-normal/arm64/PLCrashAsyncMachExceptionInfo.o
ScanDependencies /Users/admin/builder/spi-builder-workspace/.derivedData/Build/Intermediates.noindex/PLCrashReporter.build/Debug-appletvos/CrashReporter.build/Objects-normal/arm64/PLCrashAsyncMObject.o /Users/admin/builder/spi-builder-workspace/.dependencies/checkouts/plcrashreporter/Source/PLCrashAsyncMObject.c normal arm64 c com.apple.compilers.llvm.clang.1_0.compiler (in target 'CrashReporter' from project 'PLCrashReporter')
cd /Users/admin/builder/spi-builder-workspace/.swiftpm/xcode
Using response file: /Users/admin/builder/spi-builder-workspace/.derivedData/Build/Intermediates.noindex/PLCrashReporter.build/Debug-appletvos/CrashReporter.build/Objects-normal/arm64/7187679823f38a2a940e0043cdf9d637-common-args.resp
builtin-ScanDependencies -o /Users/admin/builder/spi-builder-workspace/.derivedData/Build/Intermediates.noindex/PLCrashReporter.build/Debug-appletvos/CrashReporter.build/Objects-normal/arm64/PLCrashAsyncMObject.o.scan -- /Applications/Xcode-16.3.0.app/Contents/Developer/Toolchains/XcodeDefault.xctoolchain/usr/bin/clang -x c -ivfsstatcache /Users/admin/builder/spi-builder-workspace/.derivedData/SDKStatCaches.noindex/appletvos18.4-22L251-271d326055c85f9856fa135c41255102.sdkstatcache -fmessage-length\=0 -fdiagnostics-show-note-include-stack -fmacro-backtrace-limit\=0 -fno-color-diagnostics -fmodules-prune-interval\=86400 -fmodules-prune-after\=345600 -fbuild-session-file\=/Users/admin/builder/spi-builder-workspace/.derivedData/ModuleCache.noindex/Session.modulevalidation -fmodules-validate-once-per-build-session -Wnon-modular-include-in-framework-module -Werror\=non-modular-include-in-framework-module -Wno-trigraphs -Wno-missing-field-initializers -Wno-missing-prototypes -Wno-return-type -Wno-missing-braces -Wparentheses -Wswitch -Wno-unused-function -Wno-unused-label -Wno-unused-parameter -Wno-unused-variable -Wunused-value -Wno-empty-body -Wno-uninitialized -Wno-unknown-pragmas -w -Wno-shadow -Wno-four-char-constants -Wno-conversion -Wno-constant-conversion -Wno-int-conversion -Wno-bool-conversion -Wno-enum-conversion -Wno-float-conversion -Wno-non-literal-null-conversion -Wno-objc-literal-conversion -Wshorten-64-to-32 -Wpointer-sign -Wno-newline-eof -Wno-implicit-fallthrough -fstrict-aliasing -Wdeprecated-declarations -Wno-sign-conversion -Wno-infinite-recursion -Wno-comma -Wno-block-capture-autoreleasing -Wno-strict-prototypes -Wno-semicolon-before-method-body -index-store-path /Users/admin/builder/spi-builder-workspace/.derivedData/Index.noindex/DataStore @/Users/admin/builder/spi-builder-workspace/.derivedData/Build/Intermediates.noindex/PLCrashReporter.build/Debug-appletvos/CrashReporter.build/Objects-normal/arm64/7187679823f38a2a940e0043cdf9d637-common-args.resp -MMD -MT dependencies -MF /Users/admin/builder/spi-builder-workspace/.derivedData/Build/Intermediates.noindex/PLCrashReporter.build/Debug-appletvos/CrashReporter.build/Objects-normal/arm64/PLCrashAsyncMObject.d --serialize-diagnostics /Users/admin/builder/spi-builder-workspace/.derivedData/Build/Intermediates.noindex/PLCrashReporter.build/Debug-appletvos/CrashReporter.build/Objects-normal/arm64/PLCrashAsyncMObject.dia -c /Users/admin/builder/spi-builder-workspace/.dependencies/checkouts/plcrashreporter/Source/PLCrashAsyncMObject.c -o /Users/admin/builder/spi-builder-workspace/.derivedData/Build/Intermediates.noindex/PLCrashReporter.build/Debug-appletvos/CrashReporter.build/Objects-normal/arm64/PLCrashAsyncMObject.o -index-unit-output-path /PLCrashReporter.build/Debug-appletvos/CrashReporter.build/Objects-normal/arm64/PLCrashAsyncMObject.o
CompileC /Users/admin/builder/spi-builder-workspace/.derivedData/Build/Intermediates.noindex/PLCrashReporter.build/Debug-appletvos/CrashReporter.build/Objects-normal/arm64/PLCrashAsyncMachExceptionInfo.o /Users/admin/builder/spi-builder-workspace/.dependencies/checkouts/plcrashreporter/Source/PLCrashAsyncMachExceptionInfo.c normal arm64 c com.apple.compilers.llvm.clang.1_0.compiler (in target 'CrashReporter' from project 'PLCrashReporter')
cd /Users/admin/builder/spi-builder-workspace/.swiftpm/xcode
Using response file: /Users/admin/builder/spi-builder-workspace/.derivedData/Build/Intermediates.noindex/PLCrashReporter.build/Debug-appletvos/CrashReporter.build/Objects-normal/arm64/7187679823f38a2a940e0043cdf9d637-common-args.resp
/Applications/Xcode-16.3.0.app/Contents/Developer/Toolchains/XcodeDefault.xctoolchain/usr/bin/clang -x c -ivfsstatcache /Users/admin/builder/spi-builder-workspace/.derivedData/SDKStatCaches.noindex/appletvos18.4-22L251-271d326055c85f9856fa135c41255102.sdkstatcache -fmessage-length\=0 -fdiagnostics-show-note-include-stack -fmacro-backtrace-limit\=0 -fno-color-diagnostics -fmodules-prune-interval\=86400 -fmodules-prune-after\=345600 -fbuild-session-file\=/Users/admin/builder/spi-builder-workspace/.derivedData/ModuleCache.noindex/Session.modulevalidation -fmodules-validate-once-per-build-session -Wnon-modular-include-in-framework-module -Werror\=non-modular-include-in-framework-module -Wno-trigraphs -Wno-missing-field-initializers -Wno-missing-prototypes -Wno-return-type -Wno-missing-braces -Wparentheses -Wswitch -Wno-unused-function -Wno-unused-label -Wno-unused-parameter -Wno-unused-variable -Wunused-value -Wno-empty-body -Wno-uninitialized -Wno-unknown-pragmas -w -Wno-shadow -Wno-four-char-constants -Wno-conversion -Wno-constant-conversion -Wno-int-conversion -Wno-bool-conversion -Wno-enum-conversion -Wno-float-conversion -Wno-non-literal-null-conversion -Wno-objc-literal-conversion -Wshorten-64-to-32 -Wpointer-sign -Wno-newline-eof -Wno-implicit-fallthrough -fstrict-aliasing -Wdeprecated-declarations -Wno-sign-conversion -Wno-infinite-recursion -Wno-comma -Wno-block-capture-autoreleasing -Wno-strict-prototypes -Wno-semicolon-before-method-body -index-store-path /Users/admin/builder/spi-builder-workspace/.derivedData/Index.noindex/DataStore @/Users/admin/builder/spi-builder-workspace/.derivedData/Build/Intermediates.noindex/PLCrashReporter.build/Debug-appletvos/CrashReporter.build/Objects-normal/arm64/7187679823f38a2a940e0043cdf9d637-common-args.resp -MMD -MT dependencies -MF /Users/admin/builder/spi-builder-workspace/.derivedData/Build/Intermediates.noindex/PLCrashReporter.build/Debug-appletvos/CrashReporter.build/Objects-normal/arm64/PLCrashAsyncMachExceptionInfo.d --serialize-diagnostics /Users/admin/builder/spi-builder-workspace/.derivedData/Build/Intermediates.noindex/PLCrashReporter.build/Debug-appletvos/CrashReporter.build/Objects-normal/arm64/PLCrashAsyncMachExceptionInfo.dia -c /Users/admin/builder/spi-builder-workspace/.dependencies/checkouts/plcrashreporter/Source/PLCrashAsyncMachExceptionInfo.c -o /Users/admin/builder/spi-builder-workspace/.derivedData/Build/Intermediates.noindex/PLCrashReporter.build/Debug-appletvos/CrashReporter.build/Objects-normal/arm64/PLCrashAsyncMachExceptionInfo.o -index-unit-output-path /PLCrashReporter.build/Debug-appletvos/CrashReporter.build/Objects-normal/arm64/PLCrashAsyncMachExceptionInfo.o
ScanDependencies /Users/admin/builder/spi-builder-workspace/.derivedData/Build/Intermediates.noindex/PLCrashReporter.build/Debug-appletvos/CrashReporter.build/Objects-normal/arm64/PLCrashAsyncCompactUnwindEncoding.o /Users/admin/builder/spi-builder-workspace/.dependencies/checkouts/plcrashreporter/Source/PLCrashAsyncCompactUnwindEncoding.c normal arm64 c com.apple.compilers.llvm.clang.1_0.compiler (in target 'CrashReporter' from project 'PLCrashReporter')
cd /Users/admin/builder/spi-builder-workspace/.swiftpm/xcode
Using response file: /Users/admin/builder/spi-builder-workspace/.derivedData/Build/Intermediates.noindex/PLCrashReporter.build/Debug-appletvos/CrashReporter.build/Objects-normal/arm64/7187679823f38a2a940e0043cdf9d637-common-args.resp
builtin-ScanDependencies -o /Users/admin/builder/spi-builder-workspace/.derivedData/Build/Intermediates.noindex/PLCrashReporter.build/Debug-appletvos/CrashReporter.build/Objects-normal/arm64/PLCrashAsyncCompactUnwindEncoding.o.scan -- /Applications/Xcode-16.3.0.app/Contents/Developer/Toolchains/XcodeDefault.xctoolchain/usr/bin/clang -x c -ivfsstatcache /Users/admin/builder/spi-builder-workspace/.derivedData/SDKStatCaches.noindex/appletvos18.4-22L251-271d326055c85f9856fa135c41255102.sdkstatcache -fmessage-length\=0 -fdiagnostics-show-note-include-stack -fmacro-backtrace-limit\=0 -fno-color-diagnostics -fmodules-prune-interval\=86400 -fmodules-prune-after\=345600 -fbuild-session-file\=/Users/admin/builder/spi-builder-workspace/.derivedData/ModuleCache.noindex/Session.modulevalidation -fmodules-validate-once-per-build-session -Wnon-modular-include-in-framework-module -Werror\=non-modular-include-in-framework-module -Wno-trigraphs -Wno-missing-field-initializers -Wno-missing-prototypes -Wno-return-type -Wno-missing-braces -Wparentheses -Wswitch -Wno-unused-function -Wno-unused-label -Wno-unused-parameter -Wno-unused-variable -Wunused-value -Wno-empty-body -Wno-uninitialized -Wno-unknown-pragmas -w -Wno-shadow -Wno-four-char-constants -Wno-conversion -Wno-constant-conversion -Wno-int-conversion -Wno-bool-conversion -Wno-enum-conversion -Wno-float-conversion -Wno-non-literal-null-conversion -Wno-objc-literal-conversion -Wshorten-64-to-32 -Wpointer-sign -Wno-newline-eof -Wno-implicit-fallthrough -fstrict-aliasing -Wdeprecated-declarations -Wno-sign-conversion -Wno-infinite-recursion -Wno-comma -Wno-block-capture-autoreleasing -Wno-strict-prototypes -Wno-semicolon-before-method-body -index-store-path /Users/admin/builder/spi-builder-workspace/.derivedData/Index.noindex/DataStore @/Users/admin/builder/spi-builder-workspace/.derivedData/Build/Intermediates.noindex/PLCrashReporter.build/Debug-appletvos/CrashReporter.build/Objects-normal/arm64/7187679823f38a2a940e0043cdf9d637-common-args.resp -MMD -MT dependencies -MF /Users/admin/builder/spi-builder-workspace/.derivedData/Build/Intermediates.noindex/PLCrashReporter.build/Debug-appletvos/CrashReporter.build/Objects-normal/arm64/PLCrashAsyncCompactUnwindEncoding.d --serialize-diagnostics /Users/admin/builder/spi-builder-workspace/.derivedData/Build/Intermediates.noindex/PLCrashReporter.build/Debug-appletvos/CrashReporter.build/Objects-normal/arm64/PLCrashAsyncCompactUnwindEncoding.dia -c /Users/admin/builder/spi-builder-workspace/.dependencies/checkouts/plcrashreporter/Source/PLCrashAsyncCompactUnwindEncoding.c -o /Users/admin/builder/spi-builder-workspace/.derivedData/Build/Intermediates.noindex/PLCrashReporter.build/Debug-appletvos/CrashReporter.build/Objects-normal/arm64/PLCrashAsyncCompactUnwindEncoding.o -index-unit-output-path /PLCrashReporter.build/Debug-appletvos/CrashReporter.build/Objects-normal/arm64/PLCrashAsyncCompactUnwindEncoding.o
ScanDependencies /Users/admin/builder/spi-builder-workspace/.derivedData/Build/Intermediates.noindex/PLCrashReporter.build/Debug-appletvos/CrashReporter.build/Objects-normal/arm64/PLCrashAsync.o /Users/admin/builder/spi-builder-workspace/.dependencies/checkouts/plcrashreporter/Source/PLCrashAsync.c normal arm64 c com.apple.compilers.llvm.clang.1_0.compiler (in target 'CrashReporter' from project 'PLCrashReporter')
cd /Users/admin/builder/spi-builder-workspace/.swiftpm/xcode
Using response file: /Users/admin/builder/spi-builder-workspace/.derivedData/Build/Intermediates.noindex/PLCrashReporter.build/Debug-appletvos/CrashReporter.build/Objects-normal/arm64/7187679823f38a2a940e0043cdf9d637-common-args.resp
builtin-ScanDependencies -o /Users/admin/builder/spi-builder-workspace/.derivedData/Build/Intermediates.noindex/PLCrashReporter.build/Debug-appletvos/CrashReporter.build/Objects-normal/arm64/PLCrashAsync.o.scan -- /Applications/Xcode-16.3.0.app/Contents/Developer/Toolchains/XcodeDefault.xctoolchain/usr/bin/clang -x c -ivfsstatcache /Users/admin/builder/spi-builder-workspace/.derivedData/SDKStatCaches.noindex/appletvos18.4-22L251-271d326055c85f9856fa135c41255102.sdkstatcache -fmessage-length\=0 -fdiagnostics-show-note-include-stack -fmacro-backtrace-limit\=0 -fno-color-diagnostics -fmodules-prune-interval\=86400 -fmodules-prune-after\=345600 -fbuild-session-file\=/Users/admin/builder/spi-builder-workspace/.derivedData/ModuleCache.noindex/Session.modulevalidation -fmodules-validate-once-per-build-session -Wnon-modular-include-in-framework-module -Werror\=non-modular-include-in-framework-module -Wno-trigraphs -Wno-missing-field-initializers -Wno-missing-prototypes -Wno-return-type -Wno-missing-braces -Wparentheses -Wswitch -Wno-unused-function -Wno-unused-label -Wno-unused-parameter -Wno-unused-variable -Wunused-value -Wno-empty-body -Wno-uninitialized -Wno-unknown-pragmas -w -Wno-shadow -Wno-four-char-constants -Wno-conversion -Wno-constant-conversion -Wno-int-conversion -Wno-bool-conversion -Wno-enum-conversion -Wno-float-conversion -Wno-non-literal-null-conversion -Wno-objc-literal-conversion -Wshorten-64-to-32 -Wpointer-sign -Wno-newline-eof -Wno-implicit-fallthrough -fstrict-aliasing -Wdeprecated-declarations -Wno-sign-conversion -Wno-infinite-recursion -Wno-comma -Wno-block-capture-autoreleasing -Wno-strict-prototypes -Wno-semicolon-before-method-body -index-store-path /Users/admin/builder/spi-builder-workspace/.derivedData/Index.noindex/DataStore @/Users/admin/builder/spi-builder-workspace/.derivedData/Build/Intermediates.noindex/PLCrashReporter.build/Debug-appletvos/CrashReporter.build/Objects-normal/arm64/7187679823f38a2a940e0043cdf9d637-common-args.resp -MMD -MT dependencies -MF /Users/admin/builder/spi-builder-workspace/.derivedData/Build/Intermediates.noindex/PLCrashReporter.build/Debug-appletvos/CrashReporter.build/Objects-normal/arm64/PLCrashAsync.d --serialize-diagnostics /Users/admin/builder/spi-builder-workspace/.derivedData/Build/Intermediates.noindex/PLCrashReporter.build/Debug-appletvos/CrashReporter.build/Objects-normal/arm64/PLCrashAsync.dia -c /Users/admin/builder/spi-builder-workspace/.dependencies/checkouts/plcrashreporter/Source/PLCrashAsync.c -o /Users/admin/builder/spi-builder-workspace/.derivedData/Build/Intermediates.noindex/PLCrashReporter.build/Debug-appletvos/CrashReporter.build/Objects-normal/arm64/PLCrashAsync.o -index-unit-output-path /PLCrashReporter.build/Debug-appletvos/CrashReporter.build/Objects-normal/arm64/PLCrashAsync.o
ScanDependencies /Users/admin/builder/spi-builder-workspace/.derivedData/Build/Intermediates.noindex/PLCrashReporter.build/Debug-appletvos/CrashReporter.build/Objects-normal/arm64/CrashReporterFramework.o /Users/admin/builder/spi-builder-workspace/.dependencies/checkouts/plcrashreporter/Source/CrashReporterFramework.m normal arm64 objective-c com.apple.compilers.llvm.clang.1_0.compiler (in target 'CrashReporter' from project 'PLCrashReporter')
cd /Users/admin/builder/spi-builder-workspace/.swiftpm/xcode
Using response file: /Users/admin/builder/spi-builder-workspace/.derivedData/Build/Intermediates.noindex/PLCrashReporter.build/Debug-appletvos/CrashReporter.build/Objects-normal/arm64/e6072d4f65d7061329687fe24e3d63a7-common-args.resp
builtin-ScanDependencies -o /Users/admin/builder/spi-builder-workspace/.derivedData/Build/Intermediates.noindex/PLCrashReporter.build/Debug-appletvos/CrashReporter.build/Objects-normal/arm64/CrashReporterFramework.o.scan -- /Applications/Xcode-16.3.0.app/Contents/Developer/Toolchains/XcodeDefault.xctoolchain/usr/bin/clang -x objective-c -ivfsstatcache /Users/admin/builder/spi-builder-workspace/.derivedData/SDKStatCaches.noindex/appletvos18.4-22L251-271d326055c85f9856fa135c41255102.sdkstatcache -fmessage-length\=0 -fdiagnostics-show-note-include-stack -fmacro-backtrace-limit\=0 -fno-color-diagnostics -fmodules-prune-interval\=86400 -fmodules-prune-after\=345600 -fbuild-session-file\=/Users/admin/builder/spi-builder-workspace/.derivedData/ModuleCache.noindex/Session.modulevalidation -fmodules-validate-once-per-build-session -Wnon-modular-include-in-framework-module -Werror\=non-modular-include-in-framework-module -Wno-trigraphs -Wno-missing-field-initializers -Wno-missing-prototypes -Wno-return-type -Wno-implicit-atomic-properties -Wno-objc-interface-ivars -Wno-arc-repeated-use-of-weak -Wno-missing-braces -Wparentheses -Wswitch -Wno-unused-function -Wno-unused-label -Wno-unused-parameter -Wno-unused-variable -Wunused-value -Wno-empty-body -Wno-uninitialized -Wno-unknown-pragmas -w -Wno-shadow -Wno-four-char-constants -Wno-conversion -Wno-constant-conversion -Wno-int-conversion -Wno-bool-conversion -Wno-enum-conversion -Wno-float-conversion -Wno-non-literal-null-conversion -Wno-objc-literal-conversion -Wshorten-64-to-32 -Wpointer-sign -Wno-newline-eof -Wno-selector -Wno-strict-selector-match -Wno-undeclared-selector -Wno-deprecated-implementations -Wno-implicit-fallthrough -fstrict-aliasing -Wprotocol -Wdeprecated-declarations -Wno-sign-conversion -Wno-infinite-recursion -Wno-comma -Wno-block-capture-autoreleasing -Wno-strict-prototypes -Wno-semicolon-before-method-body -index-store-path /Users/admin/builder/spi-builder-workspace/.derivedData/Index.noindex/DataStore @/Users/admin/builder/spi-builder-workspace/.derivedData/Build/Intermediates.noindex/PLCrashReporter.build/Debug-appletvos/CrashReporter.build/Objects-normal/arm64/e6072d4f65d7061329687fe24e3d63a7-common-args.resp -include /Users/admin/builder/spi-builder-workspace/.derivedData/Build/Intermediates.noindex/PLCrashReporter.build/Debug-appletvos/CrashReporter.build/DerivedSources/resource_bundle_accessor.h -MMD -MT dependencies -MF /Users/admin/builder/spi-builder-workspace/.derivedData/Build/Intermediates.noindex/PLCrashReporter.build/Debug-appletvos/CrashReporter.build/Objects-normal/arm64/CrashReporterFramework.d --serialize-diagnostics /Users/admin/builder/spi-builder-workspace/.derivedData/Build/Intermediates.noindex/PLCrashReporter.build/Debug-appletvos/CrashReporter.build/Objects-normal/arm64/CrashReporterFramework.dia -c /Users/admin/builder/spi-builder-workspace/.dependencies/checkouts/plcrashreporter/Source/CrashReporterFramework.m -o /Users/admin/builder/spi-builder-workspace/.derivedData/Build/Intermediates.noindex/PLCrashReporter.build/Debug-appletvos/CrashReporter.build/Objects-normal/arm64/CrashReporterFramework.o -index-unit-output-path /PLCrashReporter.build/Debug-appletvos/CrashReporter.build/Objects-normal/arm64/CrashReporterFramework.o
ScanDependencies /Users/admin/builder/spi-builder-workspace/.derivedData/Build/Intermediates.noindex/PLCrashReporter.build/Debug-appletvos/CrashReporter.build/Objects-normal/arm64/CrashReporter.o /Users/admin/builder/spi-builder-workspace/.dependencies/checkouts/plcrashreporter/Source/CrashReporter.m normal arm64 objective-c com.apple.compilers.llvm.clang.1_0.compiler (in target 'CrashReporter' from project 'PLCrashReporter')
cd /Users/admin/builder/spi-builder-workspace/.swiftpm/xcode
Using response file: /Users/admin/builder/spi-builder-workspace/.derivedData/Build/Intermediates.noindex/PLCrashReporter.build/Debug-appletvos/CrashReporter.build/Objects-normal/arm64/e6072d4f65d7061329687fe24e3d63a7-common-args.resp
builtin-ScanDependencies -o /Users/admin/builder/spi-builder-workspace/.derivedData/Build/Intermediates.noindex/PLCrashReporter.build/Debug-appletvos/CrashReporter.build/Objects-normal/arm64/CrashReporter.o.scan -- /Applications/Xcode-16.3.0.app/Contents/Developer/Toolchains/XcodeDefault.xctoolchain/usr/bin/clang -x objective-c -ivfsstatcache /Users/admin/builder/spi-builder-workspace/.derivedData/SDKStatCaches.noindex/appletvos18.4-22L251-271d326055c85f9856fa135c41255102.sdkstatcache -fmessage-length\=0 -fdiagnostics-show-note-include-stack -fmacro-backtrace-limit\=0 -fno-color-diagnostics -fmodules-prune-interval\=86400 -fmodules-prune-after\=345600 -fbuild-session-file\=/Users/admin/builder/spi-builder-workspace/.derivedData/ModuleCache.noindex/Session.modulevalidation -fmodules-validate-once-per-build-session -Wnon-modular-include-in-framework-module -Werror\=non-modular-include-in-framework-module -Wno-trigraphs -Wno-missing-field-initializers -Wno-missing-prototypes -Wno-return-type -Wno-implicit-atomic-properties -Wno-objc-interface-ivars -Wno-arc-repeated-use-of-weak -Wno-missing-braces -Wparentheses -Wswitch -Wno-unused-function -Wno-unused-label -Wno-unused-parameter -Wno-unused-variable -Wunused-value -Wno-empty-body -Wno-uninitialized -Wno-unknown-pragmas -w -Wno-shadow -Wno-four-char-constants -Wno-conversion -Wno-constant-conversion -Wno-int-conversion -Wno-bool-conversion -Wno-enum-conversion -Wno-float-conversion -Wno-non-literal-null-conversion -Wno-objc-literal-conversion -Wshorten-64-to-32 -Wpointer-sign -Wno-newline-eof -Wno-selector -Wno-strict-selector-match -Wno-undeclared-selector -Wno-deprecated-implementations -Wno-implicit-fallthrough -fstrict-aliasing -Wprotocol -Wdeprecated-declarations -Wno-sign-conversion -Wno-infinite-recursion -Wno-comma -Wno-block-capture-autoreleasing -Wno-strict-prototypes -Wno-semicolon-before-method-body -index-store-path /Users/admin/builder/spi-builder-workspace/.derivedData/Index.noindex/DataStore @/Users/admin/builder/spi-builder-workspace/.derivedData/Build/Intermediates.noindex/PLCrashReporter.build/Debug-appletvos/CrashReporter.build/Objects-normal/arm64/e6072d4f65d7061329687fe24e3d63a7-common-args.resp -include /Users/admin/builder/spi-builder-workspace/.derivedData/Build/Intermediates.noindex/PLCrashReporter.build/Debug-appletvos/CrashReporter.build/DerivedSources/resource_bundle_accessor.h -MMD -MT dependencies -MF /Users/admin/builder/spi-builder-workspace/.derivedData/Build/Intermediates.noindex/PLCrashReporter.build/Debug-appletvos/CrashReporter.build/Objects-normal/arm64/CrashReporter.d --serialize-diagnostics /Users/admin/builder/spi-builder-workspace/.derivedData/Build/Intermediates.noindex/PLCrashReporter.build/Debug-appletvos/CrashReporter.build/Objects-normal/arm64/CrashReporter.dia -c /Users/admin/builder/spi-builder-workspace/.dependencies/checkouts/plcrashreporter/Source/CrashReporter.m -o /Users/admin/builder/spi-builder-workspace/.derivedData/Build/Intermediates.noindex/PLCrashReporter.build/Debug-appletvos/CrashReporter.build/Objects-normal/arm64/CrashReporter.o -index-unit-output-path /PLCrashReporter.build/Debug-appletvos/CrashReporter.build/Objects-normal/arm64/CrashReporter.o
CompileC /Users/admin/builder/spi-builder-workspace/.derivedData/Build/Intermediates.noindex/PLCrashReporter.build/Debug-appletvos/CrashReporter.build/Objects-normal/arm64/PLCrashAsyncMObject.o /Users/admin/builder/spi-builder-workspace/.dependencies/checkouts/plcrashreporter/Source/PLCrashAsyncMObject.c normal arm64 c com.apple.compilers.llvm.clang.1_0.compiler (in target 'CrashReporter' from project 'PLCrashReporter')
cd /Users/admin/builder/spi-builder-workspace/.swiftpm/xcode
Using response file: /Users/admin/builder/spi-builder-workspace/.derivedData/Build/Intermediates.noindex/PLCrashReporter.build/Debug-appletvos/CrashReporter.build/Objects-normal/arm64/7187679823f38a2a940e0043cdf9d637-common-args.resp
/Applications/Xcode-16.3.0.app/Contents/Developer/Toolchains/XcodeDefault.xctoolchain/usr/bin/clang -x c -ivfsstatcache /Users/admin/builder/spi-builder-workspace/.derivedData/SDKStatCaches.noindex/appletvos18.4-22L251-271d326055c85f9856fa135c41255102.sdkstatcache -fmessage-length\=0 -fdiagnostics-show-note-include-stack -fmacro-backtrace-limit\=0 -fno-color-diagnostics -fmodules-prune-interval\=86400 -fmodules-prune-after\=345600 -fbuild-session-file\=/Users/admin/builder/spi-builder-workspace/.derivedData/ModuleCache.noindex/Session.modulevalidation -fmodules-validate-once-per-build-session -Wnon-modular-include-in-framework-module -Werror\=non-modular-include-in-framework-module -Wno-trigraphs -Wno-missing-field-initializers -Wno-missing-prototypes -Wno-return-type -Wno-missing-braces -Wparentheses -Wswitch -Wno-unused-function -Wno-unused-label -Wno-unused-parameter -Wno-unused-variable -Wunused-value -Wno-empty-body -Wno-uninitialized -Wno-unknown-pragmas -w -Wno-shadow -Wno-four-char-constants -Wno-conversion -Wno-constant-conversion -Wno-int-conversion -Wno-bool-conversion -Wno-enum-conversion -Wno-float-conversion -Wno-non-literal-null-conversion -Wno-objc-literal-conversion -Wshorten-64-to-32 -Wpointer-sign -Wno-newline-eof -Wno-implicit-fallthrough -fstrict-aliasing -Wdeprecated-declarations -Wno-sign-conversion -Wno-infinite-recursion -Wno-comma -Wno-block-capture-autoreleasing -Wno-strict-prototypes -Wno-semicolon-before-method-body -index-store-path /Users/admin/builder/spi-builder-workspace/.derivedData/Index.noindex/DataStore @/Users/admin/builder/spi-builder-workspace/.derivedData/Build/Intermediates.noindex/PLCrashReporter.build/Debug-appletvos/CrashReporter.build/Objects-normal/arm64/7187679823f38a2a940e0043cdf9d637-common-args.resp -MMD -MT dependencies -MF /Users/admin/builder/spi-builder-workspace/.derivedData/Build/Intermediates.noindex/PLCrashReporter.build/Debug-appletvos/CrashReporter.build/Objects-normal/arm64/PLCrashAsyncMObject.d --serialize-diagnostics /Users/admin/builder/spi-builder-workspace/.derivedData/Build/Intermediates.noindex/PLCrashReporter.build/Debug-appletvos/CrashReporter.build/Objects-normal/arm64/PLCrashAsyncMObject.dia -c /Users/admin/builder/spi-builder-workspace/.dependencies/checkouts/plcrashreporter/Source/PLCrashAsyncMObject.c -o /Users/admin/builder/spi-builder-workspace/.derivedData/Build/Intermediates.noindex/PLCrashReporter.build/Debug-appletvos/CrashReporter.build/Objects-normal/arm64/PLCrashAsyncMObject.o -index-unit-output-path /PLCrashReporter.build/Debug-appletvos/CrashReporter.build/Objects-normal/arm64/PLCrashAsyncMObject.o
Ld /Users/admin/builder/spi-builder-workspace/.derivedData/Build/Products/Debug-appletvos/Flare.o normal (in target 'Flare' from project 'flare-client-swift')
cd /Users/admin/builder/spi-builder-workspace
/Applications/Xcode-16.3.0.app/Contents/Developer/Toolchains/XcodeDefault.xctoolchain/usr/bin/clang -Xlinker -reproducible -target arm64-apple-tvos15.0 -r -isysroot /Applications/Xcode-16.3.0.app/Contents/Developer/Platforms/AppleTVOS.platform/Developer/SDKs/AppleTVOS18.4.sdk -O0 -L/Users/admin/builder/spi-builder-workspace/.derivedData/Build/Intermediates.noindex/EagerLinkingTBDs/Debug-appletvos -L/Users/admin/builder/spi-builder-workspace/.derivedData/Build/Products/Debug-appletvos -L/Applications/Xcode-16.3.0.app/Contents/Developer/Platforms/AppleTVOS.platform/Developer/usr/lib -F/Users/admin/builder/spi-builder-workspace/.derivedData/Build/Intermediates.noindex/EagerLinkingTBDs/Debug-appletvos -F/Users/admin/builder/spi-builder-workspace/.derivedData/Build/Products/Debug-appletvos -iframework /Applications/Xcode-16.3.0.app/Contents/Developer/Platforms/AppleTVOS.platform/Developer/Library/Frameworks -iframework /Applications/Xcode-16.3.0.app/Contents/Developer/Platforms/AppleTVOS.platform/Developer/SDKs/AppleTVOS18.4.sdk/Developer/Library/Frameworks -filelist /Users/admin/builder/spi-builder-workspace/.derivedData/Build/Intermediates.noindex/flare-client-swift.build/Debug-appletvos/Flare.build/Objects-normal/arm64/Flare.LinkFileList -nostdlib -Xlinker -object_path_lto -Xlinker /Users/admin/builder/spi-builder-workspace/.derivedData/Build/Intermediates.noindex/flare-client-swift.build/Debug-appletvos/Flare.build/Objects-normal/arm64/Flare_lto.o -rdynamic -Xlinker -no_deduplicate -Xlinker -debug_variant -Xlinker -dependency_info -Xlinker /Users/admin/builder/spi-builder-workspace/.derivedData/Build/Intermediates.noindex/flare-client-swift.build/Debug-appletvos/Flare.build/Objects-normal/arm64/Flare_dependency_info.dat -fobjc-link-runtime -L/Applications/Xcode-16.3.0.app/Contents/Developer/Toolchains/XcodeDefault.xctoolchain/usr/lib/swift/appletvos -L/usr/lib/swift -Xlinker -add_ast_path -Xlinker /Users/admin/builder/spi-builder-workspace/.derivedData/Build/Intermediates.noindex/flare-client-swift.build/Debug-appletvos/Flare.build/Objects-normal/arm64/Flare.swiftmodule -o /Users/admin/builder/spi-builder-workspace/.derivedData/Build/Products/Debug-appletvos/Flare.o
CompileC /Users/admin/builder/spi-builder-workspace/.derivedData/Build/Intermediates.noindex/PLCrashReporter.build/Debug-appletvos/CrashReporter.build/Objects-normal/arm64/PLCrashAsync.o /Users/admin/builder/spi-builder-workspace/.dependencies/checkouts/plcrashreporter/Source/PLCrashAsync.c normal arm64 c com.apple.compilers.llvm.clang.1_0.compiler (in target 'CrashReporter' from project 'PLCrashReporter')
cd /Users/admin/builder/spi-builder-workspace/.swiftpm/xcode
Using response file: /Users/admin/builder/spi-builder-workspace/.derivedData/Build/Intermediates.noindex/PLCrashReporter.build/Debug-appletvos/CrashReporter.build/Objects-normal/arm64/7187679823f38a2a940e0043cdf9d637-common-args.resp
/Applications/Xcode-16.3.0.app/Contents/Developer/Toolchains/XcodeDefault.xctoolchain/usr/bin/clang -x c -ivfsstatcache /Users/admin/builder/spi-builder-workspace/.derivedData/SDKStatCaches.noindex/appletvos18.4-22L251-271d326055c85f9856fa135c41255102.sdkstatcache -fmessage-length\=0 -fdiagnostics-show-note-include-stack -fmacro-backtrace-limit\=0 -fno-color-diagnostics -fmodules-prune-interval\=86400 -fmodules-prune-after\=345600 -fbuild-session-file\=/Users/admin/builder/spi-builder-workspace/.derivedData/ModuleCache.noindex/Session.modulevalidation -fmodules-validate-once-per-build-session -Wnon-modular-include-in-framework-module -Werror\=non-modular-include-in-framework-module -Wno-trigraphs -Wno-missing-field-initializers -Wno-missing-prototypes -Wno-return-type -Wno-missing-braces -Wparentheses -Wswitch -Wno-unused-function -Wno-unused-label -Wno-unused-parameter -Wno-unused-variable -Wunused-value -Wno-empty-body -Wno-uninitialized -Wno-unknown-pragmas -w -Wno-shadow -Wno-four-char-constants -Wno-conversion -Wno-constant-conversion -Wno-int-conversion -Wno-bool-conversion -Wno-enum-conversion -Wno-float-conversion -Wno-non-literal-null-conversion -Wno-objc-literal-conversion -Wshorten-64-to-32 -Wpointer-sign -Wno-newline-eof -Wno-implicit-fallthrough -fstrict-aliasing -Wdeprecated-declarations -Wno-sign-conversion -Wno-infinite-recursion -Wno-comma -Wno-block-capture-autoreleasing -Wno-strict-prototypes -Wno-semicolon-before-method-body -index-store-path /Users/admin/builder/spi-builder-workspace/.derivedData/Index.noindex/DataStore @/Users/admin/builder/spi-builder-workspace/.derivedData/Build/Intermediates.noindex/PLCrashReporter.build/Debug-appletvos/CrashReporter.build/Objects-normal/arm64/7187679823f38a2a940e0043cdf9d637-common-args.resp -MMD -MT dependencies -MF /Users/admin/builder/spi-builder-workspace/.derivedData/Build/Intermediates.noindex/PLCrashReporter.build/Debug-appletvos/CrashReporter.build/Objects-normal/arm64/PLCrashAsync.d --serialize-diagnostics /Users/admin/builder/spi-builder-workspace/.derivedData/Build/Intermediates.noindex/PLCrashReporter.build/Debug-appletvos/CrashReporter.build/Objects-normal/arm64/PLCrashAsync.dia -c /Users/admin/builder/spi-builder-workspace/.dependencies/checkouts/plcrashreporter/Source/PLCrashAsync.c -o /Users/admin/builder/spi-builder-workspace/.derivedData/Build/Intermediates.noindex/PLCrashReporter.build/Debug-appletvos/CrashReporter.build/Objects-normal/arm64/PLCrashAsync.o -index-unit-output-path /PLCrashReporter.build/Debug-appletvos/CrashReporter.build/Objects-normal/arm64/PLCrashAsync.o
SwiftDriver FlareCrashReporter normal arm64 com.apple.xcode.tools.swift.compiler (in target 'FlareCrashReporter' from project 'flare-client-swift')
cd /Users/admin/builder/spi-builder-workspace/.swiftpm/xcode
builtin-SwiftDriver -- /Applications/Xcode-16.3.0.app/Contents/Developer/Toolchains/XcodeDefault.xctoolchain/usr/bin/swiftc -module-name FlareCrashReporter -Onone -enforce-exclusivity\=checked @/Users/admin/builder/spi-builder-workspace/.derivedData/Build/Intermediates.noindex/flare-client-swift.build/Debug-appletvos/FlareCrashReporter.build/Objects-normal/arm64/FlareCrashReporter.SwiftFileList -DSWIFT_PACKAGE -DDEBUG -Xcc -fmodule-map-file\=/Users/admin/builder/spi-builder-workspace/.derivedData/Build/Intermediates.noindex/GeneratedModuleMaps-appletvos/CrashReporter.modulemap -stats-output-dir .stats -plugin-path /Applications/Xcode-16.3.0.app/Contents/Developer/Toolchains/XcodeDefault.xctoolchain/usr/lib/swift/host/plugins/testing -enable-experimental-feature DebugDescriptionMacro -sdk /Applications/Xcode-16.3.0.app/Contents/Developer/Platforms/AppleTVOS.platform/Developer/SDKs/AppleTVOS18.4.sdk -target arm64-apple-tvos15.0 -g -module-cache-path /Users/admin/builder/spi-builder-workspace/.derivedData/ModuleCache.noindex -Xfrontend -serialize-debugging-options -profile-coverage-mapping -profile-generate -enable-testing -index-store-path /Users/admin/builder/spi-builder-workspace/.derivedData/Index.noindex/DataStore -swift-version 6 -I /Users/admin/builder/spi-builder-workspace/.derivedData/Build/Products/Debug-appletvos -I /Applications/Xcode-16.3.0.app/Contents/Developer/Platforms/AppleTVOS.platform/Developer/usr/lib -F /Users/admin/builder/spi-builder-workspace/.derivedData/Build/Products/Debug-appletvos/PackageFrameworks -F /Users/admin/builder/spi-builder-workspace/.derivedData/Build/Products/Debug-appletvos/PackageFrameworks -F /Users/admin/builder/spi-builder-workspace/.derivedData/Build/Products/Debug-appletvos -F /Applications/Xcode-16.3.0.app/Contents/Developer/Platforms/AppleTVOS.platform/Developer/Library/Frameworks -F /Applications/Xcode-16.3.0.app/Contents/Developer/Platforms/AppleTVOS.platform/Developer/SDKs/AppleTVOS18.4.sdk/Developer/Library/Frameworks -c -j10 -enable-batch-mode -incremental -Xcc -ivfsstatcache -Xcc /Users/admin/builder/spi-builder-workspace/.derivedData/SDKStatCaches.noindex/appletvos18.4-22L251-271d326055c85f9856fa135c41255102.sdkstatcache -output-file-map /Users/admin/builder/spi-builder-workspace/.derivedData/Build/Intermediates.noindex/flare-client-swift.build/Debug-appletvos/FlareCrashReporter.build/Objects-normal/arm64/FlareCrashReporter-OutputFileMap.json -use-frontend-parseable-output -save-temps -no-color-diagnostics -serialize-diagnostics -emit-dependencies -emit-module -emit-module-path /Users/admin/builder/spi-builder-workspace/.derivedData/Build/Intermediates.noindex/flare-client-swift.build/Debug-appletvos/FlareCrashReporter.build/Objects-normal/arm64/FlareCrashReporter.swiftmodule -validate-clang-modules-once -clang-build-session-file /Users/admin/builder/spi-builder-workspace/.derivedData/ModuleCache.noindex/Session.modulevalidation -package-name spi_builder_workspace -Xcc -I/Users/admin/builder/spi-builder-workspace/.derivedData/Build/Intermediates.noindex/flare-client-swift.build/Debug-appletvos/FlareCrashReporter.build/swift-overrides.hmap -emit-const-values -Xfrontend -const-gather-protocols-file -Xfrontend /Users/admin/builder/spi-builder-workspace/.derivedData/Build/Intermediates.noindex/flare-client-swift.build/Debug-appletvos/FlareCrashReporter.build/Objects-normal/arm64/FlareCrashReporter_const_extract_protocols.json -Xcc -I/Users/admin/builder/spi-builder-workspace/.dependencies/checkouts/plcrashreporter/include -Xcc -I/Users/admin/builder/spi-builder-workspace/.derivedData/Build/Products/Debug-appletvos/include -Xcc -I/Users/admin/builder/spi-builder-workspace/.derivedData/Build/Intermediates.noindex/flare-client-swift.build/Debug-appletvos/FlareCrashReporter.build/DerivedSources-normal/arm64 -Xcc -I/Users/admin/builder/spi-builder-workspace/.derivedData/Build/Intermediates.noindex/flare-client-swift.build/Debug-appletvos/FlareCrashReporter.build/DerivedSources/arm64 -Xcc -I/Users/admin/builder/spi-builder-workspace/.derivedData/Build/Intermediates.noindex/flare-client-swift.build/Debug-appletvos/FlareCrashReporter.build/DerivedSources -Xcc -DSWIFT_PACKAGE -Xcc -DDEBUG\=1 -emit-objc-header -emit-objc-header-path /Users/admin/builder/spi-builder-workspace/.derivedData/Build/Intermediates.noindex/flare-client-swift.build/Debug-appletvos/FlareCrashReporter.build/Objects-normal/arm64/FlareCrashReporter-Swift.h -working-directory /Users/admin/builder/spi-builder-workspace/.swiftpm/xcode -experimental-emit-module-separately -disable-cmo
CompileC /Users/admin/builder/spi-builder-workspace/.derivedData/Build/Intermediates.noindex/PLCrashReporter.build/Debug-appletvos/CrashReporter.build/Objects-normal/arm64/PLCrashFrameWalker.o /Users/admin/builder/spi-builder-workspace/.dependencies/checkouts/plcrashreporter/Source/PLCrashFrameWalker.c normal arm64 c com.apple.compilers.llvm.clang.1_0.compiler (in target 'CrashReporter' from project 'PLCrashReporter')
cd /Users/admin/builder/spi-builder-workspace/.swiftpm/xcode
Using response file: /Users/admin/builder/spi-builder-workspace/.derivedData/Build/Intermediates.noindex/PLCrashReporter.build/Debug-appletvos/CrashReporter.build/Objects-normal/arm64/7187679823f38a2a940e0043cdf9d637-common-args.resp
/Applications/Xcode-16.3.0.app/Contents/Developer/Toolchains/XcodeDefault.xctoolchain/usr/bin/clang -x c -ivfsstatcache /Users/admin/builder/spi-builder-workspace/.derivedData/SDKStatCaches.noindex/appletvos18.4-22L251-271d326055c85f9856fa135c41255102.sdkstatcache -fmessage-length\=0 -fdiagnostics-show-note-include-stack -fmacro-backtrace-limit\=0 -fno-color-diagnostics -fmodules-prune-interval\=86400 -fmodules-prune-after\=345600 -fbuild-session-file\=/Users/admin/builder/spi-builder-workspace/.derivedData/ModuleCache.noindex/Session.modulevalidation -fmodules-validate-once-per-build-session -Wnon-modular-include-in-framework-module -Werror\=non-modular-include-in-framework-module -Wno-trigraphs -Wno-missing-field-initializers -Wno-missing-prototypes -Wno-return-type -Wno-missing-braces -Wparentheses -Wswitch -Wno-unused-function -Wno-unused-label -Wno-unused-parameter -Wno-unused-variable -Wunused-value -Wno-empty-body -Wno-uninitialized -Wno-unknown-pragmas -w -Wno-shadow -Wno-four-char-constants -Wno-conversion -Wno-constant-conversion -Wno-int-conversion -Wno-bool-conversion -Wno-enum-conversion -Wno-float-conversion -Wno-non-literal-null-conversion -Wno-objc-literal-conversion -Wshorten-64-to-32 -Wpointer-sign -Wno-newline-eof -Wno-implicit-fallthrough -fstrict-aliasing -Wdeprecated-declarations -Wno-sign-conversion -Wno-infinite-recursion -Wno-comma -Wno-block-capture-autoreleasing -Wno-strict-prototypes -Wno-semicolon-before-method-body -index-store-path /Users/admin/builder/spi-builder-workspace/.derivedData/Index.noindex/DataStore @/Users/admin/builder/spi-builder-workspace/.derivedData/Build/Intermediates.noindex/PLCrashReporter.build/Debug-appletvos/CrashReporter.build/Objects-normal/arm64/7187679823f38a2a940e0043cdf9d637-common-args.resp -MMD -MT dependencies -MF /Users/admin/builder/spi-builder-workspace/.derivedData/Build/Intermediates.noindex/PLCrashReporter.build/Debug-appletvos/CrashReporter.build/Objects-normal/arm64/PLCrashFrameWalker.d --serialize-diagnostics /Users/admin/builder/spi-builder-workspace/.derivedData/Build/Intermediates.noindex/PLCrashReporter.build/Debug-appletvos/CrashReporter.build/Objects-normal/arm64/PLCrashFrameWalker.dia -c /Users/admin/builder/spi-builder-workspace/.dependencies/checkouts/plcrashreporter/Source/PLCrashFrameWalker.c -o /Users/admin/builder/spi-builder-workspace/.derivedData/Build/Intermediates.noindex/PLCrashReporter.build/Debug-appletvos/CrashReporter.build/Objects-normal/arm64/PLCrashFrameWalker.o -index-unit-output-path /PLCrashReporter.build/Debug-appletvos/CrashReporter.build/Objects-normal/arm64/PLCrashFrameWalker.o
CompileC /Users/admin/builder/spi-builder-workspace/.derivedData/Build/Intermediates.noindex/PLCrashReporter.build/Debug-appletvos/CrashReporter.build/Objects-normal/arm64/PLCrashFrameStackUnwind.o /Users/admin/builder/spi-builder-workspace/.dependencies/checkouts/plcrashreporter/Source/PLCrashFrameStackUnwind.c normal arm64 c com.apple.compilers.llvm.clang.1_0.compiler (in target 'CrashReporter' from project 'PLCrashReporter')
cd /Users/admin/builder/spi-builder-workspace/.swiftpm/xcode
Using response file: /Users/admin/builder/spi-builder-workspace/.derivedData/Build/Intermediates.noindex/PLCrashReporter.build/Debug-appletvos/CrashReporter.build/Objects-normal/arm64/7187679823f38a2a940e0043cdf9d637-common-args.resp
/Applications/Xcode-16.3.0.app/Contents/Developer/Toolchains/XcodeDefault.xctoolchain/usr/bin/clang -x c -ivfsstatcache /Users/admin/builder/spi-builder-workspace/.derivedData/SDKStatCaches.noindex/appletvos18.4-22L251-271d326055c85f9856fa135c41255102.sdkstatcache -fmessage-length\=0 -fdiagnostics-show-note-include-stack -fmacro-backtrace-limit\=0 -fno-color-diagnostics -fmodules-prune-interval\=86400 -fmodules-prune-after\=345600 -fbuild-session-file\=/Users/admin/builder/spi-builder-workspace/.derivedData/ModuleCache.noindex/Session.modulevalidation -fmodules-validate-once-per-build-session -Wnon-modular-include-in-framework-module -Werror\=non-modular-include-in-framework-module -Wno-trigraphs -Wno-missing-field-initializers -Wno-missing-prototypes -Wno-return-type -Wno-missing-braces -Wparentheses -Wswitch -Wno-unused-function -Wno-unused-label -Wno-unused-parameter -Wno-unused-variable -Wunused-value -Wno-empty-body -Wno-uninitialized -Wno-unknown-pragmas -w -Wno-shadow -Wno-four-char-constants -Wno-conversion -Wno-constant-conversion -Wno-int-conversion -Wno-bool-conversion -Wno-enum-conversion -Wno-float-conversion -Wno-non-literal-null-conversion -Wno-objc-literal-conversion -Wshorten-64-to-32 -Wpointer-sign -Wno-newline-eof -Wno-implicit-fallthrough -fstrict-aliasing -Wdeprecated-declarations -Wno-sign-conversion -Wno-infinite-recursion -Wno-comma -Wno-block-capture-autoreleasing -Wno-strict-prototypes -Wno-semicolon-before-method-body -index-store-path /Users/admin/builder/spi-builder-workspace/.derivedData/Index.noindex/DataStore @/Users/admin/builder/spi-builder-workspace/.derivedData/Build/Intermediates.noindex/PLCrashReporter.build/Debug-appletvos/CrashReporter.build/Objects-normal/arm64/7187679823f38a2a940e0043cdf9d637-common-args.resp -MMD -MT dependencies -MF /Users/admin/builder/spi-builder-workspace/.derivedData/Build/Intermediates.noindex/PLCrashReporter.build/Debug-appletvos/CrashReporter.build/Objects-normal/arm64/PLCrashFrameStackUnwind.d --serialize-diagnostics /Users/admin/builder/spi-builder-workspace/.derivedData/Build/Intermediates.noindex/PLCrashReporter.build/Debug-appletvos/CrashReporter.build/Objects-normal/arm64/PLCrashFrameStackUnwind.dia -c /Users/admin/builder/spi-builder-workspace/.dependencies/checkouts/plcrashreporter/Source/PLCrashFrameStackUnwind.c -o /Users/admin/builder/spi-builder-workspace/.derivedData/Build/Intermediates.noindex/PLCrashReporter.build/Debug-appletvos/CrashReporter.build/Objects-normal/arm64/PLCrashFrameStackUnwind.o -index-unit-output-path /PLCrashReporter.build/Debug-appletvos/CrashReporter.build/Objects-normal/arm64/PLCrashFrameStackUnwind.o
CompileC /Users/admin/builder/spi-builder-workspace/.derivedData/Build/Intermediates.noindex/PLCrashReporter.build/Debug-appletvos/CrashReporter.build/Objects-normal/arm64/PLCrashFrameCompactUnwind.o /Users/admin/builder/spi-builder-workspace/.dependencies/checkouts/plcrashreporter/Source/PLCrashFrameCompactUnwind.c normal arm64 c com.apple.compilers.llvm.clang.1_0.compiler (in target 'CrashReporter' from project 'PLCrashReporter')
cd /Users/admin/builder/spi-builder-workspace/.swiftpm/xcode
Using response file: /Users/admin/builder/spi-builder-workspace/.derivedData/Build/Intermediates.noindex/PLCrashReporter.build/Debug-appletvos/CrashReporter.build/Objects-normal/arm64/7187679823f38a2a940e0043cdf9d637-common-args.resp
/Applications/Xcode-16.3.0.app/Contents/Developer/Toolchains/XcodeDefault.xctoolchain/usr/bin/clang -x c -ivfsstatcache /Users/admin/builder/spi-builder-workspace/.derivedData/SDKStatCaches.noindex/appletvos18.4-22L251-271d326055c85f9856fa135c41255102.sdkstatcache -fmessage-length\=0 -fdiagnostics-show-note-include-stack -fmacro-backtrace-limit\=0 -fno-color-diagnostics -fmodules-prune-interval\=86400 -fmodules-prune-after\=345600 -fbuild-session-file\=/Users/admin/builder/spi-builder-workspace/.derivedData/ModuleCache.noindex/Session.modulevalidation -fmodules-validate-once-per-build-session -Wnon-modular-include-in-framework-module -Werror\=non-modular-include-in-framework-module -Wno-trigraphs -Wno-missing-field-initializers -Wno-missing-prototypes -Wno-return-type -Wno-missing-braces -Wparentheses -Wswitch -Wno-unused-function -Wno-unused-label -Wno-unused-parameter -Wno-unused-variable -Wunused-value -Wno-empty-body -Wno-uninitialized -Wno-unknown-pragmas -w -Wno-shadow -Wno-four-char-constants -Wno-conversion -Wno-constant-conversion -Wno-int-conversion -Wno-bool-conversion -Wno-enum-conversion -Wno-float-conversion -Wno-non-literal-null-conversion -Wno-objc-literal-conversion -Wshorten-64-to-32 -Wpointer-sign -Wno-newline-eof -Wno-implicit-fallthrough -fstrict-aliasing -Wdeprecated-declarations -Wno-sign-conversion -Wno-infinite-recursion -Wno-comma -Wno-block-capture-autoreleasing -Wno-strict-prototypes -Wno-semicolon-before-method-body -index-store-path /Users/admin/builder/spi-builder-workspace/.derivedData/Index.noindex/DataStore @/Users/admin/builder/spi-builder-workspace/.derivedData/Build/Intermediates.noindex/PLCrashReporter.build/Debug-appletvos/CrashReporter.build/Objects-normal/arm64/7187679823f38a2a940e0043cdf9d637-common-args.resp -MMD -MT dependencies -MF /Users/admin/builder/spi-builder-workspace/.derivedData/Build/Intermediates.noindex/PLCrashReporter.build/Debug-appletvos/CrashReporter.build/Objects-normal/arm64/PLCrashFrameCompactUnwind.d --serialize-diagnostics /Users/admin/builder/spi-builder-workspace/.derivedData/Build/Intermediates.noindex/PLCrashReporter.build/Debug-appletvos/CrashReporter.build/Objects-normal/arm64/PLCrashFrameCompactUnwind.dia -c /Users/admin/builder/spi-builder-workspace/.dependencies/checkouts/plcrashreporter/Source/PLCrashFrameCompactUnwind.c -o /Users/admin/builder/spi-builder-workspace/.derivedData/Build/Intermediates.noindex/PLCrashReporter.build/Debug-appletvos/CrashReporter.build/Objects-normal/arm64/PLCrashFrameCompactUnwind.o -index-unit-output-path /PLCrashReporter.build/Debug-appletvos/CrashReporter.build/Objects-normal/arm64/PLCrashFrameCompactUnwind.o
CompileC /Users/admin/builder/spi-builder-workspace/.derivedData/Build/Intermediates.noindex/PLCrashReporter.build/Debug-appletvos/CrashReporter.build/Objects-normal/arm64/PLCrashAsyncSymbolication.o /Users/admin/builder/spi-builder-workspace/.dependencies/checkouts/plcrashreporter/Source/PLCrashAsyncSymbolication.c normal arm64 c com.apple.compilers.llvm.clang.1_0.compiler (in target 'CrashReporter' from project 'PLCrashReporter')
cd /Users/admin/builder/spi-builder-workspace/.swiftpm/xcode
Using response file: /Users/admin/builder/spi-builder-workspace/.derivedData/Build/Intermediates.noindex/PLCrashReporter.build/Debug-appletvos/CrashReporter.build/Objects-normal/arm64/7187679823f38a2a940e0043cdf9d637-common-args.resp
/Applications/Xcode-16.3.0.app/Contents/Developer/Toolchains/XcodeDefault.xctoolchain/usr/bin/clang -x c -ivfsstatcache /Users/admin/builder/spi-builder-workspace/.derivedData/SDKStatCaches.noindex/appletvos18.4-22L251-271d326055c85f9856fa135c41255102.sdkstatcache -fmessage-length\=0 -fdiagnostics-show-note-include-stack -fmacro-backtrace-limit\=0 -fno-color-diagnostics -fmodules-prune-interval\=86400 -fmodules-prune-after\=345600 -fbuild-session-file\=/Users/admin/builder/spi-builder-workspace/.derivedData/ModuleCache.noindex/Session.modulevalidation -fmodules-validate-once-per-build-session -Wnon-modular-include-in-framework-module -Werror\=non-modular-include-in-framework-module -Wno-trigraphs -Wno-missing-field-initializers -Wno-missing-prototypes -Wno-return-type -Wno-missing-braces -Wparentheses -Wswitch -Wno-unused-function -Wno-unused-label -Wno-unused-parameter -Wno-unused-variable -Wunused-value -Wno-empty-body -Wno-uninitialized -Wno-unknown-pragmas -w -Wno-shadow -Wno-four-char-constants -Wno-conversion -Wno-constant-conversion -Wno-int-conversion -Wno-bool-conversion -Wno-enum-conversion -Wno-float-conversion -Wno-non-literal-null-conversion -Wno-objc-literal-conversion -Wshorten-64-to-32 -Wpointer-sign -Wno-newline-eof -Wno-implicit-fallthrough -fstrict-aliasing -Wdeprecated-declarations -Wno-sign-conversion -Wno-infinite-recursion -Wno-comma -Wno-block-capture-autoreleasing -Wno-strict-prototypes -Wno-semicolon-before-method-body -index-store-path /Users/admin/builder/spi-builder-workspace/.derivedData/Index.noindex/DataStore @/Users/admin/builder/spi-builder-workspace/.derivedData/Build/Intermediates.noindex/PLCrashReporter.build/Debug-appletvos/CrashReporter.build/Objects-normal/arm64/7187679823f38a2a940e0043cdf9d637-common-args.resp -MMD -MT dependencies -MF /Users/admin/builder/spi-builder-workspace/.derivedData/Build/Intermediates.noindex/PLCrashReporter.build/Debug-appletvos/CrashReporter.build/Objects-normal/arm64/PLCrashAsyncSymbolication.d --serialize-diagnostics /Users/admin/builder/spi-builder-workspace/.derivedData/Build/Intermediates.noindex/PLCrashReporter.build/Debug-appletvos/CrashReporter.build/Objects-normal/arm64/PLCrashAsyncSymbolication.dia -c /Users/admin/builder/spi-builder-workspace/.dependencies/checkouts/plcrashreporter/Source/PLCrashAsyncSymbolication.c -o /Users/admin/builder/spi-builder-workspace/.derivedData/Build/Intermediates.noindex/PLCrashReporter.build/Debug-appletvos/CrashReporter.build/Objects-normal/arm64/PLCrashAsyncSymbolication.o -index-unit-output-path /PLCrashReporter.build/Debug-appletvos/CrashReporter.build/Objects-normal/arm64/PLCrashAsyncSymbolication.o
CompileC /Users/admin/builder/spi-builder-workspace/.derivedData/Build/Intermediates.noindex/PLCrashReporter.build/Debug-appletvos/CrashReporter.build/Objects-normal/arm64/PLCrashAsyncMachOString.o /Users/admin/builder/spi-builder-workspace/.dependencies/checkouts/plcrashreporter/Source/PLCrashAsyncMachOString.c normal arm64 c com.apple.compilers.llvm.clang.1_0.compiler (in target 'CrashReporter' from project 'PLCrashReporter')
cd /Users/admin/builder/spi-builder-workspace/.swiftpm/xcode
Using response file: /Users/admin/builder/spi-builder-workspace/.derivedData/Build/Intermediates.noindex/PLCrashReporter.build/Debug-appletvos/CrashReporter.build/Objects-normal/arm64/7187679823f38a2a940e0043cdf9d637-common-args.resp
/Applications/Xcode-16.3.0.app/Contents/Developer/Toolchains/XcodeDefault.xctoolchain/usr/bin/clang -x c -ivfsstatcache /Users/admin/builder/spi-builder-workspace/.derivedData/SDKStatCaches.noindex/appletvos18.4-22L251-271d326055c85f9856fa135c41255102.sdkstatcache -fmessage-length\=0 -fdiagnostics-show-note-include-stack -fmacro-backtrace-limit\=0 -fno-color-diagnostics -fmodules-prune-interval\=86400 -fmodules-prune-after\=345600 -fbuild-session-file\=/Users/admin/builder/spi-builder-workspace/.derivedData/ModuleCache.noindex/Session.modulevalidation -fmodules-validate-once-per-build-session -Wnon-modular-include-in-framework-module -Werror\=non-modular-include-in-framework-module -Wno-trigraphs -Wno-missing-field-initializers -Wno-missing-prototypes -Wno-return-type -Wno-missing-braces -Wparentheses -Wswitch -Wno-unused-function -Wno-unused-label -Wno-unused-parameter -Wno-unused-variable -Wunused-value -Wno-empty-body -Wno-uninitialized -Wno-unknown-pragmas -w -Wno-shadow -Wno-four-char-constants -Wno-conversion -Wno-constant-conversion -Wno-int-conversion -Wno-bool-conversion -Wno-enum-conversion -Wno-float-conversion -Wno-non-literal-null-conversion -Wno-objc-literal-conversion -Wshorten-64-to-32 -Wpointer-sign -Wno-newline-eof -Wno-implicit-fallthrough -fstrict-aliasing -Wdeprecated-declarations -Wno-sign-conversion -Wno-infinite-recursion -Wno-comma -Wno-block-capture-autoreleasing -Wno-strict-prototypes -Wno-semicolon-before-method-body -index-store-path /Users/admin/builder/spi-builder-workspace/.derivedData/Index.noindex/DataStore @/Users/admin/builder/spi-builder-workspace/.derivedData/Build/Intermediates.noindex/PLCrashReporter.build/Debug-appletvos/CrashReporter.build/Objects-normal/arm64/7187679823f38a2a940e0043cdf9d637-common-args.resp -MMD -MT dependencies -MF /Users/admin/builder/spi-builder-workspace/.derivedData/Build/Intermediates.noindex/PLCrashReporter.build/Debug-appletvos/CrashReporter.build/Objects-normal/arm64/PLCrashAsyncMachOString.d --serialize-diagnostics /Users/admin/builder/spi-builder-workspace/.derivedData/Build/Intermediates.noindex/PLCrashReporter.build/Debug-appletvos/CrashReporter.build/Objects-normal/arm64/PLCrashAsyncMachOString.dia -c /Users/admin/builder/spi-builder-workspace/.dependencies/checkouts/plcrashreporter/Source/PLCrashAsyncMachOString.c -o /Users/admin/builder/spi-builder-workspace/.derivedData/Build/Intermediates.noindex/PLCrashReporter.build/Debug-appletvos/CrashReporter.build/Objects-normal/arm64/PLCrashAsyncMachOString.o -index-unit-output-path /PLCrashReporter.build/Debug-appletvos/CrashReporter.build/Objects-normal/arm64/PLCrashAsyncMachOString.o
SwiftEmitModule normal arm64 Emitting\ module\ for\ FlareCrashReporter (in target 'FlareCrashReporter' from project 'flare-client-swift')
EmitSwiftModule normal arm64 (in target 'FlareCrashReporter' from project 'flare-client-swift')
cd /Users/admin/builder/spi-builder-workspace/.swiftpm/xcode
CompileC /Users/admin/builder/spi-builder-workspace/.derivedData/Build/Intermediates.noindex/PLCrashReporter.build/Debug-appletvos/CrashReporter.build/Objects-normal/arm64/PLCrashAsyncMachOImage.o /Users/admin/builder/spi-builder-workspace/.dependencies/checkouts/plcrashreporter/Source/PLCrashAsyncMachOImage.c normal arm64 c com.apple.compilers.llvm.clang.1_0.compiler (in target 'CrashReporter' from project 'PLCrashReporter')
cd /Users/admin/builder/spi-builder-workspace/.swiftpm/xcode
Using response file: /Users/admin/builder/spi-builder-workspace/.derivedData/Build/Intermediates.noindex/PLCrashReporter.build/Debug-appletvos/CrashReporter.build/Objects-normal/arm64/7187679823f38a2a940e0043cdf9d637-common-args.resp
/Applications/Xcode-16.3.0.app/Contents/Developer/Toolchains/XcodeDefault.xctoolchain/usr/bin/clang -x c -ivfsstatcache /Users/admin/builder/spi-builder-workspace/.derivedData/SDKStatCaches.noindex/appletvos18.4-22L251-271d326055c85f9856fa135c41255102.sdkstatcache -fmessage-length\=0 -fdiagnostics-show-note-include-stack -fmacro-backtrace-limit\=0 -fno-color-diagnostics -fmodules-prune-interval\=86400 -fmodules-prune-after\=345600 -fbuild-session-file\=/Users/admin/builder/spi-builder-workspace/.derivedData/ModuleCache.noindex/Session.modulevalidation -fmodules-validate-once-per-build-session -Wnon-modular-include-in-framework-module -Werror\=non-modular-include-in-framework-module -Wno-trigraphs -Wno-missing-field-initializers -Wno-missing-prototypes -Wno-return-type -Wno-missing-braces -Wparentheses -Wswitch -Wno-unused-function -Wno-unused-label -Wno-unused-parameter -Wno-unused-variable -Wunused-value -Wno-empty-body -Wno-uninitialized -Wno-unknown-pragmas -w -Wno-shadow -Wno-four-char-constants -Wno-conversion -Wno-constant-conversion -Wno-int-conversion -Wno-bool-conversion -Wno-enum-conversion -Wno-float-conversion -Wno-non-literal-null-conversion -Wno-objc-literal-conversion -Wshorten-64-to-32 -Wpointer-sign -Wno-newline-eof -Wno-implicit-fallthrough -fstrict-aliasing -Wdeprecated-declarations -Wno-sign-conversion -Wno-infinite-recursion -Wno-comma -Wno-block-capture-autoreleasing -Wno-strict-prototypes -Wno-semicolon-before-method-body -index-store-path /Users/admin/builder/spi-builder-workspace/.derivedData/Index.noindex/DataStore @/Users/admin/builder/spi-builder-workspace/.derivedData/Build/Intermediates.noindex/PLCrashReporter.build/Debug-appletvos/CrashReporter.build/Objects-normal/arm64/7187679823f38a2a940e0043cdf9d637-common-args.resp -MMD -MT dependencies -MF /Users/admin/builder/spi-builder-workspace/.derivedData/Build/Intermediates.noindex/PLCrashReporter.build/Debug-appletvos/CrashReporter.build/Objects-normal/arm64/PLCrashAsyncMachOImage.d --serialize-diagnostics /Users/admin/builder/spi-builder-workspace/.derivedData/Build/Intermediates.noindex/PLCrashReporter.build/Debug-appletvos/CrashReporter.build/Objects-normal/arm64/PLCrashAsyncMachOImage.dia -c /Users/admin/builder/spi-builder-workspace/.dependencies/checkouts/plcrashreporter/Source/PLCrashAsyncMachOImage.c -o /Users/admin/builder/spi-builder-workspace/.derivedData/Build/Intermediates.noindex/PLCrashReporter.build/Debug-appletvos/CrashReporter.build/Objects-normal/arm64/PLCrashAsyncMachOImage.o -index-unit-output-path /PLCrashReporter.build/Debug-appletvos/CrashReporter.build/Objects-normal/arm64/PLCrashAsyncMachOImage.o
CompileC /Users/admin/builder/spi-builder-workspace/.derivedData/Build/Intermediates.noindex/PLCrashReporter.build/Debug-appletvos/CrashReporter.build/Objects-normal/arm64/CrashReporterFramework.o /Users/admin/builder/spi-builder-workspace/.dependencies/checkouts/plcrashreporter/Source/CrashReporterFramework.m normal arm64 objective-c com.apple.compilers.llvm.clang.1_0.compiler (in target 'CrashReporter' from project 'PLCrashReporter')
cd /Users/admin/builder/spi-builder-workspace/.swiftpm/xcode
Using response file: /Users/admin/builder/spi-builder-workspace/.derivedData/Build/Intermediates.noindex/PLCrashReporter.build/Debug-appletvos/CrashReporter.build/Objects-normal/arm64/e6072d4f65d7061329687fe24e3d63a7-common-args.resp
/Applications/Xcode-16.3.0.app/Contents/Developer/Toolchains/XcodeDefault.xctoolchain/usr/bin/clang -x objective-c -ivfsstatcache /Users/admin/builder/spi-builder-workspace/.derivedData/SDKStatCaches.noindex/appletvos18.4-22L251-271d326055c85f9856fa135c41255102.sdkstatcache -fmessage-length\=0 -fdiagnostics-show-note-include-stack -fmacro-backtrace-limit\=0 -fno-color-diagnostics -fmodules-prune-interval\=86400 -fmodules-prune-after\=345600 -fbuild-session-file\=/Users/admin/builder/spi-builder-workspace/.derivedData/ModuleCache.noindex/Session.modulevalidation -fmodules-validate-once-per-build-session -Wnon-modular-include-in-framework-module -Werror\=non-modular-include-in-framework-module -Wno-trigraphs -Wno-missing-field-initializers -Wno-missing-prototypes -Wno-return-type -Wno-implicit-atomic-properties -Wno-objc-interface-ivars -Wno-arc-repeated-use-of-weak -Wno-missing-braces -Wparentheses -Wswitch -Wno-unused-function -Wno-unused-label -Wno-unused-parameter -Wno-unused-variable -Wunused-value -Wno-empty-body -Wno-uninitialized -Wno-unknown-pragmas -w -Wno-shadow -Wno-four-char-constants -Wno-conversion -Wno-constant-conversion -Wno-int-conversion -Wno-bool-conversion -Wno-enum-conversion -Wno-float-conversion -Wno-non-literal-null-conversion -Wno-objc-literal-conversion -Wshorten-64-to-32 -Wpointer-sign -Wno-newline-eof -Wno-selector -Wno-strict-selector-match -Wno-undeclared-selector -Wno-deprecated-implementations -Wno-implicit-fallthrough -fstrict-aliasing -Wprotocol -Wdeprecated-declarations -Wno-sign-conversion -Wno-infinite-recursion -Wno-comma -Wno-block-capture-autoreleasing -Wno-strict-prototypes -Wno-semicolon-before-method-body -index-store-path /Users/admin/builder/spi-builder-workspace/.derivedData/Index.noindex/DataStore @/Users/admin/builder/spi-builder-workspace/.derivedData/Build/Intermediates.noindex/PLCrashReporter.build/Debug-appletvos/CrashReporter.build/Objects-normal/arm64/e6072d4f65d7061329687fe24e3d63a7-common-args.resp -include /Users/admin/builder/spi-builder-workspace/.derivedData/Build/Intermediates.noindex/PLCrashReporter.build/Debug-appletvos/CrashReporter.build/DerivedSources/resource_bundle_accessor.h -MMD -MT dependencies -MF /Users/admin/builder/spi-builder-workspace/.derivedData/Build/Intermediates.noindex/PLCrashReporter.build/Debug-appletvos/CrashReporter.build/Objects-normal/arm64/CrashReporterFramework.d --serialize-diagnostics /Users/admin/builder/spi-builder-workspace/.derivedData/Build/Intermediates.noindex/PLCrashReporter.build/Debug-appletvos/CrashReporter.build/Objects-normal/arm64/CrashReporterFramework.dia -c /Users/admin/builder/spi-builder-workspace/.dependencies/checkouts/plcrashreporter/Source/CrashReporterFramework.m -o /Users/admin/builder/spi-builder-workspace/.derivedData/Build/Intermediates.noindex/PLCrashReporter.build/Debug-appletvos/CrashReporter.build/Objects-normal/arm64/CrashReporterFramework.o -index-unit-output-path /PLCrashReporter.build/Debug-appletvos/CrashReporter.build/Objects-normal/arm64/CrashReporterFramework.o
CompileC /Users/admin/builder/spi-builder-workspace/.derivedData/Build/Intermediates.noindex/PLCrashReporter.build/Debug-appletvos/CrashReporter.build/Objects-normal/arm64/CrashReporter.o /Users/admin/builder/spi-builder-workspace/.dependencies/checkouts/plcrashreporter/Source/CrashReporter.m normal arm64 objective-c com.apple.compilers.llvm.clang.1_0.compiler (in target 'CrashReporter' from project 'PLCrashReporter')
cd /Users/admin/builder/spi-builder-workspace/.swiftpm/xcode
Using response file: /Users/admin/builder/spi-builder-workspace/.derivedData/Build/Intermediates.noindex/PLCrashReporter.build/Debug-appletvos/CrashReporter.build/Objects-normal/arm64/e6072d4f65d7061329687fe24e3d63a7-common-args.resp
/Applications/Xcode-16.3.0.app/Contents/Developer/Toolchains/XcodeDefault.xctoolchain/usr/bin/clang -x objective-c -ivfsstatcache /Users/admin/builder/spi-builder-workspace/.derivedData/SDKStatCaches.noindex/appletvos18.4-22L251-271d326055c85f9856fa135c41255102.sdkstatcache -fmessage-length\=0 -fdiagnostics-show-note-include-stack -fmacro-backtrace-limit\=0 -fno-color-diagnostics -fmodules-prune-interval\=86400 -fmodules-prune-after\=345600 -fbuild-session-file\=/Users/admin/builder/spi-builder-workspace/.derivedData/ModuleCache.noindex/Session.modulevalidation -fmodules-validate-once-per-build-session -Wnon-modular-include-in-framework-module -Werror\=non-modular-include-in-framework-module -Wno-trigraphs -Wno-missing-field-initializers -Wno-missing-prototypes -Wno-return-type -Wno-implicit-atomic-properties -Wno-objc-interface-ivars -Wno-arc-repeated-use-of-weak -Wno-missing-braces -Wparentheses -Wswitch -Wno-unused-function -Wno-unused-label -Wno-unused-parameter -Wno-unused-variable -Wunused-value -Wno-empty-body -Wno-uninitialized -Wno-unknown-pragmas -w -Wno-shadow -Wno-four-char-constants -Wno-conversion -Wno-constant-conversion -Wno-int-conversion -Wno-bool-conversion -Wno-enum-conversion -Wno-float-conversion -Wno-non-literal-null-conversion -Wno-objc-literal-conversion -Wshorten-64-to-32 -Wpointer-sign -Wno-newline-eof -Wno-selector -Wno-strict-selector-match -Wno-undeclared-selector -Wno-deprecated-implementations -Wno-implicit-fallthrough -fstrict-aliasing -Wprotocol -Wdeprecated-declarations -Wno-sign-conversion -Wno-infinite-recursion -Wno-comma -Wno-block-capture-autoreleasing -Wno-strict-prototypes -Wno-semicolon-before-method-body -index-store-path /Users/admin/builder/spi-builder-workspace/.derivedData/Index.noindex/DataStore @/Users/admin/builder/spi-builder-workspace/.derivedData/Build/Intermediates.noindex/PLCrashReporter.build/Debug-appletvos/CrashReporter.build/Objects-normal/arm64/e6072d4f65d7061329687fe24e3d63a7-common-args.resp -include /Users/admin/builder/spi-builder-workspace/.derivedData/Build/Intermediates.noindex/PLCrashReporter.build/Debug-appletvos/CrashReporter.build/DerivedSources/resource_bundle_accessor.h -MMD -MT dependencies -MF /Users/admin/builder/spi-builder-workspace/.derivedData/Build/Intermediates.noindex/PLCrashReporter.build/Debug-appletvos/CrashReporter.build/Objects-normal/arm64/CrashReporter.d --serialize-diagnostics /Users/admin/builder/spi-builder-workspace/.derivedData/Build/Intermediates.noindex/PLCrashReporter.build/Debug-appletvos/CrashReporter.build/Objects-normal/arm64/CrashReporter.dia -c /Users/admin/builder/spi-builder-workspace/.dependencies/checkouts/plcrashreporter/Source/CrashReporter.m -o /Users/admin/builder/spi-builder-workspace/.derivedData/Build/Intermediates.noindex/PLCrashReporter.build/Debug-appletvos/CrashReporter.build/Objects-normal/arm64/CrashReporter.o -index-unit-output-path /PLCrashReporter.build/Debug-appletvos/CrashReporter.build/Objects-normal/arm64/CrashReporter.o
PrecompileModule /Users/admin/builder/spi-builder-workspace/.derivedData/Build/Intermediates.noindex/ExplicitPrecompiledModules/AvailabilityMacros-E9QAJLUEKAH07BPDWG4BCUKB.scan
cd /Users/admin/builder/spi-builder-workspace/.swiftpm/xcode
builtin-precompileModule /Users/admin/builder/spi-builder-workspace/.derivedData/Build/Intermediates.noindex/ExplicitPrecompiledModules/AvailabilityMacros-E9QAJLUEKAH07BPDWG4BCUKB.scan
PrecompileModule /Users/admin/builder/spi-builder-workspace/.derivedData/Build/Intermediates.noindex/ExplicitPrecompiledModules/os_object-1TTOBJ2MIB5BU1YTK09MRG10O.scan
cd /Users/admin/builder/spi-builder-workspace/.swiftpm/xcode
builtin-precompileModule /Users/admin/builder/spi-builder-workspace/.derivedData/Build/Intermediates.noindex/ExplicitPrecompiledModules/os_object-1TTOBJ2MIB5BU1YTK09MRG10O.scan
SwiftCompile normal arm64 Compiling\ NativeCrashRecorder.swift /Users/admin/builder/spi-builder-workspace/Sources/FlareCrashReporter/NativeCrashRecorder.swift (in target 'FlareCrashReporter' from project 'flare-client-swift')
SwiftCompile normal arm64 /Users/admin/builder/spi-builder-workspace/Sources/FlareCrashReporter/NativeCrashRecorder.swift (in target 'FlareCrashReporter' from project 'flare-client-swift')
cd /Users/admin/builder/spi-builder-workspace/.swiftpm/xcode
/Users/admin/builder/spi-builder-workspace/Sources/FlareCrashReporter/NativeCrashRecorder.swift:19:75: error: type 'PLCrashReporterSignalHandlerType' has no member 'mach'
let configuration = PLCrashReporterConfig(signalHandlerType: .mach, symbolicationStrategy: [])
~^~~~
Failed frontend command:
/Applications/Xcode-16.3.0.app/Contents/Developer/Toolchains/XcodeDefault.xctoolchain/usr/bin/swift-frontend -frontend -c /Users/admin/builder/spi-builder-workspace/Sources/FlareCrashReporter/CrashContext.swift /Users/admin/builder/spi-builder-workspace/Sources/FlareCrashReporter/CrashStore.swift /Users/admin/builder/spi-builder-workspace/Sources/FlareCrashReporter/FlareCrashReporter.swift /Users/admin/builder/spi-builder-workspace/Sources/FlareCrashReporter/NativeCrashConverter.swift -primary-file /Users/admin/builder/spi-builder-workspace/Sources/FlareCrashReporter/NativeCrashRecorder.swift -emit-dependencies-path /Users/admin/builder/spi-builder-workspace/.derivedData/Build/Intermediates.noindex/flare-client-swift.build/Debug-appletvos/FlareCrashReporter.build/Objects-normal/arm64/NativeCrashRecorder.d -emit-const-values-path /Users/admin/builder/spi-builder-workspace/.derivedData/Build/Intermediates.noindex/flare-client-swift.build/Debug-appletvos/FlareCrashReporter.build/Objects-normal/arm64/NativeCrashRecorder.swiftconstvalues -emit-reference-dependencies-path /Users/admin/builder/spi-builder-workspace/.derivedData/Build/Intermediates.noindex/flare-client-swift.build/Debug-appletvos/FlareCrashReporter.build/Objects-normal/arm64/NativeCrashRecorder.swiftdeps -serialize-diagnostics-path /Users/admin/builder/spi-builder-workspace/.derivedData/Build/Intermediates.noindex/flare-client-swift.build/Debug-appletvos/FlareCrashReporter.build/Objects-normal/arm64/NativeCrashRecorder.dia -target arm64-apple-tvos15.0 -Xllvm -aarch64-use-tbi -enable-objc-interop -stack-check -sdk /Applications/Xcode-16.3.0.app/Contents/Developer/Platforms/AppleTVOS.platform/Developer/SDKs/AppleTVOS18.4.sdk -I /Users/admin/builder/spi-builder-workspace/.derivedData/Build/Products/Debug-appletvos -I /Applications/Xcode-16.3.0.app/Contents/Developer/Platforms/AppleTVOS.platform/Developer/usr/lib -F /Users/admin/builder/spi-builder-workspace/.derivedData/Build/Products/Debug-appletvos/PackageFrameworks -F /Users/admin/builder/spi-builder-workspace/.derivedData/Build/Products/Debug-appletvos/PackageFrameworks -F /Users/admin/builder/spi-builder-workspace/.derivedData/Build/Products/Debug-appletvos -F /Applications/Xcode-16.3.0.app/Contents/Developer/Platforms/AppleTVOS.platform/Developer/Library/Frameworks -F /Applications/Xcode-16.3.0.app/Contents/Developer/Platforms/AppleTVOS.platform/Developer/SDKs/AppleTVOS18.4.sdk/Developer/Library/Frameworks -no-color-diagnostics -enable-testing -g -debug-info-format\=dwarf -dwarf-version\=4 -module-cache-path /Users/admin/builder/spi-builder-workspace/.derivedData/ModuleCache.noindex -profile-generate -profile-coverage-mapping -swift-version 6 -enforce-exclusivity\=checked -stats-output-dir /Users/admin/builder/spi-builder-workspace/.swiftpm/xcode/.stats -Onone -D SWIFT_PACKAGE -D DEBUG -serialize-debugging-options -const-gather-protocols-file /Users/admin/builder/spi-builder-workspace/.derivedData/Build/Intermediates.noindex/flare-client-swift.build/Debug-appletvos/FlareCrashReporter.build/Objects-normal/arm64/FlareCrashReporter_const_extract_protocols.json -enable-experimental-feature DebugDescriptionMacro -empty-abi-descriptor -plugin-path /Applications/Xcode-16.3.0.app/Contents/Developer/Toolchains/XcodeDefault.xctoolchain/usr/lib/swift/host/plugins/testing -validate-clang-modules-once -clang-build-session-file /Users/admin/builder/spi-builder-workspace/.derivedData/ModuleCache.noindex/Session.modulevalidation -Xcc -working-directory -Xcc /Users/admin/builder/spi-builder-workspace/.swiftpm/xcode -resource-dir /Applications/Xcode-16.3.0.app/Contents/Developer/Toolchains/XcodeDefault.xctoolchain/usr/lib/swift -enable-anonymous-context-mangled-names -file-compilation-dir /Users/admin/builder/spi-builder-workspace/.swiftpm/xcode -Xcc -fmodule-map-file\=/Users/admin/builder/spi-builder-workspace/.derivedData/Build/Intermediates.noindex/GeneratedModuleMaps-appletvos/CrashReporter.modulemap -Xcc -ivfsstatcache -Xcc /Users/admin/builder/spi-builder-workspace/.derivedData/SDKStatCaches.noindex/appletvos18.4-22L251-271d326055c85f9856fa135c41255102.sdkstatcache -Xcc -I/Users/admin/builder/spi-builder-workspace/.derivedData/Build/Intermediates.noindex/flare-client-swift.build/Debug-appletvos/FlareCrashReporter.build/swift-overrides.hmap -Xcc -I/Users/admin/builder/spi-builder-workspace/.dependencies/checkouts/plcrashreporter/include -Xcc -I/Users/admin/builder/spi-builder-workspace/.derivedData/Build/Products/Debug-appletvos/include -Xcc -I/Users/admin/builder/spi-builder-workspace/.derivedData/Build/Intermediates.noindex/flare-client-swift.build/Debug-appletvos/FlareCrashReporter.build/DerivedSources-normal/arm64 -Xcc -I/Users/admin/builder/spi-builder-workspace/.derivedData/Build/Intermediates.noindex/flare-client-swift.build/Debug-appletvos/FlareCrashReporter.build/DerivedSources/arm64 -Xcc -I/Users/admin/builder/spi-builder-workspace/.derivedData/Build/Intermediates.noindex/flare-client-swift.build/Debug-appletvos/FlareCrashReporter.build/DerivedSources -Xcc -DSWIFT_PACKAGE -Xcc -DDEBUG\=1 -module-name FlareCrashReporter -package-name spi_builder_workspace -frontend-parseable-output -disable-clang-spi -target-sdk-version 18.4 -target-sdk-name appletvos18.4 -external-plugin-path /Applications/Xcode-16.3.0.app/Contents/Developer/Platforms/AppleTVOS.platform/Developer/usr/lib/swift/host/plugins\#/Applications/Xcode-16.3.0.app/Contents/Developer/Platforms/AppleTVOS.platform/Developer/usr/bin/swift-plugin-server -external-plugin-path /Applications/Xcode-16.3.0.app/Contents/Developer/Platforms/AppleTVOS.platform/Developer/usr/local/lib/swift/host/plugins\#/Applications/Xcode-16.3.0.app/Contents/Developer/Platforms/AppleTVOS.platform/Developer/usr/bin/swift-plugin-server -in-process-plugin-server-path /Applications/Xcode-16.3.0.app/Contents/Developer/Toolchains/XcodeDefault.xctoolchain/usr/lib/swift/host/libSwiftInProcPluginServer.dylib -plugin-path /Applications/Xcode-16.3.0.app/Contents/Developer/Toolchains/XcodeDefault.xctoolchain/usr/lib/swift/host/plugins -plugin-path /Applications/Xcode-16.3.0.app/Contents/Developer/Toolchains/XcodeDefault.xctoolchain/usr/local/lib/swift/host/plugins -o /Users/admin/builder/spi-builder-workspace/.derivedData/Build/Intermediates.noindex/flare-client-swift.build/Debug-appletvos/FlareCrashReporter.build/Objects-normal/arm64/NativeCrashRecorder.o -index-unit-output-path /flare-client-swift.build/Debug-appletvos/FlareCrashReporter.build/Objects-normal/arm64/NativeCrashRecorder.o -index-store-path /Users/admin/builder/spi-builder-workspace/.derivedData/Index.noindex/DataStore -index-system-modules
SwiftCompile normal arm64 Compiling\ FlareCrashReporter.swift /Users/admin/builder/spi-builder-workspace/Sources/FlareCrashReporter/FlareCrashReporter.swift (in target 'FlareCrashReporter' from project 'flare-client-swift')
SwiftCompile normal arm64 /Users/admin/builder/spi-builder-workspace/Sources/FlareCrashReporter/FlareCrashReporter.swift (in target 'FlareCrashReporter' from project 'flare-client-swift')
cd /Users/admin/builder/spi-builder-workspace/.swiftpm/xcode
SwiftCompile normal arm64 Compiling\ CrashContext.swift /Users/admin/builder/spi-builder-workspace/Sources/FlareCrashReporter/CrashContext.swift (in target 'FlareCrashReporter' from project 'flare-client-swift')
SwiftCompile normal arm64 /Users/admin/builder/spi-builder-workspace/Sources/FlareCrashReporter/CrashContext.swift (in target 'FlareCrashReporter' from project 'flare-client-swift')
cd /Users/admin/builder/spi-builder-workspace/.swiftpm/xcode
SwiftCompile normal arm64 Compiling\ CrashStore.swift /Users/admin/builder/spi-builder-workspace/Sources/FlareCrashReporter/CrashStore.swift (in target 'FlareCrashReporter' from project 'flare-client-swift')
SwiftCompile normal arm64 /Users/admin/builder/spi-builder-workspace/Sources/FlareCrashReporter/CrashStore.swift (in target 'FlareCrashReporter' from project 'flare-client-swift')
cd /Users/admin/builder/spi-builder-workspace/.swiftpm/xcode
SwiftCompile normal arm64 Compiling\ NativeCrashConverter.swift /Users/admin/builder/spi-builder-workspace/Sources/FlareCrashReporter/NativeCrashConverter.swift (in target 'FlareCrashReporter' from project 'flare-client-swift')
SwiftCompile normal arm64 /Users/admin/builder/spi-builder-workspace/Sources/FlareCrashReporter/NativeCrashConverter.swift (in target 'FlareCrashReporter' from project 'flare-client-swift')
cd /Users/admin/builder/spi-builder-workspace/.swiftpm/xcode
ExtractAppIntentsMetadata (in target 'Flare' from project 'flare-client-swift')
cd /Users/admin/builder/spi-builder-workspace
/Applications/Xcode-16.3.0.app/Contents/Developer/Toolchains/XcodeDefault.xctoolchain/usr/bin/appintentsmetadataprocessor --toolchain-dir /Applications/Xcode-16.3.0.app/Contents/Developer/Toolchains/XcodeDefault.xctoolchain --module-name Flare --sdk-root /Applications/Xcode-16.3.0.app/Contents/Developer/Platforms/AppleTVOS.platform/Developer/SDKs/AppleTVOS18.4.sdk --xcode-version 16E140 --platform-family tvOS --deployment-target 15.0 --bundle-identifier spi-builder-workspace.Flare --output /Users/admin/builder/spi-builder-workspace/.derivedData/Build/Products/Debug-appletvos/Flare.appintents --target-triple arm64-apple-tvos15.0 --binary-file /Users/admin/builder/spi-builder-workspace/.derivedData/Build/Products/Debug-appletvos/Flare.o --dependency-file /Users/admin/builder/spi-builder-workspace/.derivedData/Build/Intermediates.noindex/flare-client-swift.build/Debug-appletvos/Flare.build/Objects-normal/arm64/Flare_dependency_info.dat --stringsdata-file /Users/admin/builder/spi-builder-workspace/.derivedData/Build/Intermediates.noindex/flare-client-swift.build/Debug-appletvos/Flare.build/Objects-normal/arm64/ExtractedAppShortcutsMetadata.stringsdata --source-file-list /Users/admin/builder/spi-builder-workspace/.derivedData/Build/Intermediates.noindex/flare-client-swift.build/Debug-appletvos/Flare.build/Objects-normal/arm64/Flare.SwiftFileList --metadata-file-list /Users/admin/builder/spi-builder-workspace/.derivedData/Build/Intermediates.noindex/flare-client-swift.build/Debug-appletvos/Flare.build/Flare.DependencyMetadataFileList --static-metadata-file-list /Users/admin/builder/spi-builder-workspace/.derivedData/Build/Intermediates.noindex/flare-client-swift.build/Debug-appletvos/Flare.build/Flare.DependencyStaticMetadataFileList --swift-const-vals-list /Users/admin/builder/spi-builder-workspace/.derivedData/Build/Intermediates.noindex/flare-client-swift.build/Debug-appletvos/Flare.build/Objects-normal/arm64/Flare.SwiftConstValuesFileList --force --compile-time-extraction --deployment-aware-processing --validate-assistant-intents --no-app-shortcuts-localization
2026-09-09 05:41:20.499 appintentsmetadataprocessor[989:4978] Starting appintentsmetadataprocessor export
2026-09-09 05:41:20.549 appintentsmetadataprocessor[989:4978] Extracted no relevant App Intents symbols, skipping writing output
PrecompileModule /Users/admin/builder/spi-builder-workspace/.derivedData/Build/Intermediates.noindex/ExplicitPrecompiledModules/os_workgroup-BX6VDG7QM9T4WNZC7H5PZ21OD.scan
cd /Users/admin/builder/spi-builder-workspace/.swiftpm/xcode
builtin-precompileModule /Users/admin/builder/spi-builder-workspace/.derivedData/Build/Intermediates.noindex/ExplicitPrecompiledModules/os_workgroup-BX6VDG7QM9T4WNZC7H5PZ21OD.scan
PrecompileModule /Users/admin/builder/spi-builder-workspace/.derivedData/Build/Intermediates.noindex/ExplicitPrecompiledModules/os-82W7X8YB70TBU9MRW1JOO6ES5.scan
cd /Users/admin/builder/spi-builder-workspace/.swiftpm/xcode
builtin-precompileModule /Users/admin/builder/spi-builder-workspace/.derivedData/Build/Intermediates.noindex/ExplicitPrecompiledModules/os-82W7X8YB70TBU9MRW1JOO6ES5.scan
CompileC /Users/admin/builder/spi-builder-workspace/.derivedData/Build/Intermediates.noindex/PLCrashReporter.build/Debug-appletvos/CrashReporter.build/Objects-normal/arm64/PLCrashAsyncCompactUnwindEncoding.o /Users/admin/builder/spi-builder-workspace/.dependencies/checkouts/plcrashreporter/Source/PLCrashAsyncCompactUnwindEncoding.c normal arm64 c com.apple.compilers.llvm.clang.1_0.compiler (in target 'CrashReporter' from project 'PLCrashReporter')
cd /Users/admin/builder/spi-builder-workspace/.swiftpm/xcode
Using response file: /Users/admin/builder/spi-builder-workspace/.derivedData/Build/Intermediates.noindex/PLCrashReporter.build/Debug-appletvos/CrashReporter.build/Objects-normal/arm64/7187679823f38a2a940e0043cdf9d637-common-args.resp
/Applications/Xcode-16.3.0.app/Contents/Developer/Toolchains/XcodeDefault.xctoolchain/usr/bin/clang -x c -ivfsstatcache /Users/admin/builder/spi-builder-workspace/.derivedData/SDKStatCaches.noindex/appletvos18.4-22L251-271d326055c85f9856fa135c41255102.sdkstatcache -fmessage-length\=0 -fdiagnostics-show-note-include-stack -fmacro-backtrace-limit\=0 -fno-color-diagnostics -fmodules-prune-interval\=86400 -fmodules-prune-after\=345600 -fbuild-session-file\=/Users/admin/builder/spi-builder-workspace/.derivedData/ModuleCache.noindex/Session.modulevalidation -fmodules-validate-once-per-build-session -Wnon-modular-include-in-framework-module -Werror\=non-modular-include-in-framework-module -Wno-trigraphs -Wno-missing-field-initializers -Wno-missing-prototypes -Wno-return-type -Wno-missing-braces -Wparentheses -Wswitch -Wno-unused-function -Wno-unused-label -Wno-unused-parameter -Wno-unused-variable -Wunused-value -Wno-empty-body -Wno-uninitialized -Wno-unknown-pragmas -w -Wno-shadow -Wno-four-char-constants -Wno-conversion -Wno-constant-conversion -Wno-int-conversion -Wno-bool-conversion -Wno-enum-conversion -Wno-float-conversion -Wno-non-literal-null-conversion -Wno-objc-literal-conversion -Wshorten-64-to-32 -Wpointer-sign -Wno-newline-eof -Wno-implicit-fallthrough -fstrict-aliasing -Wdeprecated-declarations -Wno-sign-conversion -Wno-infinite-recursion -Wno-comma -Wno-block-capture-autoreleasing -Wno-strict-prototypes -Wno-semicolon-before-method-body -index-store-path /Users/admin/builder/spi-builder-workspace/.derivedData/Index.noindex/DataStore @/Users/admin/builder/spi-builder-workspace/.derivedData/Build/Intermediates.noindex/PLCrashReporter.build/Debug-appletvos/CrashReporter.build/Objects-normal/arm64/7187679823f38a2a940e0043cdf9d637-common-args.resp -MMD -MT dependencies -MF /Users/admin/builder/spi-builder-workspace/.derivedData/Build/Intermediates.noindex/PLCrashReporter.build/Debug-appletvos/CrashReporter.build/Objects-normal/arm64/PLCrashAsyncCompactUnwindEncoding.d --serialize-diagnostics /Users/admin/builder/spi-builder-workspace/.derivedData/Build/Intermediates.noindex/PLCrashReporter.build/Debug-appletvos/CrashReporter.build/Objects-normal/arm64/PLCrashAsyncCompactUnwindEncoding.dia -c /Users/admin/builder/spi-builder-workspace/.dependencies/checkouts/plcrashreporter/Source/PLCrashAsyncCompactUnwindEncoding.c -o /Users/admin/builder/spi-builder-workspace/.derivedData/Build/Intermediates.noindex/PLCrashReporter.build/Debug-appletvos/CrashReporter.build/Objects-normal/arm64/PLCrashAsyncCompactUnwindEncoding.o -index-unit-output-path /PLCrashReporter.build/Debug-appletvos/CrashReporter.build/Objects-normal/arm64/PLCrashAsyncCompactUnwindEncoding.o
RegisterExecutionPolicyException /Users/admin/builder/spi-builder-workspace/.derivedData/Build/Products/Debug-appletvos/Flare.o (in target 'Flare' from project 'flare-client-swift')
cd /Users/admin/builder/spi-builder-workspace
builtin-RegisterExecutionPolicyException /Users/admin/builder/spi-builder-workspace/.derivedData/Build/Products/Debug-appletvos/Flare.o
Ld /Users/admin/builder/spi-builder-workspace/.derivedData/Build/Products/Debug-appletvos/CrashReporter.o normal (in target 'CrashReporter' from project 'PLCrashReporter')
cd /Users/admin/builder/spi-builder-workspace/.dependencies/checkouts/plcrashreporter
/Applications/Xcode-16.3.0.app/Contents/Developer/Toolchains/XcodeDefault.xctoolchain/usr/bin/clang++ -Xlinker -reproducible -target arm64-apple-tvos12.0 -r -isysroot /Applications/Xcode-16.3.0.app/Contents/Developer/Platforms/AppleTVOS.platform/Developer/SDKs/AppleTVOS18.4.sdk -O0 -w -L/Users/admin/builder/spi-builder-workspace/.derivedData/Build/Intermediates.noindex/EagerLinkingTBDs/Debug-appletvos -L/Users/admin/builder/spi-builder-workspace/.derivedData/Build/Products/Debug-appletvos -L/Applications/Xcode-16.3.0.app/Contents/Developer/Platforms/AppleTVOS.platform/Developer/usr/lib -F/Users/admin/builder/spi-builder-workspace/.derivedData/Build/Intermediates.noindex/EagerLinkingTBDs/Debug-appletvos -F/Users/admin/builder/spi-builder-workspace/.derivedData/Build/Products/Debug-appletvos -iframework /Applications/Xcode-16.3.0.app/Contents/Developer/Platforms/AppleTVOS.platform/Developer/Library/Frameworks -iframework /Applications/Xcode-16.3.0.app/Contents/Developer/Platforms/AppleTVOS.platform/Developer/SDKs/AppleTVOS18.4.sdk/Developer/Library/Frameworks -filelist /Users/admin/builder/spi-builder-workspace/.derivedData/Build/Intermediates.noindex/PLCrashReporter.build/Debug-appletvos/CrashReporter.build/Objects-normal/arm64/CrashReporter.LinkFileList -nostdlib -Xlinker -object_path_lto -Xlinker /Users/admin/builder/spi-builder-workspace/.derivedData/Build/Intermediates.noindex/PLCrashReporter.build/Debug-appletvos/CrashReporter.build/Objects-normal/arm64/CrashReporter_lto.o -rdynamic -Xlinker -no_deduplicate -Xlinker -debug_variant -Xlinker -dependency_info -Xlinker /Users/admin/builder/spi-builder-workspace/.derivedData/Build/Intermediates.noindex/PLCrashReporter.build/Debug-appletvos/CrashReporter.build/Objects-normal/arm64/CrashReporter_dependency_info.dat -fobjc-arc -fobjc-link-runtime -o /Users/admin/builder/spi-builder-workspace/.derivedData/Build/Products/Debug-appletvos/CrashReporter.o
SwiftDriverJobDiscovery normal arm64 Emitting module for FlareCrashReporter (in target 'FlareCrashReporter' from project 'flare-client-swift')
SwiftDriver\ Compilation\ Requirements FlareCrashReporter normal arm64 com.apple.xcode.tools.swift.compiler (in target 'FlareCrashReporter' from project 'flare-client-swift')
cd /Users/admin/builder/spi-builder-workspace/.swiftpm/xcode
builtin-Swift-Compilation-Requirements -- /Applications/Xcode-16.3.0.app/Contents/Developer/Toolchains/XcodeDefault.xctoolchain/usr/bin/swiftc -module-name FlareCrashReporter -Onone -enforce-exclusivity\=checked @/Users/admin/builder/spi-builder-workspace/.derivedData/Build/Intermediates.noindex/flare-client-swift.build/Debug-appletvos/FlareCrashReporter.build/Objects-normal/arm64/FlareCrashReporter.SwiftFileList -DSWIFT_PACKAGE -DDEBUG -Xcc -fmodule-map-file\=/Users/admin/builder/spi-builder-workspace/.derivedData/Build/Intermediates.noindex/GeneratedModuleMaps-appletvos/CrashReporter.modulemap -stats-output-dir .stats -plugin-path /Applications/Xcode-16.3.0.app/Contents/Developer/Toolchains/XcodeDefault.xctoolchain/usr/lib/swift/host/plugins/testing -enable-experimental-feature DebugDescriptionMacro -sdk /Applications/Xcode-16.3.0.app/Contents/Developer/Platforms/AppleTVOS.platform/Developer/SDKs/AppleTVOS18.4.sdk -target arm64-apple-tvos15.0 -g -module-cache-path /Users/admin/builder/spi-builder-workspace/.derivedData/ModuleCache.noindex -Xfrontend -serialize-debugging-options -profile-coverage-mapping -profile-generate -enable-testing -index-store-path /Users/admin/builder/spi-builder-workspace/.derivedData/Index.noindex/DataStore -swift-version 6 -I /Users/admin/builder/spi-builder-workspace/.derivedData/Build/Products/Debug-appletvos -I /Applications/Xcode-16.3.0.app/Contents/Developer/Platforms/AppleTVOS.platform/Developer/usr/lib -F /Users/admin/builder/spi-builder-workspace/.derivedData/Build/Products/Debug-appletvos/PackageFrameworks -F /Users/admin/builder/spi-builder-workspace/.derivedData/Build/Products/Debug-appletvos/PackageFrameworks -F /Users/admin/builder/spi-builder-workspace/.derivedData/Build/Products/Debug-appletvos -F /Applications/Xcode-16.3.0.app/Contents/Developer/Platforms/AppleTVOS.platform/Developer/Library/Frameworks -F /Applications/Xcode-16.3.0.app/Contents/Developer/Platforms/AppleTVOS.platform/Developer/SDKs/AppleTVOS18.4.sdk/Developer/Library/Frameworks -c -j10 -enable-batch-mode -incremental -Xcc -ivfsstatcache -Xcc /Users/admin/builder/spi-builder-workspace/.derivedData/SDKStatCaches.noindex/appletvos18.4-22L251-271d326055c85f9856fa135c41255102.sdkstatcache -output-file-map /Users/admin/builder/spi-builder-workspace/.derivedData/Build/Intermediates.noindex/flare-client-swift.build/Debug-appletvos/FlareCrashReporter.build/Objects-normal/arm64/FlareCrashReporter-OutputFileMap.json -use-frontend-parseable-output -save-temps -no-color-diagnostics -serialize-diagnostics -emit-dependencies -emit-module -emit-module-path /Users/admin/builder/spi-builder-workspace/.derivedData/Build/Intermediates.noindex/flare-client-swift.build/Debug-appletvos/FlareCrashReporter.build/Objects-normal/arm64/FlareCrashReporter.swiftmodule -validate-clang-modules-once -clang-build-session-file /Users/admin/builder/spi-builder-workspace/.derivedData/ModuleCache.noindex/Session.modulevalidation -package-name spi_builder_workspace -Xcc -I/Users/admin/builder/spi-builder-workspace/.derivedData/Build/Intermediates.noindex/flare-client-swift.build/Debug-appletvos/FlareCrashReporter.build/swift-overrides.hmap -emit-const-values -Xfrontend -const-gather-protocols-file -Xfrontend /Users/admin/builder/spi-builder-workspace/.derivedData/Build/Intermediates.noindex/flare-client-swift.build/Debug-appletvos/FlareCrashReporter.build/Objects-normal/arm64/FlareCrashReporter_const_extract_protocols.json -Xcc -I/Users/admin/builder/spi-builder-workspace/.dependencies/checkouts/plcrashreporter/include -Xcc -I/Users/admin/builder/spi-builder-workspace/.derivedData/Build/Products/Debug-appletvos/include -Xcc -I/Users/admin/builder/spi-builder-workspace/.derivedData/Build/Intermediates.noindex/flare-client-swift.build/Debug-appletvos/FlareCrashReporter.build/DerivedSources-normal/arm64 -Xcc -I/Users/admin/builder/spi-builder-workspace/.derivedData/Build/Intermediates.noindex/flare-client-swift.build/Debug-appletvos/FlareCrashReporter.build/DerivedSources/arm64 -Xcc -I/Users/admin/builder/spi-builder-workspace/.derivedData/Build/Intermediates.noindex/flare-client-swift.build/Debug-appletvos/FlareCrashReporter.build/DerivedSources -Xcc -DSWIFT_PACKAGE -Xcc -DDEBUG\=1 -emit-objc-header -emit-objc-header-path /Users/admin/builder/spi-builder-workspace/.derivedData/Build/Intermediates.noindex/flare-client-swift.build/Debug-appletvos/FlareCrashReporter.build/Objects-normal/arm64/FlareCrashReporter-Swift.h -working-directory /Users/admin/builder/spi-builder-workspace/.swiftpm/xcode -experimental-emit-module-separately -disable-cmo
SwiftMergeGeneratedHeaders /Users/admin/builder/spi-builder-workspace/.derivedData/Build/Intermediates.noindex/GeneratedModuleMaps-appletvos/FlareCrashReporter-Swift.h /Users/admin/builder/spi-builder-workspace/.derivedData/Build/Intermediates.noindex/flare-client-swift.build/Debug-appletvos/FlareCrashReporter.build/Objects-normal/arm64/FlareCrashReporter-Swift.h (in target 'FlareCrashReporter' from project 'flare-client-swift')
cd /Users/admin/builder/spi-builder-workspace
builtin-swiftHeaderTool -arch arm64 /Users/admin/builder/spi-builder-workspace/.derivedData/Build/Intermediates.noindex/flare-client-swift.build/Debug-appletvos/FlareCrashReporter.build/Objects-normal/arm64/FlareCrashReporter-Swift.h -o /Users/admin/builder/spi-builder-workspace/.derivedData/Build/Intermediates.noindex/GeneratedModuleMaps-appletvos/FlareCrashReporter-Swift.h
Copy /Users/admin/builder/spi-builder-workspace/.derivedData/Build/Products/Debug-appletvos/FlareCrashReporter.swiftmodule/arm64-apple-tvos.swiftdoc /Users/admin/builder/spi-builder-workspace/.derivedData/Build/Intermediates.noindex/flare-client-swift.build/Debug-appletvos/FlareCrashReporter.build/Objects-normal/arm64/FlareCrashReporter.swiftdoc (in target 'FlareCrashReporter' from project 'flare-client-swift')
cd /Users/admin/builder/spi-builder-workspace
builtin-copy -exclude .DS_Store -exclude CVS -exclude .svn -exclude .git -exclude .hg -resolve-src-symlinks -rename /Users/admin/builder/spi-builder-workspace/.derivedData/Build/Intermediates.noindex/flare-client-swift.build/Debug-appletvos/FlareCrashReporter.build/Objects-normal/arm64/FlareCrashReporter.swiftdoc /Users/admin/builder/spi-builder-workspace/.derivedData/Build/Products/Debug-appletvos/FlareCrashReporter.swiftmodule/arm64-apple-tvos.swiftdoc
Copy /Users/admin/builder/spi-builder-workspace/.derivedData/Build/Products/Debug-appletvos/FlareCrashReporter.swiftmodule/arm64-apple-tvos.swiftmodule /Users/admin/builder/spi-builder-workspace/.derivedData/Build/Intermediates.noindex/flare-client-swift.build/Debug-appletvos/FlareCrashReporter.build/Objects-normal/arm64/FlareCrashReporter.swiftmodule (in target 'FlareCrashReporter' from project 'flare-client-swift')
cd /Users/admin/builder/spi-builder-workspace
builtin-copy -exclude .DS_Store -exclude CVS -exclude .svn -exclude .git -exclude .hg -resolve-src-symlinks -rename /Users/admin/builder/spi-builder-workspace/.derivedData/Build/Intermediates.noindex/flare-client-swift.build/Debug-appletvos/FlareCrashReporter.build/Objects-normal/arm64/FlareCrashReporter.swiftmodule /Users/admin/builder/spi-builder-workspace/.derivedData/Build/Products/Debug-appletvos/FlareCrashReporter.swiftmodule/arm64-apple-tvos.swiftmodule
Copy /Users/admin/builder/spi-builder-workspace/.derivedData/Build/Products/Debug-appletvos/FlareCrashReporter.swiftmodule/arm64-apple-tvos.abi.json /Users/admin/builder/spi-builder-workspace/.derivedData/Build/Intermediates.noindex/flare-client-swift.build/Debug-appletvos/FlareCrashReporter.build/Objects-normal/arm64/FlareCrashReporter.abi.json (in target 'FlareCrashReporter' from project 'flare-client-swift')
cd /Users/admin/builder/spi-builder-workspace
builtin-copy -exclude .DS_Store -exclude CVS -exclude .svn -exclude .git -exclude .hg -resolve-src-symlinks -rename /Users/admin/builder/spi-builder-workspace/.derivedData/Build/Intermediates.noindex/flare-client-swift.build/Debug-appletvos/FlareCrashReporter.build/Objects-normal/arm64/FlareCrashReporter.abi.json /Users/admin/builder/spi-builder-workspace/.derivedData/Build/Products/Debug-appletvos/FlareCrashReporter.swiftmodule/arm64-apple-tvos.abi.json
Copy /Users/admin/builder/spi-builder-workspace/.derivedData/Build/Products/Debug-appletvos/FlareCrashReporter.swiftmodule/Project/arm64-apple-tvos.swiftsourceinfo /Users/admin/builder/spi-builder-workspace/.derivedData/Build/Intermediates.noindex/flare-client-swift.build/Debug-appletvos/FlareCrashReporter.build/Objects-normal/arm64/FlareCrashReporter.swiftsourceinfo (in target 'FlareCrashReporter' from project 'flare-client-swift')
cd /Users/admin/builder/spi-builder-workspace
builtin-copy -exclude .DS_Store -exclude CVS -exclude .svn -exclude .git -exclude .hg -resolve-src-symlinks -rename /Users/admin/builder/spi-builder-workspace/.derivedData/Build/Intermediates.noindex/flare-client-swift.build/Debug-appletvos/FlareCrashReporter.build/Objects-normal/arm64/FlareCrashReporter.swiftsourceinfo /Users/admin/builder/spi-builder-workspace/.derivedData/Build/Products/Debug-appletvos/FlareCrashReporter.swiftmodule/Project/arm64-apple-tvos.swiftsourceinfo
SwiftDriverJobDiscovery normal arm64 Compiling CrashContext.swift (in target 'FlareCrashReporter' from project 'flare-client-swift')
** BUILD FAILED **
The following build commands failed:
SwiftCompile normal arm64 /Users/admin/builder/spi-builder-workspace/Sources/FlareCrashReporter/NativeCrashRecorder.swift (in target 'FlareCrashReporter' from project 'flare-client-swift')
SwiftCompile normal arm64 Compiling\ NativeCrashRecorder.swift /Users/admin/builder/spi-builder-workspace/Sources/FlareCrashReporter/NativeCrashRecorder.swift (in target 'FlareCrashReporter' from project 'flare-client-swift')
Building workspace spi-builder-workspace with scheme flare-client-swift-Package
(3 failures)
Command line invocation:
/Applications/Xcode-16.3.0.app/Contents/Developer/usr/bin/xcodebuild -IDEClonedSourcePackagesDirPathOverride=/Users/admin/builder/spi-builder-workspace/.dependencies -resolvePackageDependencies
Resolve Package Graph
Resolved source packages:
PLCrashReporter: https://github.com/microsoft/plcrashreporter.git @ 1.12.2
flare-client-swift: /Users/admin/builder/spi-builder-workspace
resolved source packages: PLCrashReporter, flare-client-swift
{
"dependencies" : [
{
"identity" : "plcrashreporter",
"requirement" : {
"range" : [
{
"lower_bound" : "1.12.2",
"upper_bound" : "2.0.0"
}
]
},
"type" : "sourceControl",
"url" : "https://github.com/microsoft/plcrashreporter.git"
}
],
"manifest_display_name" : "flare-client-swift",
"name" : "flare-client-swift",
"path" : "/Users/admin/builder/spi-builder-workspace",
"platforms" : [
{
"name" : "macos",
"version" : "12.0"
},
{
"name" : "ios",
"version" : "15.0"
},
{
"name" : "tvos",
"version" : "15.0"
}
],
"products" : [
{
"name" : "Flare",
"targets" : [
"Flare"
],
"type" : {
"library" : [
"automatic"
]
}
},
{
"name" : "FlareCrashReporter",
"targets" : [
"FlareCrashReporter"
],
"type" : {
"library" : [
"automatic"
]
}
}
],
"targets" : [
{
"c99name" : "FlareTests",
"module_type" : "SwiftTarget",
"name" : "FlareTests",
"path" : "Tests/FlareTests",
"sources" : [
"FlareClientTests.swift",
"FlareDiagnosticsTests.swift"
],
"target_dependencies" : [
"Flare"
],
"type" : "test"
},
{
"c99name" : "FlareCrashReporterTests",
"module_type" : "SwiftTarget",
"name" : "FlareCrashReporterTests",
"path" : "Tests/FlareCrashReporterTests",
"sources" : [
"CrashDiagnosticsTests.swift",
"CrashStoreTests.swift",
"CrashUploadTests.swift",
"NativeCrashConverterTests.swift"
],
"target_dependencies" : [
"FlareCrashReporter"
],
"type" : "test"
},
{
"c99name" : "FlareCrashReporter",
"module_type" : "SwiftTarget",
"name" : "FlareCrashReporter",
"path" : "Sources/FlareCrashReporter",
"product_dependencies" : [
"CrashReporter"
],
"product_memberships" : [
"FlareCrashReporter"
],
"sources" : [
"CrashContext.swift",
"CrashStore.swift",
"FlareCrashReporter.swift",
"NativeCrashConverter.swift",
"NativeCrashRecorder.swift"
],
"target_dependencies" : [
"Flare"
],
"type" : "library"
},
{
"c99name" : "Flare",
"module_type" : "SwiftTarget",
"name" : "Flare",
"path" : "Sources/Flare",
"product_memberships" : [
"Flare",
"FlareCrashReporter"
],
"sources" : [
"FlareClient.swift",
"FlareClientError.swift",
"FlareConfiguration.swift",
"FlareDiagnostics.swift",
"FlareGrouping.swift",
"FlarePayload.swift",
"FlareReport.swift",
"FlareSendResult.swift",
"FlareStackFrame.swift",
"FlareValue.swift",
"HTTPTransport.swift"
],
"type" : "library"
}
],
"tools_version" : "6.0"
}
{
"workspace" : {
"name" : "spi-builder-workspace",
"schemes" : [
"Flare",
"flare-client-swift-Package",
"FlareCrashReporter"
]
}
}
Running build ...
env DEVELOPER_DIR=/Applications/Xcode-16.3.0.app xcrun xcodebuild -IDEClonedSourcePackagesDirPathOverride=$PWD/.dependencies -skipMacroValidation -skipPackagePluginValidation -derivedDataPath $PWD/.derivedData build -scheme flare-client-swift-Package -destination generic/platform=tvOS
Command line invocation:
/Applications/Xcode-16.3.0.app/Contents/Developer/usr/bin/xcodebuild -IDEClonedSourcePackagesDirPathOverride=/Users/admin/builder/spi-builder-workspace/.dependencies -skipMacroValidation -skipPackagePluginValidation -derivedDataPath /Users/admin/builder/spi-builder-workspace/.derivedData build -scheme flare-client-swift-Package -destination generic/platform=tvOS
Resolve Package Graph
Resolved source packages:
PLCrashReporter: https://github.com/microsoft/plcrashreporter.git @ 1.12.2
flare-client-swift: /Users/admin/builder/spi-builder-workspace
ComputePackagePrebuildTargetDependencyGraph
Prepare packages
CreateBuildRequest
SendProjectDescription
CreateBuildOperation
ComputeTargetDependencyGraph
note: Building targets in dependency order
note: Target dependency graph (7 targets)
Target 'FlareCrashReporter' in project 'flare-client-swift'
➜ Explicit dependency on target 'FlareCrashReporter' in project 'flare-client-swift'
➜ Explicit dependency on target 'Flare' in project 'flare-client-swift'
➜ Explicit dependency on target 'CrashReporter' in project 'PLCrashReporter'
Target 'FlareCrashReporter' in project 'flare-client-swift'
➜ Explicit dependency on target 'Flare' in project 'flare-client-swift'
➜ Explicit dependency on target 'CrashReporter' in project 'PLCrashReporter'
Target 'CrashReporter' in project 'PLCrashReporter'
➜ Explicit dependency on target 'CrashReporter' in project 'PLCrashReporter'
➜ Explicit dependency on target 'PLCrashReporter_CrashReporter' in project 'PLCrashReporter'
Target 'CrashReporter' in project 'PLCrashReporter'
➜ Explicit dependency on target 'PLCrashReporter_CrashReporter' in project 'PLCrashReporter'
Target 'PLCrashReporter_CrashReporter' in project 'PLCrashReporter' (no dependencies)
Target 'Flare' in project 'flare-client-swift'
➜ Explicit dependency on target 'Flare' in project 'flare-client-swift'
Target 'Flare' in project 'flare-client-swift' (no dependencies)
GatherProvisioningInputs
CreateBuildDescription
ExecuteExternalTool /Applications/Xcode-16.3.0.app/Contents/Developer/Toolchains/XcodeDefault.xctoolchain/usr/bin/swiftc --version
ExecuteExternalTool /Applications/Xcode-16.3.0.app/Contents/Developer/Toolchains/XcodeDefault.xctoolchain/usr/bin/clang -v -E -dM -isysroot /Applications/Xcode-16.3.0.app/Contents/Developer/Platforms/AppleTVOS.platform/Developer/SDKs/AppleTVOS18.4.sdk -x c -c /dev/null
ExecuteExternalTool /Applications/Xcode-16.3.0.app/Contents/Developer/Toolchains/XcodeDefault.xctoolchain/usr/bin/clang -v -E -dM -arch arm64 -isysroot /Applications/Xcode-16.3.0.app/Contents/Developer/Platforms/AppleTVOS.platform/Developer/SDKs/AppleTVOS18.4.sdk -x objective-c -c /dev/null
ExecuteExternalTool /Applications/Xcode-16.3.0.app/Contents/Developer/Toolchains/XcodeDefault.xctoolchain/usr/bin/clang -v -E -dM -arch arm64 -isysroot /Applications/Xcode-16.3.0.app/Contents/Developer/Platforms/AppleTVOS.platform/Developer/SDKs/AppleTVOS18.4.sdk -x c -c /dev/null
ExecuteExternalTool /Applications/Xcode-16.3.0.app/Contents/Developer/Toolchains/XcodeDefault.xctoolchain/usr/bin/clang -v -E -dM -arch arm64 -isysroot /Applications/Xcode-16.3.0.app/Contents/Developer/Platforms/AppleTVOS.platform/Developer/SDKs/AppleTVOS18.4.sdk -x c++ -c /dev/null
ExecuteExternalTool /Applications/Xcode-16.3.0.app/Contents/Developer/Toolchains/XcodeDefault.xctoolchain/usr/bin/clang -v -E -dM -arch arm64 -isysroot /Applications/Xcode-16.3.0.app/Contents/Developer/Platforms/AppleTVOS.platform/Developer/SDKs/AppleTVOS18.4.sdk -x objective-c++ -c /dev/null
ExecuteExternalTool /Applications/Xcode-16.3.0.app/Contents/Developer/Toolchains/XcodeDefault.xctoolchain/usr/bin/clang -v -E -dM -arch arm64 -isysroot /Applications/Xcode-16.3.0.app/Contents/Developer/Platforms/AppleTVOS.platform/Developer/SDKs/AppleTVOS18.4.sdk -x assembler-with-cpp -c /dev/null
ExecuteExternalTool /Applications/Xcode-16.3.0.app/Contents/Developer/Toolchains/XcodeDefault.xctoolchain/usr/bin/ld -version_details
Build description signature: 0c92ef70f7e46c618b3c615d36c0cd86
Build description path: /Users/admin/builder/spi-builder-workspace/.derivedData/Build/Intermediates.noindex/XCBuildData/0c92ef70f7e46c618b3c615d36c0cd86.xcbuilddata
ClangStatCache /Applications/Xcode-16.3.0.app/Contents/Developer/Toolchains/XcodeDefault.xctoolchain/usr/bin/clang-stat-cache /Applications/Xcode-16.3.0.app/Contents/Developer/Platforms/AppleTVOS.platform/Developer/SDKs/AppleTVOS18.4.sdk /Users/admin/builder/spi-builder-workspace/.derivedData/SDKStatCaches.noindex/appletvos18.4-22L251-271d326055c85f9856fa135c41255102.sdkstatcache
cd /Users/admin/builder/spi-builder-workspace/.swiftpm/xcode
/Applications/Xcode-16.3.0.app/Contents/Developer/Toolchains/XcodeDefault.xctoolchain/usr/bin/clang-stat-cache /Applications/Xcode-16.3.0.app/Contents/Developer/Platforms/AppleTVOS.platform/Developer/SDKs/AppleTVOS18.4.sdk -o /Users/admin/builder/spi-builder-workspace/.derivedData/SDKStatCaches.noindex/appletvos18.4-22L251-271d326055c85f9856fa135c41255102.sdkstatcache
ProcessInfoPlistFile /Users/admin/builder/spi-builder-workspace/.derivedData/Build/Products/Debug-appletvos/PLCrashReporter_CrashReporter.bundle/Info.plist /Users/admin/builder/spi-builder-workspace/.derivedData/Build/Intermediates.noindex/PLCrashReporter.build/Debug-appletvos/PLCrashReporter_CrashReporter.build/empty-PLCrashReporter_CrashReporter.plist (in target 'PLCrashReporter_CrashReporter' from project 'PLCrashReporter')
cd /Users/admin/builder/spi-builder-workspace/.dependencies/checkouts/plcrashreporter
builtin-infoPlistUtility /Users/admin/builder/spi-builder-workspace/.derivedData/Build/Intermediates.noindex/PLCrashReporter.build/Debug-appletvos/PLCrashReporter_CrashReporter.build/empty-PLCrashReporter_CrashReporter.plist -producttype com.apple.product-type.bundle -expandbuildsettings -format binary -platform appletvos -o /Users/admin/builder/spi-builder-workspace/.derivedData/Build/Products/Debug-appletvos/PLCrashReporter_CrashReporter.bundle/Info.plist
SwiftDriver Flare normal arm64 com.apple.xcode.tools.swift.compiler (in target 'Flare' from project 'flare-client-swift')
cd /Users/admin/builder/spi-builder-workspace/.swiftpm/xcode
builtin-SwiftDriver -- /Applications/Xcode-16.3.0.app/Contents/Developer/Toolchains/XcodeDefault.xctoolchain/usr/bin/swiftc -module-name Flare -Onone -enforce-exclusivity\=checked @/Users/admin/builder/spi-builder-workspace/.derivedData/Build/Intermediates.noindex/flare-client-swift.build/Debug-appletvos/Flare.build/Objects-normal/arm64/Flare.SwiftFileList -DSWIFT_PACKAGE -DDEBUG -DXcode -plugin-path /Applications/Xcode-16.3.0.app/Contents/Developer/Toolchains/XcodeDefault.xctoolchain/usr/lib/swift/host/plugins/testing -enable-experimental-feature DebugDescriptionMacro -sdk /Applications/Xcode-16.3.0.app/Contents/Developer/Platforms/AppleTVOS.platform/Developer/SDKs/AppleTVOS18.4.sdk -target arm64-apple-tvos15.0 -g -module-cache-path /Users/admin/builder/spi-builder-workspace/.derivedData/ModuleCache.noindex -Xfrontend -serialize-debugging-options -profile-coverage-mapping -profile-generate -enable-testing -index-store-path /Users/admin/builder/spi-builder-workspace/.derivedData/Index.noindex/DataStore -swift-version 6 -I /Users/admin/builder/spi-builder-workspace/.derivedData/Build/Products/Debug-appletvos -I /Applications/Xcode-16.3.0.app/Contents/Developer/Platforms/AppleTVOS.platform/Developer/usr/lib -F /Users/admin/builder/spi-builder-workspace/.derivedData/Build/Products/Debug-appletvos -F /Applications/Xcode-16.3.0.app/Contents/Developer/Platforms/AppleTVOS.platform/Developer/Library/Frameworks -F /Applications/Xcode-16.3.0.app/Contents/Developer/Platforms/AppleTVOS.platform/Developer/SDKs/AppleTVOS18.4.sdk/Developer/Library/Frameworks -c -j10 -enable-batch-mode -incremental -Xcc -ivfsstatcache -Xcc /Users/admin/builder/spi-builder-workspace/.derivedData/SDKStatCaches.noindex/appletvos18.4-22L251-271d326055c85f9856fa135c41255102.sdkstatcache -output-file-map /Users/admin/builder/spi-builder-workspace/.derivedData/Build/Intermediates.noindex/flare-client-swift.build/Debug-appletvos/Flare.build/Objects-normal/arm64/Flare-OutputFileMap.json -use-frontend-parseable-output -save-temps -no-color-diagnostics -serialize-diagnostics -emit-dependencies -emit-module -emit-module-path /Users/admin/builder/spi-builder-workspace/.derivedData/Build/Intermediates.noindex/flare-client-swift.build/Debug-appletvos/Flare.build/Objects-normal/arm64/Flare.swiftmodule -validate-clang-modules-once -clang-build-session-file /Users/admin/builder/spi-builder-workspace/.derivedData/ModuleCache.noindex/Session.modulevalidation -package-name spi_builder_workspace -Xcc -I/Users/admin/builder/spi-builder-workspace/.derivedData/Build/Intermediates.noindex/flare-client-swift.build/Debug-appletvos/Flare.build/swift-overrides.hmap -emit-const-values -Xfrontend -const-gather-protocols-file -Xfrontend /Users/admin/builder/spi-builder-workspace/.derivedData/Build/Intermediates.noindex/flare-client-swift.build/Debug-appletvos/Flare.build/Objects-normal/arm64/Flare_const_extract_protocols.json -Xcc -I/Users/admin/builder/spi-builder-workspace/.derivedData/Build/Products/Debug-appletvos/include -Xcc -I/Users/admin/builder/spi-builder-workspace/.derivedData/Build/Intermediates.noindex/flare-client-swift.build/Debug-appletvos/Flare.build/DerivedSources-normal/arm64 -Xcc -I/Users/admin/builder/spi-builder-workspace/.derivedData/Build/Intermediates.noindex/flare-client-swift.build/Debug-appletvos/Flare.build/DerivedSources/arm64 -Xcc -I/Users/admin/builder/spi-builder-workspace/.derivedData/Build/Intermediates.noindex/flare-client-swift.build/Debug-appletvos/Flare.build/DerivedSources -Xcc -DSWIFT_PACKAGE -Xcc -DDEBUG\=1 -emit-objc-header -emit-objc-header-path /Users/admin/builder/spi-builder-workspace/.derivedData/Build/Intermediates.noindex/flare-client-swift.build/Debug-appletvos/Flare.build/Objects-normal/arm64/Flare-Swift.h -working-directory /Users/admin/builder/spi-builder-workspace/.swiftpm/xcode -experimental-emit-module-separately -disable-cmo
Ld /Users/admin/builder/spi-builder-workspace/.derivedData/Build/Products/Debug-appletvos/CrashReporter.o normal (in target 'CrashReporter' from project 'PLCrashReporter')
cd /Users/admin/builder/spi-builder-workspace/.dependencies/checkouts/plcrashreporter
/Applications/Xcode-16.3.0.app/Contents/Developer/Toolchains/XcodeDefault.xctoolchain/usr/bin/clang++ -Xlinker -reproducible -target arm64-apple-tvos12.0 -r -isysroot /Applications/Xcode-16.3.0.app/Contents/Developer/Platforms/AppleTVOS.platform/Developer/SDKs/AppleTVOS18.4.sdk -O0 -w -L/Users/admin/builder/spi-builder-workspace/.derivedData/Build/Intermediates.noindex/EagerLinkingTBDs/Debug-appletvos -L/Users/admin/builder/spi-builder-workspace/.derivedData/Build/Products/Debug-appletvos -L/Applications/Xcode-16.3.0.app/Contents/Developer/Platforms/AppleTVOS.platform/Developer/usr/lib -F/Users/admin/builder/spi-builder-workspace/.derivedData/Build/Intermediates.noindex/EagerLinkingTBDs/Debug-appletvos -F/Users/admin/builder/spi-builder-workspace/.derivedData/Build/Products/Debug-appletvos -iframework /Applications/Xcode-16.3.0.app/Contents/Developer/Platforms/AppleTVOS.platform/Developer/Library/Frameworks -iframework /Applications/Xcode-16.3.0.app/Contents/Developer/Platforms/AppleTVOS.platform/Developer/SDKs/AppleTVOS18.4.sdk/Developer/Library/Frameworks -filelist /Users/admin/builder/spi-builder-workspace/.derivedData/Build/Intermediates.noindex/PLCrashReporter.build/Debug-appletvos/CrashReporter.build/Objects-normal/arm64/CrashReporter.LinkFileList -nostdlib -Xlinker -object_path_lto -Xlinker /Users/admin/builder/spi-builder-workspace/.derivedData/Build/Intermediates.noindex/PLCrashReporter.build/Debug-appletvos/CrashReporter.build/Objects-normal/arm64/CrashReporter_lto.o -rdynamic -Xlinker -no_deduplicate -Xlinker -debug_variant -Xlinker -dependency_info -Xlinker /Users/admin/builder/spi-builder-workspace/.derivedData/Build/Intermediates.noindex/PLCrashReporter.build/Debug-appletvos/CrashReporter.build/Objects-normal/arm64/CrashReporter_dependency_info.dat -fobjc-arc -fobjc-link-runtime -o /Users/admin/builder/spi-builder-workspace/.derivedData/Build/Products/Debug-appletvos/CrashReporter.o
RegisterExecutionPolicyException /Users/admin/builder/spi-builder-workspace/.derivedData/Build/Products/Debug-appletvos/CrashReporter.o (in target 'CrashReporter' from project 'PLCrashReporter')
cd /Users/admin/builder/spi-builder-workspace/.dependencies/checkouts/plcrashreporter
builtin-RegisterExecutionPolicyException /Users/admin/builder/spi-builder-workspace/.derivedData/Build/Products/Debug-appletvos/CrashReporter.o
SwiftCompile normal arm64 Compiling\ FlareClient.swift,\ FlareClientError.swift /Users/admin/builder/spi-builder-workspace/Sources/Flare/FlareClient.swift /Users/admin/builder/spi-builder-workspace/Sources/Flare/FlareClientError.swift (in target 'Flare' from project 'flare-client-swift')
SwiftCompile normal arm64 /Users/admin/builder/spi-builder-workspace/Sources/Flare/FlareClient.swift (in target 'Flare' from project 'flare-client-swift')
cd /Users/admin/builder/spi-builder-workspace/.swiftpm/xcode
SwiftCompile normal arm64 /Users/admin/builder/spi-builder-workspace/Sources/Flare/FlareClientError.swift (in target 'Flare' from project 'flare-client-swift')
cd /Users/admin/builder/spi-builder-workspace/.swiftpm/xcode
SwiftCompile normal arm64 Compiling\ FlareGrouping.swift /Users/admin/builder/spi-builder-workspace/Sources/Flare/FlareGrouping.swift (in target 'Flare' from project 'flare-client-swift')
SwiftCompile normal arm64 /Users/admin/builder/spi-builder-workspace/Sources/Flare/FlareGrouping.swift (in target 'Flare' from project 'flare-client-swift')
cd /Users/admin/builder/spi-builder-workspace/.swiftpm/xcode
SwiftCompile normal arm64 Compiling\ FlarePayload.swift /Users/admin/builder/spi-builder-workspace/Sources/Flare/FlarePayload.swift (in target 'Flare' from project 'flare-client-swift')
SwiftCompile normal arm64 /Users/admin/builder/spi-builder-workspace/Sources/Flare/FlarePayload.swift (in target 'Flare' from project 'flare-client-swift')
cd /Users/admin/builder/spi-builder-workspace/.swiftpm/xcode
SwiftCompile normal arm64 Compiling\ FlareReport.swift /Users/admin/builder/spi-builder-workspace/Sources/Flare/FlareReport.swift (in target 'Flare' from project 'flare-client-swift')
SwiftCompile normal arm64 /Users/admin/builder/spi-builder-workspace/Sources/Flare/FlareReport.swift (in target 'Flare' from project 'flare-client-swift')
cd /Users/admin/builder/spi-builder-workspace/.swiftpm/xcode
SwiftCompile normal arm64 Compiling\ FlareDiagnostics.swift /Users/admin/builder/spi-builder-workspace/Sources/Flare/FlareDiagnostics.swift (in target 'Flare' from project 'flare-client-swift')
SwiftCompile normal arm64 /Users/admin/builder/spi-builder-workspace/Sources/Flare/FlareDiagnostics.swift (in target 'Flare' from project 'flare-client-swift')
cd /Users/admin/builder/spi-builder-workspace/.swiftpm/xcode
SwiftCompile normal arm64 Compiling\ HTTPTransport.swift /Users/admin/builder/spi-builder-workspace/Sources/Flare/HTTPTransport.swift (in target 'Flare' from project 'flare-client-swift')
SwiftCompile normal arm64 /Users/admin/builder/spi-builder-workspace/Sources/Flare/HTTPTransport.swift (in target 'Flare' from project 'flare-client-swift')
cd /Users/admin/builder/spi-builder-workspace/.swiftpm/xcode
SwiftCompile normal arm64 Compiling\ FlareValue.swift /Users/admin/builder/spi-builder-workspace/Sources/Flare/FlareValue.swift (in target 'Flare' from project 'flare-client-swift')
SwiftCompile normal arm64 /Users/admin/builder/spi-builder-workspace/Sources/Flare/FlareValue.swift (in target 'Flare' from project 'flare-client-swift')
cd /Users/admin/builder/spi-builder-workspace/.swiftpm/xcode
SwiftCompile normal arm64 Compiling\ FlareConfiguration.swift /Users/admin/builder/spi-builder-workspace/Sources/Flare/FlareConfiguration.swift (in target 'Flare' from project 'flare-client-swift')
SwiftCompile normal arm64 /Users/admin/builder/spi-builder-workspace/Sources/Flare/FlareConfiguration.swift (in target 'Flare' from project 'flare-client-swift')
cd /Users/admin/builder/spi-builder-workspace/.swiftpm/xcode
SwiftCompile normal arm64 Compiling\ FlareStackFrame.swift /Users/admin/builder/spi-builder-workspace/Sources/Flare/FlareStackFrame.swift (in target 'Flare' from project 'flare-client-swift')
SwiftCompile normal arm64 /Users/admin/builder/spi-builder-workspace/Sources/Flare/FlareStackFrame.swift (in target 'Flare' from project 'flare-client-swift')
cd /Users/admin/builder/spi-builder-workspace/.swiftpm/xcode
SwiftEmitModule normal arm64 Emitting\ module\ for\ Flare (in target 'Flare' from project 'flare-client-swift')
EmitSwiftModule normal arm64 (in target 'Flare' from project 'flare-client-swift')
cd /Users/admin/builder/spi-builder-workspace/.swiftpm/xcode
SwiftCompile normal arm64 Compiling\ FlareSendResult.swift /Users/admin/builder/spi-builder-workspace/Sources/Flare/FlareSendResult.swift (in target 'Flare' from project 'flare-client-swift')
SwiftCompile normal arm64 /Users/admin/builder/spi-builder-workspace/Sources/Flare/FlareSendResult.swift (in target 'Flare' from project 'flare-client-swift')
cd /Users/admin/builder/spi-builder-workspace/.swiftpm/xcode
SwiftDriverJobDiscovery normal arm64 Compiling FlareGrouping.swift (in target 'Flare' from project 'flare-client-swift')
SwiftDriverJobDiscovery normal arm64 Compiling FlareConfiguration.swift (in target 'Flare' from project 'flare-client-swift')
SwiftDriverJobDiscovery normal arm64 Compiling HTTPTransport.swift (in target 'Flare' from project 'flare-client-swift')
SwiftDriverJobDiscovery normal arm64 Compiling FlareStackFrame.swift (in target 'Flare' from project 'flare-client-swift')
SwiftDriverJobDiscovery normal arm64 Compiling FlareValue.swift (in target 'Flare' from project 'flare-client-swift')
SwiftDriverJobDiscovery normal arm64 Emitting module for Flare (in target 'Flare' from project 'flare-client-swift')
SwiftDriver\ Compilation\ Requirements Flare normal arm64 com.apple.xcode.tools.swift.compiler (in target 'Flare' from project 'flare-client-swift')
cd /Users/admin/builder/spi-builder-workspace/.swiftpm/xcode
builtin-Swift-Compilation-Requirements -- /Applications/Xcode-16.3.0.app/Contents/Developer/Toolchains/XcodeDefault.xctoolchain/usr/bin/swiftc -module-name Flare -Onone -enforce-exclusivity\=checked @/Users/admin/builder/spi-builder-workspace/.derivedData/Build/Intermediates.noindex/flare-client-swift.build/Debug-appletvos/Flare.build/Objects-normal/arm64/Flare.SwiftFileList -DSWIFT_PACKAGE -DDEBUG -DXcode -plugin-path /Applications/Xcode-16.3.0.app/Contents/Developer/Toolchains/XcodeDefault.xctoolchain/usr/lib/swift/host/plugins/testing -enable-experimental-feature DebugDescriptionMacro -sdk /Applications/Xcode-16.3.0.app/Contents/Developer/Platforms/AppleTVOS.platform/Developer/SDKs/AppleTVOS18.4.sdk -target arm64-apple-tvos15.0 -g -module-cache-path /Users/admin/builder/spi-builder-workspace/.derivedData/ModuleCache.noindex -Xfrontend -serialize-debugging-options -profile-coverage-mapping -profile-generate -enable-testing -index-store-path /Users/admin/builder/spi-builder-workspace/.derivedData/Index.noindex/DataStore -swift-version 6 -I /Users/admin/builder/spi-builder-workspace/.derivedData/Build/Products/Debug-appletvos -I /Applications/Xcode-16.3.0.app/Contents/Developer/Platforms/AppleTVOS.platform/Developer/usr/lib -F /Users/admin/builder/spi-builder-workspace/.derivedData/Build/Products/Debug-appletvos -F /Applications/Xcode-16.3.0.app/Contents/Developer/Platforms/AppleTVOS.platform/Developer/Library/Frameworks -F /Applications/Xcode-16.3.0.app/Contents/Developer/Platforms/AppleTVOS.platform/Developer/SDKs/AppleTVOS18.4.sdk/Developer/Library/Frameworks -c -j10 -enable-batch-mode -incremental -Xcc -ivfsstatcache -Xcc /Users/admin/builder/spi-builder-workspace/.derivedData/SDKStatCaches.noindex/appletvos18.4-22L251-271d326055c85f9856fa135c41255102.sdkstatcache -output-file-map /Users/admin/builder/spi-builder-workspace/.derivedData/Build/Intermediates.noindex/flare-client-swift.build/Debug-appletvos/Flare.build/Objects-normal/arm64/Flare-OutputFileMap.json -use-frontend-parseable-output -save-temps -no-color-diagnostics -serialize-diagnostics -emit-dependencies -emit-module -emit-module-path /Users/admin/builder/spi-builder-workspace/.derivedData/Build/Intermediates.noindex/flare-client-swift.build/Debug-appletvos/Flare.build/Objects-normal/arm64/Flare.swiftmodule -validate-clang-modules-once -clang-build-session-file /Users/admin/builder/spi-builder-workspace/.derivedData/ModuleCache.noindex/Session.modulevalidation -package-name spi_builder_workspace -Xcc -I/Users/admin/builder/spi-builder-workspace/.derivedData/Build/Intermediates.noindex/flare-client-swift.build/Debug-appletvos/Flare.build/swift-overrides.hmap -emit-const-values -Xfrontend -const-gather-protocols-file -Xfrontend /Users/admin/builder/spi-builder-workspace/.derivedData/Build/Intermediates.noindex/flare-client-swift.build/Debug-appletvos/Flare.build/Objects-normal/arm64/Flare_const_extract_protocols.json -Xcc -I/Users/admin/builder/spi-builder-workspace/.derivedData/Build/Products/Debug-appletvos/include -Xcc -I/Users/admin/builder/spi-builder-workspace/.derivedData/Build/Intermediates.noindex/flare-client-swift.build/Debug-appletvos/Flare.build/DerivedSources-normal/arm64 -Xcc -I/Users/admin/builder/spi-builder-workspace/.derivedData/Build/Intermediates.noindex/flare-client-swift.build/Debug-appletvos/Flare.build/DerivedSources/arm64 -Xcc -I/Users/admin/builder/spi-builder-workspace/.derivedData/Build/Intermediates.noindex/flare-client-swift.build/Debug-appletvos/Flare.build/DerivedSources -Xcc -DSWIFT_PACKAGE -Xcc -DDEBUG\=1 -emit-objc-header -emit-objc-header-path /Users/admin/builder/spi-builder-workspace/.derivedData/Build/Intermediates.noindex/flare-client-swift.build/Debug-appletvos/Flare.build/Objects-normal/arm64/Flare-Swift.h -working-directory /Users/admin/builder/spi-builder-workspace/.swiftpm/xcode -experimental-emit-module-separately -disable-cmo
Copy /Users/admin/builder/spi-builder-workspace/.derivedData/Build/Products/Debug-appletvos/Flare.swiftmodule/arm64-apple-tvos.abi.json /Users/admin/builder/spi-builder-workspace/.derivedData/Build/Intermediates.noindex/flare-client-swift.build/Debug-appletvos/Flare.build/Objects-normal/arm64/Flare.abi.json (in target 'Flare' from project 'flare-client-swift')
cd /Users/admin/builder/spi-builder-workspace
builtin-copy -exclude .DS_Store -exclude CVS -exclude .svn -exclude .git -exclude .hg -resolve-src-symlinks -rename /Users/admin/builder/spi-builder-workspace/.derivedData/Build/Intermediates.noindex/flare-client-swift.build/Debug-appletvos/Flare.build/Objects-normal/arm64/Flare.abi.json /Users/admin/builder/spi-builder-workspace/.derivedData/Build/Products/Debug-appletvos/Flare.swiftmodule/arm64-apple-tvos.abi.json
SwiftDriver FlareCrashReporter normal arm64 com.apple.xcode.tools.swift.compiler (in target 'FlareCrashReporter' from project 'flare-client-swift')
cd /Users/admin/builder/spi-builder-workspace/.swiftpm/xcode
builtin-SwiftDriver -- /Applications/Xcode-16.3.0.app/Contents/Developer/Toolchains/XcodeDefault.xctoolchain/usr/bin/swiftc -module-name FlareCrashReporter -Onone -enforce-exclusivity\=checked @/Users/admin/builder/spi-builder-workspace/.derivedData/Build/Intermediates.noindex/flare-client-swift.build/Debug-appletvos/FlareCrashReporter.build/Objects-normal/arm64/FlareCrashReporter.SwiftFileList -DSWIFT_PACKAGE -DDEBUG -Xcc -fmodule-map-file\=/Users/admin/builder/spi-builder-workspace/.derivedData/Build/Intermediates.noindex/GeneratedModuleMaps-appletvos/CrashReporter.modulemap -DXcode -plugin-path /Applications/Xcode-16.3.0.app/Contents/Developer/Toolchains/XcodeDefault.xctoolchain/usr/lib/swift/host/plugins/testing -enable-experimental-feature DebugDescriptionMacro -sdk /Applications/Xcode-16.3.0.app/Contents/Developer/Platforms/AppleTVOS.platform/Developer/SDKs/AppleTVOS18.4.sdk -target arm64-apple-tvos15.0 -g -module-cache-path /Users/admin/builder/spi-builder-workspace/.derivedData/ModuleCache.noindex -Xfrontend -serialize-debugging-options -profile-coverage-mapping -profile-generate -enable-testing -index-store-path /Users/admin/builder/spi-builder-workspace/.derivedData/Index.noindex/DataStore -swift-version 6 -I /Users/admin/builder/spi-builder-workspace/.derivedData/Build/Products/Debug-appletvos -I /Applications/Xcode-16.3.0.app/Contents/Developer/Platforms/AppleTVOS.platform/Developer/usr/lib -F /Users/admin/builder/spi-builder-workspace/.derivedData/Build/Products/Debug-appletvos/PackageFrameworks -F /Users/admin/builder/spi-builder-workspace/.derivedData/Build/Products/Debug-appletvos/PackageFrameworks -F /Users/admin/builder/spi-builder-workspace/.derivedData/Build/Products/Debug-appletvos -F /Applications/Xcode-16.3.0.app/Contents/Developer/Platforms/AppleTVOS.platform/Developer/Library/Frameworks -F /Applications/Xcode-16.3.0.app/Contents/Developer/Platforms/AppleTVOS.platform/Developer/SDKs/AppleTVOS18.4.sdk/Developer/Library/Frameworks -c -j10 -enable-batch-mode -incremental -Xcc -ivfsstatcache -Xcc /Users/admin/builder/spi-builder-workspace/.derivedData/SDKStatCaches.noindex/appletvos18.4-22L251-271d326055c85f9856fa135c41255102.sdkstatcache -output-file-map /Users/admin/builder/spi-builder-workspace/.derivedData/Build/Intermediates.noindex/flare-client-swift.build/Debug-appletvos/FlareCrashReporter.build/Objects-normal/arm64/FlareCrashReporter-OutputFileMap.json -use-frontend-parseable-output -save-temps -no-color-diagnostics -serialize-diagnostics -emit-dependencies -emit-module -emit-module-path /Users/admin/builder/spi-builder-workspace/.derivedData/Build/Intermediates.noindex/flare-client-swift.build/Debug-appletvos/FlareCrashReporter.build/Objects-normal/arm64/FlareCrashReporter.swiftmodule -validate-clang-modules-once -clang-build-session-file /Users/admin/builder/spi-builder-workspace/.derivedData/ModuleCache.noindex/Session.modulevalidation -package-name spi_builder_workspace -Xcc -I/Users/admin/builder/spi-builder-workspace/.derivedData/Build/Intermediates.noindex/flare-client-swift.build/Debug-appletvos/FlareCrashReporter.build/swift-overrides.hmap -emit-const-values -Xfrontend -const-gather-protocols-file -Xfrontend /Users/admin/builder/spi-builder-workspace/.derivedData/Build/Intermediates.noindex/flare-client-swift.build/Debug-appletvos/FlareCrashReporter.build/Objects-normal/arm64/FlareCrashReporter_const_extract_protocols.json -Xcc -I/Users/admin/builder/spi-builder-workspace/.dependencies/checkouts/plcrashreporter/include -Xcc -I/Users/admin/builder/spi-builder-workspace/.derivedData/Build/Products/Debug-appletvos/include -Xcc -I/Users/admin/builder/spi-builder-workspace/.derivedData/Build/Intermediates.noindex/flare-client-swift.build/Debug-appletvos/FlareCrashReporter.build/DerivedSources-normal/arm64 -Xcc -I/Users/admin/builder/spi-builder-workspace/.derivedData/Build/Intermediates.noindex/flare-client-swift.build/Debug-appletvos/FlareCrashReporter.build/DerivedSources/arm64 -Xcc -I/Users/admin/builder/spi-builder-workspace/.derivedData/Build/Intermediates.noindex/flare-client-swift.build/Debug-appletvos/FlareCrashReporter.build/DerivedSources -Xcc -DSWIFT_PACKAGE -Xcc -DDEBUG\=1 -emit-objc-header -emit-objc-header-path /Users/admin/builder/spi-builder-workspace/.derivedData/Build/Intermediates.noindex/flare-client-swift.build/Debug-appletvos/FlareCrashReporter.build/Objects-normal/arm64/FlareCrashReporter-Swift.h -working-directory /Users/admin/builder/spi-builder-workspace/.swiftpm/xcode -experimental-emit-module-separately -disable-cmo
SwiftCompile normal arm64 Compiling\ CrashStore.swift /Users/admin/builder/spi-builder-workspace/Sources/FlareCrashReporter/CrashStore.swift (in target 'FlareCrashReporter' from project 'flare-client-swift')
SwiftCompile normal arm64 /Users/admin/builder/spi-builder-workspace/Sources/FlareCrashReporter/CrashStore.swift (in target 'FlareCrashReporter' from project 'flare-client-swift')
cd /Users/admin/builder/spi-builder-workspace/.swiftpm/xcode
SwiftEmitModule normal arm64 Emitting\ module\ for\ FlareCrashReporter (in target 'FlareCrashReporter' from project 'flare-client-swift')
EmitSwiftModule normal arm64 (in target 'FlareCrashReporter' from project 'flare-client-swift')
cd /Users/admin/builder/spi-builder-workspace/.swiftpm/xcode
SwiftCompile normal arm64 Compiling\ CrashContext.swift /Users/admin/builder/spi-builder-workspace/Sources/FlareCrashReporter/CrashContext.swift (in target 'FlareCrashReporter' from project 'flare-client-swift')
SwiftCompile normal arm64 /Users/admin/builder/spi-builder-workspace/Sources/FlareCrashReporter/CrashContext.swift (in target 'FlareCrashReporter' from project 'flare-client-swift')
cd /Users/admin/builder/spi-builder-workspace/.swiftpm/xcode
SwiftCompile normal arm64 Compiling\ FlareCrashReporter.swift /Users/admin/builder/spi-builder-workspace/Sources/FlareCrashReporter/FlareCrashReporter.swift (in target 'FlareCrashReporter' from project 'flare-client-swift')
SwiftCompile normal arm64 /Users/admin/builder/spi-builder-workspace/Sources/FlareCrashReporter/FlareCrashReporter.swift (in target 'FlareCrashReporter' from project 'flare-client-swift')
cd /Users/admin/builder/spi-builder-workspace/.swiftpm/xcode
SwiftCompile normal arm64 Compiling\ NativeCrashConverter.swift /Users/admin/builder/spi-builder-workspace/Sources/FlareCrashReporter/NativeCrashConverter.swift (in target 'FlareCrashReporter' from project 'flare-client-swift')
SwiftCompile normal arm64 /Users/admin/builder/spi-builder-workspace/Sources/FlareCrashReporter/NativeCrashConverter.swift (in target 'FlareCrashReporter' from project 'flare-client-swift')
cd /Users/admin/builder/spi-builder-workspace/.swiftpm/xcode
SwiftCompile normal arm64 Compiling\ NativeCrashRecorder.swift /Users/admin/builder/spi-builder-workspace/Sources/FlareCrashReporter/NativeCrashRecorder.swift (in target 'FlareCrashReporter' from project 'flare-client-swift')
Failed frontend command:
/Applications/Xcode-16.3.0.app/Contents/Developer/Toolchains/XcodeDefault.xctoolchain/usr/bin/swift-frontend -frontend -c /Users/admin/builder/spi-builder-workspace/Sources/FlareCrashReporter/CrashContext.swift /Users/admin/builder/spi-builder-workspace/Sources/FlareCrashReporter/CrashStore.swift /Users/admin/builder/spi-builder-workspace/Sources/FlareCrashReporter/FlareCrashReporter.swift /Users/admin/builder/spi-builder-workspace/Sources/FlareCrashReporter/NativeCrashConverter.swift -primary-file /Users/admin/builder/spi-builder-workspace/Sources/FlareCrashReporter/NativeCrashRecorder.swift -emit-dependencies-path /Users/admin/builder/spi-builder-workspace/.derivedData/Build/Intermediates.noindex/flare-client-swift.build/Debug-appletvos/FlareCrashReporter.build/Objects-normal/arm64/NativeCrashRecorder.d -emit-const-values-path /Users/admin/builder/spi-builder-workspace/.derivedData/Build/Intermediates.noindex/flare-client-swift.build/Debug-appletvos/FlareCrashReporter.build/Objects-normal/arm64/NativeCrashRecorder.swiftconstvalues -emit-reference-dependencies-path /Users/admin/builder/spi-builder-workspace/.derivedData/Build/Intermediates.noindex/flare-client-swift.build/Debug-appletvos/FlareCrashReporter.build/Objects-normal/arm64/NativeCrashRecorder.swiftdeps -serialize-diagnostics-path /Users/admin/builder/spi-builder-workspace/.derivedData/Build/Intermediates.noindex/flare-client-swift.build/Debug-appletvos/FlareCrashReporter.build/Objects-normal/arm64/NativeCrashRecorder.dia -target arm64-apple-tvos15.0 -Xllvm -aarch64-use-tbi -enable-objc-interop -stack-check -sdk /Applications/Xcode-16.3.0.app/Contents/Developer/Platforms/AppleTVOS.platform/Developer/SDKs/AppleTVOS18.4.sdk -I /Users/admin/builder/spi-builder-workspace/.derivedData/Build/Products/Debug-appletvos -I /Applications/Xcode-16.3.0.app/Contents/Developer/Platforms/AppleTVOS.platform/Developer/usr/lib -F /Users/admin/builder/spi-builder-workspace/.derivedData/Build/Products/Debug-appletvos/PackageFrameworks -F /Users/admin/builder/spi-builder-workspace/.derivedData/Build/Products/Debug-appletvos/PackageFrameworks -F /Users/admin/builder/spi-builder-workspace/.derivedData/Build/Products/Debug-appletvos -F /Applications/Xcode-16.3.0.app/Contents/Developer/Platforms/AppleTVOS.platform/Developer/Library/Frameworks -F /Applications/Xcode-16.3.0.app/Contents/Developer/Platforms/AppleTVOS.platform/Developer/SDKs/AppleTVOS18.4.sdk/Developer/Library/Frameworks -no-color-diagnostics -enable-testing -g -debug-info-format\=dwarf -dwarf-version\=4 -module-cache-path /Users/admin/builder/spi-builder-workspace/.derivedData/ModuleCache.noindex -profile-generate -profile-coverage-mapping -swift-version 6 -enforce-exclusivity\=checked -Onone -D SWIFT_PACKAGE -D DEBUG -D Xcode -serialize-debugging-options -const-gather-protocols-file /Users/admin/builder/spi-builder-workspace/.derivedData/Build/Intermediates.noindex/flare-client-swift.build/Debug-appletvos/FlareCrashReporter.build/Objects-normal/arm64/FlareCrashReporter_const_extract_protocols.json -enable-experimental-feature DebugDescriptionMacro -empty-abi-descriptor -plugin-path /Applications/Xcode-16.3.0.app/Contents/Developer/Toolchains/XcodeDefault.xctoolchain/usr/lib/swift/host/plugins/testing -validate-clang-modules-once -clang-build-session-file /Users/admin/builder/spi-builder-workspace/.derivedData/ModuleCache.noindex/Session.modulevalidation -Xcc -working-directory -Xcc /Users/admin/builder/spi-builder-workspace/.swiftpm/xcode -resource-dir /Applications/Xcode-16.3.0.app/Contents/Developer/Toolchains/XcodeDefault.xctoolchain/usr/lib/swift -enable-anonymous-context-mangled-names -file-compilation-dir /Users/admin/builder/spi-builder-workspace/.swiftpm/xcode -Xcc -fmodule-map-file\=/Users/admin/builder/spi-builder-workspace/.derivedData/Build/Intermediates.noindex/GeneratedModuleMaps-appletvos/CrashReporter.modulemap -Xcc -ivfsstatcache -Xcc /Users/admin/builder/spi-builder-workspace/.derivedData/SDKStatCaches.noindex/appletvos18.4-22L251-271d326055c85f9856fa135c41255102.sdkstatcache -Xcc -I/Users/admin/builder/spi-builder-workspace/.derivedData/Build/Intermediates.noindex/flare-client-swift.build/Debug-appletvos/FlareCrashReporter.build/swift-overrides.hmap -Xcc -I/Users/admin/builder/spi-builder-workspace/.dependencies/checkouts/plcrashreporter/include -Xcc -I/Users/admin/builder/spi-builder-workspace/.derivedData/Build/Products/Debug-appletvos/include -Xcc -I/Users/admin/builder/spi-builder-workspace/.derivedData/Build/Intermediates.noindex/flare-client-swift.build/Debug-appletvos/FlareCrashReporter.build/DerivedSources-normal/arm64 -Xcc -I/Users/admin/builder/spi-builder-workspace/.derivedData/Build/Intermediates.noindex/flare-client-swift.build/Debug-appletvos/FlareCrashReporter.build/DerivedSources/arm64 -Xcc -I/Users/admin/builder/spi-builder-workspace/.derivedData/Build/Intermediates.noindex/flare-client-swift.build/Debug-appletvos/FlareCrashReporter.build/DerivedSources -Xcc -DSWIFT_PACKAGE -Xcc -DDEBUG\=1 -module-name FlareCrashReporter -package-name spi_builder_workspace -frontend-parseable-output -disable-clang-spi -target-sdk-version 18.4 -target-sdk-name appletvos18.4 -external-plugin-path /Applications/Xcode-16.3.0.app/Contents/Developer/Platforms/AppleTVOS.platform/Developer/usr/lib/swift/host/plugins\#/Applications/Xcode-16.3.0.app/Contents/Developer/Platforms/AppleTVOS.platform/Developer/usr/bin/swift-plugin-server -external-plugin-path /Applications/Xcode-16.3.0.app/Contents/Developer/Platforms/AppleTVOS.platform/Developer/usr/local/lib/swift/host/plugins\#/Applications/Xcode-16.3.0.app/Contents/Developer/Platforms/AppleTVOS.platform/Developer/usr/bin/swift-plugin-server -in-process-plugin-server-path /Applications/Xcode-16.3.0.app/Contents/Developer/Toolchains/XcodeDefault.xctoolchain/usr/lib/swift/host/libSwiftInProcPluginServer.dylib -plugin-path /Applications/Xcode-16.3.0.app/Contents/Developer/Toolchains/XcodeDefault.xctoolchain/usr/lib/swift/host/plugins -plugin-path /Applications/Xcode-16.3.0.app/Contents/Developer/Toolchains/XcodeDefault.xctoolchain/usr/local/lib/swift/host/plugins -o /Users/admin/builder/spi-builder-workspace/.derivedData/Build/Intermediates.noindex/flare-client-swift.build/Debug-appletvos/FlareCrashReporter.build/Objects-normal/arm64/NativeCrashRecorder.o -index-unit-output-path /flare-client-swift.build/Debug-appletvos/FlareCrashReporter.build/Objects-normal/arm64/NativeCrashRecorder.o -index-store-path /Users/admin/builder/spi-builder-workspace/.derivedData/Index.noindex/DataStore -index-system-modules
SwiftCompile normal arm64 /Users/admin/builder/spi-builder-workspace/Sources/FlareCrashReporter/NativeCrashRecorder.swift (in target 'FlareCrashReporter' from project 'flare-client-swift')
cd /Users/admin/builder/spi-builder-workspace/.swiftpm/xcode
/Users/admin/builder/spi-builder-workspace/Sources/FlareCrashReporter/NativeCrashRecorder.swift:19:75: error: type 'PLCrashReporterSignalHandlerType' has no member 'mach'
let configuration = PLCrashReporterConfig(signalHandlerType: .mach, symbolicationStrategy: [])
~^~~~
SwiftDriverJobDiscovery normal arm64 Compiling FlareDiagnostics.swift (in target 'Flare' from project 'flare-client-swift')
SwiftDriverJobDiscovery normal arm64 Compiling FlareClient.swift, FlareClientError.swift (in target 'Flare' from project 'flare-client-swift')
SwiftDriverJobDiscovery normal arm64 Compiling FlareReport.swift (in target 'Flare' from project 'flare-client-swift')
SwiftDriverJobDiscovery normal arm64 Compiling FlareSendResult.swift (in target 'Flare' from project 'flare-client-swift')
SwiftDriverJobDiscovery normal arm64 Compiling FlarePayload.swift (in target 'Flare' from project 'flare-client-swift')
SwiftDriver\ Compilation Flare normal arm64 com.apple.xcode.tools.swift.compiler (in target 'Flare' from project 'flare-client-swift')
cd /Users/admin/builder/spi-builder-workspace/.swiftpm/xcode
builtin-Swift-Compilation -- /Applications/Xcode-16.3.0.app/Contents/Developer/Toolchains/XcodeDefault.xctoolchain/usr/bin/swiftc -module-name Flare -Onone -enforce-exclusivity\=checked @/Users/admin/builder/spi-builder-workspace/.derivedData/Build/Intermediates.noindex/flare-client-swift.build/Debug-appletvos/Flare.build/Objects-normal/arm64/Flare.SwiftFileList -DSWIFT_PACKAGE -DDEBUG -DXcode -plugin-path /Applications/Xcode-16.3.0.app/Contents/Developer/Toolchains/XcodeDefault.xctoolchain/usr/lib/swift/host/plugins/testing -enable-experimental-feature DebugDescriptionMacro -sdk /Applications/Xcode-16.3.0.app/Contents/Developer/Platforms/AppleTVOS.platform/Developer/SDKs/AppleTVOS18.4.sdk -target arm64-apple-tvos15.0 -g -module-cache-path /Users/admin/builder/spi-builder-workspace/.derivedData/ModuleCache.noindex -Xfrontend -serialize-debugging-options -profile-coverage-mapping -profile-generate -enable-testing -index-store-path /Users/admin/builder/spi-builder-workspace/.derivedData/Index.noindex/DataStore -swift-version 6 -I /Users/admin/builder/spi-builder-workspace/.derivedData/Build/Products/Debug-appletvos -I /Applications/Xcode-16.3.0.app/Contents/Developer/Platforms/AppleTVOS.platform/Developer/usr/lib -F /Users/admin/builder/spi-builder-workspace/.derivedData/Build/Products/Debug-appletvos -F /Applications/Xcode-16.3.0.app/Contents/Developer/Platforms/AppleTVOS.platform/Developer/Library/Frameworks -F /Applications/Xcode-16.3.0.app/Contents/Developer/Platforms/AppleTVOS.platform/Developer/SDKs/AppleTVOS18.4.sdk/Developer/Library/Frameworks -c -j10 -enable-batch-mode -incremental -Xcc -ivfsstatcache -Xcc /Users/admin/builder/spi-builder-workspace/.derivedData/SDKStatCaches.noindex/appletvos18.4-22L251-271d326055c85f9856fa135c41255102.sdkstatcache -output-file-map /Users/admin/builder/spi-builder-workspace/.derivedData/Build/Intermediates.noindex/flare-client-swift.build/Debug-appletvos/Flare.build/Objects-normal/arm64/Flare-OutputFileMap.json -use-frontend-parseable-output -save-temps -no-color-diagnostics -serialize-diagnostics -emit-dependencies -emit-module -emit-module-path /Users/admin/builder/spi-builder-workspace/.derivedData/Build/Intermediates.noindex/flare-client-swift.build/Debug-appletvos/Flare.build/Objects-normal/arm64/Flare.swiftmodule -validate-clang-modules-once -clang-build-session-file /Users/admin/builder/spi-builder-workspace/.derivedData/ModuleCache.noindex/Session.modulevalidation -package-name spi_builder_workspace -Xcc -I/Users/admin/builder/spi-builder-workspace/.derivedData/Build/Intermediates.noindex/flare-client-swift.build/Debug-appletvos/Flare.build/swift-overrides.hmap -emit-const-values -Xfrontend -const-gather-protocols-file -Xfrontend /Users/admin/builder/spi-builder-workspace/.derivedData/Build/Intermediates.noindex/flare-client-swift.build/Debug-appletvos/Flare.build/Objects-normal/arm64/Flare_const_extract_protocols.json -Xcc -I/Users/admin/builder/spi-builder-workspace/.derivedData/Build/Products/Debug-appletvos/include -Xcc -I/Users/admin/builder/spi-builder-workspace/.derivedData/Build/Intermediates.noindex/flare-client-swift.build/Debug-appletvos/Flare.build/DerivedSources-normal/arm64 -Xcc -I/Users/admin/builder/spi-builder-workspace/.derivedData/Build/Intermediates.noindex/flare-client-swift.build/Debug-appletvos/Flare.build/DerivedSources/arm64 -Xcc -I/Users/admin/builder/spi-builder-workspace/.derivedData/Build/Intermediates.noindex/flare-client-swift.build/Debug-appletvos/Flare.build/DerivedSources -Xcc -DSWIFT_PACKAGE -Xcc -DDEBUG\=1 -emit-objc-header -emit-objc-header-path /Users/admin/builder/spi-builder-workspace/.derivedData/Build/Intermediates.noindex/flare-client-swift.build/Debug-appletvos/Flare.build/Objects-normal/arm64/Flare-Swift.h -working-directory /Users/admin/builder/spi-builder-workspace/.swiftpm/xcode -experimental-emit-module-separately -disable-cmo
** BUILD FAILED **
The following build commands failed:
SwiftCompile normal arm64 Compiling\ NativeCrashRecorder.swift /Users/admin/builder/spi-builder-workspace/Sources/FlareCrashReporter/NativeCrashRecorder.swift (in target 'FlareCrashReporter' from project 'flare-client-swift')
SwiftCompile normal arm64 /Users/admin/builder/spi-builder-workspace/Sources/FlareCrashReporter/NativeCrashRecorder.swift (in target 'FlareCrashReporter' from project 'flare-client-swift')
Building workspace spi-builder-workspace with scheme flare-client-swift-Package
(3 failures)
BUILD FAILURE 6.1 tvOS