The Swift Package Index logo.Swift Package Index

Build Information

Failed to build Bagel, reference 1.4.0 (003390), with Swift 6.4 for Wasm on 17 Sep 2026 08:52:21 UTC.

Build Command

bash -c docker run --pull=always --rm -v "checkouts-54344844-1":/host -w "$PWD" -e JAVA_HOME="/root/.sdkman/candidates/java/current" -e SPI_BUILD="1" -e SPI_PROCESSING="1" registry.gitlab.com/saguaro1/spi-images:wasm-6.4-latest swift build --swift-sdk swift-6.4.x-DEVELOPMENT-SNAPSHOT-2026-09-04-a_wasm 2>&1

Build Log

========================================
RunAll
========================================
Builder version: 5.1.0
Interrupt handler set up.
========================================
Checkout
========================================
Clone URL: https://github.com/yagiz/Bagel.git
Reference: 1.4.0
Initialized empty Git repository in /host/spi-builder-workspace/.git/
hint: Using 'master' as the name for the initial branch. This default branch name
hint: is subject to change. To configure the initial branch name to use in all
hint: of your new repositories, which will suppress this warning, call:
hint:
hint: 	git config --global init.defaultBranch <name>
hint:
hint: Names commonly chosen instead of 'master' are 'main', 'trunk' and
hint: 'development'. The just-created branch can be renamed via this command:
hint:
hint: 	git branch -m <name>
From https://github.com/yagiz/Bagel
 * tag               1.4.0      -> FETCH_HEAD
HEAD is now at 0033906 version++
Cloned https://github.com/yagiz/Bagel.git
Revision (git rev-parse @):
00339064dc727aefed2d92594fe7dfd899ec9bc8
SUCCESS checkout https://github.com/yagiz/Bagel.git at 1.4.0
========================================
Build
========================================
Selected platform:         wasm
Swift version:             6.4
Building package at path:  $PWD
https://github.com/yagiz/Bagel.git
Running build ...
bash -c docker run --pull=always --rm -v "checkouts-54344844-1":/host -w "$PWD" -e JAVA_HOME="/root/.sdkman/candidates/java/current" -e SPI_BUILD="1" -e SPI_PROCESSING="1" registry.gitlab.com/saguaro1/spi-images:wasm-6.4-latest swift build --swift-sdk swift-6.4.x-DEVELOPMENT-SNAPSHOT-2026-09-04-a_wasm 2>&1
wasm-6.4-latest: Pulling from saguaro1/spi-images
Digest: sha256:4328fdb43c680d205c1d6761b1e3267aa38277eefdda9ddfb17b6a0f1a77857a
Status: Image is up to date for registry.gitlab.com/saguaro1/spi-images:wasm-6.4-latest
Fetching https://github.com/robbiehanson/CocoaAsyncSocket.git
[1/6440] Fetching cocoaasyncsocket
Fetched https://github.com/robbiehanson/CocoaAsyncSocket.git (1.14s)
Computing version for https://github.com/robbiehanson/CocoaAsyncSocket.git
Computed https://github.com/robbiehanson/CocoaAsyncSocket.git at 7.6.5 (2.20s)
Creating working copy for https://github.com/robbiehanson/CocoaAsyncSocket.git
Working copy of https://github.com/robbiehanson/CocoaAsyncSocket.git resolved at 7.6.5
Building for debugging...
[Pre-planning 1 / 98]
In file included from /host/spi-builder-workspace/iOS/Source/BagelRequestPacket.m:22:
In file included from /host/spi-builder-workspace/iOS/Source/BagelRequestPacket.h:22:
/host/spi-builder-workspace/iOS/Source/BagelBaseModel.h:22:9: fatal error: 'Foundation/Foundation.h' file not found
   22 | #import <Foundation/Foundation.h>
      |         ^~~~~~~~~~~~~~~~~~~~~~~~~
1 error generated.
error: CompileC /host/spi-builder-workspace/.build/out/Intermediates.noindex/Bagel.build/Debug-webassembly-wasm32/Bagel-t.build/Objects-normal/wasm32/BagelRequestPacket.o /host/spi-builder-workspace/iOS/Source/BagelRequestPacket.m normal wasm32 objective-c com.apple.compilers.llvm.clang.1_0.compiler failed with a nonzero exit code. Command line:     cd /host

    Using response file: /host/spi-builder-workspace/.build/out/Intermediates.noindex/Bagel.build/Debug-webassembly-wasm32/Bagel-t.build/Objects-normal/wasm32/6f95552a3397ee1cec971b90cf334075d5f321c3a3b0689ad55c3d1e24702600-common-args.resp

    /usr/bin/clang -x objective-c -target wasm32-unknown-wasip1 -fmessage-length\=0 -fdiagnostics-show-note-include-stack -fmacro-backtrace-limit\=0 -fcolor-diagnostics -Wno-trigraphs -Wno-missing-field-initializers -Wno-missing-prototypes -Wno-return-type -Wno-implicit-atomic-properties -Wno-objc-interface-ivars -Wno-arc-repeated-use-of-weak -Wno-missing-braces -Wparentheses -Wswitch -Wno-unused-function -Wno-unused-label -Wno-unused-parameter -Wno-unused-variable -Wunused-value -Wno-empty-body -Wno-uninitialized -Wno-unknown-pragmas -Wno-shadow -Wno-four-char-constants -Wno-conversion -Wno-constant-conversion -Wno-int-conversion -Wno-bool-conversion -Wno-enum-conversion -Wno-float-conversion -Wno-non-literal-null-conversion -Wno-objc-literal-conversion -Wno-shorten-64-to-32 -Wpointer-sign -Wno-newline-eof -Wno-selector -Wno-strict-selector-match -Wno-undeclared-selector -Wno-deprecated-implementations -Wno-implicit-fallthrough -fstrict-aliasing -Wprotocol -Wdeprecated-declarations -Wno-sign-conversion -Wno-infinite-recursion -Wno-comma -Wno-block-capture-autoreleasing -Wno-strict-prototypes -Wno-semicolon-before-method-body --sysroot /root/.swiftpm/swift-sdks/swift-6.4.x-DEVELOPMENT-SNAPSHOT-2026-09-04-a_wasm.artifactbundle/swift-6.4.x-DEVELOPMENT-SNAPSHOT-2026-09-04-a_wasm/wasm32-unknown-wasip1/WASI.sdk @/host/spi-builder-workspace/.build/out/Intermediates.noindex/Bagel.build/Debug-webassembly-wasm32/Bagel-t.build/Objects-normal/wasm32/6f95552a3397ee1cec971b90cf334075d5f321c3a3b0689ad55c3d1e24702600-common-args.resp -MMD -MT dependencies -MF /host/spi-builder-workspace/.build/out/Intermediates.noindex/Bagel.build/Debug-webassembly-wasm32/Bagel-t.build/Objects-normal/wasm32/BagelRequestPacket.d --serialize-diagnostics /host/spi-builder-workspace/.build/out/Intermediates.noindex/Bagel.build/Debug-webassembly-wasm32/Bagel-t.build/Objects-normal/wasm32/BagelRequestPacket.dia -c /host/spi-builder-workspace/iOS/Source/BagelRequestPacket.m -o /host/spi-builder-workspace/.build/out/Intermediates.noindex/Bagel.build/Debug-webassembly-wasm32/Bagel-t.build/Objects-normal/wasm32/BagelRequestPacket.o
In file included from /host/spi-builder-workspace/iOS/Source/BagelURLSessionInjector.m:22:
/host/spi-builder-workspace/iOS/Source/BagelURLSessionInjector.h:22:9: fatal error: 'Foundation/Foundation.h' file not found
   22 | #import <Foundation/Foundation.h>
      |         ^~~~~~~~~~~~~~~~~~~~~~~~~
1 error generated.
error: CompileC /host/spi-builder-workspace/.build/out/Intermediates.noindex/Bagel.build/Debug-webassembly-wasm32/Bagel-t.build/Objects-normal/wasm32/BagelURLSessionInjector.o /host/spi-builder-workspace/iOS/Source/BagelURLSessionInjector.m normal wasm32 objective-c com.apple.compilers.llvm.clang.1_0.compiler failed with a nonzero exit code. Command line:     cd /host

    Using response file: /host/spi-builder-workspace/.build/out/Intermediates.noindex/Bagel.build/Debug-webassembly-wasm32/Bagel-t.build/Objects-normal/wasm32/6f95552a3397ee1cec971b90cf334075d5f321c3a3b0689ad55c3d1e24702600-common-args.resp

    /usr/bin/clang -x objective-c -target wasm32-unknown-wasip1 -fmessage-length\=0 -fdiagnostics-show-note-include-stack -fmacro-backtrace-limit\=0 -fcolor-diagnostics -Wno-trigraphs -Wno-missing-field-initializers -Wno-missing-prototypes -Wno-return-type -Wno-implicit-atomic-properties -Wno-objc-interface-ivars -Wno-arc-repeated-use-of-weak -Wno-missing-braces -Wparentheses -Wswitch -Wno-unused-function -Wno-unused-label -Wno-unused-parameter -Wno-unused-variable -Wunused-value -Wno-empty-body -Wno-uninitialized -Wno-unknown-pragmas -Wno-shadow -Wno-four-char-constants -Wno-conversion -Wno-constant-conversion -Wno-int-conversion -Wno-bool-conversion -Wno-enum-conversion -Wno-float-conversion -Wno-non-literal-null-conversion -Wno-objc-literal-conversion -Wno-shorten-64-to-32 -Wpointer-sign -Wno-newline-eof -Wno-selector -Wno-strict-selector-match -Wno-undeclared-selector -Wno-deprecated-implementations -Wno-implicit-fallthrough -fstrict-aliasing -Wprotocol -Wdeprecated-declarations -Wno-sign-conversion -Wno-infinite-recursion -Wno-comma -Wno-block-capture-autoreleasing -Wno-strict-prototypes -Wno-semicolon-before-method-body --sysroot /root/.swiftpm/swift-sdks/swift-6.4.x-DEVELOPMENT-SNAPSHOT-2026-09-04-a_wasm.artifactbundle/swift-6.4.x-DEVELOPMENT-SNAPSHOT-2026-09-04-a_wasm/wasm32-unknown-wasip1/WASI.sdk @/host/spi-builder-workspace/.build/out/Intermediates.noindex/Bagel.build/Debug-webassembly-wasm32/Bagel-t.build/Objects-normal/wasm32/6f95552a3397ee1cec971b90cf334075d5f321c3a3b0689ad55c3d1e24702600-common-args.resp -MMD -MT dependencies -MF /host/spi-builder-workspace/.build/out/Intermediates.noindex/Bagel.build/Debug-webassembly-wasm32/Bagel-t.build/Objects-normal/wasm32/BagelURLSessionInjector.d --serialize-diagnostics /host/spi-builder-workspace/.build/out/Intermediates.noindex/Bagel.build/Debug-webassembly-wasm32/Bagel-t.build/Objects-normal/wasm32/BagelURLSessionInjector.dia -c /host/spi-builder-workspace/iOS/Source/BagelURLSessionInjector.m -o /host/spi-builder-workspace/.build/out/Intermediates.noindex/Bagel.build/Debug-webassembly-wasm32/Bagel-t.build/Objects-normal/wasm32/BagelURLSessionInjector.o
In file included from /host/spi-builder-workspace/iOS/Source/BagelUtility.m:22:
/host/spi-builder-workspace/iOS/Source/BagelUtility.h:22:9: fatal error: 'Foundation/Foundation.h' file not found
   22 | #import <Foundation/Foundation.h>
      |         ^~~~~~~~~~~~~~~~~~~~~~~~~
1 error generated.
error: CompileC /host/spi-builder-workspace/.build/out/Intermediates.noindex/Bagel.build/Debug-webassembly-wasm32/Bagel-t.build/Objects-normal/wasm32/BagelUtility.o /host/spi-builder-workspace/iOS/Source/BagelUtility.m normal wasm32 objective-c com.apple.compilers.llvm.clang.1_0.compiler failed with a nonzero exit code. Command line:     cd /host

    Using response file: /host/spi-builder-workspace/.build/out/Intermediates.noindex/Bagel.build/Debug-webassembly-wasm32/Bagel-t.build/Objects-normal/wasm32/6f95552a3397ee1cec971b90cf334075d5f321c3a3b0689ad55c3d1e24702600-common-args.resp

    /usr/bin/clang -x objective-c -target wasm32-unknown-wasip1 -fmessage-length\=0 -fdiagnostics-show-note-include-stack -fmacro-backtrace-limit\=0 -fcolor-diagnostics -Wno-trigraphs -Wno-missing-field-initializers -Wno-missing-prototypes -Wno-return-type -Wno-implicit-atomic-properties -Wno-objc-interface-ivars -Wno-arc-repeated-use-of-weak -Wno-missing-braces -Wparentheses -Wswitch -Wno-unused-function -Wno-unused-label -Wno-unused-parameter -Wno-unused-variable -Wunused-value -Wno-empty-body -Wno-uninitialized -Wno-unknown-pragmas -Wno-shadow -Wno-four-char-constants -Wno-conversion -Wno-constant-conversion -Wno-int-conversion -Wno-bool-conversion -Wno-enum-conversion -Wno-float-conversion -Wno-non-literal-null-conversion -Wno-objc-literal-conversion -Wno-shorten-64-to-32 -Wpointer-sign -Wno-newline-eof -Wno-selector -Wno-strict-selector-match -Wno-undeclared-selector -Wno-deprecated-implementations -Wno-implicit-fallthrough -fstrict-aliasing -Wprotocol -Wdeprecated-declarations -Wno-sign-conversion -Wno-infinite-recursion -Wno-comma -Wno-block-capture-autoreleasing -Wno-strict-prototypes -Wno-semicolon-before-method-body --sysroot /root/.swiftpm/swift-sdks/swift-6.4.x-DEVELOPMENT-SNAPSHOT-2026-09-04-a_wasm.artifactbundle/swift-6.4.x-DEVELOPMENT-SNAPSHOT-2026-09-04-a_wasm/wasm32-unknown-wasip1/WASI.sdk @/host/spi-builder-workspace/.build/out/Intermediates.noindex/Bagel.build/Debug-webassembly-wasm32/Bagel-t.build/Objects-normal/wasm32/6f95552a3397ee1cec971b90cf334075d5f321c3a3b0689ad55c3d1e24702600-common-args.resp -MMD -MT dependencies -MF /host/spi-builder-workspace/.build/out/Intermediates.noindex/Bagel.build/Debug-webassembly-wasm32/Bagel-t.build/Objects-normal/wasm32/BagelUtility.d --serialize-diagnostics /host/spi-builder-workspace/.build/out/Intermediates.noindex/Bagel.build/Debug-webassembly-wasm32/Bagel-t.build/Objects-normal/wasm32/BagelUtility.dia -c /host/spi-builder-workspace/iOS/Source/BagelUtility.m -o /host/spi-builder-workspace/.build/out/Intermediates.noindex/Bagel.build/Debug-webassembly-wasm32/Bagel-t.build/Objects-normal/wasm32/BagelUtility.o
In file included from /host/spi-builder-workspace/iOS/Source/BagelURLConnectionInjector.m:9:
/host/spi-builder-workspace/iOS/Source/BagelURLConnectionInjector.h:9:9: fatal error: 'Foundation/Foundation.h' file not found
    9 | #import <Foundation/Foundation.h>
      |         ^~~~~~~~~~~~~~~~~~~~~~~~~
1 error generated.
error: CompileC /host/spi-builder-workspace/.build/out/Intermediates.noindex/Bagel.build/Debug-webassembly-wasm32/Bagel-t.build/Objects-normal/wasm32/BagelURLConnectionInjector.o /host/spi-builder-workspace/iOS/Source/BagelURLConnectionInjector.m normal wasm32 objective-c com.apple.compilers.llvm.clang.1_0.compiler failed with a nonzero exit code. Command line:     cd /host

    Using response file: /host/spi-builder-workspace/.build/out/Intermediates.noindex/Bagel.build/Debug-webassembly-wasm32/Bagel-t.build/Objects-normal/wasm32/6f95552a3397ee1cec971b90cf334075d5f321c3a3b0689ad55c3d1e24702600-common-args.resp

    /usr/bin/clang -x objective-c -target wasm32-unknown-wasip1 -fmessage-length\=0 -fdiagnostics-show-note-include-stack -fmacro-backtrace-limit\=0 -fcolor-diagnostics -Wno-trigraphs -Wno-missing-field-initializers -Wno-missing-prototypes -Wno-return-type -Wno-implicit-atomic-properties -Wno-objc-interface-ivars -Wno-arc-repeated-use-of-weak -Wno-missing-braces -Wparentheses -Wswitch -Wno-unused-function -Wno-unused-label -Wno-unused-parameter -Wno-unused-variable -Wunused-value -Wno-empty-body -Wno-uninitialized -Wno-unknown-pragmas -Wno-shadow -Wno-four-char-constants -Wno-conversion -Wno-constant-conversion -Wno-int-conversion -Wno-bool-conversion -Wno-enum-conversion -Wno-float-conversion -Wno-non-literal-null-conversion -Wno-objc-literal-conversion -Wno-shorten-64-to-32 -Wpointer-sign -Wno-newline-eof -Wno-selector -Wno-strict-selector-match -Wno-undeclared-selector -Wno-deprecated-implementations -Wno-implicit-fallthrough -fstrict-aliasing -Wprotocol -Wdeprecated-declarations -Wno-sign-conversion -Wno-infinite-recursion -Wno-comma -Wno-block-capture-autoreleasing -Wno-strict-prototypes -Wno-semicolon-before-method-body --sysroot /root/.swiftpm/swift-sdks/swift-6.4.x-DEVELOPMENT-SNAPSHOT-2026-09-04-a_wasm.artifactbundle/swift-6.4.x-DEVELOPMENT-SNAPSHOT-2026-09-04-a_wasm/wasm32-unknown-wasip1/WASI.sdk @/host/spi-builder-workspace/.build/out/Intermediates.noindex/Bagel.build/Debug-webassembly-wasm32/Bagel-t.build/Objects-normal/wasm32/6f95552a3397ee1cec971b90cf334075d5f321c3a3b0689ad55c3d1e24702600-common-args.resp -MMD -MT dependencies -MF /host/spi-builder-workspace/.build/out/Intermediates.noindex/Bagel.build/Debug-webassembly-wasm32/Bagel-t.build/Objects-normal/wasm32/BagelURLConnectionInjector.d --serialize-diagnostics /host/spi-builder-workspace/.build/out/Intermediates.noindex/Bagel.build/Debug-webassembly-wasm32/Bagel-t.build/Objects-normal/wasm32/BagelURLConnectionInjector.dia -c /host/spi-builder-workspace/iOS/Source/BagelURLConnectionInjector.m -o /host/spi-builder-workspace/.build/out/Intermediates.noindex/Bagel.build/Debug-webassembly-wasm32/Bagel-t.build/Objects-normal/wasm32/BagelURLConnectionInjector.o
In file included from /host/spi-builder-workspace/iOS/Source/BagelRequestInfo.m:22:
In file included from /host/spi-builder-workspace/iOS/Source/BagelRequestInfo.h:22:
/host/spi-builder-workspace/iOS/Source/BagelBaseModel.h:22:9: fatal error: 'Foundation/Foundation.h' file not found
   22 | #import <Foundation/Foundation.h>
      |         ^~~~~~~~~~~~~~~~~~~~~~~~~
1 error generated.
error: CompileC /host/spi-builder-workspace/.build/out/Intermediates.noindex/Bagel.build/Debug-webassembly-wasm32/Bagel-t.build/Objects-normal/wasm32/BagelRequestInfo.o /host/spi-builder-workspace/iOS/Source/BagelRequestInfo.m normal wasm32 objective-c com.apple.compilers.llvm.clang.1_0.compiler failed with a nonzero exit code. Command line:     cd /host

    Using response file: /host/spi-builder-workspace/.build/out/Intermediates.noindex/Bagel.build/Debug-webassembly-wasm32/Bagel-t.build/Objects-normal/wasm32/6f95552a3397ee1cec971b90cf334075d5f321c3a3b0689ad55c3d1e24702600-common-args.resp

    /usr/bin/clang -x objective-c -target wasm32-unknown-wasip1 -fmessage-length\=0 -fdiagnostics-show-note-include-stack -fmacro-backtrace-limit\=0 -fcolor-diagnostics -Wno-trigraphs -Wno-missing-field-initializers -Wno-missing-prototypes -Wno-return-type -Wno-implicit-atomic-properties -Wno-objc-interface-ivars -Wno-arc-repeated-use-of-weak -Wno-missing-braces -Wparentheses -Wswitch -Wno-unused-function -Wno-unused-label -Wno-unused-parameter -Wno-unused-variable -Wunused-value -Wno-empty-body -Wno-uninitialized -Wno-unknown-pragmas -Wno-shadow -Wno-four-char-constants -Wno-conversion -Wno-constant-conversion -Wno-int-conversion -Wno-bool-conversion -Wno-enum-conversion -Wno-float-conversion -Wno-non-literal-null-conversion -Wno-objc-literal-conversion -Wno-shorten-64-to-32 -Wpointer-sign -Wno-newline-eof -Wno-selector -Wno-strict-selector-match -Wno-undeclared-selector -Wno-deprecated-implementations -Wno-implicit-fallthrough -fstrict-aliasing -Wprotocol -Wdeprecated-declarations -Wno-sign-conversion -Wno-infinite-recursion -Wno-comma -Wno-block-capture-autoreleasing -Wno-strict-prototypes -Wno-semicolon-before-method-body --sysroot /root/.swiftpm/swift-sdks/swift-6.4.x-DEVELOPMENT-SNAPSHOT-2026-09-04-a_wasm.artifactbundle/swift-6.4.x-DEVELOPMENT-SNAPSHOT-2026-09-04-a_wasm/wasm32-unknown-wasip1/WASI.sdk @/host/spi-builder-workspace/.build/out/Intermediates.noindex/Bagel.build/Debug-webassembly-wasm32/Bagel-t.build/Objects-normal/wasm32/6f95552a3397ee1cec971b90cf334075d5f321c3a3b0689ad55c3d1e24702600-common-args.resp -MMD -MT dependencies -MF /host/spi-builder-workspace/.build/out/Intermediates.noindex/Bagel.build/Debug-webassembly-wasm32/Bagel-t.build/Objects-normal/wasm32/BagelRequestInfo.d --serialize-diagnostics /host/spi-builder-workspace/.build/out/Intermediates.noindex/Bagel.build/Debug-webassembly-wasm32/Bagel-t.build/Objects-normal/wasm32/BagelRequestInfo.dia -c /host/spi-builder-workspace/iOS/Source/BagelRequestInfo.m -o /host/spi-builder-workspace/.build/out/Intermediates.noindex/Bagel.build/Debug-webassembly-wasm32/Bagel-t.build/Objects-normal/wasm32/BagelRequestInfo.o
error: Build failed
BUILD FAILURE 6.4 wasm