Build Information
Failed to build LoggingKit, reference 4.0.0 (b3117f), with Swift 6.3 for Wasm on 16 Jul 2026 08:43:55 UTC.
Build Command
bash -c docker run --pull=always --rm -v "checkouts-54344847-1":/host -w "$PWD" -e JAVA_HOME="/root/.sdkman/candidates/java/current" -e SPI_BUILD="1" -e SPI_PROCESSING="1" registry.gitlab.com/saguaro1/spi-images:wasm-6.3-latest swift build --swift-sdk swift-6.3.2-RELEASE_wasm 2>&1Build Log
========================================
RunAll
========================================
Builder version: 333316120c8b89ed7d21f1b34865290794301d91
Interrupt handler set up.
========================================
Checkout
========================================
Clone URL: https://github.com/alexanderwe/LoggingKit.git
Reference: 4.0.0
Initialized empty Git repository in /host/spi-builder-workspace/.git/
hint: Using 'master' as the name for the initial branch. This default branch name
hint: is subject to change. To configure the initial branch name to use in all
hint: of your new repositories, which will suppress this warning, call:
hint:
hint: git config --global init.defaultBranch <name>
hint:
hint: Names commonly chosen instead of 'master' are 'main', 'trunk' and
hint: 'development'. The just-created branch can be renamed via this command:
hint:
hint: git branch -m <name>
From https://github.com/alexanderwe/LoggingKit
* tag 4.0.0 -> FETCH_HEAD
HEAD is now at b3117f3 feat!: upgrade to Swift 6, DocC documentation, and modern tooling
Cloned https://github.com/alexanderwe/LoggingKit.git
Revision (git rev-parse @):
b3117f382e776dde101b30fa1d12695273fa7baf
SPI manifest file found: $PWD/.spi.yml
SUCCESS checkout https://github.com/alexanderwe/LoggingKit.git at 4.0.0
========================================
Build
========================================
Selected platform: wasm
Swift version: 6.3
Building package at path: $PWD
https://github.com/alexanderwe/LoggingKit.git
Running build ...
bash -c docker run --pull=always --rm -v "checkouts-54344847-1":/host -w "$PWD" -e JAVA_HOME="/root/.sdkman/candidates/java/current" -e SPI_BUILD="1" -e SPI_PROCESSING="1" registry.gitlab.com/saguaro1/spi-images:wasm-6.3-latest swift build --swift-sdk swift-6.3.2-RELEASE_wasm 2>&1
wasm-6.3-latest: Pulling from saguaro1/spi-images
Digest: sha256:501b6bfc4ca8a27c305c68f9d5c778f996de82635741ab45476a03ffa6fa26d2
Status: Image is up to date for registry.gitlab.com/saguaro1/spi-images:wasm-6.3-latest
Building for debugging...
[0/3] Copying PrivacyInfo.xcprivacy
[1/3] Write sources
[2/3] Write swift-version-24593BA9C3E375BF.txt
[4/11] Compiling LoggingKit OSLogProvider.swift
/host/spi-builder-workspace/Sources/LoggingKit/LogCategory.swift:10:8: error: no such module 'os.log'
8 |
9 | import Foundation
10 | import os.log
| `- error: no such module 'os.log'
11 |
12 | // MARK: - LogCategories
[5/11] Compiling LoggingKit resource_bundle_accessor.swift
/host/spi-builder-workspace/Sources/LoggingKit/LogCategory.swift:10:8: error: no such module 'os.log'
8 |
9 | import Foundation
10 | import os.log
| `- error: no such module 'os.log'
11 |
12 | // MARK: - LogCategories
error: emit-module command failed with exit code 1 (use -v to see invocation)
[6/11] Emitting module LoggingKit
/host/spi-builder-workspace/Sources/LoggingKit/LogCategory.swift:10:8: error: no such module 'os.log'
8 |
9 | import Foundation
10 | import os.log
| `- error: no such module 'os.log'
11 |
12 | // MARK: - LogCategories
[7/11] Compiling LoggingKit LogCategory.swift
/host/spi-builder-workspace/Sources/LoggingKit/LogCategory.swift:10:8: error: no such module 'os.log'
8 |
9 | import Foundation
10 | import os.log
| `- error: no such module 'os.log'
11 |
12 | // MARK: - LogCategories
[8/11] Compiling LoggingKit LogType.swift
/host/spi-builder-workspace/Sources/LoggingKit/LogCategory.swift:10:8: error: no such module 'os.log'
8 |
9 | import Foundation
10 | import os.log
| `- error: no such module 'os.log'
11 |
12 | // MARK: - LogCategories
[9/11] Compiling LoggingKit LogProvider.swift
/host/spi-builder-workspace/Sources/LoggingKit/LogCategory.swift:10:8: error: no such module 'os.log'
8 |
9 | import Foundation
10 | import os.log
| `- error: no such module 'os.log'
11 |
12 | // MARK: - LogCategories
[10/11] Compiling LoggingKit LogService.swift
/host/spi-builder-workspace/Sources/LoggingKit/LogCategory.swift:10:8: error: no such module 'os.log'
8 |
9 | import Foundation
10 | import os.log
| `- error: no such module 'os.log'
11 |
12 | // MARK: - LogCategories
[11/11] Compiling LoggingKit Combine+LoggingKit.swift
/host/spi-builder-workspace/Sources/LoggingKit/LogCategory.swift:10:8: error: no such module 'os.log'
8 |
9 | import Foundation
10 | import os.log
| `- error: no such module 'os.log'
11 |
12 | // MARK: - LogCategories
BUILD FAILURE 6.3 wasm