The Swift Package Index logo.Swift Package Index

Build Information

Failed to build RealityAudio, reference main (48ff81), with Swift 6.1 for tvOS using Xcode 16.3 on 19 Jul 2026 01:38:47 UTC.

Build Command

No build command. This typically means the build failed at an early stage where we determine the build command.

Build Log

========================================
RunAll
========================================
Builder version: undefined version: run 'make version' to update
Interrupt handler set up.
========================================
Checkout
========================================
Clone URL: https://github.com/bhanage-viraj/RealityAudio.git
Reference: main
Initialized empty Git repository in /Users/admin/builder/spi-builder-workspace/.git/
From https://github.com/bhanage-viraj/RealityAudio
 * branch            main       -> FETCH_HEAD
 * [new branch]      main       -> origin/main
HEAD is now at 48ff819 docs: add README with usage and LiDAR occlusion notes
Cloned https://github.com/bhanage-viraj/RealityAudio.git
Revision (git rev-parse @):
48ff8193dfdb35bc844d7241ac97a6e252903746
SUCCESS checkout https://github.com/bhanage-viraj/RealityAudio.git at main
========================================
Build
========================================
Selected platform:         tvOS
Swift version:             6.1
Building package at path:  $PWD
https://github.com/bhanage-viraj/RealityAudio.git
https://github.com/bhanage-viraj/RealityAudio.git
error: 'spi-builder-workspace': package 'spi-builder-workspace' is using Swift tools version 6.3.0 but the installed version is 6.1.0
error: fatalError
Command line invocation:
    /Applications/Xcode-16.3.0.app/Contents/Developer/usr/bin/xcodebuild -IDEClonedSourcePackagesDirPathOverride=/Users/admin/builder/spi-builder-workspace/.dependencies -resolvePackageDependencies
Resolve Package Graph
package 'spi-builder-workspace' is using Swift tools version 6.3.0 but the installed version is 6.1.0
Resolved source packages:
  spi-builder-workspace: (null)
2026-07-18 18:38:47.164 xcodebuild[504:2891] Writing error result bundle to /var/folders/5k/5yc19ymj0jqd5v0zvgfqz0xw0000gn/T/ResultBundle_2026-18-07_18-38-0047.xcresult
xcodebuild: error: Could not resolve package dependencies:
  package 'spi-builder-workspace' is using Swift tools version 6.3.0 but the installed version is 6.1.0
Command line invocation:
    /Applications/Xcode-16.3.0.app/Contents/Developer/usr/bin/xcodebuild -IDEClonedSourcePackagesDirPathOverride=/Users/admin/builder/spi-builder-workspace/.dependencies -resolvePackageDependencies
Resolve Package Graph
package 'spi-builder-workspace' is using Swift tools version 6.3.0 but the installed version is 6.1.0
Resolved source packages:
  spi-builder-workspace: (null)
2026-07-18 18:38:47.829 xcodebuild[513:2971] Writing error result bundle to /var/folders/5k/5yc19ymj0jqd5v0zvgfqz0xw0000gn/T/ResultBundle_2026-18-07_18-38-0047.xcresult
xcodebuild: error: Could not resolve package dependencies:
  package 'spi-builder-workspace' is using Swift tools version 6.3.0 but the installed version is 6.1.0
BUILD FAILURE 6.1 tvOS