Build Information
Failed to build NotationModel, reference latest (fae8f6), with Swift 6.4 for watchOS using Xcode 27.0 on 16 Sep 2026 20:18:31 UTC.
Build Command
env DEVELOPER_DIR=/Applications/Xcode-27.0.0-Release.Candidate.app xcrun xcodebuild -IDEClonedSourcePackagesDirPathOverride=$PWD/.dependencies -skipMacroValidation -skipPackagePluginValidation -derivedDataPath $PWD/.derivedData build -scheme NotationModel-Package -destination generic/platform=watchOSBuild Log
SwiftDriverJobDiscovery normal arm64_32 Compiling PointModel.swift (in target 'PlotModel' from project 'NotationModel')
SwiftCompile normal arm64_32 Compiling\ DefaultVerticalPointModel.swift /Users/admin/builder/spi-builder-workspace/Sources/PlotModel/DefaultVerticalPointModel.swift (in target 'PlotModel' from project 'NotationModel')
SwiftCompile normal arm64_32 /Users/admin/builder/spi-builder-workspace/Sources/PlotModel/DefaultVerticalPointModel.swift (in target 'PlotModel' from project 'NotationModel')
cd /Users/admin/builder/spi-builder-workspace/.swiftpm/xcode
builtin-SwiftPerFileCompile DefaultVerticalPointModel.swift
SwiftCompile normal arm64_32 Compiling\ Axis.swift /Users/admin/builder/spi-builder-workspace/Sources/PlotModel/Axis.swift (in target 'PlotModel' from project 'NotationModel')
SwiftCompile normal arm64_32 /Users/admin/builder/spi-builder-workspace/Sources/PlotModel/Axis.swift (in target 'PlotModel' from project 'NotationModel')
cd /Users/admin/builder/spi-builder-workspace/.swiftpm/xcode
builtin-SwiftPerFileCompile Axis.swift
SwiftDriverJobDiscovery normal arm64 Compiling DefaultAxis.swift (in target 'PlotModel' from project 'NotationModel')
SwiftMergeGeneratedHeaders /Users/admin/builder/spi-builder-workspace/.derivedData/Build/Intermediates.noindex/GeneratedModuleMaps-watchos/PlotModel-Swift.h /Users/admin/builder/spi-builder-workspace/.derivedData/Build/Intermediates.noindex/NotationModel.build/Debug-watchos/PlotModel-t.build/Objects-normal/arm64/PlotModel-Swift.h /Users/admin/builder/spi-builder-workspace/.derivedData/Build/Intermediates.noindex/NotationModel.build/Debug-watchos/PlotModel-t.build/Objects-normal/arm64_32/PlotModel-Swift.h (in target 'PlotModel' from project 'NotationModel')
cd /Users/admin/builder/spi-builder-workspace
builtin-swiftHeaderTool -arch arm64 /Users/admin/builder/spi-builder-workspace/.derivedData/Build/Intermediates.noindex/NotationModel.build/Debug-watchos/PlotModel-t.build/Objects-normal/arm64/PlotModel-Swift.h -arch arm64_32 /Users/admin/builder/spi-builder-workspace/.derivedData/Build/Intermediates.noindex/NotationModel.build/Debug-watchos/PlotModel-t.build/Objects-normal/arm64_32/PlotModel-Swift.h -o /Users/admin/builder/spi-builder-workspace/.derivedData/Build/Intermediates.noindex/GeneratedModuleMaps-watchos/PlotModel-Swift.h
SwiftDriverJobDiscovery normal arm64 Compiling DefaultVerticalPlotModel.swift (in target 'PlotModel' from project 'NotationModel')
Copy /Users/admin/builder/spi-builder-workspace/.derivedData/Build/Products/Debug-watchos/PlotModel.swiftmodule/arm64-apple-watchos.swiftmodule /Users/admin/builder/spi-builder-workspace/.derivedData/Build/Intermediates.noindex/NotationModel.build/Debug-watchos/PlotModel-t.build/Objects-normal/arm64/PlotModel.swiftmodule (in target 'PlotModel' from project 'NotationModel')
cd /Users/admin/builder/spi-builder-workspace
builtin-copy -exclude .DS_Store -exclude CVS -exclude .svn -exclude .git -exclude .hg -resolve-src-symlinks -rename /Users/admin/builder/spi-builder-workspace/.derivedData/Build/Intermediates.noindex/NotationModel.build/Debug-watchos/PlotModel-t.build/Objects-normal/arm64/PlotModel.swiftmodule /Users/admin/builder/spi-builder-workspace/.derivedData/Build/Products/Debug-watchos/PlotModel.swiftmodule/arm64-apple-watchos.swiftmodule
Copy /Users/admin/builder/spi-builder-workspace/.derivedData/Build/Products/Debug-watchos/PlotModel.swiftmodule/arm64-apple-watchos.swiftdoc /Users/admin/builder/spi-builder-workspace/.derivedData/Build/Intermediates.noindex/NotationModel.build/Debug-watchos/PlotModel-t.build/Objects-normal/arm64/PlotModel.swiftdoc (in target 'PlotModel' from project 'NotationModel')
cd /Users/admin/builder/spi-builder-workspace
builtin-copy -exclude .DS_Store -exclude CVS -exclude .svn -exclude .git -exclude .hg -resolve-src-symlinks -rename /Users/admin/builder/spi-builder-workspace/.derivedData/Build/Intermediates.noindex/NotationModel.build/Debug-watchos/PlotModel-t.build/Objects-normal/arm64/PlotModel.swiftdoc /Users/admin/builder/spi-builder-workspace/.derivedData/Build/Products/Debug-watchos/PlotModel.swiftmodule/arm64-apple-watchos.swiftdoc
Copy /Users/admin/builder/spi-builder-workspace/.derivedData/Build/Products/Debug-watchos/PlotModel.swiftmodule/arm64-apple-watchos.abi.json /Users/admin/builder/spi-builder-workspace/.derivedData/Build/Intermediates.noindex/NotationModel.build/Debug-watchos/PlotModel-t.build/Objects-normal/arm64/PlotModel.abi.json (in target 'PlotModel' from project 'NotationModel')
cd /Users/admin/builder/spi-builder-workspace
builtin-copy -exclude .DS_Store -exclude CVS -exclude .svn -exclude .git -exclude .hg -resolve-src-symlinks -rename /Users/admin/builder/spi-builder-workspace/.derivedData/Build/Intermediates.noindex/NotationModel.build/Debug-watchos/PlotModel-t.build/Objects-normal/arm64/PlotModel.abi.json /Users/admin/builder/spi-builder-workspace/.derivedData/Build/Products/Debug-watchos/PlotModel.swiftmodule/arm64-apple-watchos.abi.json
Copy /Users/admin/builder/spi-builder-workspace/.derivedData/Build/Products/Debug-watchos/PlotModel.swiftmodule/Project/arm64-apple-watchos.swiftsourceinfo /Users/admin/builder/spi-builder-workspace/.derivedData/Build/Intermediates.noindex/NotationModel.build/Debug-watchos/PlotModel-t.build/Objects-normal/arm64/PlotModel.swiftsourceinfo (in target 'PlotModel' from project 'NotationModel')
cd /Users/admin/builder/spi-builder-workspace
builtin-copy -exclude .DS_Store -exclude CVS -exclude .svn -exclude .git -exclude .hg -resolve-src-symlinks -rename /Users/admin/builder/spi-builder-workspace/.derivedData/Build/Intermediates.noindex/NotationModel.build/Debug-watchos/PlotModel-t.build/Objects-normal/arm64/PlotModel.swiftsourceinfo /Users/admin/builder/spi-builder-workspace/.derivedData/Build/Products/Debug-watchos/PlotModel.swiftmodule/Project/arm64-apple-watchos.swiftsourceinfo
SwiftCompile normal arm64 Compiling\ DefaultVerticalPlotModel.Builder.swift /Users/admin/builder/spi-builder-workspace/Sources/PlotModel/DefaultVerticalPlotModel.Builder.swift (in target 'PlotModel' from project 'NotationModel')
SwiftCompile normal arm64 /Users/admin/builder/spi-builder-workspace/Sources/PlotModel/DefaultVerticalPlotModel.Builder.swift (in target 'PlotModel' from project 'NotationModel')
cd /Users/admin/builder/spi-builder-workspace/.swiftpm/xcode
builtin-SwiftPerFileCompile DefaultVerticalPlotModel.Builder.swift
SwiftDriverJobDiscovery normal arm64_32 Compiling VerticalPlotModel.swift (in target 'PlotModel' from project 'NotationModel')
SwiftCompile normal arm64_32 Compiling\ HorizontalPlotModel.swift /Users/admin/builder/spi-builder-workspace/Sources/PlotModel/HorizontalPlotModel.swift (in target 'PlotModel' from project 'NotationModel')
SwiftCompile normal arm64_32 /Users/admin/builder/spi-builder-workspace/Sources/PlotModel/HorizontalPlotModel.swift (in target 'PlotModel' from project 'NotationModel')
cd /Users/admin/builder/spi-builder-workspace/.swiftpm/xcode
builtin-SwiftPerFileCompile HorizontalPlotModel.swift
SwiftDriverJobDiscovery normal arm64 Compiling HorizontalPlotModel.swift (in target 'PlotModel' from project 'NotationModel')
SwiftCompile normal arm64 Compiling\ Axis.swift /Users/admin/builder/spi-builder-workspace/Sources/PlotModel/Axis.swift (in target 'PlotModel' from project 'NotationModel')
SwiftCompile normal arm64 /Users/admin/builder/spi-builder-workspace/Sources/PlotModel/Axis.swift (in target 'PlotModel' from project 'NotationModel')
cd /Users/admin/builder/spi-builder-workspace/.swiftpm/xcode
builtin-SwiftPerFileCompile Axis.swift
SwiftDriverJobDiscovery normal arm64_32 Compiling Axis.swift (in target 'PlotModel' from project 'NotationModel')
SwiftCompile normal arm64_32 Compiling\ DefaultAxis.swift /Users/admin/builder/spi-builder-workspace/Sources/PlotModel/DefaultAxis.swift (in target 'PlotModel' from project 'NotationModel')
SwiftCompile normal arm64_32 /Users/admin/builder/spi-builder-workspace/Sources/PlotModel/DefaultAxis.swift (in target 'PlotModel' from project 'NotationModel')
cd /Users/admin/builder/spi-builder-workspace/.swiftpm/xcode
builtin-SwiftPerFileCompile DefaultAxis.swift
SwiftDriverJobDiscovery normal arm64_32 Compiling DefaultVerticalPointModel.swift (in target 'PlotModel' from project 'NotationModel')
SwiftCompile normal arm64 Compiling\ PointModel.swift /Users/admin/builder/spi-builder-workspace/Sources/PlotModel/PointModel.swift (in target 'PlotModel' from project 'NotationModel')
SwiftCompile normal arm64 /Users/admin/builder/spi-builder-workspace/Sources/PlotModel/PointModel.swift (in target 'PlotModel' from project 'NotationModel')
cd /Users/admin/builder/spi-builder-workspace/.swiftpm/xcode
builtin-SwiftPerFileCompile PointModel.swift
SwiftCompile normal arm64_32 Compiling\ PlotModel.swift /Users/admin/builder/spi-builder-workspace/Sources/PlotModel/PlotModel.swift (in target 'PlotModel' from project 'NotationModel')
SwiftCompile normal arm64_32 /Users/admin/builder/spi-builder-workspace/Sources/PlotModel/PlotModel.swift (in target 'PlotModel' from project 'NotationModel')
cd /Users/admin/builder/spi-builder-workspace/.swiftpm/xcode
builtin-SwiftPerFileCompile PlotModel.swift
SwiftDriverJobDiscovery normal arm64_32 Compiling DefaultVerticalPlotModel.Builder.swift (in target 'PlotModel' from project 'NotationModel')
SwiftCompile normal arm64 Compiling\ VerticalPlotModel.swift /Users/admin/builder/spi-builder-workspace/Sources/PlotModel/VerticalPlotModel.swift (in target 'PlotModel' from project 'NotationModel')
SwiftCompile normal arm64 /Users/admin/builder/spi-builder-workspace/Sources/PlotModel/VerticalPlotModel.swift (in target 'PlotModel' from project 'NotationModel')
cd /Users/admin/builder/spi-builder-workspace/.swiftpm/xcode
builtin-SwiftPerFileCompile VerticalPlotModel.swift
SwiftDriverJobDiscovery normal arm64 Compiling Axis.swift (in target 'PlotModel' from project 'NotationModel')
SwiftCompile normal arm64_32 Compiling\ DefaultVerticalPlotModel.swift /Users/admin/builder/spi-builder-workspace/Sources/PlotModel/DefaultVerticalPlotModel.swift (in target 'PlotModel' from project 'NotationModel')
SwiftCompile normal arm64_32 /Users/admin/builder/spi-builder-workspace/Sources/PlotModel/DefaultVerticalPlotModel.swift (in target 'PlotModel' from project 'NotationModel')
cd /Users/admin/builder/spi-builder-workspace/.swiftpm/xcode
builtin-SwiftPerFileCompile DefaultVerticalPlotModel.swift
SwiftDriverJobDiscovery normal arm64_32 Compiling HorizontalPlotModel.swift (in target 'PlotModel' from project 'NotationModel')
SwiftCompile normal arm64 Compiling\ DefaultVerticalPointModel.swift /Users/admin/builder/spi-builder-workspace/Sources/PlotModel/DefaultVerticalPointModel.swift (in target 'PlotModel' from project 'NotationModel')
SwiftCompile normal arm64 /Users/admin/builder/spi-builder-workspace/Sources/PlotModel/DefaultVerticalPointModel.swift (in target 'PlotModel' from project 'NotationModel')
cd /Users/admin/builder/spi-builder-workspace/.swiftpm/xcode
builtin-SwiftPerFileCompile DefaultVerticalPointModel.swift
SwiftDriverJobDiscovery normal arm64 Compiling DefaultVerticalPlotModel.Builder.swift (in target 'PlotModel' from project 'NotationModel')
SwiftCompile normal arm64_32 Compiling\ DoubleExtensions.swift,\ Fraction.swift /Users/admin/builder/spi-builder-workspace/.dependencies/checkouts/Math/Sources/Math/DoubleExtensions.swift /Users/admin/builder/spi-builder-workspace/.dependencies/checkouts/Math/Sources/Math/Fraction.swift (in target 'Math' from project 'Math')
SwiftCompile normal arm64_32 /Users/admin/builder/spi-builder-workspace/.dependencies/checkouts/Math/Sources/Math/DoubleExtensions.swift (in target 'Math' from project 'Math')
cd /Users/admin/builder/spi-builder-workspace/.swiftpm/xcode
builtin-SwiftPerFileCompile DoubleExtensions.swift
SwiftCompile normal arm64_32 /Users/admin/builder/spi-builder-workspace/.dependencies/checkouts/Math/Sources/Math/Fraction.swift (in target 'Math' from project 'Math')
cd /Users/admin/builder/spi-builder-workspace/.swiftpm/xcode
builtin-SwiftPerFileCompile Fraction.swift
SwiftDriverJobDiscovery normal arm64 Compiling Matrix.swift, Queue.swift, SortedArray.swift, Stack.swift, Zip3Sequence.swift, ZipToLongest.swift (in target 'DataStructures' from project 'Structure')
SwiftCompile normal arm64 Compiling\ Bitwise.swift,\ CollectionExtensions.swift /Users/admin/builder/spi-builder-workspace/.dependencies/checkouts/Math/Sources/Math/Bitwise.swift /Users/admin/builder/spi-builder-workspace/.dependencies/checkouts/Math/Sources/Math/CollectionExtensions.swift (in target 'Math' from project 'Math')
SwiftCompile normal arm64 /Users/admin/builder/spi-builder-workspace/.dependencies/checkouts/Math/Sources/Math/Bitwise.swift (in target 'Math' from project 'Math')
cd /Users/admin/builder/spi-builder-workspace/.swiftpm/xcode
builtin-SwiftPerFileCompile Bitwise.swift
SwiftCompile normal arm64 /Users/admin/builder/spi-builder-workspace/.dependencies/checkouts/Math/Sources/Math/CollectionExtensions.swift (in target 'Math' from project 'Math')
cd /Users/admin/builder/spi-builder-workspace/.swiftpm/xcode
builtin-SwiftPerFileCompile CollectionExtensions.swift
SwiftDriverJobDiscovery normal arm64_32 Compiling DefaultAxis.swift (in target 'PlotModel' from project 'NotationModel')
SwiftCompile normal arm64_32 Compiling\ PowerOfTwoSequence.swift /Users/admin/builder/spi-builder-workspace/.dependencies/checkouts/Math/Sources/Math/PowerOfTwoSequence.swift (in target 'Math' from project 'Math')
SwiftCompile normal arm64_32 /Users/admin/builder/spi-builder-workspace/.dependencies/checkouts/Math/Sources/Math/PowerOfTwoSequence.swift (in target 'Math' from project 'Math')
cd /Users/admin/builder/spi-builder-workspace/.swiftpm/xcode
builtin-SwiftPerFileCompile PowerOfTwoSequence.swift
SwiftDriverJobDiscovery normal arm64 Compiling PointModel.swift (in target 'PlotModel' from project 'NotationModel')
SwiftCompile normal arm64 Compiling\ Scale.swift /Users/admin/builder/spi-builder-workspace/.dependencies/checkouts/Math/Sources/Math/Scale.swift (in target 'Math' from project 'Math')
SwiftCompile normal arm64 /Users/admin/builder/spi-builder-workspace/.dependencies/checkouts/Math/Sources/Math/Scale.swift (in target 'Math' from project 'Math')
cd /Users/admin/builder/spi-builder-workspace/.swiftpm/xcode
builtin-SwiftPerFileCompile Scale.swift
SwiftDriverJobDiscovery normal arm64_32 Compiling PlotModel.swift (in target 'PlotModel' from project 'NotationModel')
SwiftCompile normal arm64 Compiling\ IntegerExtensions.swift,\ LinearRegression.swift /Users/admin/builder/spi-builder-workspace/.dependencies/checkouts/Math/Sources/Math/IntegerExtensions.swift /Users/admin/builder/spi-builder-workspace/.dependencies/checkouts/Math/Sources/Math/LinearRegression.swift (in target 'Math' from project 'Math')
SwiftCompile normal arm64 /Users/admin/builder/spi-builder-workspace/.dependencies/checkouts/Math/Sources/Math/IntegerExtensions.swift (in target 'Math' from project 'Math')
cd /Users/admin/builder/spi-builder-workspace/.swiftpm/xcode
builtin-SwiftPerFileCompile IntegerExtensions.swift
SwiftCompile normal arm64 /Users/admin/builder/spi-builder-workspace/.dependencies/checkouts/Math/Sources/Math/LinearRegression.swift (in target 'Math' from project 'Math')
cd /Users/admin/builder/spi-builder-workspace/.swiftpm/xcode
builtin-SwiftPerFileCompile LinearRegression.swift
SwiftDriverJobDiscovery normal arm64 Compiling VerticalPlotModel.swift (in target 'PlotModel' from project 'NotationModel')
SwiftCompile normal arm64 Compiling\ DoubleExtensions.swift,\ Fraction.swift /Users/admin/builder/spi-builder-workspace/.dependencies/checkouts/Math/Sources/Math/DoubleExtensions.swift /Users/admin/builder/spi-builder-workspace/.dependencies/checkouts/Math/Sources/Math/Fraction.swift (in target 'Math' from project 'Math')
SwiftCompile normal arm64 /Users/admin/builder/spi-builder-workspace/.dependencies/checkouts/Math/Sources/Math/DoubleExtensions.swift (in target 'Math' from project 'Math')
cd /Users/admin/builder/spi-builder-workspace/.swiftpm/xcode
builtin-SwiftPerFileCompile DoubleExtensions.swift
SwiftCompile normal arm64 /Users/admin/builder/spi-builder-workspace/.dependencies/checkouts/Math/Sources/Math/Fraction.swift (in target 'Math' from project 'Math')
cd /Users/admin/builder/spi-builder-workspace/.swiftpm/xcode
builtin-SwiftPerFileCompile Fraction.swift
SwiftDriverJobDiscovery normal arm64 Compiling DefaultVerticalPointModel.swift (in target 'PlotModel' from project 'NotationModel')
SwiftDriver\ Compilation PlotModel normal arm64 com.apple.xcode.tools.swift.compiler (in target 'PlotModel' from project 'NotationModel')
cd /Users/admin/builder/spi-builder-workspace/.swiftpm/xcode
builtin-Swift-Compilation -- /Applications/Xcode-27.0.0-Release.Candidate.app/Contents/Developer/Toolchains/XcodeDefault.xctoolchain/usr/bin/swiftc -parse-as-library -module-name PlotModel -Onone @/Users/admin/builder/spi-builder-workspace/.derivedData/Build/Intermediates.noindex/NotationModel.build/Debug-watchos/PlotModel-t.build/Objects-normal/arm64/PlotModel.SwiftFileList -DSWIFT_PACKAGE -DDEBUG -DSWIFT_MODULE_RESOURCE_BUNDLE_UNAVAILABLE -DXcode -plugin-path /Applications/Xcode-27.0.0-Release.Candidate.app/Contents/Developer/Toolchains/XcodeDefault.xctoolchain/usr/lib/swift/host/plugins/testing -enable-experimental-feature DebugDescriptionMacro -sdk /Applications/Xcode-27.0.0-Release.Candidate.app/Contents/Developer/Platforms/WatchOS.platform/Developer/SDKs/WatchOS27.0.sdk -target arm64-apple-watchos9.0 -g -module-cache-path /Users/admin/builder/spi-builder-workspace/.derivedData/ModuleCache.noindex -Xfrontend -serialize-debugging-options -profile-coverage-mapping -profile-generate -enable-testing -index-store-path /Users/admin/builder/spi-builder-workspace/.derivedData/Index.noindex/DataStore -Xcc -D_LIBCPP_HARDENING_MODE\=_LIBCPP_HARDENING_MODE_DEBUG -swift-version 5 -I /Users/admin/builder/spi-builder-workspace/.derivedData/Build/Products/Debug-watchos -Isystem /Applications/Xcode-27.0.0-Release.Candidate.app/Contents/Developer/Platforms/WatchOS.platform/Developer/usr/lib -F /Users/admin/builder/spi-builder-workspace/.derivedData/Build/Products/Debug-watchos/PackageFrameworks -F /Users/admin/builder/spi-builder-workspace/.derivedData/Build/Products/Debug-watchos -F /Applications/Xcode-27.0.0-Release.Candidate.app/Contents/Developer/Platforms/WatchOS.platform/Developer/Library/Frameworks -F /Applications/Xcode-27.0.0-Release.Candidate.app/Contents/Developer/Platforms/WatchOS.platform/Developer/SDKs/WatchOS27.0.sdk/Developer/Library/Frameworks -c -j10 -enable-batch-mode -incremental -Xcc -ivfsstatcache -Xcc /Users/admin/builder/spi-builder-workspace/.derivedData/SDKStatCaches.noindex/watchos27.0-24R360-e829b21a6f8c9b70876ba0858053c04477534ef55a1706bf4c1112bbb242f0a2.sdkstatcache -output-file-map /Users/admin/builder/spi-builder-workspace/.derivedData/Build/Intermediates.noindex/NotationModel.build/Debug-watchos/PlotModel-t.build/Objects-normal/arm64/PlotModel-OutputFileMap.json -save-temps -no-color-diagnostics -explicit-module-build -module-cache-path /Users/admin/builder/spi-builder-workspace/.derivedData/Build/Intermediates.noindex/SwiftExplicitPrecompiledModules -clang-scanner-module-cache-path /Users/admin/builder/spi-builder-workspace/.derivedData/ModuleCache.noindex -sdk-module-cache-path /Users/admin/builder/spi-builder-workspace/.derivedData/SDKExplicitPrecompiledModules -emit-dependencies -emit-module -emit-module-path /Users/admin/builder/spi-builder-workspace/.derivedData/Build/Intermediates.noindex/NotationModel.build/Debug-watchos/PlotModel-t.build/Objects-normal/arm64/PlotModel.swiftmodule -serialize-diagnostics -dependency-scan-serialize-diagnostics-path /Users/admin/builder/spi-builder-workspace/.derivedData/Build/Intermediates.noindex/NotationModel.build/Debug-watchos/PlotModel-t.build/Objects-normal/arm64/PlotModel-dependency-scan.dia -validate-clang-modules-once -clang-build-session-file /Users/admin/builder/spi-builder-workspace/.derivedData/ModuleCache.noindex/Session.modulevalidation -Xcc -fmodules-prune-interval\=86400 -Xcc -fmodules-prune-after\=345600 -emit-const-values -const-gather-protocols-list /Users/admin/builder/spi-builder-workspace/.derivedData/Build/Intermediates.noindex/NotationModel.build/Debug-watchos/PlotModel-t.build/Objects-normal/arm64/PlotModel_const_extract_protocols.json -Xcc -I/Users/admin/builder/spi-builder-workspace/.derivedData/Build/Products/Debug-watchos/include -Xcc -I/Users/admin/builder/spi-builder-workspace/.derivedData/Build/Intermediates.noindex/NotationModel.build/Debug-watchos/PlotModel-t.build/DerivedSources-normal/arm64 -Xcc -I/Users/admin/builder/spi-builder-workspace/.derivedData/Build/Intermediates.noindex/NotationModel.build/Debug-watchos/PlotModel-t.build/DerivedSources/arm64 -Xcc -I/Users/admin/builder/spi-builder-workspace/.derivedData/Build/Intermediates.noindex/NotationModel.build/Debug-watchos/PlotModel-t.build/DerivedSources -Xcc -DSWIFT_PACKAGE -Xcc -DDEBUG\=1 -emit-objc-header -emit-objc-header-path /Users/admin/builder/spi-builder-workspace/.derivedData/Build/Intermediates.noindex/NotationModel.build/Debug-watchos/PlotModel-t.build/Objects-normal/arm64/PlotModel-Swift.h -working-directory /Users/admin/builder/spi-builder-workspace/.swiftpm/xcode -experimental-emit-module-separately -disable-cmo
SwiftDriverJobDiscovery normal arm64_32 Compiling DefaultVerticalPlotModel.swift (in target 'PlotModel' from project 'NotationModel')
SwiftCompile normal arm64 Compiling\ Rational.swift /Users/admin/builder/spi-builder-workspace/.dependencies/checkouts/Math/Sources/Math/Rational.swift (in target 'Math' from project 'Math')
SwiftCompile normal arm64 /Users/admin/builder/spi-builder-workspace/.dependencies/checkouts/Math/Sources/Math/Rational.swift (in target 'Math' from project 'Math')
cd /Users/admin/builder/spi-builder-workspace/.swiftpm/xcode
builtin-SwiftPerFileCompile Rational.swift
SwiftDriver\ Compilation PlotModel normal arm64_32 com.apple.xcode.tools.swift.compiler (in target 'PlotModel' from project 'NotationModel')
cd /Users/admin/builder/spi-builder-workspace/.swiftpm/xcode
builtin-Swift-Compilation -- /Applications/Xcode-27.0.0-Release.Candidate.app/Contents/Developer/Toolchains/XcodeDefault.xctoolchain/usr/bin/swiftc -parse-as-library -module-name PlotModel -Onone @/Users/admin/builder/spi-builder-workspace/.derivedData/Build/Intermediates.noindex/NotationModel.build/Debug-watchos/PlotModel-t.build/Objects-normal/arm64_32/PlotModel.SwiftFileList -DSWIFT_PACKAGE -DDEBUG -DSWIFT_MODULE_RESOURCE_BUNDLE_UNAVAILABLE -DXcode -plugin-path /Applications/Xcode-27.0.0-Release.Candidate.app/Contents/Developer/Toolchains/XcodeDefault.xctoolchain/usr/lib/swift/host/plugins/testing -enable-experimental-feature DebugDescriptionMacro -sdk /Applications/Xcode-27.0.0-Release.Candidate.app/Contents/Developer/Platforms/WatchOS.platform/Developer/SDKs/WatchOS27.0.sdk -target arm64_32-apple-watchos9.0 -g -module-cache-path /Users/admin/builder/spi-builder-workspace/.derivedData/ModuleCache.noindex -Xfrontend -serialize-debugging-options -profile-coverage-mapping -profile-generate -enable-testing -index-store-path /Users/admin/builder/spi-builder-workspace/.derivedData/Index.noindex/DataStore -Xcc -D_LIBCPP_HARDENING_MODE\=_LIBCPP_HARDENING_MODE_DEBUG -swift-version 5 -I /Users/admin/builder/spi-builder-workspace/.derivedData/Build/Products/Debug-watchos -Isystem /Applications/Xcode-27.0.0-Release.Candidate.app/Contents/Developer/Platforms/WatchOS.platform/Developer/usr/lib -F /Users/admin/builder/spi-builder-workspace/.derivedData/Build/Products/Debug-watchos/PackageFrameworks -F /Users/admin/builder/spi-builder-workspace/.derivedData/Build/Products/Debug-watchos -F /Applications/Xcode-27.0.0-Release.Candidate.app/Contents/Developer/Platforms/WatchOS.platform/Developer/Library/Frameworks -F /Applications/Xcode-27.0.0-Release.Candidate.app/Contents/Developer/Platforms/WatchOS.platform/Developer/SDKs/WatchOS27.0.sdk/Developer/Library/Frameworks -c -j10 -enable-batch-mode -incremental -Xcc -ivfsstatcache -Xcc /Users/admin/builder/spi-builder-workspace/.derivedData/SDKStatCaches.noindex/watchos27.0-24R360-e829b21a6f8c9b70876ba0858053c04477534ef55a1706bf4c1112bbb242f0a2.sdkstatcache -output-file-map /Users/admin/builder/spi-builder-workspace/.derivedData/Build/Intermediates.noindex/NotationModel.build/Debug-watchos/PlotModel-t.build/Objects-normal/arm64_32/PlotModel-OutputFileMap.json -save-temps -no-color-diagnostics -explicit-module-build -module-cache-path /Users/admin/builder/spi-builder-workspace/.derivedData/Build/Intermediates.noindex/SwiftExplicitPrecompiledModules -clang-scanner-module-cache-path /Users/admin/builder/spi-builder-workspace/.derivedData/ModuleCache.noindex -sdk-module-cache-path /Users/admin/builder/spi-builder-workspace/.derivedData/SDKExplicitPrecompiledModules -emit-dependencies -emit-module -emit-module-path /Users/admin/builder/spi-builder-workspace/.derivedData/Build/Intermediates.noindex/NotationModel.build/Debug-watchos/PlotModel-t.build/Objects-normal/arm64_32/PlotModel.swiftmodule -serialize-diagnostics -dependency-scan-serialize-diagnostics-path /Users/admin/builder/spi-builder-workspace/.derivedData/Build/Intermediates.noindex/NotationModel.build/Debug-watchos/PlotModel-t.build/Objects-normal/arm64_32/PlotModel-dependency-scan.dia -validate-clang-modules-once -clang-build-session-file /Users/admin/builder/spi-builder-workspace/.derivedData/ModuleCache.noindex/Session.modulevalidation -Xcc -fmodules-prune-interval\=86400 -Xcc -fmodules-prune-after\=345600 -emit-const-values -const-gather-protocols-list /Users/admin/builder/spi-builder-workspace/.derivedData/Build/Intermediates.noindex/NotationModel.build/Debug-watchos/PlotModel-t.build/Objects-normal/arm64_32/PlotModel_const_extract_protocols.json -Xcc -I/Users/admin/builder/spi-builder-workspace/.derivedData/Build/Products/Debug-watchos/include -Xcc -I/Users/admin/builder/spi-builder-workspace/.derivedData/Build/Intermediates.noindex/NotationModel.build/Debug-watchos/PlotModel-t.build/DerivedSources-normal/arm64_32 -Xcc -I/Users/admin/builder/spi-builder-workspace/.derivedData/Build/Intermediates.noindex/NotationModel.build/Debug-watchos/PlotModel-t.build/DerivedSources/arm64_32 -Xcc -I/Users/admin/builder/spi-builder-workspace/.derivedData/Build/Intermediates.noindex/NotationModel.build/Debug-watchos/PlotModel-t.build/DerivedSources -Xcc -DSWIFT_PACKAGE -Xcc -DDEBUG\=1 -emit-objc-header -emit-objc-header-path /Users/admin/builder/spi-builder-workspace/.derivedData/Build/Intermediates.noindex/NotationModel.build/Debug-watchos/PlotModel-t.build/Objects-normal/arm64_32/PlotModel-Swift.h -working-directory /Users/admin/builder/spi-builder-workspace/.swiftpm/xcode -experimental-emit-module-separately -disable-cmo
SwiftDriverJobDiscovery normal arm64 Compiling Measured.swift, Totalizable.swift, DictionaryProtocol.swift, OrderedDictionary.swift, SortedDictionary.swift, CircularArray.swift, LinkedList.swift (in target 'DataStructures' from project 'Structure')
SwiftCompile normal arm64_32 Compiling\ Scale.swift /Users/admin/builder/spi-builder-workspace/.dependencies/checkouts/Math/Sources/Math/Scale.swift (in target 'Math' from project 'Math')
SwiftCompile normal arm64_32 /Users/admin/builder/spi-builder-workspace/.dependencies/checkouts/Math/Sources/Math/Scale.swift (in target 'Math' from project 'Math')
cd /Users/admin/builder/spi-builder-workspace/.swiftpm/xcode
builtin-SwiftPerFileCompile Scale.swift
SwiftCompile normal arm64 Compiling\ Functions.swift,\ GCDDomain.swift /Users/admin/builder/spi-builder-workspace/.dependencies/checkouts/Math/Sources/Math/Functions.swift /Users/admin/builder/spi-builder-workspace/.dependencies/checkouts/Math/Sources/Math/GCDDomain.swift (in target 'Math' from project 'Math')
SwiftCompile normal arm64 /Users/admin/builder/spi-builder-workspace/.dependencies/checkouts/Math/Sources/Math/Functions.swift (in target 'Math' from project 'Math')
cd /Users/admin/builder/spi-builder-workspace/.swiftpm/xcode
builtin-SwiftPerFileCompile Functions.swift
SwiftCompile normal arm64 /Users/admin/builder/spi-builder-workspace/.dependencies/checkouts/Math/Sources/Math/GCDDomain.swift (in target 'Math' from project 'Math')
cd /Users/admin/builder/spi-builder-workspace/.swiftpm/xcode
builtin-SwiftPerFileCompile GCDDomain.swift
SwiftDriverJobDiscovery normal arm64_32 Compiling Scale.swift (in target 'Math' from project 'Math')
SwiftCompile normal arm64 Compiling\ Quadratic.swift /Users/admin/builder/spi-builder-workspace/.dependencies/checkouts/Math/Sources/Math/Quadratic.swift (in target 'Math' from project 'Math')
SwiftCompile normal arm64 /Users/admin/builder/spi-builder-workspace/.dependencies/checkouts/Math/Sources/Math/Quadratic.swift (in target 'Math' from project 'Math')
cd /Users/admin/builder/spi-builder-workspace/.swiftpm/xcode
builtin-SwiftPerFileCompile Quadratic.swift
SwiftDriverJobDiscovery normal arm64_32 Emitting module for Math (in target 'Math' from project 'Math')
SwiftCompile normal arm64_32 Compiling\ Functions.swift,\ GCDDomain.swift /Users/admin/builder/spi-builder-workspace/.dependencies/checkouts/Math/Sources/Math/Functions.swift /Users/admin/builder/spi-builder-workspace/.dependencies/checkouts/Math/Sources/Math/GCDDomain.swift (in target 'Math' from project 'Math')
SwiftCompile normal arm64_32 /Users/admin/builder/spi-builder-workspace/.dependencies/checkouts/Math/Sources/Math/Functions.swift (in target 'Math' from project 'Math')
cd /Users/admin/builder/spi-builder-workspace/.swiftpm/xcode
builtin-SwiftPerFileCompile Functions.swift
SwiftCompile normal arm64_32 /Users/admin/builder/spi-builder-workspace/.dependencies/checkouts/Math/Sources/Math/GCDDomain.swift (in target 'Math' from project 'Math')
cd /Users/admin/builder/spi-builder-workspace/.swiftpm/xcode
builtin-SwiftPerFileCompile GCDDomain.swift
SwiftDriverJobDiscovery normal arm64 Emitting module for Math (in target 'Math' from project 'Math')
SwiftDriver\ Compilation\ Requirements Math normal arm64_32 com.apple.xcode.tools.swift.compiler (in target 'Math' from project 'Math')
cd /Users/admin/builder/spi-builder-workspace/.swiftpm/xcode
builtin-Swift-Compilation-Requirements -- /Applications/Xcode-27.0.0-Release.Candidate.app/Contents/Developer/Toolchains/XcodeDefault.xctoolchain/usr/bin/swiftc -parse-as-library -module-name Math -Onone @/Users/admin/builder/spi-builder-workspace/.derivedData/Build/Intermediates.noindex/Math.build/Debug-watchos/Math-t.build/Objects-normal/arm64_32/Math.SwiftFileList -DSWIFT_PACKAGE -DDEBUG -DSWIFT_MODULE_RESOURCE_BUNDLE_UNAVAILABLE -DXcode -plugin-path /Applications/Xcode-27.0.0-Release.Candidate.app/Contents/Developer/Toolchains/XcodeDefault.xctoolchain/usr/lib/swift/host/plugins/testing -enable-experimental-feature DebugDescriptionMacro -sdk /Applications/Xcode-27.0.0-Release.Candidate.app/Contents/Developer/Platforms/WatchOS.platform/Developer/SDKs/WatchOS27.0.sdk -target arm64_32-apple-watchos9.0 -g -module-cache-path /Users/admin/builder/spi-builder-workspace/.derivedData/ModuleCache.noindex -Xfrontend -serialize-debugging-options -profile-coverage-mapping -profile-generate -enable-testing -suppress-warnings -index-store-path /Users/admin/builder/spi-builder-workspace/.derivedData/Index.noindex/DataStore -Xcc -D_LIBCPP_HARDENING_MODE\=_LIBCPP_HARDENING_MODE_DEBUG -swift-version 4.2 -I /Users/admin/builder/spi-builder-workspace/.derivedData/Build/Products/Debug-watchos -Isystem /Applications/Xcode-27.0.0-Release.Candidate.app/Contents/Developer/Platforms/WatchOS.platform/Developer/usr/lib -F /Users/admin/builder/spi-builder-workspace/.derivedData/Build/Products/Debug-watchos/PackageFrameworks -F /Users/admin/builder/spi-builder-workspace/.derivedData/Build/Products/Debug-watchos -F /Applications/Xcode-27.0.0-Release.Candidate.app/Contents/Developer/Platforms/WatchOS.platform/Developer/Library/Frameworks -F /Applications/Xcode-27.0.0-Release.Candidate.app/Contents/Developer/Platforms/WatchOS.platform/Developer/SDKs/WatchOS27.0.sdk/Developer/Library/Frameworks -c -j10 -enable-batch-mode -incremental -Xcc -ivfsstatcache -Xcc /Users/admin/builder/spi-builder-workspace/.derivedData/SDKStatCaches.noindex/watchos27.0-24R360-e829b21a6f8c9b70876ba0858053c04477534ef55a1706bf4c1112bbb242f0a2.sdkstatcache -output-file-map /Users/admin/builder/spi-builder-workspace/.derivedData/Build/Intermediates.noindex/Math.build/Debug-watchos/Math-t.build/Objects-normal/arm64_32/Math-OutputFileMap.json -save-temps -no-color-diagnostics -emit-dependencies -emit-module -emit-module-path /Users/admin/builder/spi-builder-workspace/.derivedData/Build/Intermediates.noindex/Math.build/Debug-watchos/Math-t.build/Objects-normal/arm64_32/Math.swiftmodule -serialize-diagnostics -validate-clang-modules-once -clang-build-session-file /Users/admin/builder/spi-builder-workspace/.derivedData/ModuleCache.noindex/Session.modulevalidation -Xcc -fmodules-prune-interval\=86400 -Xcc -fmodules-prune-after\=345600 -emit-const-values -const-gather-protocols-list /Users/admin/builder/spi-builder-workspace/.derivedData/Build/Intermediates.noindex/Math.build/Debug-watchos/Math-t.build/Objects-normal/arm64_32/Math_const_extract_protocols.json -Xcc -I/Users/admin/builder/spi-builder-workspace/.derivedData/Build/Products/Debug-watchos/include -Xcc -I/Users/admin/builder/spi-builder-workspace/.derivedData/Build/Intermediates.noindex/Math.build/Debug-watchos/Math-t.build/DerivedSources-normal/arm64_32 -Xcc -I/Users/admin/builder/spi-builder-workspace/.derivedData/Build/Intermediates.noindex/Math.build/Debug-watchos/Math-t.build/DerivedSources/arm64_32 -Xcc -I/Users/admin/builder/spi-builder-workspace/.derivedData/Build/Intermediates.noindex/Math.build/Debug-watchos/Math-t.build/DerivedSources -Xcc -DSWIFT_PACKAGE -Xcc -DDEBUG\=1 -emit-objc-header -emit-objc-header-path /Users/admin/builder/spi-builder-workspace/.derivedData/Build/Intermediates.noindex/Math.build/Debug-watchos/Math-t.build/Objects-normal/arm64_32/Math-Swift.h -working-directory /Users/admin/builder/spi-builder-workspace/.swiftpm/xcode -experimental-emit-module-separately -disable-cmo
SwiftDriverJobDiscovery normal arm64 Compiling IntegerExtensions.swift, LinearRegression.swift (in target 'Math' from project 'Math')
SwiftDriver\ Compilation\ Requirements Math normal arm64 com.apple.xcode.tools.swift.compiler (in target 'Math' from project 'Math')
cd /Users/admin/builder/spi-builder-workspace/.swiftpm/xcode
builtin-Swift-Compilation-Requirements -- /Applications/Xcode-27.0.0-Release.Candidate.app/Contents/Developer/Toolchains/XcodeDefault.xctoolchain/usr/bin/swiftc -parse-as-library -module-name Math -Onone @/Users/admin/builder/spi-builder-workspace/.derivedData/Build/Intermediates.noindex/Math.build/Debug-watchos/Math-t.build/Objects-normal/arm64/Math.SwiftFileList -DSWIFT_PACKAGE -DDEBUG -DSWIFT_MODULE_RESOURCE_BUNDLE_UNAVAILABLE -DXcode -plugin-path /Applications/Xcode-27.0.0-Release.Candidate.app/Contents/Developer/Toolchains/XcodeDefault.xctoolchain/usr/lib/swift/host/plugins/testing -enable-experimental-feature DebugDescriptionMacro -sdk /Applications/Xcode-27.0.0-Release.Candidate.app/Contents/Developer/Platforms/WatchOS.platform/Developer/SDKs/WatchOS27.0.sdk -target arm64-apple-watchos9.0 -g -module-cache-path /Users/admin/builder/spi-builder-workspace/.derivedData/ModuleCache.noindex -Xfrontend -serialize-debugging-options -profile-coverage-mapping -profile-generate -enable-testing -suppress-warnings -index-store-path /Users/admin/builder/spi-builder-workspace/.derivedData/Index.noindex/DataStore -Xcc -D_LIBCPP_HARDENING_MODE\=_LIBCPP_HARDENING_MODE_DEBUG -swift-version 4.2 -I /Users/admin/builder/spi-builder-workspace/.derivedData/Build/Products/Debug-watchos -Isystem /Applications/Xcode-27.0.0-Release.Candidate.app/Contents/Developer/Platforms/WatchOS.platform/Developer/usr/lib -F /Users/admin/builder/spi-builder-workspace/.derivedData/Build/Products/Debug-watchos/PackageFrameworks -F /Users/admin/builder/spi-builder-workspace/.derivedData/Build/Products/Debug-watchos -F /Applications/Xcode-27.0.0-Release.Candidate.app/Contents/Developer/Platforms/WatchOS.platform/Developer/Library/Frameworks -F /Applications/Xcode-27.0.0-Release.Candidate.app/Contents/Developer/Platforms/WatchOS.platform/Developer/SDKs/WatchOS27.0.sdk/Developer/Library/Frameworks -c -j10 -enable-batch-mode -incremental -Xcc -ivfsstatcache -Xcc /Users/admin/builder/spi-builder-workspace/.derivedData/SDKStatCaches.noindex/watchos27.0-24R360-e829b21a6f8c9b70876ba0858053c04477534ef55a1706bf4c1112bbb242f0a2.sdkstatcache -output-file-map /Users/admin/builder/spi-builder-workspace/.derivedData/Build/Intermediates.noindex/Math.build/Debug-watchos/Math-t.build/Objects-normal/arm64/Math-OutputFileMap.json -save-temps -no-color-diagnostics -emit-dependencies -emit-module -emit-module-path /Users/admin/builder/spi-builder-workspace/.derivedData/Build/Intermediates.noindex/Math.build/Debug-watchos/Math-t.build/Objects-normal/arm64/Math.swiftmodule -serialize-diagnostics -validate-clang-modules-once -clang-build-session-file /Users/admin/builder/spi-builder-workspace/.derivedData/ModuleCache.noindex/Session.modulevalidation -Xcc -fmodules-prune-interval\=86400 -Xcc -fmodules-prune-after\=345600 -emit-const-values -const-gather-protocols-list /Users/admin/builder/spi-builder-workspace/.derivedData/Build/Intermediates.noindex/Math.build/Debug-watchos/Math-t.build/Objects-normal/arm64/Math_const_extract_protocols.json -Xcc -I/Users/admin/builder/spi-builder-workspace/.derivedData/Build/Products/Debug-watchos/include -Xcc -I/Users/admin/builder/spi-builder-workspace/.derivedData/Build/Intermediates.noindex/Math.build/Debug-watchos/Math-t.build/DerivedSources-normal/arm64 -Xcc -I/Users/admin/builder/spi-builder-workspace/.derivedData/Build/Intermediates.noindex/Math.build/Debug-watchos/Math-t.build/DerivedSources/arm64 -Xcc -I/Users/admin/builder/spi-builder-workspace/.derivedData/Build/Intermediates.noindex/Math.build/Debug-watchos/Math-t.build/DerivedSources -Xcc -DSWIFT_PACKAGE -Xcc -DDEBUG\=1 -emit-objc-header -emit-objc-header-path /Users/admin/builder/spi-builder-workspace/.derivedData/Build/Intermediates.noindex/Math.build/Debug-watchos/Math-t.build/Objects-normal/arm64/Math-Swift.h -working-directory /Users/admin/builder/spi-builder-workspace/.swiftpm/xcode -experimental-emit-module-separately -disable-cmo
SwiftCompile normal arm64_32 Compiling\ Rational.swift /Users/admin/builder/spi-builder-workspace/.dependencies/checkouts/Math/Sources/Math/Rational.swift (in target 'Math' from project 'Math')
SwiftCompile normal arm64_32 /Users/admin/builder/spi-builder-workspace/.dependencies/checkouts/Math/Sources/Math/Rational.swift (in target 'Math' from project 'Math')
cd /Users/admin/builder/spi-builder-workspace/.swiftpm/xcode
builtin-SwiftPerFileCompile Rational.swift
SwiftMergeGeneratedHeaders /Users/admin/builder/spi-builder-workspace/.derivedData/Build/Intermediates.noindex/GeneratedModuleMaps-watchos/Math-Swift.h /Users/admin/builder/spi-builder-workspace/.derivedData/Build/Intermediates.noindex/Math.build/Debug-watchos/Math-t.build/Objects-normal/arm64/Math-Swift.h /Users/admin/builder/spi-builder-workspace/.derivedData/Build/Intermediates.noindex/Math.build/Debug-watchos/Math-t.build/Objects-normal/arm64_32/Math-Swift.h (in target 'Math' from project 'Math')
cd /Users/admin/builder/spi-builder-workspace/.dependencies/checkouts/Math
builtin-swiftHeaderTool -arch arm64 /Users/admin/builder/spi-builder-workspace/.derivedData/Build/Intermediates.noindex/Math.build/Debug-watchos/Math-t.build/Objects-normal/arm64/Math-Swift.h -arch arm64_32 /Users/admin/builder/spi-builder-workspace/.derivedData/Build/Intermediates.noindex/Math.build/Debug-watchos/Math-t.build/Objects-normal/arm64_32/Math-Swift.h -o /Users/admin/builder/spi-builder-workspace/.derivedData/Build/Intermediates.noindex/GeneratedModuleMaps-watchos/Math-Swift.h
SwiftDriverJobDiscovery normal arm64 Compiling Scale.swift (in target 'Math' from project 'Math')
Copy /Users/admin/builder/spi-builder-workspace/.derivedData/Build/Products/Debug-watchos/Math.swiftmodule/arm64_32-apple-watchos.swiftmodule /Users/admin/builder/spi-builder-workspace/.derivedData/Build/Intermediates.noindex/Math.build/Debug-watchos/Math-t.build/Objects-normal/arm64_32/Math.swiftmodule (in target 'Math' from project 'Math')
cd /Users/admin/builder/spi-builder-workspace/.dependencies/checkouts/Math
builtin-copy -exclude .DS_Store -exclude CVS -exclude .svn -exclude .git -exclude .hg -resolve-src-symlinks -rename /Users/admin/builder/spi-builder-workspace/.derivedData/Build/Intermediates.noindex/Math.build/Debug-watchos/Math-t.build/Objects-normal/arm64_32/Math.swiftmodule /Users/admin/builder/spi-builder-workspace/.derivedData/Build/Products/Debug-watchos/Math.swiftmodule/arm64_32-apple-watchos.swiftmodule
Copy /Users/admin/builder/spi-builder-workspace/.derivedData/Build/Products/Debug-watchos/Math.swiftmodule/arm64_32-apple-watchos.swiftdoc /Users/admin/builder/spi-builder-workspace/.derivedData/Build/Intermediates.noindex/Math.build/Debug-watchos/Math-t.build/Objects-normal/arm64_32/Math.swiftdoc (in target 'Math' from project 'Math')
cd /Users/admin/builder/spi-builder-workspace/.dependencies/checkouts/Math
builtin-copy -exclude .DS_Store -exclude CVS -exclude .svn -exclude .git -exclude .hg -resolve-src-symlinks -rename /Users/admin/builder/spi-builder-workspace/.derivedData/Build/Intermediates.noindex/Math.build/Debug-watchos/Math-t.build/Objects-normal/arm64_32/Math.swiftdoc /Users/admin/builder/spi-builder-workspace/.derivedData/Build/Products/Debug-watchos/Math.swiftmodule/arm64_32-apple-watchos.swiftdoc
Copy /Users/admin/builder/spi-builder-workspace/.derivedData/Build/Products/Debug-watchos/Math.swiftmodule/arm64_32-apple-watchos.abi.json /Users/admin/builder/spi-builder-workspace/.derivedData/Build/Intermediates.noindex/Math.build/Debug-watchos/Math-t.build/Objects-normal/arm64_32/Math.abi.json (in target 'Math' from project 'Math')
cd /Users/admin/builder/spi-builder-workspace/.dependencies/checkouts/Math
builtin-copy -exclude .DS_Store -exclude CVS -exclude .svn -exclude .git -exclude .hg -resolve-src-symlinks -rename /Users/admin/builder/spi-builder-workspace/.derivedData/Build/Intermediates.noindex/Math.build/Debug-watchos/Math-t.build/Objects-normal/arm64_32/Math.abi.json /Users/admin/builder/spi-builder-workspace/.derivedData/Build/Products/Debug-watchos/Math.swiftmodule/arm64_32-apple-watchos.abi.json
Copy /Users/admin/builder/spi-builder-workspace/.derivedData/Build/Products/Debug-watchos/Math.swiftmodule/arm64-apple-watchos.swiftmodule /Users/admin/builder/spi-builder-workspace/.derivedData/Build/Intermediates.noindex/Math.build/Debug-watchos/Math-t.build/Objects-normal/arm64/Math.swiftmodule (in target 'Math' from project 'Math')
cd /Users/admin/builder/spi-builder-workspace/.dependencies/checkouts/Math
builtin-copy -exclude .DS_Store -exclude CVS -exclude .svn -exclude .git -exclude .hg -resolve-src-symlinks -rename /Users/admin/builder/spi-builder-workspace/.derivedData/Build/Intermediates.noindex/Math.build/Debug-watchos/Math-t.build/Objects-normal/arm64/Math.swiftmodule /Users/admin/builder/spi-builder-workspace/.derivedData/Build/Products/Debug-watchos/Math.swiftmodule/arm64-apple-watchos.swiftmodule
Copy /Users/admin/builder/spi-builder-workspace/.derivedData/Build/Products/Debug-watchos/Math.swiftmodule/arm64-apple-watchos.swiftdoc /Users/admin/builder/spi-builder-workspace/.derivedData/Build/Intermediates.noindex/Math.build/Debug-watchos/Math-t.build/Objects-normal/arm64/Math.swiftdoc (in target 'Math' from project 'Math')
cd /Users/admin/builder/spi-builder-workspace/.dependencies/checkouts/Math
builtin-copy -exclude .DS_Store -exclude CVS -exclude .svn -exclude .git -exclude .hg -resolve-src-symlinks -rename /Users/admin/builder/spi-builder-workspace/.derivedData/Build/Intermediates.noindex/Math.build/Debug-watchos/Math-t.build/Objects-normal/arm64/Math.swiftdoc /Users/admin/builder/spi-builder-workspace/.derivedData/Build/Products/Debug-watchos/Math.swiftmodule/arm64-apple-watchos.swiftdoc
Copy /Users/admin/builder/spi-builder-workspace/.derivedData/Build/Products/Debug-watchos/Math.swiftmodule/arm64-apple-watchos.abi.json /Users/admin/builder/spi-builder-workspace/.derivedData/Build/Intermediates.noindex/Math.build/Debug-watchos/Math-t.build/Objects-normal/arm64/Math.abi.json (in target 'Math' from project 'Math')
cd /Users/admin/builder/spi-builder-workspace/.dependencies/checkouts/Math
builtin-copy -exclude .DS_Store -exclude CVS -exclude .svn -exclude .git -exclude .hg -resolve-src-symlinks -rename /Users/admin/builder/spi-builder-workspace/.derivedData/Build/Intermediates.noindex/Math.build/Debug-watchos/Math-t.build/Objects-normal/arm64/Math.abi.json /Users/admin/builder/spi-builder-workspace/.derivedData/Build/Products/Debug-watchos/Math.swiftmodule/arm64-apple-watchos.abi.json
Copy /Users/admin/builder/spi-builder-workspace/.derivedData/Build/Products/Debug-watchos/Math.swiftmodule/Project/arm64_32-apple-watchos.swiftsourceinfo /Users/admin/builder/spi-builder-workspace/.derivedData/Build/Intermediates.noindex/Math.build/Debug-watchos/Math-t.build/Objects-normal/arm64_32/Math.swiftsourceinfo (in target 'Math' from project 'Math')
cd /Users/admin/builder/spi-builder-workspace/.dependencies/checkouts/Math
builtin-copy -exclude .DS_Store -exclude CVS -exclude .svn -exclude .git -exclude .hg -resolve-src-symlinks -rename /Users/admin/builder/spi-builder-workspace/.derivedData/Build/Intermediates.noindex/Math.build/Debug-watchos/Math-t.build/Objects-normal/arm64_32/Math.swiftsourceinfo /Users/admin/builder/spi-builder-workspace/.derivedData/Build/Products/Debug-watchos/Math.swiftmodule/Project/arm64_32-apple-watchos.swiftsourceinfo
SwiftDriverJobDiscovery normal arm64_32 Compiling PowerOfTwoSequence.swift (in target 'Math' from project 'Math')
Copy /Users/admin/builder/spi-builder-workspace/.derivedData/Build/Products/Debug-watchos/Math.swiftmodule/Project/arm64-apple-watchos.swiftsourceinfo /Users/admin/builder/spi-builder-workspace/.derivedData/Build/Intermediates.noindex/Math.build/Debug-watchos/Math-t.build/Objects-normal/arm64/Math.swiftsourceinfo (in target 'Math' from project 'Math')
cd /Users/admin/builder/spi-builder-workspace/.dependencies/checkouts/Math
builtin-copy -exclude .DS_Store -exclude CVS -exclude .svn -exclude .git -exclude .hg -resolve-src-symlinks -rename /Users/admin/builder/spi-builder-workspace/.derivedData/Build/Intermediates.noindex/Math.build/Debug-watchos/Math-t.build/Objects-normal/arm64/Math.swiftsourceinfo /Users/admin/builder/spi-builder-workspace/.derivedData/Build/Products/Debug-watchos/Math.swiftmodule/Project/arm64-apple-watchos.swiftsourceinfo
SwiftCompile normal arm64_32 Compiling\ IntegerExtensions.swift,\ LinearRegression.swift /Users/admin/builder/spi-builder-workspace/.dependencies/checkouts/Math/Sources/Math/IntegerExtensions.swift /Users/admin/builder/spi-builder-workspace/.dependencies/checkouts/Math/Sources/Math/LinearRegression.swift (in target 'Math' from project 'Math')
SwiftCompile normal arm64_32 /Users/admin/builder/spi-builder-workspace/.dependencies/checkouts/Math/Sources/Math/IntegerExtensions.swift (in target 'Math' from project 'Math')
cd /Users/admin/builder/spi-builder-workspace/.swiftpm/xcode
builtin-SwiftPerFileCompile IntegerExtensions.swift
SwiftCompile normal arm64_32 /Users/admin/builder/spi-builder-workspace/.dependencies/checkouts/Math/Sources/Math/LinearRegression.swift (in target 'Math' from project 'Math')
cd /Users/admin/builder/spi-builder-workspace/.swiftpm/xcode
builtin-SwiftPerFileCompile LinearRegression.swift
SwiftCompile normal arm64 Compiling\ Proximity.swift /Users/admin/builder/spi-builder-workspace/.dependencies/checkouts/Math/Sources/Math/Proximity.swift (in target 'Math' from project 'Math')
SwiftCompile normal arm64 /Users/admin/builder/spi-builder-workspace/.dependencies/checkouts/Math/Sources/Math/Proximity.swift (in target 'Math' from project 'Math')
cd /Users/admin/builder/spi-builder-workspace/.swiftpm/xcode
builtin-SwiftPerFileCompile Proximity.swift
SwiftDriverJobDiscovery normal arm64 Compiling Functions.swift, GCDDomain.swift (in target 'Math' from project 'Math')
SwiftCompile normal arm64 Compiling\ PowerOfTwoSequence.swift /Users/admin/builder/spi-builder-workspace/.dependencies/checkouts/Math/Sources/Math/PowerOfTwoSequence.swift (in target 'Math' from project 'Math')
SwiftCompile normal arm64 /Users/admin/builder/spi-builder-workspace/.dependencies/checkouts/Math/Sources/Math/PowerOfTwoSequence.swift (in target 'Math' from project 'Math')
cd /Users/admin/builder/spi-builder-workspace/.swiftpm/xcode
builtin-SwiftPerFileCompile PowerOfTwoSequence.swift
SwiftDriverJobDiscovery normal arm64_32 Compiling Functions.swift, GCDDomain.swift (in target 'Math' from project 'Math')
SwiftCompile normal arm64_32 Compiling\ Bitwise.swift,\ CollectionExtensions.swift /Users/admin/builder/spi-builder-workspace/.dependencies/checkouts/Math/Sources/Math/Bitwise.swift /Users/admin/builder/spi-builder-workspace/.dependencies/checkouts/Math/Sources/Math/CollectionExtensions.swift (in target 'Math' from project 'Math')
SwiftCompile normal arm64_32 /Users/admin/builder/spi-builder-workspace/.dependencies/checkouts/Math/Sources/Math/Bitwise.swift (in target 'Math' from project 'Math')
cd /Users/admin/builder/spi-builder-workspace/.swiftpm/xcode
builtin-SwiftPerFileCompile Bitwise.swift
SwiftCompile normal arm64_32 /Users/admin/builder/spi-builder-workspace/.dependencies/checkouts/Math/Sources/Math/CollectionExtensions.swift (in target 'Math' from project 'Math')
cd /Users/admin/builder/spi-builder-workspace/.swiftpm/xcode
builtin-SwiftPerFileCompile CollectionExtensions.swift
SwiftDriverJobDiscovery normal arm64 Compiling Proximity.swift (in target 'Math' from project 'Math')
SwiftCompile normal arm64 Compiling\ Power.swift /Users/admin/builder/spi-builder-workspace/.dependencies/checkouts/Math/Sources/Math/Power.swift (in target 'Math' from project 'Math')
SwiftCompile normal arm64 /Users/admin/builder/spi-builder-workspace/.dependencies/checkouts/Math/Sources/Math/Power.swift (in target 'Math' from project 'Math')
cd /Users/admin/builder/spi-builder-workspace/.swiftpm/xcode
builtin-SwiftPerFileCompile Power.swift
SwiftCompile normal arm64_32 Compiling\ Quadratic.swift /Users/admin/builder/spi-builder-workspace/.dependencies/checkouts/Math/Sources/Math/Quadratic.swift (in target 'Math' from project 'Math')
SwiftCompile normal arm64_32 /Users/admin/builder/spi-builder-workspace/.dependencies/checkouts/Math/Sources/Math/Quadratic.swift (in target 'Math' from project 'Math')
cd /Users/admin/builder/spi-builder-workspace/.swiftpm/xcode
builtin-SwiftPerFileCompile Quadratic.swift
SwiftDriverJobDiscovery normal arm64 Compiling Bitwise.swift, CollectionExtensions.swift (in target 'Math' from project 'Math')
SwiftCompile normal arm64_32 Compiling\ Power.swift /Users/admin/builder/spi-builder-workspace/.dependencies/checkouts/Math/Sources/Math/Power.swift (in target 'Math' from project 'Math')
SwiftCompile normal arm64_32 /Users/admin/builder/spi-builder-workspace/.dependencies/checkouts/Math/Sources/Math/Power.swift (in target 'Math' from project 'Math')
cd /Users/admin/builder/spi-builder-workspace/.swiftpm/xcode
builtin-SwiftPerFileCompile Power.swift
SwiftDriverJobDiscovery normal arm64 Compiling PowerOfTwoSequence.swift (in target 'Math' from project 'Math')
SwiftCompile normal arm64_32 Compiling\ Proximity.swift /Users/admin/builder/spi-builder-workspace/.dependencies/checkouts/Math/Sources/Math/Proximity.swift (in target 'Math' from project 'Math')
SwiftCompile normal arm64_32 /Users/admin/builder/spi-builder-workspace/.dependencies/checkouts/Math/Sources/Math/Proximity.swift (in target 'Math' from project 'Math')
cd /Users/admin/builder/spi-builder-workspace/.swiftpm/xcode
builtin-SwiftPerFileCompile Proximity.swift
SwiftDriverJobDiscovery normal arm64 Compiling Rational.swift (in target 'Math' from project 'Math')
SwiftDriverJobDiscovery normal arm64_32 Compiling Rational.swift (in target 'Math' from project 'Math')
SwiftDriver\ Compilation DataStructures normal arm64_32 com.apple.xcode.tools.swift.compiler (in target 'DataStructures' from project 'Structure')
cd /Users/admin/builder/spi-builder-workspace/.swiftpm/xcode
builtin-Swift-Compilation -- /Applications/Xcode-27.0.0-Release.Candidate.app/Contents/Developer/Toolchains/XcodeDefault.xctoolchain/usr/bin/swiftc -parse-as-library -module-name DataStructures -Onone @/Users/admin/builder/spi-builder-workspace/.derivedData/Build/Intermediates.noindex/Structure.build/Debug-watchos/DataStructures-t.build/Objects-normal/arm64_32/DataStructures.SwiftFileList -DSWIFT_PACKAGE -DDEBUG -DSWIFT_MODULE_RESOURCE_BUNDLE_UNAVAILABLE -DXcode -plugin-path /Applications/Xcode-27.0.0-Release.Candidate.app/Contents/Developer/Toolchains/XcodeDefault.xctoolchain/usr/lib/swift/host/plugins/testing -enable-experimental-feature DebugDescriptionMacro -sdk /Applications/Xcode-27.0.0-Release.Candidate.app/Contents/Developer/Platforms/WatchOS.platform/Developer/SDKs/WatchOS27.0.sdk -target arm64_32-apple-watchos9.0 -g -module-cache-path /Users/admin/builder/spi-builder-workspace/.derivedData/ModuleCache.noindex -Xfrontend -serialize-debugging-options -profile-coverage-mapping -profile-generate -enable-testing -suppress-warnings -index-store-path /Users/admin/builder/spi-builder-workspace/.derivedData/Index.noindex/DataStore -Xcc -D_LIBCPP_HARDENING_MODE\=_LIBCPP_HARDENING_MODE_DEBUG -swift-version 5 -I /Users/admin/builder/spi-builder-workspace/.derivedData/Build/Products/Debug-watchos -Isystem /Applications/Xcode-27.0.0-Release.Candidate.app/Contents/Developer/Platforms/WatchOS.platform/Developer/usr/lib -F /Users/admin/builder/spi-builder-workspace/.derivedData/Build/Products/Debug-watchos/PackageFrameworks -F /Users/admin/builder/spi-builder-workspace/.derivedData/Build/Products/Debug-watchos -F /Applications/Xcode-27.0.0-Release.Candidate.app/Contents/Developer/Platforms/WatchOS.platform/Developer/Library/Frameworks -F /Applications/Xcode-27.0.0-Release.Candidate.app/Contents/Developer/Platforms/WatchOS.platform/Developer/SDKs/WatchOS27.0.sdk/Developer/Library/Frameworks -c -j10 -enable-batch-mode -incremental -Xcc -ivfsstatcache -Xcc /Users/admin/builder/spi-builder-workspace/.derivedData/SDKStatCaches.noindex/watchos27.0-24R360-e829b21a6f8c9b70876ba0858053c04477534ef55a1706bf4c1112bbb242f0a2.sdkstatcache -output-file-map /Users/admin/builder/spi-builder-workspace/.derivedData/Build/Intermediates.noindex/Structure.build/Debug-watchos/DataStructures-t.build/Objects-normal/arm64_32/DataStructures-OutputFileMap.json -save-temps -no-color-diagnostics -explicit-module-build -module-cache-path /Users/admin/builder/spi-builder-workspace/.derivedData/Build/Intermediates.noindex/SwiftExplicitPrecompiledModules -clang-scanner-module-cache-path /Users/admin/builder/spi-builder-workspace/.derivedData/ModuleCache.noindex -sdk-module-cache-path /Users/admin/builder/spi-builder-workspace/.derivedData/SDKExplicitPrecompiledModules -emit-dependencies -emit-module -emit-module-path /Users/admin/builder/spi-builder-workspace/.derivedData/Build/Intermediates.noindex/Structure.build/Debug-watchos/DataStructures-t.build/Objects-normal/arm64_32/DataStructures.swiftmodule -serialize-diagnostics -dependency-scan-serialize-diagnostics-path /Users/admin/builder/spi-builder-workspace/.derivedData/Build/Intermediates.noindex/Structure.build/Debug-watchos/DataStructures-t.build/Objects-normal/arm64_32/DataStructures-dependency-scan.dia -validate-clang-modules-once -clang-build-session-file /Users/admin/builder/spi-builder-workspace/.derivedData/ModuleCache.noindex/Session.modulevalidation -Xcc -fmodules-prune-interval\=86400 -Xcc -fmodules-prune-after\=345600 -emit-const-values -const-gather-protocols-list /Users/admin/builder/spi-builder-workspace/.derivedData/Build/Intermediates.noindex/Structure.build/Debug-watchos/DataStructures-t.build/Objects-normal/arm64_32/DataStructures_const_extract_protocols.json -Xcc -I/Users/admin/builder/spi-builder-workspace/.derivedData/Build/Products/Debug-watchos/include -Xcc -I/Users/admin/builder/spi-builder-workspace/.derivedData/Build/Intermediates.noindex/Structure.build/Debug-watchos/DataStructures-t.build/DerivedSources-normal/arm64_32 -Xcc -I/Users/admin/builder/spi-builder-workspace/.derivedData/Build/Intermediates.noindex/Structure.build/Debug-watchos/DataStructures-t.build/DerivedSources/arm64_32 -Xcc -I/Users/admin/builder/spi-builder-workspace/.derivedData/Build/Intermediates.noindex/Structure.build/Debug-watchos/DataStructures-t.build/DerivedSources -Xcc -DSWIFT_PACKAGE -Xcc -DDEBUG\=1 -emit-objc-header -emit-objc-header-path /Users/admin/builder/spi-builder-workspace/.derivedData/Build/Intermediates.noindex/Structure.build/Debug-watchos/DataStructures-t.build/Objects-normal/arm64_32/DataStructures-Swift.h -working-directory /Users/admin/builder/spi-builder-workspace/.swiftpm/xcode -experimental-emit-module-separately -disable-cmo
SwiftDriver\ Compilation DataStructures normal arm64 com.apple.xcode.tools.swift.compiler (in target 'DataStructures' from project 'Structure')
cd /Users/admin/builder/spi-builder-workspace/.swiftpm/xcode
builtin-Swift-Compilation -- /Applications/Xcode-27.0.0-Release.Candidate.app/Contents/Developer/Toolchains/XcodeDefault.xctoolchain/usr/bin/swiftc -parse-as-library -module-name DataStructures -Onone @/Users/admin/builder/spi-builder-workspace/.derivedData/Build/Intermediates.noindex/Structure.build/Debug-watchos/DataStructures-t.build/Objects-normal/arm64/DataStructures.SwiftFileList -DSWIFT_PACKAGE -DDEBUG -DSWIFT_MODULE_RESOURCE_BUNDLE_UNAVAILABLE -DXcode -plugin-path /Applications/Xcode-27.0.0-Release.Candidate.app/Contents/Developer/Toolchains/XcodeDefault.xctoolchain/usr/lib/swift/host/plugins/testing -enable-experimental-feature DebugDescriptionMacro -sdk /Applications/Xcode-27.0.0-Release.Candidate.app/Contents/Developer/Platforms/WatchOS.platform/Developer/SDKs/WatchOS27.0.sdk -target arm64-apple-watchos9.0 -g -module-cache-path /Users/admin/builder/spi-builder-workspace/.derivedData/ModuleCache.noindex -Xfrontend -serialize-debugging-options -profile-coverage-mapping -profile-generate -enable-testing -suppress-warnings -index-store-path /Users/admin/builder/spi-builder-workspace/.derivedData/Index.noindex/DataStore -Xcc -D_LIBCPP_HARDENING_MODE\=_LIBCPP_HARDENING_MODE_DEBUG -swift-version 5 -I /Users/admin/builder/spi-builder-workspace/.derivedData/Build/Products/Debug-watchos -Isystem /Applications/Xcode-27.0.0-Release.Candidate.app/Contents/Developer/Platforms/WatchOS.platform/Developer/usr/lib -F /Users/admin/builder/spi-builder-workspace/.derivedData/Build/Products/Debug-watchos/PackageFrameworks -F /Users/admin/builder/spi-builder-workspace/.derivedData/Build/Products/Debug-watchos -F /Applications/Xcode-27.0.0-Release.Candidate.app/Contents/Developer/Platforms/WatchOS.platform/Developer/Library/Frameworks -F /Applications/Xcode-27.0.0-Release.Candidate.app/Contents/Developer/Platforms/WatchOS.platform/Developer/SDKs/WatchOS27.0.sdk/Developer/Library/Frameworks -c -j10 -enable-batch-mode -incremental -Xcc -ivfsstatcache -Xcc /Users/admin/builder/spi-builder-workspace/.derivedData/SDKStatCaches.noindex/watchos27.0-24R360-e829b21a6f8c9b70876ba0858053c04477534ef55a1706bf4c1112bbb242f0a2.sdkstatcache -output-file-map /Users/admin/builder/spi-builder-workspace/.derivedData/Build/Intermediates.noindex/Structure.build/Debug-watchos/DataStructures-t.build/Objects-normal/arm64/DataStructures-OutputFileMap.json -save-temps -no-color-diagnostics -explicit-module-build -module-cache-path /Users/admin/builder/spi-builder-workspace/.derivedData/Build/Intermediates.noindex/SwiftExplicitPrecompiledModules -clang-scanner-module-cache-path /Users/admin/builder/spi-builder-workspace/.derivedData/ModuleCache.noindex -sdk-module-cache-path /Users/admin/builder/spi-builder-workspace/.derivedData/SDKExplicitPrecompiledModules -emit-dependencies -emit-module -emit-module-path /Users/admin/builder/spi-builder-workspace/.derivedData/Build/Intermediates.noindex/Structure.build/Debug-watchos/DataStructures-t.build/Objects-normal/arm64/DataStructures.swiftmodule -serialize-diagnostics -dependency-scan-serialize-diagnostics-path /Users/admin/builder/spi-builder-workspace/.derivedData/Build/Intermediates.noindex/Structure.build/Debug-watchos/DataStructures-t.build/Objects-normal/arm64/DataStructures-dependency-scan.dia -validate-clang-modules-once -clang-build-session-file /Users/admin/builder/spi-builder-workspace/.derivedData/ModuleCache.noindex/Session.modulevalidation -Xcc -fmodules-prune-interval\=86400 -Xcc -fmodules-prune-after\=345600 -emit-const-values -const-gather-protocols-list /Users/admin/builder/spi-builder-workspace/.derivedData/Build/Intermediates.noindex/Structure.build/Debug-watchos/DataStructures-t.build/Objects-normal/arm64/DataStructures_const_extract_protocols.json -Xcc -I/Users/admin/builder/spi-builder-workspace/.derivedData/Build/Products/Debug-watchos/include -Xcc -I/Users/admin/builder/spi-builder-workspace/.derivedData/Build/Intermediates.noindex/Structure.build/Debug-watchos/DataStructures-t.build/DerivedSources-normal/arm64 -Xcc -I/Users/admin/builder/spi-builder-workspace/.derivedData/Build/Intermediates.noindex/Structure.build/Debug-watchos/DataStructures-t.build/DerivedSources/arm64 -Xcc -I/Users/admin/builder/spi-builder-workspace/.derivedData/Build/Intermediates.noindex/Structure.build/Debug-watchos/DataStructures-t.build/DerivedSources -Xcc -DSWIFT_PACKAGE -Xcc -DDEBUG\=1 -emit-objc-header -emit-objc-header-path /Users/admin/builder/spi-builder-workspace/.derivedData/Build/Intermediates.noindex/Structure.build/Debug-watchos/DataStructures-t.build/Objects-normal/arm64/DataStructures-Swift.h -working-directory /Users/admin/builder/spi-builder-workspace/.swiftpm/xcode -experimental-emit-module-separately -disable-cmo
SwiftDriver Pitch normal arm64_32 com.apple.xcode.tools.swift.compiler (in target 'Pitch' from project 'Music')
cd /Users/admin/builder/spi-builder-workspace/.swiftpm/xcode
builtin-SwiftDriver -- /Applications/Xcode-27.0.0-Release.Candidate.app/Contents/Developer/Toolchains/XcodeDefault.xctoolchain/usr/bin/swiftc -parse-as-library -module-name Pitch -Onone @/Users/admin/builder/spi-builder-workspace/.derivedData/Build/Intermediates.noindex/Music.build/Debug-watchos/Pitch-t.build/Objects-normal/arm64_32/Pitch.SwiftFileList -DSWIFT_PACKAGE -DDEBUG -DSWIFT_MODULE_RESOURCE_BUNDLE_UNAVAILABLE -DXcode -plugin-path /Applications/Xcode-27.0.0-Release.Candidate.app/Contents/Developer/Toolchains/XcodeDefault.xctoolchain/usr/lib/swift/host/plugins/testing -enable-experimental-feature DebugDescriptionMacro -sdk /Applications/Xcode-27.0.0-Release.Candidate.app/Contents/Developer/Platforms/WatchOS.platform/Developer/SDKs/WatchOS27.0.sdk -target arm64_32-apple-watchos9.0 -g -module-cache-path /Users/admin/builder/spi-builder-workspace/.derivedData/ModuleCache.noindex -Xfrontend -serialize-debugging-options -profile-coverage-mapping -profile-generate -enable-testing -suppress-warnings -index-store-path /Users/admin/builder/spi-builder-workspace/.derivedData/Index.noindex/DataStore -Xcc -D_LIBCPP_HARDENING_MODE\=_LIBCPP_HARDENING_MODE_DEBUG -swift-version 4.2 -I /Users/admin/builder/spi-builder-workspace/.derivedData/Build/Products/Debug-watchos -Isystem /Applications/Xcode-27.0.0-Release.Candidate.app/Contents/Developer/Platforms/WatchOS.platform/Developer/usr/lib -F /Users/admin/builder/spi-builder-workspace/.derivedData/Build/Products/Debug-watchos/PackageFrameworks -F /Users/admin/builder/spi-builder-workspace/.derivedData/Build/Products/Debug-watchos -F /Applications/Xcode-27.0.0-Release.Candidate.app/Contents/Developer/Platforms/WatchOS.platform/Developer/Library/Frameworks -F /Applications/Xcode-27.0.0-Release.Candidate.app/Contents/Developer/Platforms/WatchOS.platform/Developer/SDKs/WatchOS27.0.sdk/Developer/Library/Frameworks -c -j10 -enable-batch-mode -incremental -Xcc -ivfsstatcache -Xcc /Users/admin/builder/spi-builder-workspace/.derivedData/SDKStatCaches.noindex/watchos27.0-24R360-e829b21a6f8c9b70876ba0858053c04477534ef55a1706bf4c1112bbb242f0a2.sdkstatcache -output-file-map /Users/admin/builder/spi-builder-workspace/.derivedData/Build/Intermediates.noindex/Music.build/Debug-watchos/Pitch-t.build/Objects-normal/arm64_32/Pitch-OutputFileMap.json -save-temps -no-color-diagnostics -emit-dependencies -emit-module -emit-module-path /Users/admin/builder/spi-builder-workspace/.derivedData/Build/Intermediates.noindex/Music.build/Debug-watchos/Pitch-t.build/Objects-normal/arm64_32/Pitch.swiftmodule -serialize-diagnostics -validate-clang-modules-once -clang-build-session-file /Users/admin/builder/spi-builder-workspace/.derivedData/ModuleCache.noindex/Session.modulevalidation -Xcc -fmodules-prune-interval\=86400 -Xcc -fmodules-prune-after\=345600 -emit-const-values -const-gather-protocols-list /Users/admin/builder/spi-builder-workspace/.derivedData/Build/Intermediates.noindex/Music.build/Debug-watchos/Pitch-t.build/Objects-normal/arm64_32/Pitch_const_extract_protocols.json -Xcc -I/Users/admin/builder/spi-builder-workspace/.derivedData/Build/Products/Debug-watchos/include -Xcc -I/Users/admin/builder/spi-builder-workspace/.derivedData/Build/Intermediates.noindex/Music.build/Debug-watchos/Pitch-t.build/DerivedSources-normal/arm64_32 -Xcc -I/Users/admin/builder/spi-builder-workspace/.derivedData/Build/Intermediates.noindex/Music.build/Debug-watchos/Pitch-t.build/DerivedSources/arm64_32 -Xcc -I/Users/admin/builder/spi-builder-workspace/.derivedData/Build/Intermediates.noindex/Music.build/Debug-watchos/Pitch-t.build/DerivedSources -Xcc -DSWIFT_PACKAGE -Xcc -DDEBUG\=1 -emit-objc-header -emit-objc-header-path /Users/admin/builder/spi-builder-workspace/.derivedData/Build/Intermediates.noindex/Music.build/Debug-watchos/Pitch-t.build/Objects-normal/arm64_32/Pitch-Swift.h -working-directory /Users/admin/builder/spi-builder-workspace/.swiftpm/xcode -experimental-emit-module-separately -disable-cmo
SwiftDriver Pitch normal arm64 com.apple.xcode.tools.swift.compiler (in target 'Pitch' from project 'Music')
cd /Users/admin/builder/spi-builder-workspace/.swiftpm/xcode
builtin-SwiftDriver -- /Applications/Xcode-27.0.0-Release.Candidate.app/Contents/Developer/Toolchains/XcodeDefault.xctoolchain/usr/bin/swiftc -parse-as-library -module-name Pitch -Onone @/Users/admin/builder/spi-builder-workspace/.derivedData/Build/Intermediates.noindex/Music.build/Debug-watchos/Pitch-t.build/Objects-normal/arm64/Pitch.SwiftFileList -DSWIFT_PACKAGE -DDEBUG -DSWIFT_MODULE_RESOURCE_BUNDLE_UNAVAILABLE -DXcode -plugin-path /Applications/Xcode-27.0.0-Release.Candidate.app/Contents/Developer/Toolchains/XcodeDefault.xctoolchain/usr/lib/swift/host/plugins/testing -enable-experimental-feature DebugDescriptionMacro -sdk /Applications/Xcode-27.0.0-Release.Candidate.app/Contents/Developer/Platforms/WatchOS.platform/Developer/SDKs/WatchOS27.0.sdk -target arm64-apple-watchos9.0 -g -module-cache-path /Users/admin/builder/spi-builder-workspace/.derivedData/ModuleCache.noindex -Xfrontend -serialize-debugging-options -profile-coverage-mapping -profile-generate -enable-testing -suppress-warnings -index-store-path /Users/admin/builder/spi-builder-workspace/.derivedData/Index.noindex/DataStore -Xcc -D_LIBCPP_HARDENING_MODE\=_LIBCPP_HARDENING_MODE_DEBUG -swift-version 4.2 -I /Users/admin/builder/spi-builder-workspace/.derivedData/Build/Products/Debug-watchos -Isystem /Applications/Xcode-27.0.0-Release.Candidate.app/Contents/Developer/Platforms/WatchOS.platform/Developer/usr/lib -F /Users/admin/builder/spi-builder-workspace/.derivedData/Build/Products/Debug-watchos/PackageFrameworks -F /Users/admin/builder/spi-builder-workspace/.derivedData/Build/Products/Debug-watchos -F /Applications/Xcode-27.0.0-Release.Candidate.app/Contents/Developer/Platforms/WatchOS.platform/Developer/Library/Frameworks -F /Applications/Xcode-27.0.0-Release.Candidate.app/Contents/Developer/Platforms/WatchOS.platform/Developer/SDKs/WatchOS27.0.sdk/Developer/Library/Frameworks -c -j10 -enable-batch-mode -incremental -Xcc -ivfsstatcache -Xcc /Users/admin/builder/spi-builder-workspace/.derivedData/SDKStatCaches.noindex/watchos27.0-24R360-e829b21a6f8c9b70876ba0858053c04477534ef55a1706bf4c1112bbb242f0a2.sdkstatcache -output-file-map /Users/admin/builder/spi-builder-workspace/.derivedData/Build/Intermediates.noindex/Music.build/Debug-watchos/Pitch-t.build/Objects-normal/arm64/Pitch-OutputFileMap.json -save-temps -no-color-diagnostics -emit-dependencies -emit-module -emit-module-path /Users/admin/builder/spi-builder-workspace/.derivedData/Build/Intermediates.noindex/Music.build/Debug-watchos/Pitch-t.build/Objects-normal/arm64/Pitch.swiftmodule -serialize-diagnostics -validate-clang-modules-once -clang-build-session-file /Users/admin/builder/spi-builder-workspace/.derivedData/ModuleCache.noindex/Session.modulevalidation -Xcc -fmodules-prune-interval\=86400 -Xcc -fmodules-prune-after\=345600 -emit-const-values -const-gather-protocols-list /Users/admin/builder/spi-builder-workspace/.derivedData/Build/Intermediates.noindex/Music.build/Debug-watchos/Pitch-t.build/Objects-normal/arm64/Pitch_const_extract_protocols.json -Xcc -I/Users/admin/builder/spi-builder-workspace/.derivedData/Build/Products/Debug-watchos/include -Xcc -I/Users/admin/builder/spi-builder-workspace/.derivedData/Build/Intermediates.noindex/Music.build/Debug-watchos/Pitch-t.build/DerivedSources-normal/arm64 -Xcc -I/Users/admin/builder/spi-builder-workspace/.derivedData/Build/Intermediates.noindex/Music.build/Debug-watchos/Pitch-t.build/DerivedSources/arm64 -Xcc -I/Users/admin/builder/spi-builder-workspace/.derivedData/Build/Intermediates.noindex/Music.build/Debug-watchos/Pitch-t.build/DerivedSources -Xcc -DSWIFT_PACKAGE -Xcc -DDEBUG\=1 -emit-objc-header -emit-objc-header-path /Users/admin/builder/spi-builder-workspace/.derivedData/Build/Intermediates.noindex/Music.build/Debug-watchos/Pitch-t.build/Objects-normal/arm64/Pitch-Swift.h -working-directory /Users/admin/builder/spi-builder-workspace/.swiftpm/xcode -experimental-emit-module-separately -disable-cmo
SwiftDriverJobDiscovery normal arm64_32 Compiling IntegerExtensions.swift, LinearRegression.swift (in target 'Math' from project 'Math')
SwiftEmitModule normal arm64_32 Emitting\ module\ for\ Pitch (in target 'Pitch' from project 'Music')
/Users/admin/builder/spi-builder-workspace/.dependencies/checkouts/Music/Sources/Pitch/Frequency.swift:25:15: error: type 'Frequency' does not conform to protocol 'AdditiveArithmetic'
23 | /// let mean: Frequency = 440.0 // => "a 440"
24 | ///
25 | public struct Frequency: NewType, SignedNumeric {
| `- error: type 'Frequency' does not conform to protocol 'AdditiveArithmetic'
26 |
27 | // MARK: - Instance Properties
Swift.AdditiveArithmetic.+=:2:13: note: multiple matching functions named '+=' with type '(inout Frequency, Frequency) -> ()'
1 | protocol AdditiveArithmetic {
2 | static func += (lhs: inout Self, rhs: Self)}
| `- note: multiple matching functions named '+=' with type '(inout Frequency, Frequency) -> ()'
3 |
Swift.AdditiveArithmetic.+=:2:20: note: candidate exactly matches
1 | protocol AdditiveArithmetic {
2 | public static func += (lhs: inout Self, rhs: Self)}
| `- note: candidate exactly matches
3 |
/Users/admin/builder/spi-builder-workspace/.dependencies/checkouts/Structure/Sources/DataStructures/Wrapping/NewType.swift:71:24: note: candidate exactly matches
69 | }
70 |
71 | public static func += (lhs: inout Self, rhs: Self) {
| `- note: candidate exactly matches
72 | lhs = lhs + rhs
73 | }
:
77 | }
78 |
79 | public static func -= (lhs: inout Self, rhs: Self) {
| `- note: candidate exactly matches
80 | lhs = lhs - rhs
81 | }
Swift.AdditiveArithmetic.-=:2:13: note: multiple matching functions named '-=' with type '(inout Frequency, Frequency) -> ()'
1 | protocol AdditiveArithmetic {
2 | static func -= (lhs: inout Self, rhs: Self)}
| `- note: multiple matching functions named '-=' with type '(inout Frequency, Frequency) -> ()'
3 |
Swift.AdditiveArithmetic.-=:2:20: note: candidate exactly matches
1 | protocol AdditiveArithmetic {
2 | public static func -= (lhs: inout Self, rhs: Self)}
| `- note: candidate exactly matches
3 |
/Users/admin/builder/spi-builder-workspace/.dependencies/checkouts/Music/Sources/Pitch/NoteNumber.swift:27:15: error: type 'NoteNumber' does not conform to protocol 'AdditiveArithmetic'
25 | /// let cold: NoteNumber = 60
26 | ///
27 | public struct NoteNumber:
| `- error: type 'NoteNumber' does not conform to protocol 'AdditiveArithmetic'
28 | NewType,
29 | Comparable,
Swift.AdditiveArithmetic.+=:2:13: note: multiple matching functions named '+=' with type '(inout NoteNumber, NoteNumber) -> ()'
1 | protocol AdditiveArithmetic {
2 | static func += (lhs: inout Self, rhs: Self)}
| `- note: multiple matching functions named '+=' with type '(inout NoteNumber, NoteNumber) -> ()'
3 |
Swift.AdditiveArithmetic.+=:2:20: note: candidate exactly matches
1 | protocol AdditiveArithmetic {
2 | public static func += (lhs: inout Self, rhs: Self)}
| `- note: candidate exactly matches
3 |
/Users/admin/builder/spi-builder-workspace/.dependencies/checkouts/Structure/Sources/DataStructures/Wrapping/NewType.swift:71:24: note: candidate exactly matches
69 | }
70 |
71 | public static func += (lhs: inout Self, rhs: Self) {
| `- note: candidate exactly matches
72 | lhs = lhs + rhs
73 | }
:
77 | }
78 |
79 | public static func -= (lhs: inout Self, rhs: Self) {
| `- note: candidate exactly matches
80 | lhs = lhs - rhs
81 | }
Swift.AdditiveArithmetic.-=:2:13: note: multiple matching functions named '-=' with type '(inout NoteNumber, NoteNumber) -> ()'
1 | protocol AdditiveArithmetic {
2 | static func -= (lhs: inout Self, rhs: Self)}
| `- note: multiple matching functions named '-=' with type '(inout NoteNumber, NoteNumber) -> ()'
3 |
Swift.AdditiveArithmetic.-=:2:20: note: candidate exactly matches
1 | protocol AdditiveArithmetic {
2 | public static func -= (lhs: inout Self, rhs: Self)}
| `- note: candidate exactly matches
3 |
Failed frontend command:
SwiftCompile normal arm64_32 (in target 'Pitch' from project 'Music')
cd /Users/admin/builder/spi-builder-workspace/.swiftpm/xcode
/Applications/Xcode-27.0.0-Release.Candidate.app/Contents/Developer/Toolchains/XcodeDefault.xctoolchain/usr/bin/swift-frontend -frontend -emit-module -experimental-skip-non-inlinable-function-bodies-without-types /Users/admin/builder/spi-builder-workspace/.dependencies/checkouts/Music/Sources/Pitch/Chord/Chord.IntervalPattern.swift /Users/admin/builder/spi-builder-workspace/.dependencies/checkouts/Music/Sources/Pitch/Chord/Chord.swift /Users/admin/builder/spi-builder-workspace/.dependencies/checkouts/Music/Sources/Pitch/Chord/ChordDescriptor.swift /Users/admin/builder/spi-builder-workspace/.dependencies/checkouts/Music/Sources/Pitch/Dyad.swift /Users/admin/builder/spi-builder-workspace/.dependencies/checkouts/Music/Sources/Pitch/Frequency.swift /Users/admin/builder/spi-builder-workspace/.dependencies/checkouts/Music/Sources/Pitch/IntervalDescriptor/CompoundIntervalDescriptor.swift /Users/admin/builder/spi-builder-workspace/.dependencies/checkouts/Music/Sources/Pitch/IntervalDescriptor/IntervalDescriptor.swift /Users/admin/builder/spi-builder-workspace/.dependencies/checkouts/Music/Sources/Pitch/IntervalDescriptor/IntervalOrdinal.swift /Users/admin/builder/spi-builder-workspace/.dependencies/checkouts/Music/Sources/Pitch/IntervalDescriptor/IntervalQuality.swift /Users/admin/builder/spi-builder-workspace/.dependencies/checkouts/Music/Sources/Pitch/IntervalDescriptor/OrderedIntervalDescriptor.swift /Users/admin/builder/spi-builder-workspace/.dependencies/checkouts/Music/Sources/Pitch/IntervalDescriptor/UnorderedIntervalDescriptor.swift /Users/admin/builder/spi-builder-workspace/.dependencies/checkouts/Music/Sources/Pitch/NoteNumber.swift /Users/admin/builder/spi-builder-workspace/.dependencies/checkouts/Music/Sources/Pitch/NoteNumberRepresentable.swift /Users/admin/builder/spi-builder-workspace/.dependencies/checkouts/Music/Sources/Pitch/OrderedInterval.swift /Users/admin/builder/spi-builder-workspace/.dependencies/checkouts/Music/Sources/Pitch/Pitch.Class.swift /Users/admin/builder/spi-builder-workspace/.dependencies/checkouts/Music/Sources/Pitch/Pitch.swift /Users/admin/builder/spi-builder-workspace/.dependencies/checkouts/Music/Sources/Pitch/Scale/Scale.IntervalPattern.swift /Users/admin/builder/spi-builder-workspace/.dependencies/checkouts/Music/Sources/Pitch/Scale/Scale.swift /Users/admin/builder/spi-builder-workspace/.dependencies/checkouts/Music/Sources/Pitch/TuningSystem.swift /Users/admin/builder/spi-builder-workspace/.dependencies/checkouts/Music/Sources/Pitch/UnorderedInterval.swift -target arm64_32-apple-watchos9.0 -enable-objc-interop -sdk /Applications/Xcode-27.0.0-Release.Candidate.app/Contents/Developer/Platforms/WatchOS.platform/Developer/SDKs/WatchOS27.0.sdk -I /Users/admin/builder/spi-builder-workspace/.derivedData/Build/Products/Debug-watchos -Isystem /Applications/Xcode-27.0.0-Release.Candidate.app/Contents/Developer/Platforms/WatchOS.platform/Developer/usr/lib -F /Users/admin/builder/spi-builder-workspace/.derivedData/Build/Products/Debug-watchos/PackageFrameworks -F /Users/admin/builder/spi-builder-workspace/.derivedData/Build/Products/Debug-watchos -F /Applications/Xcode-27.0.0-Release.Candidate.app/Contents/Developer/Platforms/WatchOS.platform/Developer/Library/Frameworks -F /Applications/Xcode-27.0.0-Release.Candidate.app/Contents/Developer/Platforms/WatchOS.platform/Developer/SDKs/WatchOS27.0.sdk/Developer/Library/Frameworks -module-cache-path /Users/admin/builder/spi-builder-workspace/.derivedData/ModuleCache.noindex -no-color-diagnostics -Xcc -fno-color-diagnostics -enable-testing -g -debug-info-format\=dwarf -dwarf-version\=4 -suppress-warnings -profile-generate -profile-coverage-mapping -swift-version 4.2 -Onone -D SWIFT_PACKAGE -D DEBUG -D SWIFT_MODULE_RESOURCE_BUNDLE_UNAVAILABLE -D Xcode -serialize-debugging-options -enable-experimental-feature DebugDescriptionMacro -empty-abi-descriptor -plugin-path /Applications/Xcode-27.0.0-Release.Candidate.app/Contents/Developer/Toolchains/XcodeDefault.xctoolchain/usr/lib/swift/host/plugins/testing -validate-clang-modules-once -clang-build-session-file /Users/admin/builder/spi-builder-workspace/.derivedData/ModuleCache.noindex/Session.modulevalidation -Xcc -working-directory -Xcc /Users/admin/builder/spi-builder-workspace/.swiftpm/xcode -enable-anonymous-context-mangled-names -file-compilation-dir /Users/admin/builder/spi-builder-workspace/.swiftpm/xcode -Xcc -D_LIBCPP_HARDENING_MODE\=_LIBCPP_HARDENING_MODE_DEBUG -Xcc -ivfsstatcache -Xcc /Users/admin/builder/spi-builder-workspace/.derivedData/SDKStatCaches.noindex/watchos27.0-24R360-e829b21a6f8c9b70876ba0858053c04477534ef55a1706bf4c1112bbb242f0a2.sdkstatcache -Xcc -fmodules-prune-interval\=86400 -Xcc -fmodules-prune-after\=345600 -Xcc -I/Users/admin/builder/spi-builder-workspace/.derivedData/Build/Products/Debug-watchos/include -Xcc -I/Users/admin/builder/spi-builder-workspace/.derivedData/Build/Intermediates.noindex/Music.build/Debug-watchos/Pitch-t.build/DerivedSources-normal/arm64_32 -Xcc -I/Users/admin/builder/spi-builder-workspace/.derivedData/Build/Intermediates.noindex/Music.build/Debug-watchos/Pitch-t.build/DerivedSources/arm64_32 -Xcc -I/Users/admin/builder/spi-builder-workspace/.derivedData/Build/Intermediates.noindex/Music.build/Debug-watchos/Pitch-t.build/DerivedSources -Xcc -DSWIFT_PACKAGE -Xcc -DDEBUG\=1 -no-auto-bridging-header-chaining -module-name Pitch -const-gather-protocols-file /Users/admin/builder/spi-builder-workspace/.derivedData/Build/Intermediates.noindex/Music.build/Debug-watchos/Pitch-t.build/Objects-normal/arm64_32/Pitch_const_extract_protocols.json -disable-clang-spi -target-sdk-version 27.0 -target-sdk-name watchos27.0 -external-plugin-path /Applications/Xcode-27.0.0-Release.Candidate.app/Contents/Developer/Platforms/WatchOS.platform/Developer/usr/lib/swift/host/plugins\#/Applications/Xcode-27.0.0-Release.Candidate.app/Contents/Developer/Platforms/WatchOS.platform/Developer/usr/bin/swift-plugin-server -external-plugin-path /Applications/Xcode-27.0.0-Release.Candidate.app/Contents/Developer/Platforms/WatchOS.platform/Developer/usr/local/lib/swift/host/plugins\#/Applications/Xcode-27.0.0-Release.Candidate.app/Contents/Developer/Platforms/WatchOS.platform/Developer/usr/bin/swift-plugin-server -in-process-plugin-server-path /Applications/Xcode-27.0.0-Release.Candidate.app/Contents/Developer/Toolchains/XcodeDefault.xctoolchain/usr/lib/swift/host/libSwiftInProcPluginServer.dylib -plugin-path /Applications/Xcode-27.0.0-Release.Candidate.app/Contents/Developer/Toolchains/XcodeDefault.xctoolchain/usr/lib/swift/host/plugins -plugin-path /Applications/Xcode-27.0.0-Release.Candidate.app/Contents/Developer/Toolchains/XcodeDefault.xctoolchain/usr/local/lib/swift/host/plugins -emit-module-doc-path /Users/admin/builder/spi-builder-workspace/.derivedData/Build/Intermediates.noindex/Music.build/Debug-watchos/Pitch-t.build/Objects-normal/arm64_32/Pitch.swiftdoc -emit-module-source-info-path /Users/admin/builder/spi-builder-workspace/.derivedData/Build/Intermediates.noindex/Music.build/Debug-watchos/Pitch-t.build/Objects-normal/arm64_32/Pitch.swiftsourceinfo -emit-objc-header-path /Users/admin/builder/spi-builder-workspace/.derivedData/Build/Intermediates.noindex/Music.build/Debug-watchos/Pitch-t.build/Objects-normal/arm64_32/Pitch-Swift.h -serialize-diagnostics-path /Users/admin/builder/spi-builder-workspace/.derivedData/Build/Intermediates.noindex/Music.build/Debug-watchos/Pitch-t.build/Objects-normal/arm64_32/Pitch-primary-emit-module.dia -emit-dependencies-path /Users/admin/builder/spi-builder-workspace/.derivedData/Build/Intermediates.noindex/Music.build/Debug-watchos/Pitch-t.build/Objects-normal/arm64_32/Pitch-primary-emit-module.d -parse-as-library -o /Users/admin/builder/spi-builder-workspace/.derivedData/Build/Intermediates.noindex/Music.build/Debug-watchos/Pitch-t.build/Objects-normal/arm64_32/Pitch.swiftmodule -emit-abi-descriptor-path /Users/admin/builder/spi-builder-workspace/.derivedData/Build/Intermediates.noindex/Music.build/Debug-watchos/Pitch-t.build/Objects-normal/arm64_32/Pitch.abi.json
SwiftCompile normal arm64_32 Compiling\ IntervalDescriptor.swift,\ IntervalOrdinal.swift /Users/admin/builder/spi-builder-workspace/.dependencies/checkouts/Music/Sources/Pitch/IntervalDescriptor/IntervalDescriptor.swift /Users/admin/builder/spi-builder-workspace/.dependencies/checkouts/Music/Sources/Pitch/IntervalDescriptor/IntervalOrdinal.swift (in target 'Pitch' from project 'Music')
SwiftCompile normal arm64_32 /Users/admin/builder/spi-builder-workspace/.dependencies/checkouts/Music/Sources/Pitch/IntervalDescriptor/IntervalDescriptor.swift (in target 'Pitch' from project 'Music')
cd /Users/admin/builder/spi-builder-workspace/.swiftpm/xcode
builtin-SwiftPerFileCompile IntervalDescriptor.swift
SwiftCompile normal arm64_32 /Users/admin/builder/spi-builder-workspace/.dependencies/checkouts/Music/Sources/Pitch/IntervalDescriptor/IntervalOrdinal.swift (in target 'Pitch' from project 'Music')
cd /Users/admin/builder/spi-builder-workspace/.swiftpm/xcode
builtin-SwiftPerFileCompile IntervalOrdinal.swift
SwiftEmitModule normal arm64 Emitting\ module\ for\ Pitch (in target 'Pitch' from project 'Music')
SwiftCompile normal arm64 (in target 'Pitch' from project 'Music')
cd /Users/admin/builder/spi-builder-workspace/.swiftpm/xcode
/Users/admin/builder/spi-builder-workspace/.dependencies/checkouts/Music/Sources/Pitch/Frequency.swift:25:15: error: type 'Frequency' does not conform to protocol 'AdditiveArithmetic'
23 | /// let mean: Frequency = 440.0 // => "a 440"
24 | ///
25 | public struct Frequency: NewType, SignedNumeric {
| `- error: type 'Frequency' does not conform to protocol 'AdditiveArithmetic'
26 |
27 | // MARK: - Instance Properties
Swift.AdditiveArithmetic.+=:2:13: note: multiple matching functions named '+=' with type '(inout Frequency, Frequency) -> ()'
1 | protocol AdditiveArithmetic {
2 | static func += (lhs: inout Self, rhs: Self)}
| `- note: multiple matching functions named '+=' with type '(inout Frequency, Frequency) -> ()'
3 |
Swift.AdditiveArithmetic.+=:2:20: note: candidate exactly matches
1 | protocol AdditiveArithmetic {
2 | public static func += (lhs: inout Self, rhs: Self)}
| `- note: candidate exactly matches
3 |
/Users/admin/builder/spi-builder-workspace/.dependencies/checkouts/Structure/Sources/DataStructures/Wrapping/NewType.swift:71:24: note: candidate exactly matches
69 | }
70 |
71 | public static func += (lhs: inout Self, rhs: Self) {
| `- note: candidate exactly matches
72 | lhs = lhs + rhs
73 | }
:
77 | }
78 |
79 | public static func -= (lhs: inout Self, rhs: Self) {
| `- note: candidate exactly matches
80 | lhs = lhs - rhs
81 | }
Swift.AdditiveArithmetic.-=:2:13: note: multiple matching functions named '-=' with type '(inout Frequency, Frequency) -> ()'
1 | protocol AdditiveArithmetic {
2 | static func -= (lhs: inout Self, rhs: Self)}
| `- note: multiple matching functions named '-=' with type '(inout Frequency, Frequency) -> ()'
3 |
Swift.AdditiveArithmetic.-=:2:20: note: candidate exactly matches
1 | protocol AdditiveArithmetic {
2 | public static func -= (lhs: inout Self, rhs: Self)}
| `- note: candidate exactly matches
3 |
SwiftDriverJobDiscovery normal arm64_32 Compiling DoubleExtensions.swift, Fraction.swift (in target 'Math' from project 'Math')
SwiftCompile normal arm64_32 Compiling\ TuningSystem.swift,\ UnorderedInterval.swift /Users/admin/builder/spi-builder-workspace/.dependencies/checkouts/Music/Sources/Pitch/TuningSystem.swift /Users/admin/builder/spi-builder-workspace/.dependencies/checkouts/Music/Sources/Pitch/UnorderedInterval.swift (in target 'Pitch' from project 'Music')
SwiftCompile normal arm64_32 /Users/admin/builder/spi-builder-workspace/.dependencies/checkouts/Music/Sources/Pitch/TuningSystem.swift (in target 'Pitch' from project 'Music')
cd /Users/admin/builder/spi-builder-workspace/.swiftpm/xcode
builtin-SwiftPerFileCompile TuningSystem.swift
SwiftCompile normal arm64_32 /Users/admin/builder/spi-builder-workspace/.dependencies/checkouts/Music/Sources/Pitch/UnorderedInterval.swift (in target 'Pitch' from project 'Music')
cd /Users/admin/builder/spi-builder-workspace/.swiftpm/xcode
builtin-SwiftPerFileCompile UnorderedInterval.swift
SwiftDriverJobDiscovery normal arm64 Compiling DoubleExtensions.swift, Fraction.swift (in target 'Math' from project 'Math')
SwiftCompile normal arm64_32 Compiling\ IntervalQuality.swift,\ OrderedIntervalDescriptor.swift /Users/admin/builder/spi-builder-workspace/.dependencies/checkouts/Music/Sources/Pitch/IntervalDescriptor/IntervalQuality.swift /Users/admin/builder/spi-builder-workspace/.dependencies/checkouts/Music/Sources/Pitch/IntervalDescriptor/OrderedIntervalDescriptor.swift (in target 'Pitch' from project 'Music')
SwiftCompile normal arm64_32 /Users/admin/builder/spi-builder-workspace/.dependencies/checkouts/Music/Sources/Pitch/IntervalDescriptor/IntervalQuality.swift (in target 'Pitch' from project 'Music')
cd /Users/admin/builder/spi-builder-workspace/.swiftpm/xcode
builtin-SwiftPerFileCompile IntervalQuality.swift
SwiftCompile normal arm64_32 /Users/admin/builder/spi-builder-workspace/.dependencies/checkouts/Music/Sources/Pitch/IntervalDescriptor/OrderedIntervalDescriptor.swift (in target 'Pitch' from project 'Music')
cd /Users/admin/builder/spi-builder-workspace/.swiftpm/xcode
builtin-SwiftPerFileCompile OrderedIntervalDescriptor.swift
SwiftDriverJobDiscovery normal arm64 Compiling Quadratic.swift (in target 'Math' from project 'Math')
SwiftCompile normal arm64_32 Compiling\ Scale.IntervalPattern.swift,\ Scale.swift /Users/admin/builder/spi-builder-workspace/.dependencies/checkouts/Music/Sources/Pitch/Scale/Scale.IntervalPattern.swift /Users/admin/builder/spi-builder-workspace/.dependencies/checkouts/Music/Sources/Pitch/Scale/Scale.swift (in target 'Pitch' from project 'Music')
SwiftCompile normal arm64_32 /Users/admin/builder/spi-builder-workspace/.dependencies/checkouts/Music/Sources/Pitch/Scale/Scale.IntervalPattern.swift (in target 'Pitch' from project 'Music')
cd /Users/admin/builder/spi-builder-workspace/.swiftpm/xcode
builtin-SwiftPerFileCompile Scale.IntervalPattern.swift
SwiftCompile normal arm64_32 /Users/admin/builder/spi-builder-workspace/.dependencies/checkouts/Music/Sources/Pitch/Scale/Scale.swift (in target 'Pitch' from project 'Music')
cd /Users/admin/builder/spi-builder-workspace/.swiftpm/xcode
builtin-SwiftPerFileCompile Scale.swift
SwiftDriverJobDiscovery normal arm64 Compiling Power.swift (in target 'Math' from project 'Math')
SwiftCompile normal arm64_32 Compiling\ NoteNumberRepresentable.swift,\ OrderedInterval.swift /Users/admin/builder/spi-builder-workspace/.dependencies/checkouts/Music/Sources/Pitch/NoteNumberRepresentable.swift /Users/admin/builder/spi-builder-workspace/.dependencies/checkouts/Music/Sources/Pitch/OrderedInterval.swift (in target 'Pitch' from project 'Music')
SwiftCompile normal arm64_32 /Users/admin/builder/spi-builder-workspace/.dependencies/checkouts/Music/Sources/Pitch/NoteNumberRepresentable.swift (in target 'Pitch' from project 'Music')
cd /Users/admin/builder/spi-builder-workspace/.swiftpm/xcode
builtin-SwiftPerFileCompile NoteNumberRepresentable.swift
SwiftCompile normal arm64_32 /Users/admin/builder/spi-builder-workspace/.dependencies/checkouts/Music/Sources/Pitch/OrderedInterval.swift (in target 'Pitch' from project 'Music')
cd /Users/admin/builder/spi-builder-workspace/.swiftpm/xcode
builtin-SwiftPerFileCompile OrderedInterval.swift
SwiftDriverJobDiscovery normal arm64_32 Compiling Proximity.swift (in target 'Math' from project 'Math')
SwiftCompile normal arm64_32 Compiling\ Frequency.swift,\ CompoundIntervalDescriptor.swift /Users/admin/builder/spi-builder-workspace/.dependencies/checkouts/Music/Sources/Pitch/Frequency.swift /Users/admin/builder/spi-builder-workspace/.dependencies/checkouts/Music/Sources/Pitch/IntervalDescriptor/CompoundIntervalDescriptor.swift (in target 'Pitch' from project 'Music')
SwiftCompile normal arm64_32 /Users/admin/builder/spi-builder-workspace/.dependencies/checkouts/Music/Sources/Pitch/Frequency.swift (in target 'Pitch' from project 'Music')
cd /Users/admin/builder/spi-builder-workspace/.swiftpm/xcode
builtin-SwiftPerFileCompile Frequency.swift
SwiftCompile normal arm64_32 /Users/admin/builder/spi-builder-workspace/.dependencies/checkouts/Music/Sources/Pitch/IntervalDescriptor/CompoundIntervalDescriptor.swift (in target 'Pitch' from project 'Music')
cd /Users/admin/builder/spi-builder-workspace/.swiftpm/xcode
builtin-SwiftPerFileCompile CompoundIntervalDescriptor.swift
SwiftDriverJobDiscovery normal arm64_32 Compiling Power.swift (in target 'Math' from project 'Math')
SwiftCompile normal arm64_32 Compiling\ UnorderedIntervalDescriptor.swift,\ NoteNumber.swift /Users/admin/builder/spi-builder-workspace/.dependencies/checkouts/Music/Sources/Pitch/IntervalDescriptor/UnorderedIntervalDescriptor.swift /Users/admin/builder/spi-builder-workspace/.dependencies/checkouts/Music/Sources/Pitch/NoteNumber.swift (in target 'Pitch' from project 'Music')
SwiftCompile normal arm64_32 /Users/admin/builder/spi-builder-workspace/.dependencies/checkouts/Music/Sources/Pitch/IntervalDescriptor/UnorderedIntervalDescriptor.swift (in target 'Pitch' from project 'Music')
cd /Users/admin/builder/spi-builder-workspace/.swiftpm/xcode
builtin-SwiftPerFileCompile UnorderedIntervalDescriptor.swift
SwiftCompile normal arm64_32 /Users/admin/builder/spi-builder-workspace/.dependencies/checkouts/Music/Sources/Pitch/NoteNumber.swift (in target 'Pitch' from project 'Music')
cd /Users/admin/builder/spi-builder-workspace/.swiftpm/xcode
builtin-SwiftPerFileCompile NoteNumber.swift
SwiftDriverJobDiscovery normal arm64_32 Compiling Bitwise.swift, CollectionExtensions.swift (in target 'Math' from project 'Math')
SwiftCompile normal arm64 Compiling\ NoteNumberRepresentable.swift,\ OrderedInterval.swift /Users/admin/builder/spi-builder-workspace/.dependencies/checkouts/Music/Sources/Pitch/NoteNumberRepresentable.swift /Users/admin/builder/spi-builder-workspace/.dependencies/checkouts/Music/Sources/Pitch/OrderedInterval.swift (in target 'Pitch' from project 'Music')
SwiftCompile normal arm64 /Users/admin/builder/spi-builder-workspace/.dependencies/checkouts/Music/Sources/Pitch/NoteNumberRepresentable.swift (in target 'Pitch' from project 'Music')
cd /Users/admin/builder/spi-builder-workspace/.swiftpm/xcode
builtin-SwiftPerFileCompile NoteNumberRepresentable.swift
SwiftCompile normal arm64 /Users/admin/builder/spi-builder-workspace/.dependencies/checkouts/Music/Sources/Pitch/OrderedInterval.swift (in target 'Pitch' from project 'Music')
cd /Users/admin/builder/spi-builder-workspace/.swiftpm/xcode
builtin-SwiftPerFileCompile OrderedInterval.swift
SwiftDriverJobDiscovery normal arm64_32 Compiling Quadratic.swift (in target 'Math' from project 'Math')
SwiftCompile normal arm64 Compiling\ Pitch.Class.swift,\ Pitch.swift /Users/admin/builder/spi-builder-workspace/.dependencies/checkouts/Music/Sources/Pitch/Pitch.Class.swift /Users/admin/builder/spi-builder-workspace/.dependencies/checkouts/Music/Sources/Pitch/Pitch.swift (in target 'Pitch' from project 'Music')
SwiftCompile normal arm64 /Users/admin/builder/spi-builder-workspace/.dependencies/checkouts/Music/Sources/Pitch/Pitch.Class.swift (in target 'Pitch' from project 'Music')
cd /Users/admin/builder/spi-builder-workspace/.swiftpm/xcode
builtin-SwiftPerFileCompile Pitch.Class.swift
SwiftCompile normal arm64 /Users/admin/builder/spi-builder-workspace/.dependencies/checkouts/Music/Sources/Pitch/Pitch.swift (in target 'Pitch' from project 'Music')
cd /Users/admin/builder/spi-builder-workspace/.swiftpm/xcode
builtin-SwiftPerFileCompile Pitch.swift
SwiftDriverJobDiscovery normal arm64_32 Compiling IntervalDescriptor.swift, IntervalOrdinal.swift (in target 'Pitch' from project 'Music')
SwiftCompile normal arm64 Compiling\ Frequency.swift,\ CompoundIntervalDescriptor.swift /Users/admin/builder/spi-builder-workspace/.dependencies/checkouts/Music/Sources/Pitch/Frequency.swift /Users/admin/builder/spi-builder-workspace/.dependencies/checkouts/Music/Sources/Pitch/IntervalDescriptor/CompoundIntervalDescriptor.swift (in target 'Pitch' from project 'Music')
SwiftCompile normal arm64 /Users/admin/builder/spi-builder-workspace/.dependencies/checkouts/Music/Sources/Pitch/Frequency.swift (in target 'Pitch' from project 'Music')
cd /Users/admin/builder/spi-builder-workspace/.swiftpm/xcode
builtin-SwiftPerFileCompile Frequency.swift
SwiftCompile normal arm64 /Users/admin/builder/spi-builder-workspace/.dependencies/checkouts/Music/Sources/Pitch/IntervalDescriptor/CompoundIntervalDescriptor.swift (in target 'Pitch' from project 'Music')
cd /Users/admin/builder/spi-builder-workspace/.swiftpm/xcode
builtin-SwiftPerFileCompile CompoundIntervalDescriptor.swift
SwiftDriverJobDiscovery normal arm64_32 Compiling TuningSystem.swift, UnorderedInterval.swift (in target 'Pitch' from project 'Music')
SwiftCompile normal arm64 Compiling\ TuningSystem.swift,\ UnorderedInterval.swift /Users/admin/builder/spi-builder-workspace/.dependencies/checkouts/Music/Sources/Pitch/TuningSystem.swift /Users/admin/builder/spi-builder-workspace/.dependencies/checkouts/Music/Sources/Pitch/UnorderedInterval.swift (in target 'Pitch' from project 'Music')
SwiftCompile normal arm64 /Users/admin/builder/spi-builder-workspace/.dependencies/checkouts/Music/Sources/Pitch/TuningSystem.swift (in target 'Pitch' from project 'Music')
cd /Users/admin/builder/spi-builder-workspace/.swiftpm/xcode
builtin-SwiftPerFileCompile TuningSystem.swift
SwiftCompile normal arm64 /Users/admin/builder/spi-builder-workspace/.dependencies/checkouts/Music/Sources/Pitch/UnorderedInterval.swift (in target 'Pitch' from project 'Music')
cd /Users/admin/builder/spi-builder-workspace/.swiftpm/xcode
builtin-SwiftPerFileCompile UnorderedInterval.swift
PruneExplicitPrecompiledModules /Users/admin/builder/spi-builder-workspace/.derivedData/SDKExplicitPrecompiledModules
PruneExplicitPrecompiledModules /Users/admin/builder/spi-builder-workspace/.derivedData/Build/Intermediates.noindex/ExplicitPrecompiledModules
PruneExplicitPrecompiledModules /Users/admin/builder/spi-builder-workspace/.derivedData/Build/Intermediates.noindex/SwiftExplicitPrecompiledModules
2026-09-16 16:18:20.542 xcodebuild[834:4879] [MT] IDERunDestination: Supported platforms for the buildables in the current scheme is empty.
** BUILD FAILED **
The following build commands failed:
SwiftCompile normal arm64_32 (in target 'Pitch' from project 'Music')
SwiftEmitModule normal arm64_32 Emitting\ module\ for\ Pitch (in target 'Pitch' from project 'Music')
Building workspace NotationModel with scheme NotationModel-Package
(3 failures)
Command line invocation:
/Applications/Xcode-27.0.0-Release.Candidate.app/Contents/Developer/usr/bin/xcodebuild -IDEClonedSourcePackagesDirPathOverride=/Users/admin/builder/spi-builder-workspace/.dependencies -resolvePackageDependencies
Resolve Package Graph
dependency 'math' is not used by any target
Resolved source packages:
Music: https://github.com/dn-m/Music @ 0.17.1
PerformanceTesting: https://github.com/dn-m/PerformanceTesting @ 0.4.0
NotationModel: /Users/admin/builder/spi-builder-workspace
Structure: https://github.com/dn-m/Structure @ 0.25.0
Math: https://github.com/dn-m/Math @ 0.8.0
resolved source packages: Music, PerformanceTesting, NotationModel, Structure, Math
2026-09-16 16:18:27.533 xcodebuild[1011:5817] [MT] IDERunDestination: Supported platforms for the buildables in the current scheme is empty.
{
"dependencies" : [
{
"identity" : "structure",
"requirement" : {
"range" : [
{
"lower_bound" : "0.23.0",
"upper_bound" : "1.0.0"
}
]
},
"type" : "sourceControl",
"url" : "https://github.com/dn-m/Structure"
},
{
"identity" : "math",
"requirement" : {
"range" : [
{
"lower_bound" : "0.7.1",
"upper_bound" : "1.0.0"
}
]
},
"type" : "sourceControl",
"url" : "https://github.com/dn-m/Math"
},
{
"identity" : "music",
"requirement" : {
"range" : [
{
"lower_bound" : "0.15.0",
"upper_bound" : "1.0.0"
}
]
},
"type" : "sourceControl",
"url" : "https://github.com/dn-m/Music"
}
],
"manifest_display_name" : "NotationModel",
"name" : "NotationModel",
"path" : "/Users/admin/builder/spi-builder-workspace",
"platforms" : [
],
"products" : [
{
"name" : "PlotModel",
"targets" : [
"PlotModel"
],
"type" : {
"library" : [
"automatic"
]
}
},
{
"name" : "SpelledPitch",
"targets" : [
"SpelledPitch"
],
"type" : {
"library" : [
"automatic"
]
}
},
{
"name" : "SpelledRhythm",
"targets" : [
"SpelledRhythm"
],
"type" : {
"library" : [
"automatic"
]
}
},
{
"name" : "StaffModel",
"targets" : [
"StaffModel"
],
"type" : {
"library" : [
"automatic"
]
}
}
],
"targets" : [
{
"c99name" : "StaffModelTests",
"module_type" : "SwiftTarget",
"name" : "StaffModelTests",
"path" : "Tests/StaffModelTests",
"sources" : [
"ClefTests.swift",
"StaffPointModelTests.swift",
"XCTestManifests.swift"
],
"target_dependencies" : [
"StaffModel"
],
"type" : "test"
},
{
"c99name" : "StaffModel",
"module_type" : "SwiftTarget",
"name" : "StaffModel",
"path" : "Sources/StaffModel",
"product_memberships" : [
"StaffModel"
],
"sources" : [
"Clef.swift",
"Notehead.swift",
"StaffModel.Builder.swift",
"StaffModel.swift",
"StaffPointModel.swift",
"StaffRepresentablePitch.swift",
"StaffSlot.swift"
],
"target_dependencies" : [
"PlotModel",
"SpelledPitch"
],
"type" : "library"
},
{
"c99name" : "SpelledRhythmTests",
"module_type" : "SwiftTarget",
"name" : "SpelledRhythmTests",
"path" : "Tests/SpelledRhythmTests",
"sources" : [
"BeamingTests.swift",
"BeamletDirectionTests.swift",
"RhythmBeamerTests.swift",
"SpelledRhythmTests.swift",
"XCTestManifests.swift"
],
"target_dependencies" : [
"SpelledRhythm"
],
"type" : "test"
},
{
"c99name" : "SpelledRhythm",
"module_type" : "SwiftTarget",
"name" : "SpelledRhythm",
"path" : "Sources/SpelledRhythm",
"product_dependencies" : [
"Duration"
],
"product_memberships" : [
"SpelledRhythm"
],
"sources" : [
"Beaming.swift",
"Rhythm.Spelling.swift",
"RhythmBeamer.swift",
"SpelledRhythm.swift"
],
"type" : "library"
},
{
"c99name" : "SpelledPitchTests",
"module_type" : "SwiftTarget",
"name" : "SpelledPitchTests",
"path" : "Tests/SpelledPitchTests",
"sources" : [
"CompoundIntervalDescriptorTests.swift",
"LetterNameTests.swift",
"PitchSpellingTests.swift",
"PitchSpellingsTests.swift",
"SpelledDyadTests.swift",
"SpelledPitchTests.swift",
"UnorderedIntervalDescriptorTests.swift",
"XCTestManifests.swift"
],
"target_dependencies" : [
"SpelledPitch"
],
"type" : "test"
},
{
"c99name" : "SpelledPitch",
"module_type" : "SwiftTarget",
"name" : "SpelledPitch",
"path" : "Sources/SpelledPitch",
"product_dependencies" : [
"Pitch",
"DataStructures"
],
"product_memberships" : [
"SpelledPitch",
"StaffModel"
],
"sources" : [
"EDO/EDO.swift",
"EDO/EDO12.swift",
"EDO/EDO24.swift",
"EDO/EDO48.swift",
"EDO/EDO48PitchSpellings.swift",
"EDO/Pitch+Pitch.Spelling.swift",
"IntervalDescriptorExtensions/CompoundIntervalDescriptorExtensions.swift",
"IntervalDescriptorExtensions/IntervalDescriptorExtensions.swift",
"IntervalDescriptorExtensions/IntervalQualityExtensions.swift",
"IntervalDescriptorExtensions/OrderedIntervalDescriptorExtensions.swift",
"IntervalDescriptorExtensions/UnorderedIntervalDescriptorExtensions.swift",
"LetterName.swift",
"Pitch.Spelling.swift",
"SpelledChord.swift",
"SpelledDyad.swift",
"SpelledPitch.swift",
"SpelledPitchConvertingIntervalOrdinal.swift",
"TuningSystem.swift"
],
"type" : "library"
},
{
"c99name" : "PlotModelTests",
"module_type" : "SwiftTarget",
"name" : "PlotModelTests",
"path" : "Tests/PlotModelTests",
"sources" : [
"PlotModelTests.swift",
"XCTestManifests.swift"
],
"target_dependencies" : [
"PlotModel"
],
"type" : "test"
},
{
"c99name" : "PlotModel",
"module_type" : "SwiftTarget",
"name" : "PlotModel",
"path" : "Sources/PlotModel",
"product_dependencies" : [
"DataStructures"
],
"product_memberships" : [
"PlotModel",
"StaffModel"
],
"sources" : [
"Axis.swift",
"DefaultAxis.swift",
"DefaultVerticalPlotModel.Builder.swift",
"DefaultVerticalPlotModel.swift",
"DefaultVerticalPointModel.swift",
"HorizontalPlotModel.swift",
"PlotModel.swift",
"PointModel.swift",
"VerticalPlotModel.swift"
],
"type" : "library"
}
],
"tools_version" : "5.0"
}
{
"workspace" : {
"name" : "NotationModel",
"schemes" : [
"NotationModel-Package",
"PlotModel",
"SpelledPitch",
"SpelledRhythm",
"StaffModel"
]
}
}
2026-09-16 16:18:28.833 xcodebuild[1019:5881] [MT] IDERunDestination: Supported platforms for the buildables in the current scheme is empty.
Running build ...
env DEVELOPER_DIR=/Applications/Xcode-27.0.0-Release.Candidate.app xcrun xcodebuild -IDEClonedSourcePackagesDirPathOverride=$PWD/.dependencies -skipMacroValidation -skipPackagePluginValidation -derivedDataPath $PWD/.derivedData build -scheme NotationModel-Package -destination generic/platform=watchOS
Command line invocation:
/Applications/Xcode-27.0.0-Release.Candidate.app/Contents/Developer/usr/bin/xcodebuild -IDEClonedSourcePackagesDirPathOverride=/Users/admin/builder/spi-builder-workspace/.dependencies -skipMacroValidation -skipPackagePluginValidation -derivedDataPath /Users/admin/builder/spi-builder-workspace/.derivedData build -scheme NotationModel-Package -destination generic/platform=watchOS
Resolve Package Graph
dependency 'math' is not used by any target
Resolved source packages:
Structure: https://github.com/dn-m/Structure @ 0.25.0
Music: https://github.com/dn-m/Music @ 0.17.1
NotationModel: /Users/admin/builder/spi-builder-workspace
PerformanceTesting: https://github.com/dn-m/PerformanceTesting @ 0.4.0
Math: https://github.com/dn-m/Math @ 0.8.0
ComputePackagePrebuildTargetDependencyGraph
Prepare packages
CreateBuildRequest
SendProjectDescription
CreateBuildOperation
ComputeTargetDependencyGraph
note: Building targets in dependency order
note: Target dependency graph (20 targets)
Target 'StaffModel-product' in project 'NotationModel'
➜ Explicit dependency on target 'StaffModel' in project 'NotationModel'
➜ Explicit dependency on target 'PlotModel' in project 'NotationModel'
➜ Explicit dependency on target 'SpelledPitch' in project 'NotationModel'
➜ Explicit dependency on target 'DataStructures-product' in project 'Structure'
➜ Explicit dependency on target 'Pitch-product' in project 'Music'
Target 'StaffModel' in project 'NotationModel'
➜ Explicit dependency on target 'PlotModel' in project 'NotationModel'
➜ Explicit dependency on target 'SpelledPitch' in project 'NotationModel'
➜ Explicit dependency on target 'DataStructures-product' in project 'Structure'
➜ Explicit dependency on target 'Pitch-product' in project 'Music'
Target 'SpelledRhythm-product' in project 'NotationModel'
➜ Explicit dependency on target 'SpelledRhythm' in project 'NotationModel'
➜ Explicit dependency on target 'Duration-product' in project 'Music'
Target 'SpelledRhythm' in project 'NotationModel'
➜ Explicit dependency on target 'Duration-product' in project 'Music'
Target 'Duration-product' in project 'Music'
➜ Explicit dependency on target 'Duration' in project 'Music'
➜ Explicit dependency on target 'Math-product' in project 'Math'
➜ Explicit dependency on target 'DataStructures-product' in project 'Structure'
Target 'Duration' in project 'Music'
➜ Explicit dependency on target 'Math-product' in project 'Math'
➜ Explicit dependency on target 'DataStructures-product' in project 'Structure'
Target 'SpelledPitch-product' in project 'NotationModel'
➜ Explicit dependency on target 'SpelledPitch' in project 'NotationModel'
➜ Explicit dependency on target 'Pitch-product' in project 'Music'
➜ Explicit dependency on target 'DataStructures-product' in project 'Structure'
Target 'SpelledPitch' in project 'NotationModel'
➜ Explicit dependency on target 'Pitch-product' in project 'Music'
➜ Explicit dependency on target 'DataStructures-product' in project 'Structure'
Target 'Pitch-product' in project 'Music'
➜ Explicit dependency on target 'Pitch' in project 'Music'
➜ Explicit dependency on target 'Math-product' in project 'Math'
➜ Explicit dependency on target 'DataStructures-product' in project 'Structure'
Target 'Pitch' in project 'Music'
➜ Explicit dependency on target 'Math-product' in project 'Math'
➜ Explicit dependency on target 'DataStructures-product' in project 'Structure'
Target 'Math-product' in project 'Math'
➜ Explicit dependency on target 'Math' in project 'Math'
➜ Explicit dependency on target 'Algebra-product' in project 'Structure'
➜ Explicit dependency on target 'DataStructures-product' in project 'Structure'
Target 'Math' in project 'Math'
➜ Explicit dependency on target 'Algebra-product' in project 'Structure'
➜ Explicit dependency on target 'DataStructures-product' in project 'Structure'
Target 'Algebra-product' in project 'Structure'
➜ Explicit dependency on target 'Algebra' in project 'Structure'
➜ Explicit dependency on target 'Destructure' in project 'Structure'
Target 'PlotModel-product' in project 'NotationModel'
➜ Explicit dependency on target 'PlotModel' in project 'NotationModel'
➜ Explicit dependency on target 'DataStructures-product' in project 'Structure'
Target 'PlotModel' in project 'NotationModel'
➜ Explicit dependency on target 'DataStructures-product' in project 'Structure'
Target 'DataStructures-product' in project 'Structure'
➜ Explicit dependency on target 'DataStructures' in project 'Structure'
➜ Explicit dependency on target 'Destructure' in project 'Structure'
➜ Explicit dependency on target 'Algebra' in project 'Structure'
➜ Explicit dependency on target 'Algorithms' in project 'Structure'
Target 'DataStructures' in project 'Structure'
➜ Explicit dependency on target 'Destructure' in project 'Structure'
➜ Explicit dependency on target 'Algebra' in project 'Structure'
➜ Explicit dependency on target 'Algorithms' in project 'Structure'
Target 'Algorithms' in project 'Structure'
➜ Explicit dependency on target 'Destructure' in project 'Structure'
Target 'Algebra' in project 'Structure'
➜ Explicit dependency on target 'Destructure' in project 'Structure'
Target 'Destructure' in project 'Structure' (no dependencies)
GatherProvisioningInputs
CreateBuildDescription
ClangStatCache /Applications/Xcode-27.0.0-Release.Candidate.app/Contents/Developer/Toolchains/XcodeDefault.xctoolchain/usr/bin/clang-stat-cache /Applications/Xcode-27.0.0-Release.Candidate.app/Contents/Developer/Platforms/WatchOS.platform/Developer/SDKs/WatchOS27.0.sdk /Users/admin/builder/spi-builder-workspace/.derivedData/SDKStatCaches.noindex/watchos27.0-24R360-e829b21a6f8c9b70876ba0858053c04477534ef55a1706bf4c1112bbb242f0a2.sdkstatcache
cd /Users/admin/builder/spi-builder-workspace/.swiftpm/xcode
/Applications/Xcode-27.0.0-Release.Candidate.app/Contents/Developer/Toolchains/XcodeDefault.xctoolchain/usr/bin/clang-stat-cache /Applications/Xcode-27.0.0-Release.Candidate.app/Contents/Developer/Platforms/WatchOS.platform/Developer/SDKs/WatchOS27.0.sdk -o /Users/admin/builder/spi-builder-workspace/.derivedData/SDKStatCaches.noindex/watchos27.0-24R360-e829b21a6f8c9b70876ba0858053c04477534ef55a1706bf4c1112bbb242f0a2.sdkstatcache
SwiftDriver Pitch normal arm64_32 com.apple.xcode.tools.swift.compiler (in target 'Pitch' from project 'Music')
cd /Users/admin/builder/spi-builder-workspace/.swiftpm/xcode
builtin-SwiftDriver -- /Applications/Xcode-27.0.0-Release.Candidate.app/Contents/Developer/Toolchains/XcodeDefault.xctoolchain/usr/bin/swiftc -parse-as-library -module-name Pitch -Onone @/Users/admin/builder/spi-builder-workspace/.derivedData/Build/Intermediates.noindex/Music.build/Debug-watchos/Pitch-t.build/Objects-normal/arm64_32/Pitch.SwiftFileList -DSWIFT_PACKAGE -DDEBUG -DSWIFT_MODULE_RESOURCE_BUNDLE_UNAVAILABLE -DXcode -plugin-path /Applications/Xcode-27.0.0-Release.Candidate.app/Contents/Developer/Toolchains/XcodeDefault.xctoolchain/usr/lib/swift/host/plugins/testing -enable-experimental-feature DebugDescriptionMacro -sdk /Applications/Xcode-27.0.0-Release.Candidate.app/Contents/Developer/Platforms/WatchOS.platform/Developer/SDKs/WatchOS27.0.sdk -target arm64_32-apple-watchos9.0 -g -module-cache-path /Users/admin/builder/spi-builder-workspace/.derivedData/ModuleCache.noindex -Xfrontend -serialize-debugging-options -profile-coverage-mapping -profile-generate -enable-testing -suppress-warnings -index-store-path /Users/admin/builder/spi-builder-workspace/.derivedData/Index.noindex/DataStore -Xcc -D_LIBCPP_HARDENING_MODE\=_LIBCPP_HARDENING_MODE_DEBUG -swift-version 4.2 -I /Users/admin/builder/spi-builder-workspace/.derivedData/Build/Products/Debug-watchos -Isystem /Applications/Xcode-27.0.0-Release.Candidate.app/Contents/Developer/Platforms/WatchOS.platform/Developer/usr/lib -F /Users/admin/builder/spi-builder-workspace/.derivedData/Build/Products/Debug-watchos/PackageFrameworks -F /Users/admin/builder/spi-builder-workspace/.derivedData/Build/Products/Debug-watchos -F /Applications/Xcode-27.0.0-Release.Candidate.app/Contents/Developer/Platforms/WatchOS.platform/Developer/Library/Frameworks -F /Applications/Xcode-27.0.0-Release.Candidate.app/Contents/Developer/Platforms/WatchOS.platform/Developer/SDKs/WatchOS27.0.sdk/Developer/Library/Frameworks -c -j10 -enable-batch-mode -incremental -Xcc -ivfsstatcache -Xcc /Users/admin/builder/spi-builder-workspace/.derivedData/SDKStatCaches.noindex/watchos27.0-24R360-e829b21a6f8c9b70876ba0858053c04477534ef55a1706bf4c1112bbb242f0a2.sdkstatcache -output-file-map /Users/admin/builder/spi-builder-workspace/.derivedData/Build/Intermediates.noindex/Music.build/Debug-watchos/Pitch-t.build/Objects-normal/arm64_32/Pitch-OutputFileMap.json -save-temps -no-color-diagnostics -emit-dependencies -emit-module -emit-module-path /Users/admin/builder/spi-builder-workspace/.derivedData/Build/Intermediates.noindex/Music.build/Debug-watchos/Pitch-t.build/Objects-normal/arm64_32/Pitch.swiftmodule -serialize-diagnostics -validate-clang-modules-once -clang-build-session-file /Users/admin/builder/spi-builder-workspace/.derivedData/ModuleCache.noindex/Session.modulevalidation -Xcc -fmodules-prune-interval\=86400 -Xcc -fmodules-prune-after\=345600 -emit-const-values -const-gather-protocols-list /Users/admin/builder/spi-builder-workspace/.derivedData/Build/Intermediates.noindex/Music.build/Debug-watchos/Pitch-t.build/Objects-normal/arm64_32/Pitch_const_extract_protocols.json -Xcc -I/Users/admin/builder/spi-builder-workspace/.derivedData/Build/Products/Debug-watchos/include -Xcc -I/Users/admin/builder/spi-builder-workspace/.derivedData/Build/Intermediates.noindex/Music.build/Debug-watchos/Pitch-t.build/DerivedSources-normal/arm64_32 -Xcc -I/Users/admin/builder/spi-builder-workspace/.derivedData/Build/Intermediates.noindex/Music.build/Debug-watchos/Pitch-t.build/DerivedSources/arm64_32 -Xcc -I/Users/admin/builder/spi-builder-workspace/.derivedData/Build/Intermediates.noindex/Music.build/Debug-watchos/Pitch-t.build/DerivedSources -Xcc -DSWIFT_PACKAGE -Xcc -DDEBUG\=1 -emit-objc-header -emit-objc-header-path /Users/admin/builder/spi-builder-workspace/.derivedData/Build/Intermediates.noindex/Music.build/Debug-watchos/Pitch-t.build/Objects-normal/arm64_32/Pitch-Swift.h -working-directory /Users/admin/builder/spi-builder-workspace/.swiftpm/xcode -experimental-emit-module-separately -disable-cmo
SwiftDriver Math normal arm64 com.apple.xcode.tools.swift.compiler (in target 'Math' from project 'Math')
cd /Users/admin/builder/spi-builder-workspace/.swiftpm/xcode
builtin-SwiftDriver -- /Applications/Xcode-27.0.0-Release.Candidate.app/Contents/Developer/Toolchains/XcodeDefault.xctoolchain/usr/bin/swiftc -parse-as-library -module-name Math -Onone @/Users/admin/builder/spi-builder-workspace/.derivedData/Build/Intermediates.noindex/Math.build/Debug-watchos/Math-t.build/Objects-normal/arm64/Math.SwiftFileList -DSWIFT_PACKAGE -DDEBUG -DSWIFT_MODULE_RESOURCE_BUNDLE_UNAVAILABLE -DXcode -plugin-path /Applications/Xcode-27.0.0-Release.Candidate.app/Contents/Developer/Toolchains/XcodeDefault.xctoolchain/usr/lib/swift/host/plugins/testing -enable-experimental-feature DebugDescriptionMacro -sdk /Applications/Xcode-27.0.0-Release.Candidate.app/Contents/Developer/Platforms/WatchOS.platform/Developer/SDKs/WatchOS27.0.sdk -target arm64-apple-watchos9.0 -g -module-cache-path /Users/admin/builder/spi-builder-workspace/.derivedData/ModuleCache.noindex -Xfrontend -serialize-debugging-options -profile-coverage-mapping -profile-generate -enable-testing -suppress-warnings -index-store-path /Users/admin/builder/spi-builder-workspace/.derivedData/Index.noindex/DataStore -Xcc -D_LIBCPP_HARDENING_MODE\=_LIBCPP_HARDENING_MODE_DEBUG -swift-version 4.2 -I /Users/admin/builder/spi-builder-workspace/.derivedData/Build/Products/Debug-watchos -Isystem /Applications/Xcode-27.0.0-Release.Candidate.app/Contents/Developer/Platforms/WatchOS.platform/Developer/usr/lib -F /Users/admin/builder/spi-builder-workspace/.derivedData/Build/Products/Debug-watchos/PackageFrameworks -F /Users/admin/builder/spi-builder-workspace/.derivedData/Build/Products/Debug-watchos -F /Applications/Xcode-27.0.0-Release.Candidate.app/Contents/Developer/Platforms/WatchOS.platform/Developer/Library/Frameworks -F /Applications/Xcode-27.0.0-Release.Candidate.app/Contents/Developer/Platforms/WatchOS.platform/Developer/SDKs/WatchOS27.0.sdk/Developer/Library/Frameworks -c -j10 -enable-batch-mode -incremental -Xcc -ivfsstatcache -Xcc /Users/admin/builder/spi-builder-workspace/.derivedData/SDKStatCaches.noindex/watchos27.0-24R360-e829b21a6f8c9b70876ba0858053c04477534ef55a1706bf4c1112bbb242f0a2.sdkstatcache -output-file-map /Users/admin/builder/spi-builder-workspace/.derivedData/Build/Intermediates.noindex/Math.build/Debug-watchos/Math-t.build/Objects-normal/arm64/Math-OutputFileMap.json -save-temps -no-color-diagnostics -emit-dependencies -emit-module -emit-module-path /Users/admin/builder/spi-builder-workspace/.derivedData/Build/Intermediates.noindex/Math.build/Debug-watchos/Math-t.build/Objects-normal/arm64/Math.swiftmodule -serialize-diagnostics -validate-clang-modules-once -clang-build-session-file /Users/admin/builder/spi-builder-workspace/.derivedData/ModuleCache.noindex/Session.modulevalidation -Xcc -fmodules-prune-interval\=86400 -Xcc -fmodules-prune-after\=345600 -emit-const-values -const-gather-protocols-list /Users/admin/builder/spi-builder-workspace/.derivedData/Build/Intermediates.noindex/Math.build/Debug-watchos/Math-t.build/Objects-normal/arm64/Math_const_extract_protocols.json -Xcc -I/Users/admin/builder/spi-builder-workspace/.derivedData/Build/Products/Debug-watchos/include -Xcc -I/Users/admin/builder/spi-builder-workspace/.derivedData/Build/Intermediates.noindex/Math.build/Debug-watchos/Math-t.build/DerivedSources-normal/arm64 -Xcc -I/Users/admin/builder/spi-builder-workspace/.derivedData/Build/Intermediates.noindex/Math.build/Debug-watchos/Math-t.build/DerivedSources/arm64 -Xcc -I/Users/admin/builder/spi-builder-workspace/.derivedData/Build/Intermediates.noindex/Math.build/Debug-watchos/Math-t.build/DerivedSources -Xcc -DSWIFT_PACKAGE -Xcc -DDEBUG\=1 -emit-objc-header -emit-objc-header-path /Users/admin/builder/spi-builder-workspace/.derivedData/Build/Intermediates.noindex/Math.build/Debug-watchos/Math-t.build/Objects-normal/arm64/Math-Swift.h -working-directory /Users/admin/builder/spi-builder-workspace/.swiftpm/xcode -experimental-emit-module-separately -disable-cmo
SwiftDriver Pitch normal arm64 com.apple.xcode.tools.swift.compiler (in target 'Pitch' from project 'Music')
cd /Users/admin/builder/spi-builder-workspace/.swiftpm/xcode
builtin-SwiftDriver -- /Applications/Xcode-27.0.0-Release.Candidate.app/Contents/Developer/Toolchains/XcodeDefault.xctoolchain/usr/bin/swiftc -parse-as-library -module-name Pitch -Onone @/Users/admin/builder/spi-builder-workspace/.derivedData/Build/Intermediates.noindex/Music.build/Debug-watchos/Pitch-t.build/Objects-normal/arm64/Pitch.SwiftFileList -DSWIFT_PACKAGE -DDEBUG -DSWIFT_MODULE_RESOURCE_BUNDLE_UNAVAILABLE -DXcode -plugin-path /Applications/Xcode-27.0.0-Release.Candidate.app/Contents/Developer/Toolchains/XcodeDefault.xctoolchain/usr/lib/swift/host/plugins/testing -enable-experimental-feature DebugDescriptionMacro -sdk /Applications/Xcode-27.0.0-Release.Candidate.app/Contents/Developer/Platforms/WatchOS.platform/Developer/SDKs/WatchOS27.0.sdk -target arm64-apple-watchos9.0 -g -module-cache-path /Users/admin/builder/spi-builder-workspace/.derivedData/ModuleCache.noindex -Xfrontend -serialize-debugging-options -profile-coverage-mapping -profile-generate -enable-testing -suppress-warnings -index-store-path /Users/admin/builder/spi-builder-workspace/.derivedData/Index.noindex/DataStore -Xcc -D_LIBCPP_HARDENING_MODE\=_LIBCPP_HARDENING_MODE_DEBUG -swift-version 4.2 -I /Users/admin/builder/spi-builder-workspace/.derivedData/Build/Products/Debug-watchos -Isystem /Applications/Xcode-27.0.0-Release.Candidate.app/Contents/Developer/Platforms/WatchOS.platform/Developer/usr/lib -F /Users/admin/builder/spi-builder-workspace/.derivedData/Build/Products/Debug-watchos/PackageFrameworks -F /Users/admin/builder/spi-builder-workspace/.derivedData/Build/Products/Debug-watchos -F /Applications/Xcode-27.0.0-Release.Candidate.app/Contents/Developer/Platforms/WatchOS.platform/Developer/Library/Frameworks -F /Applications/Xcode-27.0.0-Release.Candidate.app/Contents/Developer/Platforms/WatchOS.platform/Developer/SDKs/WatchOS27.0.sdk/Developer/Library/Frameworks -c -j10 -enable-batch-mode -incremental -Xcc -ivfsstatcache -Xcc /Users/admin/builder/spi-builder-workspace/.derivedData/SDKStatCaches.noindex/watchos27.0-24R360-e829b21a6f8c9b70876ba0858053c04477534ef55a1706bf4c1112bbb242f0a2.sdkstatcache -output-file-map /Users/admin/builder/spi-builder-workspace/.derivedData/Build/Intermediates.noindex/Music.build/Debug-watchos/Pitch-t.build/Objects-normal/arm64/Pitch-OutputFileMap.json -save-temps -no-color-diagnostics -emit-dependencies -emit-module -emit-module-path /Users/admin/builder/spi-builder-workspace/.derivedData/Build/Intermediates.noindex/Music.build/Debug-watchos/Pitch-t.build/Objects-normal/arm64/Pitch.swiftmodule -serialize-diagnostics -validate-clang-modules-once -clang-build-session-file /Users/admin/builder/spi-builder-workspace/.derivedData/ModuleCache.noindex/Session.modulevalidation -Xcc -fmodules-prune-interval\=86400 -Xcc -fmodules-prune-after\=345600 -emit-const-values -const-gather-protocols-list /Users/admin/builder/spi-builder-workspace/.derivedData/Build/Intermediates.noindex/Music.build/Debug-watchos/Pitch-t.build/Objects-normal/arm64/Pitch_const_extract_protocols.json -Xcc -I/Users/admin/builder/spi-builder-workspace/.derivedData/Build/Products/Debug-watchos/include -Xcc -I/Users/admin/builder/spi-builder-workspace/.derivedData/Build/Intermediates.noindex/Music.build/Debug-watchos/Pitch-t.build/DerivedSources-normal/arm64 -Xcc -I/Users/admin/builder/spi-builder-workspace/.derivedData/Build/Intermediates.noindex/Music.build/Debug-watchos/Pitch-t.build/DerivedSources/arm64 -Xcc -I/Users/admin/builder/spi-builder-workspace/.derivedData/Build/Intermediates.noindex/Music.build/Debug-watchos/Pitch-t.build/DerivedSources -Xcc -DSWIFT_PACKAGE -Xcc -DDEBUG\=1 -emit-objc-header -emit-objc-header-path /Users/admin/builder/spi-builder-workspace/.derivedData/Build/Intermediates.noindex/Music.build/Debug-watchos/Pitch-t.build/Objects-normal/arm64/Pitch-Swift.h -working-directory /Users/admin/builder/spi-builder-workspace/.swiftpm/xcode -experimental-emit-module-separately -disable-cmo
SwiftDriver Math normal arm64_32 com.apple.xcode.tools.swift.compiler (in target 'Math' from project 'Math')
cd /Users/admin/builder/spi-builder-workspace/.swiftpm/xcode
builtin-SwiftDriver -- /Applications/Xcode-27.0.0-Release.Candidate.app/Contents/Developer/Toolchains/XcodeDefault.xctoolchain/usr/bin/swiftc -parse-as-library -module-name Math -Onone @/Users/admin/builder/spi-builder-workspace/.derivedData/Build/Intermediates.noindex/Math.build/Debug-watchos/Math-t.build/Objects-normal/arm64_32/Math.SwiftFileList -DSWIFT_PACKAGE -DDEBUG -DSWIFT_MODULE_RESOURCE_BUNDLE_UNAVAILABLE -DXcode -plugin-path /Applications/Xcode-27.0.0-Release.Candidate.app/Contents/Developer/Toolchains/XcodeDefault.xctoolchain/usr/lib/swift/host/plugins/testing -enable-experimental-feature DebugDescriptionMacro -sdk /Applications/Xcode-27.0.0-Release.Candidate.app/Contents/Developer/Platforms/WatchOS.platform/Developer/SDKs/WatchOS27.0.sdk -target arm64_32-apple-watchos9.0 -g -module-cache-path /Users/admin/builder/spi-builder-workspace/.derivedData/ModuleCache.noindex -Xfrontend -serialize-debugging-options -profile-coverage-mapping -profile-generate -enable-testing -suppress-warnings -index-store-path /Users/admin/builder/spi-builder-workspace/.derivedData/Index.noindex/DataStore -Xcc -D_LIBCPP_HARDENING_MODE\=_LIBCPP_HARDENING_MODE_DEBUG -swift-version 4.2 -I /Users/admin/builder/spi-builder-workspace/.derivedData/Build/Products/Debug-watchos -Isystem /Applications/Xcode-27.0.0-Release.Candidate.app/Contents/Developer/Platforms/WatchOS.platform/Developer/usr/lib -F /Users/admin/builder/spi-builder-workspace/.derivedData/Build/Products/Debug-watchos/PackageFrameworks -F /Users/admin/builder/spi-builder-workspace/.derivedData/Build/Products/Debug-watchos -F /Applications/Xcode-27.0.0-Release.Candidate.app/Contents/Developer/Platforms/WatchOS.platform/Developer/Library/Frameworks -F /Applications/Xcode-27.0.0-Release.Candidate.app/Contents/Developer/Platforms/WatchOS.platform/Developer/SDKs/WatchOS27.0.sdk/Developer/Library/Frameworks -c -j10 -enable-batch-mode -incremental -Xcc -ivfsstatcache -Xcc /Users/admin/builder/spi-builder-workspace/.derivedData/SDKStatCaches.noindex/watchos27.0-24R360-e829b21a6f8c9b70876ba0858053c04477534ef55a1706bf4c1112bbb242f0a2.sdkstatcache -output-file-map /Users/admin/builder/spi-builder-workspace/.derivedData/Build/Intermediates.noindex/Math.build/Debug-watchos/Math-t.build/Objects-normal/arm64_32/Math-OutputFileMap.json -save-temps -no-color-diagnostics -emit-dependencies -emit-module -emit-module-path /Users/admin/builder/spi-builder-workspace/.derivedData/Build/Intermediates.noindex/Math.build/Debug-watchos/Math-t.build/Objects-normal/arm64_32/Math.swiftmodule -serialize-diagnostics -validate-clang-modules-once -clang-build-session-file /Users/admin/builder/spi-builder-workspace/.derivedData/ModuleCache.noindex/Session.modulevalidation -Xcc -fmodules-prune-interval\=86400 -Xcc -fmodules-prune-after\=345600 -emit-const-values -const-gather-protocols-list /Users/admin/builder/spi-builder-workspace/.derivedData/Build/Intermediates.noindex/Math.build/Debug-watchos/Math-t.build/Objects-normal/arm64_32/Math_const_extract_protocols.json -Xcc -I/Users/admin/builder/spi-builder-workspace/.derivedData/Build/Products/Debug-watchos/include -Xcc -I/Users/admin/builder/spi-builder-workspace/.derivedData/Build/Intermediates.noindex/Math.build/Debug-watchos/Math-t.build/DerivedSources-normal/arm64_32 -Xcc -I/Users/admin/builder/spi-builder-workspace/.derivedData/Build/Intermediates.noindex/Math.build/Debug-watchos/Math-t.build/DerivedSources/arm64_32 -Xcc -I/Users/admin/builder/spi-builder-workspace/.derivedData/Build/Intermediates.noindex/Math.build/Debug-watchos/Math-t.build/DerivedSources -Xcc -DSWIFT_PACKAGE -Xcc -DDEBUG\=1 -emit-objc-header -emit-objc-header-path /Users/admin/builder/spi-builder-workspace/.derivedData/Build/Intermediates.noindex/Math.build/Debug-watchos/Math-t.build/Objects-normal/arm64_32/Math-Swift.h -working-directory /Users/admin/builder/spi-builder-workspace/.swiftpm/xcode -experimental-emit-module-separately -disable-cmo
SwiftDriver Duration normal arm64 com.apple.xcode.tools.swift.compiler (in target 'Duration' from project 'Music')
cd /Users/admin/builder/spi-builder-workspace/.swiftpm/xcode
builtin-SwiftDriver -- /Applications/Xcode-27.0.0-Release.Candidate.app/Contents/Developer/Toolchains/XcodeDefault.xctoolchain/usr/bin/swiftc -parse-as-library -module-name Duration -Onone @/Users/admin/builder/spi-builder-workspace/.derivedData/Build/Intermediates.noindex/Music.build/Debug-watchos/Duration-t.build/Objects-normal/arm64/Duration.SwiftFileList -DSWIFT_PACKAGE -DDEBUG -DSWIFT_MODULE_RESOURCE_BUNDLE_UNAVAILABLE -DXcode -plugin-path /Applications/Xcode-27.0.0-Release.Candidate.app/Contents/Developer/Toolchains/XcodeDefault.xctoolchain/usr/lib/swift/host/plugins/testing -enable-experimental-feature DebugDescriptionMacro -sdk /Applications/Xcode-27.0.0-Release.Candidate.app/Contents/Developer/Platforms/WatchOS.platform/Developer/SDKs/WatchOS27.0.sdk -target arm64-apple-watchos9.0 -g -module-cache-path /Users/admin/builder/spi-builder-workspace/.derivedData/ModuleCache.noindex -Xfrontend -serialize-debugging-options -profile-coverage-mapping -profile-generate -enable-testing -suppress-warnings -index-store-path /Users/admin/builder/spi-builder-workspace/.derivedData/Index.noindex/DataStore -Xcc -D_LIBCPP_HARDENING_MODE\=_LIBCPP_HARDENING_MODE_DEBUG -swift-version 4.2 -I /Users/admin/builder/spi-builder-workspace/.derivedData/Build/Products/Debug-watchos -Isystem /Applications/Xcode-27.0.0-Release.Candidate.app/Contents/Developer/Platforms/WatchOS.platform/Developer/usr/lib -F /Users/admin/builder/spi-builder-workspace/.derivedData/Build/Products/Debug-watchos/PackageFrameworks -F /Users/admin/builder/spi-builder-workspace/.derivedData/Build/Products/Debug-watchos -F /Applications/Xcode-27.0.0-Release.Candidate.app/Contents/Developer/Platforms/WatchOS.platform/Developer/Library/Frameworks -F /Applications/Xcode-27.0.0-Release.Candidate.app/Contents/Developer/Platforms/WatchOS.platform/Developer/SDKs/WatchOS27.0.sdk/Developer/Library/Frameworks -c -j10 -enable-batch-mode -incremental -Xcc -ivfsstatcache -Xcc /Users/admin/builder/spi-builder-workspace/.derivedData/SDKStatCaches.noindex/watchos27.0-24R360-e829b21a6f8c9b70876ba0858053c04477534ef55a1706bf4c1112bbb242f0a2.sdkstatcache -output-file-map /Users/admin/builder/spi-builder-workspace/.derivedData/Build/Intermediates.noindex/Music.build/Debug-watchos/Duration-t.build/Objects-normal/arm64/Duration-OutputFileMap.json -save-temps -no-color-diagnostics -emit-dependencies -emit-module -emit-module-path /Users/admin/builder/spi-builder-workspace/.derivedData/Build/Intermediates.noindex/Music.build/Debug-watchos/Duration-t.build/Objects-normal/arm64/Duration.swiftmodule -serialize-diagnostics -validate-clang-modules-once -clang-build-session-file /Users/admin/builder/spi-builder-workspace/.derivedData/ModuleCache.noindex/Session.modulevalidation -Xcc -fmodules-prune-interval\=86400 -Xcc -fmodules-prune-after\=345600 -emit-const-values -const-gather-protocols-list /Users/admin/builder/spi-builder-workspace/.derivedData/Build/Intermediates.noindex/Music.build/Debug-watchos/Duration-t.build/Objects-normal/arm64/Duration_const_extract_protocols.json -Xcc -I/Users/admin/builder/spi-builder-workspace/.derivedData/Build/Products/Debug-watchos/include -Xcc -I/Users/admin/builder/spi-builder-workspace/.derivedData/Build/Intermediates.noindex/Music.build/Debug-watchos/Duration-t.build/DerivedSources-normal/arm64 -Xcc -I/Users/admin/builder/spi-builder-workspace/.derivedData/Build/Intermediates.noindex/Music.build/Debug-watchos/Duration-t.build/DerivedSources/arm64 -Xcc -I/Users/admin/builder/spi-builder-workspace/.derivedData/Build/Intermediates.noindex/Music.build/Debug-watchos/Duration-t.build/DerivedSources -Xcc -DSWIFT_PACKAGE -Xcc -DDEBUG\=1 -emit-objc-header -emit-objc-header-path /Users/admin/builder/spi-builder-workspace/.derivedData/Build/Intermediates.noindex/Music.build/Debug-watchos/Duration-t.build/Objects-normal/arm64/Duration-Swift.h -working-directory /Users/admin/builder/spi-builder-workspace/.swiftpm/xcode -experimental-emit-module-separately -disable-cmo
SwiftDriver Duration normal arm64_32 com.apple.xcode.tools.swift.compiler (in target 'Duration' from project 'Music')
cd /Users/admin/builder/spi-builder-workspace/.swiftpm/xcode
builtin-SwiftDriver -- /Applications/Xcode-27.0.0-Release.Candidate.app/Contents/Developer/Toolchains/XcodeDefault.xctoolchain/usr/bin/swiftc -parse-as-library -module-name Duration -Onone @/Users/admin/builder/spi-builder-workspace/.derivedData/Build/Intermediates.noindex/Music.build/Debug-watchos/Duration-t.build/Objects-normal/arm64_32/Duration.SwiftFileList -DSWIFT_PACKAGE -DDEBUG -DSWIFT_MODULE_RESOURCE_BUNDLE_UNAVAILABLE -DXcode -plugin-path /Applications/Xcode-27.0.0-Release.Candidate.app/Contents/Developer/Toolchains/XcodeDefault.xctoolchain/usr/lib/swift/host/plugins/testing -enable-experimental-feature DebugDescriptionMacro -sdk /Applications/Xcode-27.0.0-Release.Candidate.app/Contents/Developer/Platforms/WatchOS.platform/Developer/SDKs/WatchOS27.0.sdk -target arm64_32-apple-watchos9.0 -g -module-cache-path /Users/admin/builder/spi-builder-workspace/.derivedData/ModuleCache.noindex -Xfrontend -serialize-debugging-options -profile-coverage-mapping -profile-generate -enable-testing -suppress-warnings -index-store-path /Users/admin/builder/spi-builder-workspace/.derivedData/Index.noindex/DataStore -Xcc -D_LIBCPP_HARDENING_MODE\=_LIBCPP_HARDENING_MODE_DEBUG -swift-version 4.2 -I /Users/admin/builder/spi-builder-workspace/.derivedData/Build/Products/Debug-watchos -Isystem /Applications/Xcode-27.0.0-Release.Candidate.app/Contents/Developer/Platforms/WatchOS.platform/Developer/usr/lib -F /Users/admin/builder/spi-builder-workspace/.derivedData/Build/Products/Debug-watchos/PackageFrameworks -F /Users/admin/builder/spi-builder-workspace/.derivedData/Build/Products/Debug-watchos -F /Applications/Xcode-27.0.0-Release.Candidate.app/Contents/Developer/Platforms/WatchOS.platform/Developer/Library/Frameworks -F /Applications/Xcode-27.0.0-Release.Candidate.app/Contents/Developer/Platforms/WatchOS.platform/Developer/SDKs/WatchOS27.0.sdk/Developer/Library/Frameworks -c -j10 -enable-batch-mode -incremental -Xcc -ivfsstatcache -Xcc /Users/admin/builder/spi-builder-workspace/.derivedData/SDKStatCaches.noindex/watchos27.0-24R360-e829b21a6f8c9b70876ba0858053c04477534ef55a1706bf4c1112bbb242f0a2.sdkstatcache -output-file-map /Users/admin/builder/spi-builder-workspace/.derivedData/Build/Intermediates.noindex/Music.build/Debug-watchos/Duration-t.build/Objects-normal/arm64_32/Duration-OutputFileMap.json -save-temps -no-color-diagnostics -emit-dependencies -emit-module -emit-module-path /Users/admin/builder/spi-builder-workspace/.derivedData/Build/Intermediates.noindex/Music.build/Debug-watchos/Duration-t.build/Objects-normal/arm64_32/Duration.swiftmodule -serialize-diagnostics -validate-clang-modules-once -clang-build-session-file /Users/admin/builder/spi-builder-workspace/.derivedData/ModuleCache.noindex/Session.modulevalidation -Xcc -fmodules-prune-interval\=86400 -Xcc -fmodules-prune-after\=345600 -emit-const-values -const-gather-protocols-list /Users/admin/builder/spi-builder-workspace/.derivedData/Build/Intermediates.noindex/Music.build/Debug-watchos/Duration-t.build/Objects-normal/arm64_32/Duration_const_extract_protocols.json -Xcc -I/Users/admin/builder/spi-builder-workspace/.derivedData/Build/Products/Debug-watchos/include -Xcc -I/Users/admin/builder/spi-builder-workspace/.derivedData/Build/Intermediates.noindex/Music.build/Debug-watchos/Duration-t.build/DerivedSources-normal/arm64_32 -Xcc -I/Users/admin/builder/spi-builder-workspace/.derivedData/Build/Intermediates.noindex/Music.build/Debug-watchos/Duration-t.build/DerivedSources/arm64_32 -Xcc -I/Users/admin/builder/spi-builder-workspace/.derivedData/Build/Intermediates.noindex/Music.build/Debug-watchos/Duration-t.build/DerivedSources -Xcc -DSWIFT_PACKAGE -Xcc -DDEBUG\=1 -emit-objc-header -emit-objc-header-path /Users/admin/builder/spi-builder-workspace/.derivedData/Build/Intermediates.noindex/Music.build/Debug-watchos/Duration-t.build/Objects-normal/arm64_32/Duration-Swift.h -working-directory /Users/admin/builder/spi-builder-workspace/.swiftpm/xcode -experimental-emit-module-separately -disable-cmo
Ld /Users/admin/builder/spi-builder-workspace/.derivedData/Build/Intermediates.noindex/Structure.build/Debug-watchos/Algorithms-t.build/Objects-normal/arm64_32/Binary/Algorithms.o normal arm64_32 (in target 'Algorithms' from project 'Structure')
cd /Users/admin/builder/spi-builder-workspace/.dependencies/checkouts/Structure
/Applications/Xcode-27.0.0-Release.Candidate.app/Contents/Developer/Toolchains/XcodeDefault.xctoolchain/usr/bin/clang -Xlinker -reproducible -target arm64_32-apple-watchos9.0 -r -isysroot /Applications/Xcode-27.0.0-Release.Candidate.app/Contents/Developer/Platforms/WatchOS.platform/Developer/SDKs/WatchOS27.0.sdk -O0 -w -Xlinker -no_warn_duplicate_libraries -F/Users/admin/builder/spi-builder-workspace/.derivedData/Build/Intermediates.noindex/EagerLinkingTBDs/Debug-watchos -F/Users/admin/builder/spi-builder-workspace/.derivedData/Build/Products/Debug-watchos/PackageFrameworks -F/Users/admin/builder/spi-builder-workspace/.derivedData/Build/Products/Debug-watchos -iframework /Applications/Xcode-27.0.0-Release.Candidate.app/Contents/Developer/Platforms/WatchOS.platform/Developer/Library/Frameworks -iframework /Applications/Xcode-27.0.0-Release.Candidate.app/Contents/Developer/Platforms/WatchOS.platform/Developer/SDKs/WatchOS27.0.sdk/Developer/Library/Frameworks -filelist /Users/admin/builder/spi-builder-workspace/.derivedData/Build/Intermediates.noindex/Structure.build/Debug-watchos/Algorithms-t.build/Objects-normal/arm64_32/Algorithms.LinkFileList -nostdlib -Xlinker -object_path_lto -Xlinker /Users/admin/builder/spi-builder-workspace/.derivedData/Build/Intermediates.noindex/Structure.build/Debug-watchos/Algorithms-t.build/Objects-normal/arm64_32/Algorithms_lto.o -Xlinker -no_deduplicate -Xlinker -debug_variant -Xlinker -dependency_info -Xlinker /Users/admin/builder/spi-builder-workspace/.derivedData/Build/Intermediates.noindex/Structure.build/Debug-watchos/Algorithms-t.build/Objects-normal/arm64_32/Algorithms_dependency_info.dat -fobjc-link-runtime -L/Applications/Xcode-27.0.0-Release.Candidate.app/Contents/Developer/Toolchains/XcodeDefault.xctoolchain/usr/lib/swift/watchos -L/usr/lib/swift -Xlinker -add_ast_path -Xlinker /Users/admin/builder/spi-builder-workspace/.derivedData/Build/Intermediates.noindex/Structure.build/Debug-watchos/Algorithms-t.build/Objects-normal/arm64_32/Algorithms.swiftmodule -o /Users/admin/builder/spi-builder-workspace/.derivedData/Build/Intermediates.noindex/Structure.build/Debug-watchos/Algorithms-t.build/Objects-normal/arm64_32/Binary/Algorithms.o
Ld /Users/admin/builder/spi-builder-workspace/.derivedData/Build/Intermediates.noindex/Structure.build/Debug-watchos/Algorithms-t.build/Objects-normal/arm64/Binary/Algorithms.o normal arm64 (in target 'Algorithms' from project 'Structure')
cd /Users/admin/builder/spi-builder-workspace/.dependencies/checkouts/Structure
/Applications/Xcode-27.0.0-Release.Candidate.app/Contents/Developer/Toolchains/XcodeDefault.xctoolchain/usr/bin/clang -Xlinker -reproducible -target arm64-apple-watchos9.0 -r -isysroot /Applications/Xcode-27.0.0-Release.Candidate.app/Contents/Developer/Platforms/WatchOS.platform/Developer/SDKs/WatchOS27.0.sdk -O0 -w -Xlinker -no_warn_duplicate_libraries -F/Users/admin/builder/spi-builder-workspace/.derivedData/Build/Intermediates.noindex/EagerLinkingTBDs/Debug-watchos -F/Users/admin/builder/spi-builder-workspace/.derivedData/Build/Products/Debug-watchos/PackageFrameworks -F/Users/admin/builder/spi-builder-workspace/.derivedData/Build/Products/Debug-watchos -iframework /Applications/Xcode-27.0.0-Release.Candidate.app/Contents/Developer/Platforms/WatchOS.platform/Developer/Library/Frameworks -iframework /Applications/Xcode-27.0.0-Release.Candidate.app/Contents/Developer/Platforms/WatchOS.platform/Developer/SDKs/WatchOS27.0.sdk/Developer/Library/Frameworks -filelist /Users/admin/builder/spi-builder-workspace/.derivedData/Build/Intermediates.noindex/Structure.build/Debug-watchos/Algorithms-t.build/Objects-normal/arm64/Algorithms.LinkFileList -nostdlib -Xlinker -object_path_lto -Xlinker /Users/admin/builder/spi-builder-workspace/.derivedData/Build/Intermediates.noindex/Structure.build/Debug-watchos/Algorithms-t.build/Objects-normal/arm64/Algorithms_lto.o -Xlinker -no_deduplicate -Xlinker -debug_variant -Xlinker -dependency_info -Xlinker /Users/admin/builder/spi-builder-workspace/.derivedData/Build/Intermediates.noindex/Structure.build/Debug-watchos/Algorithms-t.build/Objects-normal/arm64/Algorithms_dependency_info.dat -fobjc-link-runtime -L/Applications/Xcode-27.0.0-Release.Candidate.app/Contents/Developer/Toolchains/XcodeDefault.xctoolchain/usr/lib/swift/watchos -L/usr/lib/swift -Xlinker -add_ast_path -Xlinker /Users/admin/builder/spi-builder-workspace/.derivedData/Build/Intermediates.noindex/Structure.build/Debug-watchos/Algorithms-t.build/Objects-normal/arm64/Algorithms.swiftmodule -o /Users/admin/builder/spi-builder-workspace/.derivedData/Build/Intermediates.noindex/Structure.build/Debug-watchos/Algorithms-t.build/Objects-normal/arm64/Binary/Algorithms.o
Ld /Users/admin/builder/spi-builder-workspace/.derivedData/Build/Intermediates.noindex/Structure.build/Debug-watchos/Algebra-t.build/Objects-normal/arm64_32/Binary/Algebra.o normal arm64_32 (in target 'Algebra' from project 'Structure')
cd /Users/admin/builder/spi-builder-workspace/.dependencies/checkouts/Structure
/Applications/Xcode-27.0.0-Release.Candidate.app/Contents/Developer/Toolchains/XcodeDefault.xctoolchain/usr/bin/clang -Xlinker -reproducible -target arm64_32-apple-watchos9.0 -r -isysroot /Applications/Xcode-27.0.0-Release.Candidate.app/Contents/Developer/Platforms/WatchOS.platform/Developer/SDKs/WatchOS27.0.sdk -O0 -w -Xlinker -no_warn_duplicate_libraries -F/Users/admin/builder/spi-builder-workspace/.derivedData/Build/Intermediates.noindex/EagerLinkingTBDs/Debug-watchos -F/Users/admin/builder/spi-builder-workspace/.derivedData/Build/Products/Debug-watchos/PackageFrameworks -F/Users/admin/builder/spi-builder-workspace/.derivedData/Build/Products/Debug-watchos -iframework /Applications/Xcode-27.0.0-Release.Candidate.app/Contents/Developer/Platforms/WatchOS.platform/Developer/Library/Frameworks -iframework /Applications/Xcode-27.0.0-Release.Candidate.app/Contents/Developer/Platforms/WatchOS.platform/Developer/SDKs/WatchOS27.0.sdk/Developer/Library/Frameworks -filelist /Users/admin/builder/spi-builder-workspace/.derivedData/Build/Intermediates.noindex/Structure.build/Debug-watchos/Algebra-t.build/Objects-normal/arm64_32/Algebra.LinkFileList -nostdlib -Xlinker -object_path_lto -Xlinker /Users/admin/builder/spi-builder-workspace/.derivedData/Build/Intermediates.noindex/Structure.build/Debug-watchos/Algebra-t.build/Objects-normal/arm64_32/Algebra_lto.o -Xlinker -no_deduplicate -Xlinker -debug_variant -Xlinker -dependency_info -Xlinker /Users/admin/builder/spi-builder-workspace/.derivedData/Build/Intermediates.noindex/Structure.build/Debug-watchos/Algebra-t.build/Objects-normal/arm64_32/Algebra_dependency_info.dat -fobjc-link-runtime -L/Applications/Xcode-27.0.0-Release.Candidate.app/Contents/Developer/Toolchains/XcodeDefault.xctoolchain/usr/lib/swift/watchos -L/usr/lib/swift -Xlinker -add_ast_path -Xlinker /Users/admin/builder/spi-builder-workspace/.derivedData/Build/Intermediates.noindex/Structure.build/Debug-watchos/Algebra-t.build/Objects-normal/arm64_32/Algebra.swiftmodule -o /Users/admin/builder/spi-builder-workspace/.derivedData/Build/Intermediates.noindex/Structure.build/Debug-watchos/Algebra-t.build/Objects-normal/arm64_32/Binary/Algebra.o
Ld /Users/admin/builder/spi-builder-workspace/.derivedData/Build/Intermediates.noindex/Structure.build/Debug-watchos/Algebra-t.build/Objects-normal/arm64/Binary/Algebra.o normal arm64 (in target 'Algebra' from project 'Structure')
cd /Users/admin/builder/spi-builder-workspace/.dependencies/checkouts/Structure
/Applications/Xcode-27.0.0-Release.Candidate.app/Contents/Developer/Toolchains/XcodeDefault.xctoolchain/usr/bin/clang -Xlinker -reproducible -target arm64-apple-watchos9.0 -r -isysroot /Applications/Xcode-27.0.0-Release.Candidate.app/Contents/Developer/Platforms/WatchOS.platform/Developer/SDKs/WatchOS27.0.sdk -O0 -w -Xlinker -no_warn_duplicate_libraries -F/Users/admin/builder/spi-builder-workspace/.derivedData/Build/Intermediates.noindex/EagerLinkingTBDs/Debug-watchos -F/Users/admin/builder/spi-builder-workspace/.derivedData/Build/Products/Debug-watchos/PackageFrameworks -F/Users/admin/builder/spi-builder-workspace/.derivedData/Build/Products/Debug-watchos -iframework /Applications/Xcode-27.0.0-Release.Candidate.app/Contents/Developer/Platforms/WatchOS.platform/Developer/Library/Frameworks -iframework /Applications/Xcode-27.0.0-Release.Candidate.app/Contents/Developer/Platforms/WatchOS.platform/Developer/SDKs/WatchOS27.0.sdk/Developer/Library/Frameworks -filelist /Users/admin/builder/spi-builder-workspace/.derivedData/Build/Intermediates.noindex/Structure.build/Debug-watchos/Algebra-t.build/Objects-normal/arm64/Algebra.LinkFileList -nostdlib -Xlinker -object_path_lto -Xlinker /Users/admin/builder/spi-builder-workspace/.derivedData/Build/Intermediates.noindex/Structure.build/Debug-watchos/Algebra-t.build/Objects-normal/arm64/Algebra_lto.o -Xlinker -no_deduplicate -Xlinker -debug_variant -Xlinker -dependency_info -Xlinker /Users/admin/builder/spi-builder-workspace/.derivedData/Build/Intermediates.noindex/Structure.build/Debug-watchos/Algebra-t.build/Objects-normal/arm64/Algebra_dependency_info.dat -fobjc-link-runtime -L/Applications/Xcode-27.0.0-Release.Candidate.app/Contents/Developer/Toolchains/XcodeDefault.xctoolchain/usr/lib/swift/watchos -L/usr/lib/swift -Xlinker -add_ast_path -Xlinker /Users/admin/builder/spi-builder-workspace/.derivedData/Build/Intermediates.noindex/Structure.build/Debug-watchos/Algebra-t.build/Objects-normal/arm64/Algebra.swiftmodule -o /Users/admin/builder/spi-builder-workspace/.derivedData/Build/Intermediates.noindex/Structure.build/Debug-watchos/Algebra-t.build/Objects-normal/arm64/Binary/Algebra.o
CreateUniversalBinary /Users/admin/builder/spi-builder-workspace/.derivedData/Build/Products/Debug-watchos/Algorithms.o normal arm64\ arm64_32 (in target 'Algorithms' from project 'Structure')
cd /Users/admin/builder/spi-builder-workspace/.dependencies/checkouts/Structure
/Applications/Xcode-27.0.0-Release.Candidate.app/Contents/Developer/Toolchains/XcodeDefault.xctoolchain/usr/bin/lipo -create /Users/admin/builder/spi-builder-workspace/.derivedData/Build/Intermediates.noindex/Structure.build/Debug-watchos/Algorithms-t.build/Objects-normal/arm64/Binary/Algorithms.o /Users/admin/builder/spi-builder-workspace/.derivedData/Build/Intermediates.noindex/Structure.build/Debug-watchos/Algorithms-t.build/Objects-normal/arm64_32/Binary/Algorithms.o -output /Users/admin/builder/spi-builder-workspace/.derivedData/Build/Products/Debug-watchos/Algorithms.o
CreateUniversalBinary /Users/admin/builder/spi-builder-workspace/.derivedData/Build/Products/Debug-watchos/Algebra.o normal arm64\ arm64_32 (in target 'Algebra' from project 'Structure')
cd /Users/admin/builder/spi-builder-workspace/.dependencies/checkouts/Structure
/Applications/Xcode-27.0.0-Release.Candidate.app/Contents/Developer/Toolchains/XcodeDefault.xctoolchain/usr/bin/lipo -create /Users/admin/builder/spi-builder-workspace/.derivedData/Build/Intermediates.noindex/Structure.build/Debug-watchos/Algebra-t.build/Objects-normal/arm64/Binary/Algebra.o /Users/admin/builder/spi-builder-workspace/.derivedData/Build/Intermediates.noindex/Structure.build/Debug-watchos/Algebra-t.build/Objects-normal/arm64_32/Binary/Algebra.o -output /Users/admin/builder/spi-builder-workspace/.derivedData/Build/Products/Debug-watchos/Algebra.o
ExtractAppIntentsMetadata (in target 'Algebra' from project 'Structure')
cd /Users/admin/builder/spi-builder-workspace/.dependencies/checkouts/Structure
/Applications/Xcode-27.0.0-Release.Candidate.app/Contents/Developer/Toolchains/XcodeDefault.xctoolchain/usr/bin/appintentsmetadataprocessor --toolchain-dir /var/run/com.apple.security.cryptexd/mnt/com.apple.MobileAsset.MetalToolchain-v27.1.266.1.SKYGs6/Metal.xctoolchain --module-name Algebra --sdk-root /Applications/Xcode-27.0.0-Release.Candidate.app/Contents/Developer/Platforms/WatchOS.platform/Developer/SDKs/WatchOS27.0.sdk --xcode-version 27A266a --platform-family watchOS --deployment-target 9.0 --bundle-identifier structure.Algebra --output /Users/admin/builder/spi-builder-workspace/.derivedData/Build/Products/Debug-watchos/Algebra.appintents --target-triple arm64-apple-watchos9.0 --target-triple arm64_32-apple-watchos9.0 --binary-file /Users/admin/builder/spi-builder-workspace/.derivedData/Build/Products/Debug-watchos/Algebra.o --dependency-file /Users/admin/builder/spi-builder-workspace/.derivedData/Build/Intermediates.noindex/Structure.build/Debug-watchos/Algebra-t.build/Objects-normal/arm64/Algebra_dependency_info.dat --dependency-file /Users/admin/builder/spi-builder-workspace/.derivedData/Build/Intermediates.noindex/Structure.build/Debug-watchos/Algebra-t.build/Objects-normal/arm64_32/Algebra_dependency_info.dat --stringsdata-file /Users/admin/builder/spi-builder-workspace/.derivedData/Build/Intermediates.noindex/Structure.build/Debug-watchos/Algebra-t.build/Objects-normal/arm64/ExtractedAppShortcutsMetadata.stringsdata --stringsdata-file /Users/admin/builder/spi-builder-workspace/.derivedData/Build/Intermediates.noindex/Structure.build/Debug-watchos/Algebra-t.build/Objects-normal/arm64_32/ExtractedAppShortcutsMetadata.stringsdata --source-file-list /Users/admin/builder/spi-builder-workspace/.derivedData/Build/Intermediates.noindex/Structure.build/Debug-watchos/Algebra-t.build/Objects-normal/arm64/Algebra.SwiftFileList --source-file-list /Users/admin/builder/spi-builder-workspace/.derivedData/Build/Intermediates.noindex/Structure.build/Debug-watchos/Algebra-t.build/Objects-normal/arm64_32/Algebra.SwiftFileList --metadata-file-list /Users/admin/builder/spi-builder-workspace/.derivedData/Build/Intermediates.noindex/Structure.build/Debug-watchos/Algebra-t.build/Algebra.DependencyMetadataFileList --static-metadata-file-list /Users/admin/builder/spi-builder-workspace/.derivedData/Build/Intermediates.noindex/Structure.build/Debug-watchos/Algebra-t.build/Algebra.DependencyStaticMetadataFileList --swift-const-vals-list /Users/admin/builder/spi-builder-workspace/.derivedData/Build/Intermediates.noindex/Structure.build/Debug-watchos/Algebra-t.build/Objects-normal/arm64/Algebra.SwiftConstValuesFileList --swift-const-vals-list /Users/admin/builder/spi-builder-workspace/.derivedData/Build/Intermediates.noindex/Structure.build/Debug-watchos/Algebra-t.build/Objects-normal/arm64_32/Algebra.SwiftConstValuesFileList --force --compile-time-extraction --deployment-aware-processing --no-app-shortcuts-localization
2026-09-16 16:18:31.199 appintentsmetadataprocessor[1033:5998] Starting appintentsmetadataprocessor export
2026-09-16 16:18:31.269 appintentsmetadataprocessor[1033:5998] Extracted no relevant App Intents symbols, skipping writing output
ExtractAppIntentsMetadata (in target 'Algorithms' from project 'Structure')
cd /Users/admin/builder/spi-builder-workspace/.dependencies/checkouts/Structure
/Applications/Xcode-27.0.0-Release.Candidate.app/Contents/Developer/Toolchains/XcodeDefault.xctoolchain/usr/bin/appintentsmetadataprocessor --toolchain-dir /var/run/com.apple.security.cryptexd/mnt/com.apple.MobileAsset.MetalToolchain-v27.1.266.1.SKYGs6/Metal.xctoolchain --module-name Algorithms --sdk-root /Applications/Xcode-27.0.0-Release.Candidate.app/Contents/Developer/Platforms/WatchOS.platform/Developer/SDKs/WatchOS27.0.sdk --xcode-version 27A266a --platform-family watchOS --deployment-target 9.0 --bundle-identifier structure.Algorithms --output /Users/admin/builder/spi-builder-workspace/.derivedData/Build/Products/Debug-watchos/Algorithms.appintents --target-triple arm64-apple-watchos9.0 --target-triple arm64_32-apple-watchos9.0 --binary-file /Users/admin/builder/spi-builder-workspace/.derivedData/Build/Products/Debug-watchos/Algorithms.o --dependency-file /Users/admin/builder/spi-builder-workspace/.derivedData/Build/Intermediates.noindex/Structure.build/Debug-watchos/Algorithms-t.build/Objects-normal/arm64/Algorithms_dependency_info.dat --dependency-file /Users/admin/builder/spi-builder-workspace/.derivedData/Build/Intermediates.noindex/Structure.build/Debug-watchos/Algorithms-t.build/Objects-normal/arm64_32/Algorithms_dependency_info.dat --stringsdata-file /Users/admin/builder/spi-builder-workspace/.derivedData/Build/Intermediates.noindex/Structure.build/Debug-watchos/Algorithms-t.build/Objects-normal/arm64/ExtractedAppShortcutsMetadata.stringsdata --stringsdata-file /Users/admin/builder/spi-builder-workspace/.derivedData/Build/Intermediates.noindex/Structure.build/Debug-watchos/Algorithms-t.build/Objects-normal/arm64_32/ExtractedAppShortcutsMetadata.stringsdata --source-file-list /Users/admin/builder/spi-builder-workspace/.derivedData/Build/Intermediates.noindex/Structure.build/Debug-watchos/Algorithms-t.build/Objects-normal/arm64/Algorithms.SwiftFileList --source-file-list /Users/admin/builder/spi-builder-workspace/.derivedData/Build/Intermediates.noindex/Structure.build/Debug-watchos/Algorithms-t.build/Objects-normal/arm64_32/Algorithms.SwiftFileList --metadata-file-list /Users/admin/builder/spi-builder-workspace/.derivedData/Build/Intermediates.noindex/Structure.build/Debug-watchos/Algorithms-t.build/Algorithms.DependencyMetadataFileList --static-metadata-file-list /Users/admin/builder/spi-builder-workspace/.derivedData/Build/Intermediates.noindex/Structure.build/Debug-watchos/Algorithms-t.build/Algorithms.DependencyStaticMetadataFileList --swift-const-vals-list /Users/admin/builder/spi-builder-workspace/.derivedData/Build/Intermediates.noindex/Structure.build/Debug-watchos/Algorithms-t.build/Objects-normal/arm64/Algorithms.SwiftConstValuesFileList --swift-const-vals-list /Users/admin/builder/spi-builder-workspace/.derivedData/Build/Intermediates.noindex/Structure.build/Debug-watchos/Algorithms-t.build/Objects-normal/arm64_32/Algorithms.SwiftConstValuesFileList --force --compile-time-extraction --deployment-aware-processing --no-app-shortcuts-localization
2026-09-16 16:18:31.199 appintentsmetadataprocessor[1034:5999] Starting appintentsmetadataprocessor export
2026-09-16 16:18:31.265 appintentsmetadataprocessor[1034:5999] Extracted no relevant App Intents symbols, skipping writing output
Ld /Users/admin/builder/spi-builder-workspace/.derivedData/Build/Intermediates.noindex/Structure.build/Debug-watchos/DataStructures-t.build/Objects-normal/arm64/Binary/DataStructures.o normal arm64 (in target 'DataStructures' from project 'Structure')
cd /Users/admin/builder/spi-builder-workspace/.dependencies/checkouts/Structure
/Applications/Xcode-27.0.0-Release.Candidate.app/Contents/Developer/Toolchains/XcodeDefault.xctoolchain/usr/bin/clang -Xlinker -reproducible -target arm64-apple-watchos9.0 -r -isysroot /Applications/Xcode-27.0.0-Release.Candidate.app/Contents/Developer/Platforms/WatchOS.platform/Developer/SDKs/WatchOS27.0.sdk -O0 -w -Xlinker -no_warn_duplicate_libraries -F/Users/admin/builder/spi-builder-workspace/.derivedData/Build/Intermediates.noindex/EagerLinkingTBDs/Debug-watchos -F/Users/admin/builder/spi-builder-workspace/.derivedData/Build/Products/Debug-watchos/PackageFrameworks -F/Users/admin/builder/spi-builder-workspace/.derivedData/Build/Products/Debug-watchos -iframework /Applications/Xcode-27.0.0-Release.Candidate.app/Contents/Developer/Platforms/WatchOS.platform/Developer/Library/Frameworks -iframework /Applications/Xcode-27.0.0-Release.Candidate.app/Contents/Developer/Platforms/WatchOS.platform/Developer/SDKs/WatchOS27.0.sdk/Developer/Library/Frameworks -filelist /Users/admin/builder/spi-builder-workspace/.derivedData/Build/Intermediates.noindex/Structure.build/Debug-watchos/DataStructures-t.build/Objects-normal/arm64/DataStructures.LinkFileList -nostdlib -Xlinker -object_path_lto -Xlinker /Users/admin/builder/spi-builder-workspace/.derivedData/Build/Intermediates.noindex/Structure.build/Debug-watchos/DataStructures-t.build/Objects-normal/arm64/DataStructures_lto.o -Xlinker -no_deduplicate -Xlinker -debug_variant -Xlinker -dependency_info -Xlinker /Users/admin/builder/spi-builder-workspace/.derivedData/Build/Intermediates.noindex/Structure.build/Debug-watchos/DataStructures-t.build/Objects-normal/arm64/DataStructures_dependency_info.dat -fobjc-link-runtime -L/Applications/Xcode-27.0.0-Release.Candidate.app/Contents/Developer/Toolchains/XcodeDefault.xctoolchain/usr/lib/swift/watchos -L/usr/lib/swift -Xlinker -add_ast_path -Xlinker /Users/admin/builder/spi-builder-workspace/.derivedData/Build/Intermediates.noindex/Structure.build/Debug-watchos/DataStructures-t.build/Objects-normal/arm64/DataStructures.swiftmodule -o /Users/admin/builder/spi-builder-workspace/.derivedData/Build/Intermediates.noindex/Structure.build/Debug-watchos/DataStructures-t.build/Objects-normal/arm64/Binary/DataStructures.o
Ld /Users/admin/builder/spi-builder-workspace/.derivedData/Build/Intermediates.noindex/Structure.build/Debug-watchos/DataStructures-t.build/Objects-normal/arm64_32/Binary/DataStructures.o normal arm64_32 (in target 'DataStructures' from project 'Structure')
cd /Users/admin/builder/spi-builder-workspace/.dependencies/checkouts/Structure
/Applications/Xcode-27.0.0-Release.Candidate.app/Contents/Developer/Toolchains/XcodeDefault.xctoolchain/usr/bin/clang -Xlinker -reproducible -target arm64_32-apple-watchos9.0 -r -isysroot /Applications/Xcode-27.0.0-Release.Candidate.app/Contents/Developer/Platforms/WatchOS.platform/Developer/SDKs/WatchOS27.0.sdk -O0 -w -Xlinker -no_warn_duplicate_libraries -F/Users/admin/builder/spi-builder-workspace/.derivedData/Build/Intermediates.noindex/EagerLinkingTBDs/Debug-watchos -F/Users/admin/builder/spi-builder-workspace/.derivedData/Build/Products/Debug-watchos/PackageFrameworks -F/Users/admin/builder/spi-builder-workspace/.derivedData/Build/Products/Debug-watchos -iframework /Applications/Xcode-27.0.0-Release.Candidate.app/Contents/Developer/Platforms/WatchOS.platform/Developer/Library/Frameworks -iframework /Applications/Xcode-27.0.0-Release.Candidate.app/Contents/Developer/Platforms/WatchOS.platform/Developer/SDKs/WatchOS27.0.sdk/Developer/Library/Frameworks -filelist /Users/admin/builder/spi-builder-workspace/.derivedData/Build/Intermediates.noindex/Structure.build/Debug-watchos/DataStructures-t.build/Objects-normal/arm64_32/DataStructures.LinkFileList -nostdlib -Xlinker -object_path_lto -Xlinker /Users/admin/builder/spi-builder-workspace/.derivedData/Build/Intermediates.noindex/Structure.build/Debug-watchos/DataStructures-t.build/Objects-normal/arm64_32/DataStructures_lto.o -Xlinker -no_deduplicate -Xlinker -debug_variant -Xlinker -dependency_info -Xlinker /Users/admin/builder/spi-builder-workspace/.derivedData/Build/Intermediates.noindex/Structure.build/Debug-watchos/DataStructures-t.build/Objects-normal/arm64_32/DataStructures_dependency_info.dat -fobjc-link-runtime -L/Applications/Xcode-27.0.0-Release.Candidate.app/Contents/Developer/Toolchains/XcodeDefault.xctoolchain/usr/lib/swift/watchos -L/usr/lib/swift -Xlinker -add_ast_path -Xlinker /Users/admin/builder/spi-builder-workspace/.derivedData/Build/Intermediates.noindex/Structure.build/Debug-watchos/DataStructures-t.build/Objects-normal/arm64_32/DataStructures.swiftmodule -o /Users/admin/builder/spi-builder-workspace/.derivedData/Build/Intermediates.noindex/Structure.build/Debug-watchos/DataStructures-t.build/Objects-normal/arm64_32/Binary/DataStructures.o
CreateUniversalBinary /Users/admin/builder/spi-builder-workspace/.derivedData/Build/Products/Debug-watchos/DataStructures.o normal arm64\ arm64_32 (in target 'DataStructures' from project 'Structure')
cd /Users/admin/builder/spi-builder-workspace/.dependencies/checkouts/Structure
/Applications/Xcode-27.0.0-Release.Candidate.app/Contents/Developer/Toolchains/XcodeDefault.xctoolchain/usr/bin/lipo -create /Users/admin/builder/spi-builder-workspace/.derivedData/Build/Intermediates.noindex/Structure.build/Debug-watchos/DataStructures-t.build/Objects-normal/arm64/Binary/DataStructures.o /Users/admin/builder/spi-builder-workspace/.derivedData/Build/Intermediates.noindex/Structure.build/Debug-watchos/DataStructures-t.build/Objects-normal/arm64_32/Binary/DataStructures.o -output /Users/admin/builder/spi-builder-workspace/.derivedData/Build/Products/Debug-watchos/DataStructures.o
ExtractAppIntentsMetadata (in target 'DataStructures' from project 'Structure')
cd /Users/admin/builder/spi-builder-workspace/.dependencies/checkouts/Structure
/Applications/Xcode-27.0.0-Release.Candidate.app/Contents/Developer/Toolchains/XcodeDefault.xctoolchain/usr/bin/appintentsmetadataprocessor --toolchain-dir /var/run/com.apple.security.cryptexd/mnt/com.apple.MobileAsset.MetalToolchain-v27.1.266.1.SKYGs6/Metal.xctoolchain --module-name DataStructures --sdk-root /Applications/Xcode-27.0.0-Release.Candidate.app/Contents/Developer/Platforms/WatchOS.platform/Developer/SDKs/WatchOS27.0.sdk --xcode-version 27A266a --platform-family watchOS --deployment-target 9.0 --bundle-identifier structure.DataStructures --output /Users/admin/builder/spi-builder-workspace/.derivedData/Build/Products/Debug-watchos/DataStructures.appintents --target-triple arm64-apple-watchos9.0 --target-triple arm64_32-apple-watchos9.0 --binary-file /Users/admin/builder/spi-builder-workspace/.derivedData/Build/Products/Debug-watchos/DataStructures.o --dependency-file /Users/admin/builder/spi-builder-workspace/.derivedData/Build/Intermediates.noindex/Structure.build/Debug-watchos/DataStructures-t.build/Objects-normal/arm64/DataStructures_dependency_info.dat --dependency-file /Users/admin/builder/spi-builder-workspace/.derivedData/Build/Intermediates.noindex/Structure.build/Debug-watchos/DataStructures-t.build/Objects-normal/arm64_32/DataStructures_dependency_info.dat --stringsdata-file /Users/admin/builder/spi-builder-workspace/.derivedData/Build/Intermediates.noindex/Structure.build/Debug-watchos/DataStructures-t.build/Objects-normal/arm64/ExtractedAppShortcutsMetadata.stringsdata --stringsdata-file /Users/admin/builder/spi-builder-workspace/.derivedData/Build/Intermediates.noindex/Structure.build/Debug-watchos/DataStructures-t.build/Objects-normal/arm64_32/ExtractedAppShortcutsMetadata.stringsdata --source-file-list /Users/admin/builder/spi-builder-workspace/.derivedData/Build/Intermediates.noindex/Structure.build/Debug-watchos/DataStructures-t.build/Objects-normal/arm64/DataStructures.SwiftFileList --source-file-list /Users/admin/builder/spi-builder-workspace/.derivedData/Build/Intermediates.noindex/Structure.build/Debug-watchos/DataStructures-t.build/Objects-normal/arm64_32/DataStructures.SwiftFileList --metadata-file-list /Users/admin/builder/spi-builder-workspace/.derivedData/Build/Intermediates.noindex/Structure.build/Debug-watchos/DataStructures-t.build/DataStructures.DependencyMetadataFileList --static-metadata-file-list /Users/admin/builder/spi-builder-workspace/.derivedData/Build/Intermediates.noindex/Structure.build/Debug-watchos/DataStructures-t.build/DataStructures.DependencyStaticMetadataFileList --swift-const-vals-list /Users/admin/builder/spi-builder-workspace/.derivedData/Build/Intermediates.noindex/Structure.build/Debug-watchos/DataStructures-t.build/Objects-normal/arm64/DataStructures.SwiftConstValuesFileList --swift-const-vals-list /Users/admin/builder/spi-builder-workspace/.derivedData/Build/Intermediates.noindex/Structure.build/Debug-watchos/DataStructures-t.build/Objects-normal/arm64_32/DataStructures.SwiftConstValuesFileList --force --compile-time-extraction --deployment-aware-processing --no-app-shortcuts-localization
2026-09-16 16:18:31.348 appintentsmetadataprocessor[1040:6029] Starting appintentsmetadataprocessor export
2026-09-16 16:18:31.411 appintentsmetadataprocessor[1040:6029] Extracted no relevant App Intents symbols, skipping writing output
SwiftCompile normal arm64 Compiling\ Beats.swift,\ Duration.swift /Users/admin/builder/spi-builder-workspace/.dependencies/checkouts/Music/Sources/Duration/Beats.swift /Users/admin/builder/spi-builder-workspace/.dependencies/checkouts/Music/Sources/Duration/Duration.swift (in target 'Duration' from project 'Music')
SwiftCompile normal arm64 /Users/admin/builder/spi-builder-workspace/.dependencies/checkouts/Music/Sources/Duration/Beats.swift (in target 'Duration' from project 'Music')
cd /Users/admin/builder/spi-builder-workspace/.swiftpm/xcode
builtin-SwiftPerFileCompile Beats.swift
SwiftCompile normal arm64 /Users/admin/builder/spi-builder-workspace/.dependencies/checkouts/Music/Sources/Duration/Duration.swift (in target 'Duration' from project 'Music')
cd /Users/admin/builder/spi-builder-workspace/.swiftpm/xcode
builtin-SwiftPerFileCompile Duration.swift
SwiftCompile normal arm64 Compiling\ Meter.Fragment.swift,\ Meter.Kind.swift /Users/admin/builder/spi-builder-workspace/.dependencies/checkouts/Music/Sources/Duration/Meter/Meter.Fragment.swift /Users/admin/builder/spi-builder-workspace/.dependencies/checkouts/Music/Sources/Duration/Meter/Meter.Kind.swift (in target 'Duration' from project 'Music')
SwiftCompile normal arm64 /Users/admin/builder/spi-builder-workspace/.dependencies/checkouts/Music/Sources/Duration/Meter/Meter.Fragment.swift (in target 'Duration' from project 'Music')
cd /Users/admin/builder/spi-builder-workspace/.swiftpm/xcode
builtin-SwiftPerFileCompile Meter.Fragment.swift
SwiftCompile normal arm64 /Users/admin/builder/spi-builder-workspace/.dependencies/checkouts/Music/Sources/Duration/Meter/Meter.Kind.swift (in target 'Duration' from project 'Music')
cd /Users/admin/builder/spi-builder-workspace/.swiftpm/xcode
builtin-SwiftPerFileCompile Meter.Kind.swift
SwiftCompile normal arm64 Compiling\ Meter.swift,\ AbsenceOrEvent.swift /Users/admin/builder/spi-builder-workspace/.dependencies/checkouts/Music/Sources/Duration/Meter/Meter.swift /Users/admin/builder/spi-builder-workspace/.dependencies/checkouts/Music/Sources/Duration/Rhythm/AbsenceOrEvent.swift (in target 'Duration' from project 'Music')
SwiftCompile normal arm64 /Users/admin/builder/spi-builder-workspace/.dependencies/checkouts/Music/Sources/Duration/Meter/Meter.swift (in target 'Duration' from project 'Music')
cd /Users/admin/builder/spi-builder-workspace/.swiftpm/xcode
builtin-SwiftPerFileCompile Meter.swift
SwiftCompile normal arm64 /Users/admin/builder/spi-builder-workspace/.dependencies/checkouts/Music/Sources/Duration/Rhythm/AbsenceOrEvent.swift (in target 'Duration' from project 'Music')
cd /Users/admin/builder/spi-builder-workspace/.swiftpm/xcode
builtin-SwiftPerFileCompile AbsenceOrEvent.swift
SwiftCompile normal arm64 Compiling\ Tempo.Context.swift /Users/admin/builder/spi-builder-workspace/.dependencies/checkouts/Music/Sources/Duration/Tempo/Tempo.Context.swift (in target 'Duration' from project 'Music')
SwiftCompile normal arm64 /Users/admin/builder/spi-builder-workspace/.dependencies/checkouts/Music/Sources/Duration/Tempo/Tempo.Context.swift (in target 'Duration' from project 'Music')
cd /Users/admin/builder/spi-builder-workspace/.swiftpm/xcode
builtin-SwiftPerFileCompile Tempo.Context.swift
SwiftEmitModule normal arm64 Emitting\ module\ for\ Duration (in target 'Duration' from project 'Music')
SwiftCompile normal arm64 (in target 'Duration' from project 'Music')
cd /Users/admin/builder/spi-builder-workspace/.swiftpm/xcode
SwiftEmitModule normal arm64_32 Emitting\ module\ for\ Duration (in target 'Duration' from project 'Music')
SwiftCompile normal arm64_32 (in target 'Duration' from project 'Music')
cd /Users/admin/builder/spi-builder-workspace/.swiftpm/xcode
SwiftCompile normal arm64_32 Compiling\ Rhythm.swift /Users/admin/builder/spi-builder-workspace/.dependencies/checkouts/Music/Sources/Duration/Rhythm/Rhythm.swift (in target 'Duration' from project 'Music')
SwiftCompile normal arm64_32 /Users/admin/builder/spi-builder-workspace/.dependencies/checkouts/Music/Sources/Duration/Rhythm/Rhythm.swift (in target 'Duration' from project 'Music')
cd /Users/admin/builder/spi-builder-workspace/.swiftpm/xcode
builtin-SwiftPerFileCompile Rhythm.swift
SwiftEmitModule normal arm64 Emitting\ module\ for\ Pitch (in target 'Pitch' from project 'Music')
SwiftCompile normal arm64 (in target 'Pitch' from project 'Music')
cd /Users/admin/builder/spi-builder-workspace/.swiftpm/xcode
SwiftCompile normal arm64 Compiling\ UnorderedIntervalDescriptor.swift,\ NoteNumber.swift /Users/admin/builder/spi-builder-workspace/.dependencies/checkouts/Music/Sources/Pitch/IntervalDescriptor/UnorderedIntervalDescriptor.swift /Users/admin/builder/spi-builder-workspace/.dependencies/checkouts/Music/Sources/Pitch/NoteNumber.swift (in target 'Pitch' from project 'Music')
/Users/admin/builder/spi-builder-workspace/.dependencies/checkouts/Music/Sources/Pitch/NoteNumber.swift:27:15: error: type 'NoteNumber' does not conform to protocol 'AdditiveArithmetic'
25 | /// let cold: NoteNumber = 60
26 | ///
27 | public struct NoteNumber:
| `- error: type 'NoteNumber' does not conform to protocol 'AdditiveArithmetic'
28 | NewType,
29 | Comparable,
Swift.AdditiveArithmetic.+=:2:13: note: multiple matching functions named '+=' with type '(inout NoteNumber, NoteNumber) -> ()'
1 | protocol AdditiveArithmetic {
2 | static func += (lhs: inout Self, rhs: Self)}
| `- note: multiple matching functions named '+=' with type '(inout NoteNumber, NoteNumber) -> ()'
3 |
Swift.AdditiveArithmetic.+=:2:20: note: candidate exactly matches
1 | protocol AdditiveArithmetic {
2 | public static func += (lhs: inout Self, rhs: Self)}
| `- note: candidate exactly matches
3 |
/Users/admin/builder/spi-builder-workspace/.dependencies/checkouts/Structure/Sources/DataStructures/Wrapping/NewType.swift:71:24: note: candidate exactly matches
69 | }
70 |
71 | public static func += (lhs: inout Self, rhs: Self) {
| `- note: candidate exactly matches
72 | lhs = lhs + rhs
73 | }
:
77 | }
78 |
79 | public static func -= (lhs: inout Self, rhs: Self) {
| `- note: candidate exactly matches
80 | lhs = lhs - rhs
81 | }
Swift.AdditiveArithmetic.-=:2:13: note: multiple matching functions named '-=' with type '(inout NoteNumber, NoteNumber) -> ()'
1 | protocol AdditiveArithmetic {
2 | static func -= (lhs: inout Self, rhs: Self)}
| `- note: multiple matching functions named '-=' with type '(inout NoteNumber, NoteNumber) -> ()'
3 |
Swift.AdditiveArithmetic.-=:2:20: note: candidate exactly matches
1 | protocol AdditiveArithmetic {
2 | public static func -= (lhs: inout Self, rhs: Self)}
| `- note: candidate exactly matches
3 |
Failed frontend command:
/Applications/Xcode-27.0.0-Release.Candidate.app/Contents/Developer/Toolchains/XcodeDefault.xctoolchain/usr/bin/swift-frontend -frontend -c /Users/admin/builder/spi-builder-workspace/.dependencies/checkouts/Music/Sources/Pitch/Chord/Chord.IntervalPattern.swift /Users/admin/builder/spi-builder-workspace/.dependencies/checkouts/Music/Sources/Pitch/Chord/Chord.swift /Users/admin/builder/spi-builder-workspace/.dependencies/checkouts/Music/Sources/Pitch/Chord/ChordDescriptor.swift /Users/admin/builder/spi-builder-workspace/.dependencies/checkouts/Music/Sources/Pitch/Dyad.swift /Users/admin/builder/spi-builder-workspace/.dependencies/checkouts/Music/Sources/Pitch/Frequency.swift /Users/admin/builder/spi-builder-workspace/.dependencies/checkouts/Music/Sources/Pitch/IntervalDescriptor/CompoundIntervalDescriptor.swift /Users/admin/builder/spi-builder-workspace/.dependencies/checkouts/Music/Sources/Pitch/IntervalDescriptor/IntervalDescriptor.swift /Users/admin/builder/spi-builder-workspace/.dependencies/checkouts/Music/Sources/Pitch/IntervalDescriptor/IntervalOrdinal.swift /Users/admin/builder/spi-builder-workspace/.dependencies/checkouts/Music/Sources/Pitch/IntervalDescriptor/IntervalQuality.swift /Users/admin/builder/spi-builder-workspace/.dependencies/checkouts/Music/Sources/Pitch/IntervalDescriptor/OrderedIntervalDescriptor.swift -primary-file /Users/admin/builder/spi-builder-workspace/.dependencies/checkouts/Music/Sources/Pitch/IntervalDescriptor/UnorderedIntervalDescriptor.swift -primary-file /Users/admin/builder/spi-builder-workspace/.dependencies/checkouts/Music/Sources/Pitch/NoteNumber.swift /Users/admin/builder/spi-builder-workspace/.dependencies/checkouts/Music/Sources/Pitch/NoteNumberRepresentable.swift /Users/admin/builder/spi-builder-workspace/.dependencies/checkouts/Music/Sources/Pitch/OrderedInterval.swift /Users/admin/builder/spi-builder-workspace/.dependencies/checkouts/Music/Sources/Pitch/Pitch.Class.swift /Users/admin/builder/spi-builder-workspace/.dependencies/checkouts/Music/Sources/Pitch/Pitch.swift /Users/admin/builder/spi-builder-workspace/.dependencies/checkouts/Music/Sources/Pitch/Scale/Scale.IntervalPattern.swift /Users/admin/builder/spi-builder-workspace/.dependencies/checkouts/Music/Sources/Pitch/Scale/Scale.swift /Users/admin/builder/spi-builder-workspace/.dependencies/checkouts/Music/Sources/Pitch/TuningSystem.swift /Users/admin/builder/spi-builder-workspace/.dependencies/checkouts/Music/Sources/Pitch/UnorderedInterval.swift -emit-dependencies-path /Users/admin/builder/spi-builder-workspace/.derivedData/Build/Intermediates.noindex/Music.build/Debug-watchos/Pitch-t.build/Objects-normal/arm64/UnorderedIntervalDescriptor.d -emit-const-values-path /Users/admin/builder/spi-builder-workspace/.derivedData/Build/Intermediates.noindex/Music.build/Debug-watchos/Pitch-t.build/Objects-normal/arm64/UnorderedIntervalDescriptor.swiftconstvalues -emit-reference-dependencies-path /Users/admin/builder/spi-builder-workspace/.derivedData/Build/Intermediates.noindex/Music.build/Debug-watchos/Pitch-t.build/Objects-normal/arm64/UnorderedIntervalDescriptor.swiftdeps -serialize-diagnostics-path /Users/admin/builder/spi-builder-workspace/.derivedData/Build/Intermediates.noindex/Music.build/Debug-watchos/Pitch-t.build/Objects-normal/arm64/UnorderedIntervalDescriptor.dia -emit-dependencies-path /Users/admin/builder/spi-builder-workspace/.derivedData/Build/Intermediates.noindex/Music.build/Debug-watchos/Pitch-t.build/Objects-normal/arm64/NoteNumber.d -emit-const-values-path /Users/admin/builder/spi-builder-workspace/.derivedData/Build/Intermediates.noindex/Music.build/Debug-watchos/Pitch-t.build/Objects-normal/arm64/NoteNumber.swiftconstvalues -emit-reference-dependencies-path /Users/admin/builder/spi-builder-workspace/.derivedData/Build/Intermediates.noindex/Music.build/Debug-watchos/Pitch-t.build/Objects-normal/arm64/NoteNumber.swiftdeps -serialize-diagnostics-path /Users/admin/builder/spi-builder-workspace/.derivedData/Build/Intermediates.noindex/Music.build/Debug-watchos/Pitch-t.build/Objects-normal/arm64/NoteNumber.dia -target arm64-apple-watchos9.0 -Xllvm -aarch64-use-tbi -enable-objc-interop -stack-check -sdk /Applications/Xcode-27.0.0-Release.Candidate.app/Contents/Developer/Platforms/WatchOS.platform/Developer/SDKs/WatchOS27.0.sdk -I /Users/admin/builder/spi-builder-workspace/.derivedData/Build/Products/Debug-watchos -Isystem /Applications/Xcode-27.0.0-Release.Candidate.app/Contents/Developer/Platforms/WatchOS.platform/Developer/usr/lib -F /Users/admin/builder/spi-builder-workspace/.derivedData/Build/Products/Debug-watchos/PackageFrameworks -F /Users/admin/builder/spi-builder-workspace/.derivedData/Build/Products/Debug-watchos -F /Applications/Xcode-27.0.0-Release.Candidate.app/Contents/Developer/Platforms/WatchOS.platform/Developer/Library/Frameworks -F /Applications/Xcode-27.0.0-Release.Candidate.app/Contents/Developer/Platforms/WatchOS.platform/Developer/SDKs/WatchOS27.0.sdk/Developer/Library/Frameworks -module-cache-path /Users/admin/builder/spi-builder-workspace/.derivedData/ModuleCache.noindex -no-color-diagnostics -Xcc -fno-color-diagnostics -enable-testing -g -debug-info-format\=dwarf -dwarf-version\=4 -suppress-warnings -profile-generate -profile-coverage-mapping -swift-version 4.2 -Onone -D SWIFT_PACKAGE -D DEBUG -D SWIFT_MODULE_RESOURCE_BUNDLE_UNAVAILABLE -D Xcode -serialize-debugging-options -enable-experimental-feature DebugDescriptionMacro -empty-abi-descriptor -plugin-path /Applications/Xcode-27.0.0-Release.Candidate.app/Contents/Developer/Toolchains/XcodeDefault.xctoolchain/usr/lib/swift/host/plugins/testing -validate-clang-modules-once -clang-build-session-file /Users/admin/builder/spi-builder-workspace/.derivedData/ModuleCache.noindex/Session.modulevalidation -Xcc -working-directory -Xcc /Users/admin/builder/spi-builder-workspace/.swiftpm/xcode -enable-anonymous-context-mangled-names -file-compilation-dir /Users/admin/builder/spi-builder-workspace/.swiftpm/xcode -Xcc -D_LIBCPP_HARDENING_MODE\=_LIBCPP_HARDENING_MODE_DEBUG -Xcc -ivfsstatcache -Xcc /Users/admin/builder/spi-builder-workspace/.derivedData/SDKStatCaches.noindex/watchos27.0-24R360-e829b21a6f8c9b70876ba0858053c04477534ef55a1706bf4c1112bbb242f0a2.sdkstatcache -Xcc -fmodules-prune-interval\=86400 -Xcc -fmodules-prune-after\=345600 -Xcc -I/Users/admin/builder/spi-builder-workspace/.derivedData/Build/Products/Debug-watchos/include -Xcc -I/Users/admin/builder/spi-builder-workspace/.derivedData/Build/Intermediates.noindex/Music.build/Debug-watchos/Pitch-t.build/DerivedSources-normal/arm64 -Xcc -I/Users/admin/builder/spi-builder-workspace/.derivedData/Build/Intermediates.noindex/Music.build/Debug-watchos/Pitch-t.build/DerivedSources/arm64 -Xcc -I/Users/admin/builder/spi-builder-workspace/.derivedData/Build/Intermediates.noindex/Music.build/Debug-watchos/Pitch-t.build/DerivedSources -Xcc -DSWIFT_PACKAGE -Xcc -DDEBUG\=1 -no-auto-bridging-header-chaining -module-name Pitch -const-gather-protocols-file /Users/admin/builder/spi-builder-workspace/.derivedData/Build/Intermediates.noindex/Music.build/Debug-watchos/Pitch-t.build/Objects-normal/arm64/Pitch_const_extract_protocols.json -disable-clang-spi -target-sdk-version 27.0 -target-sdk-name watchos27.0 -external-plugin-path /Applications/Xcode-27.0.0-Release.Candidate.app/Contents/Developer/Platforms/WatchOS.platform/Developer/usr/lib/swift/host/plugins\#/Applications/Xcode-27.0.0-Release.Candidate.app/Contents/Developer/Platforms/WatchOS.platform/Developer/usr/bin/swift-plugin-server -external-plugin-path /Applications/Xcode-27.0.0-Release.Candidate.app/Contents/Developer/Platforms/WatchOS.platform/Developer/usr/local/lib/swift/host/plugins\#/Applications/Xcode-27.0.0-Release.Candidate.app/Contents/Developer/Platforms/WatchOS.platform/Developer/usr/bin/swift-plugin-server -in-process-plugin-server-path /Applications/Xcode-27.0.0-Release.Candidate.app/Contents/Developer/Toolchains/XcodeDefault.xctoolchain/usr/lib/swift/host/libSwiftInProcPluginServer.dylib -plugin-path /Applications/Xcode-27.0.0-Release.Candidate.app/Contents/Developer/Toolchains/XcodeDefault.xctoolchain/usr/lib/swift/host/plugins -plugin-path /Applications/Xcode-27.0.0-Release.Candidate.app/Contents/Developer/Toolchains/XcodeDefault.xctoolchain/usr/local/lib/swift/host/plugins -parse-as-library -o /Users/admin/builder/spi-builder-workspace/.derivedData/Build/Intermediates.noindex/Music.build/Debug-watchos/Pitch-t.build/Objects-normal/arm64/UnorderedIntervalDescriptor.o -o /Users/admin/builder/spi-builder-workspace/.derivedData/Build/Intermediates.noindex/Music.build/Debug-watchos/Pitch-t.build/Objects-normal/arm64/NoteNumber.o -index-unit-output-path /Music.build/Debug-watchos/Pitch-t.build/Objects-normal/arm64/UnorderedIntervalDescriptor.o -index-unit-output-path /Music.build/Debug-watchos/Pitch-t.build/Objects-normal/arm64/NoteNumber.o -index-store-path /Users/admin/builder/spi-builder-workspace/.derivedData/Index.noindex/DataStore -index-system-modules
SwiftCompile normal arm64 /Users/admin/builder/spi-builder-workspace/.dependencies/checkouts/Music/Sources/Pitch/IntervalDescriptor/UnorderedIntervalDescriptor.swift (in target 'Pitch' from project 'Music')
cd /Users/admin/builder/spi-builder-workspace/.swiftpm/xcode
builtin-SwiftPerFileCompile UnorderedIntervalDescriptor.swift
SwiftCompile normal arm64 /Users/admin/builder/spi-builder-workspace/.dependencies/checkouts/Music/Sources/Pitch/NoteNumber.swift (in target 'Pitch' from project 'Music')
cd /Users/admin/builder/spi-builder-workspace/.swiftpm/xcode
builtin-SwiftPerFileCompile NoteNumber.swift
SwiftCompile normal arm64 Compiling\ Scale.IntervalPattern.swift,\ Scale.swift /Users/admin/builder/spi-builder-workspace/.dependencies/checkouts/Music/Sources/Pitch/Scale/Scale.IntervalPattern.swift /Users/admin/builder/spi-builder-workspace/.dependencies/checkouts/Music/Sources/Pitch/Scale/Scale.swift (in target 'Pitch' from project 'Music')
SwiftCompile normal arm64 /Users/admin/builder/spi-builder-workspace/.dependencies/checkouts/Music/Sources/Pitch/Scale/Scale.IntervalPattern.swift (in target 'Pitch' from project 'Music')
cd /Users/admin/builder/spi-builder-workspace/.swiftpm/xcode
builtin-SwiftPerFileCompile Scale.IntervalPattern.swift
SwiftCompile normal arm64 /Users/admin/builder/spi-builder-workspace/.dependencies/checkouts/Music/Sources/Pitch/Scale/Scale.swift (in target 'Pitch' from project 'Music')
cd /Users/admin/builder/spi-builder-workspace/.swiftpm/xcode
builtin-SwiftPerFileCompile Scale.swift
SwiftEmitModule normal arm64_32 Emitting\ module\ for\ Pitch (in target 'Pitch' from project 'Music')
SwiftCompile normal arm64_32 (in target 'Pitch' from project 'Music')
cd /Users/admin/builder/spi-builder-workspace/.swiftpm/xcode
SwiftDriverJobDiscovery normal arm64 Compiling Tempo.Context.swift (in target 'Duration' from project 'Music')
SwiftCompile normal arm64_32 Compiling\ Frequency.swift,\ CompoundIntervalDescriptor.swift /Users/admin/builder/spi-builder-workspace/.dependencies/checkouts/Music/Sources/Pitch/Frequency.swift /Users/admin/builder/spi-builder-workspace/.dependencies/checkouts/Music/Sources/Pitch/IntervalDescriptor/CompoundIntervalDescriptor.swift (in target 'Pitch' from project 'Music')
SwiftCompile normal arm64_32 /Users/admin/builder/spi-builder-workspace/.dependencies/checkouts/Music/Sources/Pitch/Frequency.swift (in target 'Pitch' from project 'Music')
cd /Users/admin/builder/spi-builder-workspace/.swiftpm/xcode
builtin-SwiftPerFileCompile Frequency.swift
SwiftCompile normal arm64_32 /Users/admin/builder/spi-builder-workspace/.dependencies/checkouts/Music/Sources/Pitch/IntervalDescriptor/CompoundIntervalDescriptor.swift (in target 'Pitch' from project 'Music')
cd /Users/admin/builder/spi-builder-workspace/.swiftpm/xcode
builtin-SwiftPerFileCompile CompoundIntervalDescriptor.swift
SwiftDriverJobDiscovery normal arm64 Compiling Beats.swift, Duration.swift (in target 'Duration' from project 'Music')
SwiftCompile normal arm64_32 Compiling\ Scale.IntervalPattern.swift /Users/admin/builder/spi-builder-workspace/.dependencies/checkouts/Music/Sources/Pitch/Scale/Scale.IntervalPattern.swift (in target 'Pitch' from project 'Music')
SwiftCompile normal arm64_32 /Users/admin/builder/spi-builder-workspace/.dependencies/checkouts/Music/Sources/Pitch/Scale/Scale.IntervalPattern.swift (in target 'Pitch' from project 'Music')
cd /Users/admin/builder/spi-builder-workspace/.swiftpm/xcode
builtin-SwiftPerFileCompile Scale.IntervalPattern.swift
SwiftDriverJobDiscovery normal arm64 Compiling Meter.swift, AbsenceOrEvent.swift (in target 'Duration' from project 'Music')
SwiftCompile normal arm64 Compiling\ Pitch.Class.swift,\ Pitch.swift /Users/admin/builder/spi-builder-workspace/.dependencies/checkouts/Music/Sources/Pitch/Pitch.Class.swift /Users/admin/builder/spi-builder-workspace/.dependencies/checkouts/Music/Sources/Pitch/Pitch.swift (in target 'Pitch' from project 'Music')
SwiftCompile normal arm64 /Users/admin/builder/spi-builder-workspace/.dependencies/checkouts/Music/Sources/Pitch/Pitch.Class.swift (in target 'Pitch' from project 'Music')
cd /Users/admin/builder/spi-builder-workspace/.swiftpm/xcode
builtin-SwiftPerFileCompile Pitch.Class.swift
SwiftCompile normal arm64 /Users/admin/builder/spi-builder-workspace/.dependencies/checkouts/Music/Sources/Pitch/Pitch.swift (in target 'Pitch' from project 'Music')
cd /Users/admin/builder/spi-builder-workspace/.swiftpm/xcode
builtin-SwiftPerFileCompile Pitch.swift
SwiftDriverJobDiscovery normal arm64 Emitting module for Duration (in target 'Duration' from project 'Music')
SwiftDriver\ Compilation\ Requirements Duration normal arm64 com.apple.xcode.tools.swift.compiler (in target 'Duration' from project 'Music')
cd /Users/admin/builder/spi-builder-workspace/.swiftpm/xcode
builtin-Swift-Compilation-Requirements -- /Applications/Xcode-27.0.0-Release.Candidate.app/Contents/Developer/Toolchains/XcodeDefault.xctoolchain/usr/bin/swiftc -parse-as-library -module-name Duration -Onone @/Users/admin/builder/spi-builder-workspace/.derivedData/Build/Intermediates.noindex/Music.build/Debug-watchos/Duration-t.build/Objects-normal/arm64/Duration.SwiftFileList -DSWIFT_PACKAGE -DDEBUG -DSWIFT_MODULE_RESOURCE_BUNDLE_UNAVAILABLE -DXcode -plugin-path /Applications/Xcode-27.0.0-Release.Candidate.app/Contents/Developer/Toolchains/XcodeDefault.xctoolchain/usr/lib/swift/host/plugins/testing -enable-experimental-feature DebugDescriptionMacro -sdk /Applications/Xcode-27.0.0-Release.Candidate.app/Contents/Developer/Platforms/WatchOS.platform/Developer/SDKs/WatchOS27.0.sdk -target arm64-apple-watchos9.0 -g -module-cache-path /Users/admin/builder/spi-builder-workspace/.derivedData/ModuleCache.noindex -Xfrontend -serialize-debugging-options -profile-coverage-mapping -profile-generate -enable-testing -suppress-warnings -index-store-path /Users/admin/builder/spi-builder-workspace/.derivedData/Index.noindex/DataStore -Xcc -D_LIBCPP_HARDENING_MODE\=_LIBCPP_HARDENING_MODE_DEBUG -swift-version 4.2 -I /Users/admin/builder/spi-builder-workspace/.derivedData/Build/Products/Debug-watchos -Isystem /Applications/Xcode-27.0.0-Release.Candidate.app/Contents/Developer/Platforms/WatchOS.platform/Developer/usr/lib -F /Users/admin/builder/spi-builder-workspace/.derivedData/Build/Products/Debug-watchos/PackageFrameworks -F /Users/admin/builder/spi-builder-workspace/.derivedData/Build/Products/Debug-watchos -F /Applications/Xcode-27.0.0-Release.Candidate.app/Contents/Developer/Platforms/WatchOS.platform/Developer/Library/Frameworks -F /Applications/Xcode-27.0.0-Release.Candidate.app/Contents/Developer/Platforms/WatchOS.platform/Developer/SDKs/WatchOS27.0.sdk/Developer/Library/Frameworks -c -j10 -enable-batch-mode -incremental -Xcc -ivfsstatcache -Xcc /Users/admin/builder/spi-builder-workspace/.derivedData/SDKStatCaches.noindex/watchos27.0-24R360-e829b21a6f8c9b70876ba0858053c04477534ef55a1706bf4c1112bbb242f0a2.sdkstatcache -output-file-map /Users/admin/builder/spi-builder-workspace/.derivedData/Build/Intermediates.noindex/Music.build/Debug-watchos/Duration-t.build/Objects-normal/arm64/Duration-OutputFileMap.json -save-temps -no-color-diagnostics -emit-dependencies -emit-module -emit-module-path /Users/admin/builder/spi-builder-workspace/.derivedData/Build/Intermediates.noindex/Music.build/Debug-watchos/Duration-t.build/Objects-normal/arm64/Duration.swiftmodule -serialize-diagnostics -validate-clang-modules-once -clang-build-session-file /Users/admin/builder/spi-builder-workspace/.derivedData/ModuleCache.noindex/Session.modulevalidation -Xcc -fmodules-prune-interval\=86400 -Xcc -fmodules-prune-after\=345600 -emit-const-values -const-gather-protocols-list /Users/admin/builder/spi-builder-workspace/.derivedData/Build/Intermediates.noindex/Music.build/Debug-watchos/Duration-t.build/Objects-normal/arm64/Duration_const_extract_protocols.json -Xcc -I/Users/admin/builder/spi-builder-workspace/.derivedData/Build/Products/Debug-watchos/include -Xcc -I/Users/admin/builder/spi-builder-workspace/.derivedData/Build/Intermediates.noindex/Music.build/Debug-watchos/Duration-t.build/DerivedSources-normal/arm64 -Xcc -I/Users/admin/builder/spi-builder-workspace/.derivedData/Build/Intermediates.noindex/Music.build/Debug-watchos/Duration-t.build/DerivedSources/arm64 -Xcc -I/Users/admin/builder/spi-builder-workspace/.derivedData/Build/Intermediates.noindex/Music.build/Debug-watchos/Duration-t.build/DerivedSources -Xcc -DSWIFT_PACKAGE -Xcc -DDEBUG\=1 -emit-objc-header -emit-objc-header-path /Users/admin/builder/spi-builder-workspace/.derivedData/Build/Intermediates.noindex/Music.build/Debug-watchos/Duration-t.build/Objects-normal/arm64/Duration-Swift.h -working-directory /Users/admin/builder/spi-builder-workspace/.swiftpm/xcode -experimental-emit-module-separately -disable-cmo
SwiftDriverJobDiscovery normal arm64_32 Emitting module for Duration (in target 'Duration' from project 'Music')
SwiftDriver\ Compilation\ Requirements Duration normal arm64_32 com.apple.xcode.tools.swift.compiler (in target 'Duration' from project 'Music')
cd /Users/admin/builder/spi-builder-workspace/.swiftpm/xcode
builtin-Swift-Compilation-Requirements -- /Applications/Xcode-27.0.0-Release.Candidate.app/Contents/Developer/Toolchains/XcodeDefault.xctoolchain/usr/bin/swiftc -parse-as-library -module-name Duration -Onone @/Users/admin/builder/spi-builder-workspace/.derivedData/Build/Intermediates.noindex/Music.build/Debug-watchos/Duration-t.build/Objects-normal/arm64_32/Duration.SwiftFileList -DSWIFT_PACKAGE -DDEBUG -DSWIFT_MODULE_RESOURCE_BUNDLE_UNAVAILABLE -DXcode -plugin-path /Applications/Xcode-27.0.0-Release.Candidate.app/Contents/Developer/Toolchains/XcodeDefault.xctoolchain/usr/lib/swift/host/plugins/testing -enable-experimental-feature DebugDescriptionMacro -sdk /Applications/Xcode-27.0.0-Release.Candidate.app/Contents/Developer/Platforms/WatchOS.platform/Developer/SDKs/WatchOS27.0.sdk -target arm64_32-apple-watchos9.0 -g -module-cache-path /Users/admin/builder/spi-builder-workspace/.derivedData/ModuleCache.noindex -Xfrontend -serialize-debugging-options -profile-coverage-mapping -profile-generate -enable-testing -suppress-warnings -index-store-path /Users/admin/builder/spi-builder-workspace/.derivedData/Index.noindex/DataStore -Xcc -D_LIBCPP_HARDENING_MODE\=_LIBCPP_HARDENING_MODE_DEBUG -swift-version 4.2 -I /Users/admin/builder/spi-builder-workspace/.derivedData/Build/Products/Debug-watchos -Isystem /Applications/Xcode-27.0.0-Release.Candidate.app/Contents/Developer/Platforms/WatchOS.platform/Developer/usr/lib -F /Users/admin/builder/spi-builder-workspace/.derivedData/Build/Products/Debug-watchos/PackageFrameworks -F /Users/admin/builder/spi-builder-workspace/.derivedData/Build/Products/Debug-watchos -F /Applications/Xcode-27.0.0-Release.Candidate.app/Contents/Developer/Platforms/WatchOS.platform/Developer/Library/Frameworks -F /Applications/Xcode-27.0.0-Release.Candidate.app/Contents/Developer/Platforms/WatchOS.platform/Developer/SDKs/WatchOS27.0.sdk/Developer/Library/Frameworks -c -j10 -enable-batch-mode -incremental -Xcc -ivfsstatcache -Xcc /Users/admin/builder/spi-builder-workspace/.derivedData/SDKStatCaches.noindex/watchos27.0-24R360-e829b21a6f8c9b70876ba0858053c04477534ef55a1706bf4c1112bbb242f0a2.sdkstatcache -output-file-map /Users/admin/builder/spi-builder-workspace/.derivedData/Build/Intermediates.noindex/Music.build/Debug-watchos/Duration-t.build/Objects-normal/arm64_32/Duration-OutputFileMap.json -save-temps -no-color-diagnostics -emit-dependencies -emit-module -emit-module-path /Users/admin/builder/spi-builder-workspace/.derivedData/Build/Intermediates.noindex/Music.build/Debug-watchos/Duration-t.build/Objects-normal/arm64_32/Duration.swiftmodule -serialize-diagnostics -validate-clang-modules-once -clang-build-session-file /Users/admin/builder/spi-builder-workspace/.derivedData/ModuleCache.noindex/Session.modulevalidation -Xcc -fmodules-prune-interval\=86400 -Xcc -fmodules-prune-after\=345600 -emit-const-values -const-gather-protocols-list /Users/admin/builder/spi-builder-workspace/.derivedData/Build/Intermediates.noindex/Music.build/Debug-watchos/Duration-t.build/Objects-normal/arm64_32/Duration_const_extract_protocols.json -Xcc -I/Users/admin/builder/spi-builder-workspace/.derivedData/Build/Products/Debug-watchos/include -Xcc -I/Users/admin/builder/spi-builder-workspace/.derivedData/Build/Intermediates.noindex/Music.build/Debug-watchos/Duration-t.build/DerivedSources-normal/arm64_32 -Xcc -I/Users/admin/builder/spi-builder-workspace/.derivedData/Build/Intermediates.noindex/Music.build/Debug-watchos/Duration-t.build/DerivedSources/arm64_32 -Xcc -I/Users/admin/builder/spi-builder-workspace/.derivedData/Build/Intermediates.noindex/Music.build/Debug-watchos/Duration-t.build/DerivedSources -Xcc -DSWIFT_PACKAGE -Xcc -DDEBUG\=1 -emit-objc-header -emit-objc-header-path /Users/admin/builder/spi-builder-workspace/.derivedData/Build/Intermediates.noindex/Music.build/Debug-watchos/Duration-t.build/Objects-normal/arm64_32/Duration-Swift.h -working-directory /Users/admin/builder/spi-builder-workspace/.swiftpm/xcode -experimental-emit-module-separately -disable-cmo
Copy /Users/admin/builder/spi-builder-workspace/.derivedData/Build/Products/Debug-watchos/Duration.swiftmodule/arm64-apple-watchos.swiftmodule /Users/admin/builder/spi-builder-workspace/.derivedData/Build/Intermediates.noindex/Music.build/Debug-watchos/Duration-t.build/Objects-normal/arm64/Duration.swiftmodule (in target 'Duration' from project 'Music')
cd /Users/admin/builder/spi-builder-workspace/.dependencies/checkouts/Music
builtin-copy -exclude .DS_Store -exclude CVS -exclude .svn -exclude .git -exclude .hg -resolve-src-symlinks -rename /Users/admin/builder/spi-builder-workspace/.derivedData/Build/Intermediates.noindex/Music.build/Debug-watchos/Duration-t.build/Objects-normal/arm64/Duration.swiftmodule /Users/admin/builder/spi-builder-workspace/.derivedData/Build/Products/Debug-watchos/Duration.swiftmodule/arm64-apple-watchos.swiftmodule
SwiftMergeGeneratedHeaders /Users/admin/builder/spi-builder-workspace/.derivedData/Build/Intermediates.noindex/GeneratedModuleMaps-watchos/Duration-Swift.h /Users/admin/builder/spi-builder-workspace/.derivedData/Build/Intermediates.noindex/Music.build/Debug-watchos/Duration-t.build/Objects-normal/arm64/Duration-Swift.h /Users/admin/builder/spi-builder-workspace/.derivedData/Build/Intermediates.noindex/Music.build/Debug-watchos/Duration-t.build/Objects-normal/arm64_32/Duration-Swift.h (in target 'Duration' from project 'Music')
cd /Users/admin/builder/spi-builder-workspace/.dependencies/checkouts/Music
builtin-swiftHeaderTool -arch arm64 /Users/admin/builder/spi-builder-workspace/.derivedData/Build/Intermediates.noindex/Music.build/Debug-watchos/Duration-t.build/Objects-normal/arm64/Duration-Swift.h -arch arm64_32 /Users/admin/builder/spi-builder-workspace/.derivedData/Build/Intermediates.noindex/Music.build/Debug-watchos/Duration-t.build/Objects-normal/arm64_32/Duration-Swift.h -o /Users/admin/builder/spi-builder-workspace/.derivedData/Build/Intermediates.noindex/GeneratedModuleMaps-watchos/Duration-Swift.h
Copy /Users/admin/builder/spi-builder-workspace/.derivedData/Build/Products/Debug-watchos/Duration.swiftmodule/arm64_32-apple-watchos.swiftmodule /Users/admin/builder/spi-builder-workspace/.derivedData/Build/Intermediates.noindex/Music.build/Debug-watchos/Duration-t.build/Objects-normal/arm64_32/Duration.swiftmodule (in target 'Duration' from project 'Music')
cd /Users/admin/builder/spi-builder-workspace/.dependencies/checkouts/Music
builtin-copy -exclude .DS_Store -exclude CVS -exclude .svn -exclude .git -exclude .hg -resolve-src-symlinks -rename /Users/admin/builder/spi-builder-workspace/.derivedData/Build/Intermediates.noindex/Music.build/Debug-watchos/Duration-t.build/Objects-normal/arm64_32/Duration.swiftmodule /Users/admin/builder/spi-builder-workspace/.derivedData/Build/Products/Debug-watchos/Duration.swiftmodule/arm64_32-apple-watchos.swiftmodule
PruneExplicitPrecompiledModules /Users/admin/builder/spi-builder-workspace/.derivedData/Build/Intermediates.noindex/SwiftExplicitPrecompiledModules
PruneExplicitPrecompiledModules /Users/admin/builder/spi-builder-workspace/.derivedData/Build/Intermediates.noindex/ExplicitPrecompiledModules
PruneExplicitPrecompiledModules /Users/admin/builder/spi-builder-workspace/.derivedData/SDKExplicitPrecompiledModules
2026-09-16 16:18:29.893 xcodebuild[1020:5906] [MT] IDERunDestination: Supported platforms for the buildables in the current scheme is empty.
** BUILD FAILED **
The following build commands failed:
SwiftCompile normal arm64 Compiling\ UnorderedIntervalDescriptor.swift,\ NoteNumber.swift /Users/admin/builder/spi-builder-workspace/.dependencies/checkouts/Music/Sources/Pitch/IntervalDescriptor/UnorderedIntervalDescriptor.swift /Users/admin/builder/spi-builder-workspace/.dependencies/checkouts/Music/Sources/Pitch/NoteNumber.swift (in target 'Pitch' from project 'Music')
SwiftCompile normal arm64 /Users/admin/builder/spi-builder-workspace/.dependencies/checkouts/Music/Sources/Pitch/NoteNumber.swift (in target 'Pitch' from project 'Music')
Building workspace NotationModel with scheme NotationModel-Package
(3 failures)
BUILD FAILURE 6.4 watchOS