Build Information
Failed to build SourceKitD, reference 0.1.0 (47ddc9), with Swift 6.4 for tvOS using Xcode 27.0 on 24 Sep 2026 09:24:27 UTC.
Build Command
env DEVELOPER_DIR=/Applications/Xcode-27.0.0-Release.Candidate.app xcrun xcodebuild -IDEClonedSourcePackagesDirPathOverride=$PWD/.dependencies -skipMacroValidation -skipPackagePluginValidation -derivedDataPath $PWD/.derivedData build -scheme SourceKitD -destination generic/platform=tvOSBuild Log
========================================
RunAll
========================================
Builder version: 5.1.0
Interrupt handler set up.
========================================
Checkout
========================================
Clone URL: https://github.com/lynnswap/SourceKitD.git
Reference: 0.1.0
Initialized empty Git repository in /Users/admin/builder/spi-builder-workspace/.git/
From https://github.com/lynnswap/SourceKitD
* tag 0.1.0 -> FETCH_HEAD
HEAD is now at 47ddc95 Backport to macOS 10.15
Cloned https://github.com/lynnswap/SourceKitD.git
Revision (git rev-parse @):
47ddc958a3962f9bb0fe08de1c8f39723e472228
SUCCESS checkout https://github.com/lynnswap/SourceKitD.git at 0.1.0
========================================
Build
========================================
Selected platform: tvOS
Swift version: 6.4
Building package at path: $PWD
https://github.com/lynnswap/SourceKitD.git
Command line invocation:
/Applications/Xcode-27.0.0-Release.Candidate.app/Contents/Developer/usr/bin/xcodebuild -IDEClonedSourcePackagesDirPathOverride=/Users/admin/builder/spi-builder-workspace/.dependencies -resolvePackageDependencies
Resolve Package Graph
Resolve Package Graph
Resolved source packages:
SourceKitD: /Users/admin/builder/spi-builder-workspace
resolved source packages: SourceKitD
2026-09-24 05:23:37.302 xcodebuild[529:3031] [MT] IDERunDestination: Supported platforms for the buildables in the current scheme is empty.
{
"dependencies" : [
],
"manifest_display_name" : "SourceKitD",
"name" : "SourceKitD",
"path" : "/Users/admin/builder/spi-builder-workspace",
"platforms" : [
{
"name" : "macos",
"version" : "10.15"
}
],
"products" : [
{
"name" : "SourceKitD",
"targets" : [
"SourceKitD"
],
"type" : {
"library" : [
"automatic"
]
}
}
],
"targets" : [
{
"c99name" : "SwiftExtensions",
"module_type" : "SwiftTarget",
"name" : "SwiftExtensions",
"path" : "Sources/SwiftExtensions",
"product_memberships" : [
"SourceKitD"
],
"sources" : [
"Array+Safe.swift",
"AsyncQueue.swift",
"AsyncUtils.swift",
"Atomics.swift",
"Cache.swift",
"CartesianProduct.swift",
"Collection+Only.swift",
"Collection+PartitionIntoBatches.swift",
"Duration+Seconds.swift",
"FileManagerExtensions.swift",
"LazyValue.swift",
"NSLock+WithLock.swift",
"PipeAsStringHandler.swift",
"Platform.swift",
"Process+terminate.swift",
"ResultExtensions.swift",
"Sequence+AsyncMap.swift",
"Sequence+ContainsAnyIn.swift",
"Task+WithPriorityChangedHandler.swift",
"ThreadSafeBox.swift",
"TransitiveClosure.swift",
"URLExtensions.swift"
],
"target_dependencies" : [
"CAtomics"
],
"type" : "library"
},
{
"c99name" : "SourceKitD",
"module_type" : "SwiftTarget",
"name" : "SourceKitD",
"path" : "Sources/SourceKitD",
"product_memberships" : [
"SourceKitD"
],
"sources" : [
"SKDRequestArray.swift",
"SKDRequestDictionary.swift",
"SKDResponse.swift",
"SKDResponseArray.swift",
"SKDResponseDictionary.swift",
"SourceKitD.swift",
"SourceKitDRegistry.swift",
"dlopen.swift",
"sourcekitd_functions.swift",
"sourcekitd_uids.swift"
],
"target_dependencies" : [
"Csourcekitd",
"SKLogging",
"SwiftExtensions"
],
"type" : "library"
},
{
"c99name" : "SKLogging",
"module_type" : "SwiftTarget",
"name" : "SKLogging",
"path" : "Sources/SKLogging",
"product_memberships" : [
"SourceKitD"
],
"sources" : [
"CustomLogStringConvertible.swift",
"Error+ForLogging.swift",
"Logging.swift",
"LoggingScope.swift",
"NonDarwinLogging.swift",
"OrLog.swift",
"SetGlobalLogFileHandler.swift",
"SplitLogMessage.swift"
],
"target_dependencies" : [
"SwiftExtensions"
],
"type" : "library"
},
{
"c99name" : "Csourcekitd",
"module_type" : "ClangTarget",
"name" : "Csourcekitd",
"path" : "Sources/Csourcekitd",
"product_memberships" : [
"SourceKitD"
],
"sources" : [
"sourcekitd.c"
],
"type" : "library"
},
{
"c99name" : "CAtomics",
"module_type" : "ClangTarget",
"name" : "CAtomics",
"path" : "Sources/CAtomics",
"product_memberships" : [
"SourceKitD"
],
"sources" : [
"CAtomics.c"
],
"type" : "library"
}
],
"tools_version" : "6.1"
}
{
"workspace" : {
"name" : "SourceKitD",
"schemes" : [
"SourceKitD"
]
}
}
2026-09-24 05:24:18.613 xcodebuild[647:4128] [MT] IDERunDestination: Supported platforms for the buildables in the current scheme is empty.
Running build ...
env DEVELOPER_DIR=/Applications/Xcode-27.0.0-Release.Candidate.app xcrun xcodebuild -IDEClonedSourcePackagesDirPathOverride=$PWD/.dependencies -skipMacroValidation -skipPackagePluginValidation -derivedDataPath $PWD/.derivedData build -scheme SourceKitD -destination generic/platform=tvOS
Command line invocation:
/Applications/Xcode-27.0.0-Release.Candidate.app/Contents/Developer/usr/bin/xcodebuild -IDEClonedSourcePackagesDirPathOverride=/Users/admin/builder/spi-builder-workspace/.dependencies -skipMacroValidation -skipPackagePluginValidation -derivedDataPath /Users/admin/builder/spi-builder-workspace/.derivedData build -scheme SourceKitD -destination generic/platform=tvOS
Resolve Package Graph
Resolved source packages:
SourceKitD: /Users/admin/builder/spi-builder-workspace
ComputePackagePrebuildTargetDependencyGraph
Prepare packages
CreateBuildRequest
SendProjectDescription
CreateBuildOperation
ComputeTargetDependencyGraph
note: Building targets in dependency order
note: Target dependency graph (6 targets)
Target 'SourceKitD-product' in project 'SourceKitD'
➜ Explicit dependency on target 'SourceKitD' in project 'SourceKitD'
➜ Explicit dependency on target 'Csourcekitd' in project 'SourceKitD'
➜ Explicit dependency on target 'CAtomics' in project 'SourceKitD'
➜ Explicit dependency on target 'SwiftExtensions' in project 'SourceKitD'
➜ Explicit dependency on target 'SKLogging' in project 'SourceKitD'
Target 'SourceKitD' in project 'SourceKitD'
➜ Explicit dependency on target 'Csourcekitd' in project 'SourceKitD'
➜ Explicit dependency on target 'CAtomics' in project 'SourceKitD'
➜ Explicit dependency on target 'SwiftExtensions' in project 'SourceKitD'
➜ Explicit dependency on target 'SKLogging' in project 'SourceKitD'
Target 'SKLogging' in project 'SourceKitD'
➜ Explicit dependency on target 'CAtomics' in project 'SourceKitD'
➜ Explicit dependency on target 'SwiftExtensions' in project 'SourceKitD'
Target 'SwiftExtensions' in project 'SourceKitD'
➜ Explicit dependency on target 'CAtomics' in project 'SourceKitD'
Target 'CAtomics' in project 'SourceKitD' (no dependencies)
Target 'Csourcekitd' in project 'SourceKitD' (no dependencies)
GatherProvisioningInputs
CreateBuildDescription
ExecuteExternalTool /Applications/Xcode-27.0.0-Release.Candidate.app/Contents/Developer/Toolchains/XcodeDefault.xctoolchain/usr/bin/clang -v -E -dM -arch arm64 -isysroot /Applications/Xcode-27.0.0-Release.Candidate.app/Contents/Developer/Platforms/AppleTVOS.platform/Developer/SDKs/AppleTVOS27.0.sdk -x c -c /dev/null
ExecuteExternalTool /Applications/Xcode-27.0.0-Release.Candidate.app/Contents/Developer/Toolchains/XcodeDefault.xctoolchain/usr/bin/swiftc --version
ExecuteExternalTool /Applications/Xcode-27.0.0-Release.Candidate.app/Contents/Developer/Toolchains/XcodeDefault.xctoolchain/usr/bin/clang -v -E -dM -isysroot /Applications/Xcode-27.0.0-Release.Candidate.app/Contents/Developer/Platforms/AppleTVOS.platform/Developer/SDKs/AppleTVOS27.0.sdk -x c -c /dev/null
ExecuteExternalTool /Applications/Xcode-27.0.0-Release.Candidate.app/Contents/Developer/Toolchains/XcodeDefault.xctoolchain/usr/bin/ld -version_details
Build description signature: 563f131d8d04723dae9beac80282cb65
Build description path: /Users/admin/builder/spi-builder-workspace/.derivedData/Build/Intermediates.noindex/XCBuildData/563f131d8d04723dae9beac80282cb65.xcbuilddata
CreateBuildDirectory /Users/admin/builder/spi-builder-workspace/.derivedData/SDKExplicitPrecompiledModules
cd /Users/admin/builder/spi-builder-workspace/.swiftpm/xcode
builtin-create-build-directory /Users/admin/builder/spi-builder-workspace/.derivedData/SDKExplicitPrecompiledModules
CreateBuildDirectory /Users/admin/builder/spi-builder-workspace/.derivedData/CompilationCache.noindex
cd /Users/admin/builder/spi-builder-workspace/.swiftpm/xcode
builtin-create-build-directory /Users/admin/builder/spi-builder-workspace/.derivedData/CompilationCache.noindex
CreateBuildDirectory /Users/admin/builder/spi-builder-workspace/.derivedData/ModuleCache.noindex
cd /Users/admin/builder/spi-builder-workspace/.swiftpm/xcode
builtin-create-build-directory /Users/admin/builder/spi-builder-workspace/.derivedData/ModuleCache.noindex
CreateBuildDirectory /Users/admin/builder/spi-builder-workspace/.derivedData/Build/Intermediates.noindex
cd /Users/admin/builder/spi-builder-workspace/.swiftpm/xcode
builtin-create-build-directory /Users/admin/builder/spi-builder-workspace/.derivedData/Build/Intermediates.noindex
ClangStatCache /Applications/Xcode-27.0.0-Release.Candidate.app/Contents/Developer/Toolchains/XcodeDefault.xctoolchain/usr/bin/clang-stat-cache /Applications/Xcode-27.0.0-Release.Candidate.app/Contents/Developer/Platforms/AppleTVOS.platform/Developer/SDKs/AppleTVOS27.0.sdk /Users/admin/builder/spi-builder-workspace/.derivedData/SDKStatCaches.noindex/appletvos27.0-24J360-e829b21a6f8c9b70876ba0858053c044b32bfd8d43560033f8d89884cdb90028.sdkstatcache
cd /Users/admin/builder/spi-builder-workspace/.swiftpm/xcode
/Applications/Xcode-27.0.0-Release.Candidate.app/Contents/Developer/Toolchains/XcodeDefault.xctoolchain/usr/bin/clang-stat-cache /Applications/Xcode-27.0.0-Release.Candidate.app/Contents/Developer/Platforms/AppleTVOS.platform/Developer/SDKs/AppleTVOS27.0.sdk -o /Users/admin/builder/spi-builder-workspace/.derivedData/SDKStatCaches.noindex/appletvos27.0-24J360-e829b21a6f8c9b70876ba0858053c044b32bfd8d43560033f8d89884cdb90028.sdkstatcache
CreateBuildDirectory /Users/admin/builder/spi-builder-workspace/.derivedData/Build/Products
cd /Users/admin/builder/spi-builder-workspace/.swiftpm/xcode
builtin-create-build-directory /Users/admin/builder/spi-builder-workspace/.derivedData/Build/Products
CreateBuildDirectory /Users/admin/builder/spi-builder-workspace/.derivedData/Build/Intermediates.noindex/PrecompiledHeaders
cd /Users/admin/builder/spi-builder-workspace/.swiftpm/xcode
builtin-create-build-directory /Users/admin/builder/spi-builder-workspace/.derivedData/Build/Intermediates.noindex/PrecompiledHeaders
CreateBuildDirectory /Users/admin/builder/spi-builder-workspace/.derivedData/Build/Intermediates.noindex/ExplicitPrecompiledModules
cd /Users/admin/builder/spi-builder-workspace/.swiftpm/xcode
builtin-create-build-directory /Users/admin/builder/spi-builder-workspace/.derivedData/Build/Intermediates.noindex/ExplicitPrecompiledModules
CreateBuildDirectory /Users/admin/builder/spi-builder-workspace/.derivedData/Build/Intermediates.noindex/SwiftExplicitPrecompiledModules
cd /Users/admin/builder/spi-builder-workspace/.swiftpm/xcode
builtin-create-build-directory /Users/admin/builder/spi-builder-workspace/.derivedData/Build/Intermediates.noindex/SwiftExplicitPrecompiledModules
CreateBuildDirectory /Users/admin/builder/spi-builder-workspace/.derivedData/Build/Intermediates.noindex/EagerLinkingTBDs/Debug-appletvos
cd /Users/admin/builder/spi-builder-workspace/.swiftpm/xcode
builtin-create-build-directory /Users/admin/builder/spi-builder-workspace/.derivedData/Build/Intermediates.noindex/EagerLinkingTBDs/Debug-appletvos
CreateBuildDirectory /Users/admin/builder/spi-builder-workspace/.derivedData/Build/Products/Debug-appletvos
cd /Users/admin/builder/spi-builder-workspace/.swiftpm/xcode
builtin-create-build-directory /Users/admin/builder/spi-builder-workspace/.derivedData/Build/Products/Debug-appletvos
CreateBuildDirectory /Users/admin/builder/spi-builder-workspace/.derivedData/Build/Products/Debug-appletvos/PackageFrameworks
cd /Users/admin/builder/spi-builder-workspace/.swiftpm/xcode
builtin-create-build-directory /Users/admin/builder/spi-builder-workspace/.derivedData/Build/Products/Debug-appletvos/PackageFrameworks
WriteAuxiliaryFile /Users/admin/builder/spi-builder-workspace/.derivedData/Build/Intermediates.noindex/SourceKitD.build/Debug-appletvos/SwiftExtensions-t.build/SwiftExtensions.DependencyMetadataFileList (in target 'SwiftExtensions' from project 'SourceKitD')
cd /Users/admin/builder/spi-builder-workspace
write-file /Users/admin/builder/spi-builder-workspace/.derivedData/Build/Intermediates.noindex/SourceKitD.build/Debug-appletvos/SwiftExtensions-t.build/SwiftExtensions.DependencyMetadataFileList
WriteAuxiliaryFile /Users/admin/builder/spi-builder-workspace/.derivedData/Build/Intermediates.noindex/SourceKitD.build/Debug-appletvos/SourceKitD-t.build/SourceKitD.DependencyStaticMetadataFileList (in target 'SourceKitD' from project 'SourceKitD')
cd /Users/admin/builder/spi-builder-workspace
write-file /Users/admin/builder/spi-builder-workspace/.derivedData/Build/Intermediates.noindex/SourceKitD.build/Debug-appletvos/SourceKitD-t.build/SourceKitD.DependencyStaticMetadataFileList
WriteAuxiliaryFile /Users/admin/builder/spi-builder-workspace/.derivedData/Build/Intermediates.noindex/SourceKitD.build/Debug-appletvos/SourceKitD-t.build/SourceKitD.modulemap (in target 'SourceKitD' from project 'SourceKitD')
cd /Users/admin/builder/spi-builder-workspace
write-file /Users/admin/builder/spi-builder-workspace/.derivedData/Build/Intermediates.noindex/SourceKitD.build/Debug-appletvos/SourceKitD-t.build/SourceKitD.modulemap
WriteAuxiliaryFile /Users/admin/builder/spi-builder-workspace/.derivedData/Build/Intermediates.noindex/SourceKitD.build/Debug-appletvos/SwiftExtensions-t.build/SwiftExtensions.DependencyStaticMetadataFileList (in target 'SwiftExtensions' from project 'SourceKitD')
cd /Users/admin/builder/spi-builder-workspace
write-file /Users/admin/builder/spi-builder-workspace/.derivedData/Build/Intermediates.noindex/SourceKitD.build/Debug-appletvos/SwiftExtensions-t.build/SwiftExtensions.DependencyStaticMetadataFileList
WriteAuxiliaryFile /Users/admin/builder/spi-builder-workspace/.derivedData/Build/Intermediates.noindex/SourceKitD.build/Debug-appletvos/SourceKitD-t.build/SourceKitD.DependencyMetadataFileList (in target 'SourceKitD' from project 'SourceKitD')
cd /Users/admin/builder/spi-builder-workspace
write-file /Users/admin/builder/spi-builder-workspace/.derivedData/Build/Intermediates.noindex/SourceKitD.build/Debug-appletvos/SourceKitD-t.build/SourceKitD.DependencyMetadataFileList
WriteAuxiliaryFile /Users/admin/builder/spi-builder-workspace/.derivedData/Build/Intermediates.noindex/SourceKitD.build/Debug-appletvos/SwiftExtensions-t.build/SwiftExtensions.modulemap (in target 'SwiftExtensions' from project 'SourceKitD')
cd /Users/admin/builder/spi-builder-workspace
write-file /Users/admin/builder/spi-builder-workspace/.derivedData/Build/Intermediates.noindex/SourceKitD.build/Debug-appletvos/SwiftExtensions-t.build/SwiftExtensions.modulemap
WriteAuxiliaryFile /Users/admin/builder/spi-builder-workspace/.derivedData/Build/Intermediates.noindex/SourceKitD.build/Debug-appletvos/SourceKitD-t.build/Objects-normal/arm64/SourceKitD_const_extract_protocols.json (in target 'SourceKitD' from project 'SourceKitD')
cd /Users/admin/builder/spi-builder-workspace
write-file /Users/admin/builder/spi-builder-workspace/.derivedData/Build/Intermediates.noindex/SourceKitD.build/Debug-appletvos/SourceKitD-t.build/Objects-normal/arm64/SourceKitD_const_extract_protocols.json
WriteAuxiliaryFile /Users/admin/builder/spi-builder-workspace/.derivedData/Build/Intermediates.noindex/SourceKitD.build/Debug-appletvos/SourceKitD-t.build/Objects-normal/arm64/SourceKitD.SwiftFileList (in target 'SourceKitD' from project 'SourceKitD')
cd /Users/admin/builder/spi-builder-workspace
write-file /Users/admin/builder/spi-builder-workspace/.derivedData/Build/Intermediates.noindex/SourceKitD.build/Debug-appletvos/SourceKitD-t.build/Objects-normal/arm64/SourceKitD.SwiftFileList
WriteAuxiliaryFile /Users/admin/builder/spi-builder-workspace/.derivedData/Build/Intermediates.noindex/SourceKitD.build/Debug-appletvos/SwiftExtensions-t.build/Objects-normal/arm64/SwiftExtensions_const_extract_protocols.json (in target 'SwiftExtensions' from project 'SourceKitD')
cd /Users/admin/builder/spi-builder-workspace
write-file /Users/admin/builder/spi-builder-workspace/.derivedData/Build/Intermediates.noindex/SourceKitD.build/Debug-appletvos/SwiftExtensions-t.build/Objects-normal/arm64/SwiftExtensions_const_extract_protocols.json
WriteAuxiliaryFile /Users/admin/builder/spi-builder-workspace/.derivedData/Build/Intermediates.noindex/SourceKitD.build/Debug-appletvos/SwiftExtensions-t.build/Objects-normal/arm64/SwiftExtensions.SwiftFileList (in target 'SwiftExtensions' from project 'SourceKitD')
cd /Users/admin/builder/spi-builder-workspace
write-file /Users/admin/builder/spi-builder-workspace/.derivedData/Build/Intermediates.noindex/SourceKitD.build/Debug-appletvos/SwiftExtensions-t.build/Objects-normal/arm64/SwiftExtensions.SwiftFileList
WriteAuxiliaryFile /Users/admin/builder/spi-builder-workspace/.derivedData/Build/Intermediates.noindex/SourceKitD.build/Debug-appletvos/SwiftExtensions-t.build/Objects-normal/arm64/SwiftExtensions.LinkFileList (in target 'SwiftExtensions' from project 'SourceKitD')
cd /Users/admin/builder/spi-builder-workspace
write-file /Users/admin/builder/spi-builder-workspace/.derivedData/Build/Intermediates.noindex/SourceKitD.build/Debug-appletvos/SwiftExtensions-t.build/Objects-normal/arm64/SwiftExtensions.LinkFileList
WriteAuxiliaryFile /Users/admin/builder/spi-builder-workspace/.derivedData/Build/Intermediates.noindex/SourceKitD.build/Debug-appletvos/SwiftExtensions-t.build/Objects-normal/arm64/SwiftExtensions.SwiftConstValuesFileList (in target 'SwiftExtensions' from project 'SourceKitD')
cd /Users/admin/builder/spi-builder-workspace
write-file /Users/admin/builder/spi-builder-workspace/.derivedData/Build/Intermediates.noindex/SourceKitD.build/Debug-appletvos/SwiftExtensions-t.build/Objects-normal/arm64/SwiftExtensions.SwiftConstValuesFileList
WriteAuxiliaryFile /Users/admin/builder/spi-builder-workspace/.derivedData/Build/Intermediates.noindex/SourceKitD.build/Debug-appletvos/SwiftExtensions-t.build/Objects-normal/arm64/SwiftExtensions-OutputFileMap.json (in target 'SwiftExtensions' from project 'SourceKitD')
cd /Users/admin/builder/spi-builder-workspace
write-file /Users/admin/builder/spi-builder-workspace/.derivedData/Build/Intermediates.noindex/SourceKitD.build/Debug-appletvos/SwiftExtensions-t.build/Objects-normal/arm64/SwiftExtensions-OutputFileMap.json
WriteAuxiliaryFile /Users/admin/builder/spi-builder-workspace/.derivedData/Build/Intermediates.noindex/SourceKitD.build/Debug-appletvos/SourceKitD-t.build/Objects-normal/arm64/SourceKitD.SwiftConstValuesFileList (in target 'SourceKitD' from project 'SourceKitD')
cd /Users/admin/builder/spi-builder-workspace
write-file /Users/admin/builder/spi-builder-workspace/.derivedData/Build/Intermediates.noindex/SourceKitD.build/Debug-appletvos/SourceKitD-t.build/Objects-normal/arm64/SourceKitD.SwiftConstValuesFileList
WriteAuxiliaryFile /Users/admin/builder/spi-builder-workspace/.derivedData/Build/Intermediates.noindex/SourceKitD.build/Debug-appletvos/SourceKitD-t.build/Objects-normal/arm64/SourceKitD.LinkFileList (in target 'SourceKitD' from project 'SourceKitD')
cd /Users/admin/builder/spi-builder-workspace
write-file /Users/admin/builder/spi-builder-workspace/.derivedData/Build/Intermediates.noindex/SourceKitD.build/Debug-appletvos/SourceKitD-t.build/Objects-normal/arm64/SourceKitD.LinkFileList
WriteAuxiliaryFile /Users/admin/builder/spi-builder-workspace/.derivedData/Build/Intermediates.noindex/SourceKitD.build/Debug-appletvos/SourceKitD-t.build/Objects-normal/arm64/SourceKitD-OutputFileMap.json (in target 'SourceKitD' from project 'SourceKitD')
cd /Users/admin/builder/spi-builder-workspace
write-file /Users/admin/builder/spi-builder-workspace/.derivedData/Build/Intermediates.noindex/SourceKitD.build/Debug-appletvos/SourceKitD-t.build/Objects-normal/arm64/SourceKitD-OutputFileMap.json
Copy /Users/admin/builder/spi-builder-workspace/.derivedData/Build/Intermediates.noindex/GeneratedModuleMaps-appletvos/SwiftExtensions.modulemap /Users/admin/builder/spi-builder-workspace/.derivedData/Build/Intermediates.noindex/SourceKitD.build/Debug-appletvos/SwiftExtensions-t.build/SwiftExtensions.modulemap (in target 'SwiftExtensions' from project 'SourceKitD')
cd /Users/admin/builder/spi-builder-workspace
builtin-copy -exclude .DS_Store -exclude CVS -exclude .svn -exclude .git -exclude .hg -resolve-src-symlinks /Users/admin/builder/spi-builder-workspace/.derivedData/Build/Intermediates.noindex/SourceKitD.build/Debug-appletvos/SwiftExtensions-t.build/SwiftExtensions.modulemap /Users/admin/builder/spi-builder-workspace/.derivedData/Build/Intermediates.noindex/GeneratedModuleMaps-appletvos
Copy /Users/admin/builder/spi-builder-workspace/.derivedData/Build/Intermediates.noindex/GeneratedModuleMaps-appletvos/SourceKitD.modulemap /Users/admin/builder/spi-builder-workspace/.derivedData/Build/Intermediates.noindex/SourceKitD.build/Debug-appletvos/SourceKitD-t.build/SourceKitD.modulemap (in target 'SourceKitD' from project 'SourceKitD')
cd /Users/admin/builder/spi-builder-workspace
builtin-copy -exclude .DS_Store -exclude CVS -exclude .svn -exclude .git -exclude .hg -resolve-src-symlinks /Users/admin/builder/spi-builder-workspace/.derivedData/Build/Intermediates.noindex/SourceKitD.build/Debug-appletvos/SourceKitD-t.build/SourceKitD.modulemap /Users/admin/builder/spi-builder-workspace/.derivedData/Build/Intermediates.noindex/GeneratedModuleMaps-appletvos
WriteAuxiliaryFile /Users/admin/builder/spi-builder-workspace/.derivedData/Build/Intermediates.noindex/SourceKitD.build/Debug-appletvos/SKLogging-t.build/SKLogging.DependencyStaticMetadataFileList (in target 'SKLogging' from project 'SourceKitD')
cd /Users/admin/builder/spi-builder-workspace
write-file /Users/admin/builder/spi-builder-workspace/.derivedData/Build/Intermediates.noindex/SourceKitD.build/Debug-appletvos/SKLogging-t.build/SKLogging.DependencyStaticMetadataFileList
WriteAuxiliaryFile /Users/admin/builder/spi-builder-workspace/.derivedData/Build/Intermediates.noindex/SourceKitD.build/Debug-appletvos/SKLogging-t.build/SKLogging.modulemap (in target 'SKLogging' from project 'SourceKitD')
cd /Users/admin/builder/spi-builder-workspace
write-file /Users/admin/builder/spi-builder-workspace/.derivedData/Build/Intermediates.noindex/SourceKitD.build/Debug-appletvos/SKLogging-t.build/SKLogging.modulemap
WriteAuxiliaryFile /Users/admin/builder/spi-builder-workspace/.derivedData/Build/Intermediates.noindex/SourceKitD.build/Debug-appletvos/SKLogging-t.build/SKLogging.DependencyMetadataFileList (in target 'SKLogging' from project 'SourceKitD')
cd /Users/admin/builder/spi-builder-workspace
write-file /Users/admin/builder/spi-builder-workspace/.derivedData/Build/Intermediates.noindex/SourceKitD.build/Debug-appletvos/SKLogging-t.build/SKLogging.DependencyMetadataFileList
WriteAuxiliaryFile /Users/admin/builder/spi-builder-workspace/.derivedData/Build/Intermediates.noindex/SourceKitD.build/Debug-appletvos/SKLogging-t.build/Objects-normal/arm64/SKLogging.SwiftFileList (in target 'SKLogging' from project 'SourceKitD')
cd /Users/admin/builder/spi-builder-workspace
write-file /Users/admin/builder/spi-builder-workspace/.derivedData/Build/Intermediates.noindex/SourceKitD.build/Debug-appletvos/SKLogging-t.build/Objects-normal/arm64/SKLogging.SwiftFileList
WriteAuxiliaryFile /Users/admin/builder/spi-builder-workspace/.derivedData/Build/Intermediates.noindex/SourceKitD.build/Debug-appletvos/SKLogging-t.build/Objects-normal/arm64/SKLogging_const_extract_protocols.json (in target 'SKLogging' from project 'SourceKitD')
cd /Users/admin/builder/spi-builder-workspace
write-file /Users/admin/builder/spi-builder-workspace/.derivedData/Build/Intermediates.noindex/SourceKitD.build/Debug-appletvos/SKLogging-t.build/Objects-normal/arm64/SKLogging_const_extract_protocols.json
WriteAuxiliaryFile /Users/admin/builder/spi-builder-workspace/.derivedData/Build/Intermediates.noindex/SourceKitD.build/Debug-appletvos/SKLogging-t.build/Objects-normal/arm64/SKLogging.SwiftConstValuesFileList (in target 'SKLogging' from project 'SourceKitD')
cd /Users/admin/builder/spi-builder-workspace
write-file /Users/admin/builder/spi-builder-workspace/.derivedData/Build/Intermediates.noindex/SourceKitD.build/Debug-appletvos/SKLogging-t.build/Objects-normal/arm64/SKLogging.SwiftConstValuesFileList
WriteAuxiliaryFile /Users/admin/builder/spi-builder-workspace/.derivedData/Build/Intermediates.noindex/SourceKitD.build/Debug-appletvos/SKLogging-t.build/Objects-normal/arm64/SKLogging.LinkFileList (in target 'SKLogging' from project 'SourceKitD')
cd /Users/admin/builder/spi-builder-workspace
write-file /Users/admin/builder/spi-builder-workspace/.derivedData/Build/Intermediates.noindex/SourceKitD.build/Debug-appletvos/SKLogging-t.build/Objects-normal/arm64/SKLogging.LinkFileList
WriteAuxiliaryFile /Users/admin/builder/spi-builder-workspace/.derivedData/Build/Intermediates.noindex/SourceKitD.build/Debug-appletvos/SKLogging-t.build/Objects-normal/arm64/SKLogging-OutputFileMap.json (in target 'SKLogging' from project 'SourceKitD')
cd /Users/admin/builder/spi-builder-workspace
write-file /Users/admin/builder/spi-builder-workspace/.derivedData/Build/Intermediates.noindex/SourceKitD.build/Debug-appletvos/SKLogging-t.build/Objects-normal/arm64/SKLogging-OutputFileMap.json
WriteAuxiliaryFile /Users/admin/builder/spi-builder-workspace/.derivedData/Build/Intermediates.noindex/SourceKitD.build/Debug-appletvos/Csourcekitd-t.build/Objects-normal/arm64/Csourcekitd.LinkFileList (in target 'Csourcekitd' from project 'SourceKitD')
cd /Users/admin/builder/spi-builder-workspace
write-file /Users/admin/builder/spi-builder-workspace/.derivedData/Build/Intermediates.noindex/SourceKitD.build/Debug-appletvos/Csourcekitd-t.build/Objects-normal/arm64/Csourcekitd.LinkFileList
WriteAuxiliaryFile /Users/admin/builder/spi-builder-workspace/.derivedData/Build/Intermediates.noindex/SourceKitD.build/Debug-appletvos/Csourcekitd-t.build/Objects-normal/arm64/7187679823f38a2a940e0043cdf9d637-common-args.resp (in target 'Csourcekitd' from project 'SourceKitD')
cd /Users/admin/builder/spi-builder-workspace
write-file /Users/admin/builder/spi-builder-workspace/.derivedData/Build/Intermediates.noindex/SourceKitD.build/Debug-appletvos/Csourcekitd-t.build/Objects-normal/arm64/7187679823f38a2a940e0043cdf9d637-common-args.resp
-fmodules -gmodules '-fmodules-cache-path=/Users/admin/builder/spi-builder-workspace/.derivedData/ModuleCache.noindex' '-fmodule-name=Csourcekitd' -fpascal-strings -O0 -DSWIFT_PACKAGE '-DDEBUG=1' -g -I/Users/admin/builder/spi-builder-workspace/.derivedData/Build/Products/Debug-appletvos/include -I/Users/admin/builder/spi-builder-workspace/Sources/Csourcekitd/include -I/Users/admin/builder/spi-builder-workspace/.derivedData/Build/Intermediates.noindex/SourceKitD.build/Debug-appletvos/Csourcekitd-t.build/DerivedSources-normal/arm64 -I/Users/admin/builder/spi-builder-workspace/.derivedData/Build/Intermediates.noindex/SourceKitD.build/Debug-appletvos/Csourcekitd-t.build/DerivedSources/arm64 -I/Users/admin/builder/spi-builder-workspace/.derivedData/Build/Intermediates.noindex/SourceKitD.build/Debug-appletvos/Csourcekitd-t.build/DerivedSources -F/Users/admin/builder/spi-builder-workspace/.derivedData/Build/Products/Debug-appletvos -iframework /Applications/Xcode-27.0.0-Release.Candidate.app/Contents/Developer/Platforms/AppleTVOS.platform/Developer/Library/Frameworks -iframework /Applications/Xcode-27.0.0-Release.Candidate.app/Contents/Developer/Platforms/AppleTVOS.platform/Developer/SDKs/AppleTVOS27.0.sdk/Developer/Library/Frameworks -DXcode
Copy /Users/admin/builder/spi-builder-workspace/.derivedData/Build/Intermediates.noindex/GeneratedModuleMaps-appletvos/SKLogging.modulemap /Users/admin/builder/spi-builder-workspace/.derivedData/Build/Intermediates.noindex/SourceKitD.build/Debug-appletvos/SKLogging-t.build/SKLogging.modulemap (in target 'SKLogging' from project 'SourceKitD')
cd /Users/admin/builder/spi-builder-workspace
builtin-copy -exclude .DS_Store -exclude CVS -exclude .svn -exclude .git -exclude .hg -resolve-src-symlinks /Users/admin/builder/spi-builder-workspace/.derivedData/Build/Intermediates.noindex/SourceKitD.build/Debug-appletvos/SKLogging-t.build/SKLogging.modulemap /Users/admin/builder/spi-builder-workspace/.derivedData/Build/Intermediates.noindex/GeneratedModuleMaps-appletvos
WriteAuxiliaryFile /Users/admin/builder/spi-builder-workspace/.derivedData/Build/Intermediates.noindex/SourceKitD.build/Debug-appletvos/Csourcekitd-t.build/Csourcekitd.DependencyStaticMetadataFileList (in target 'Csourcekitd' from project 'SourceKitD')
cd /Users/admin/builder/spi-builder-workspace
write-file /Users/admin/builder/spi-builder-workspace/.derivedData/Build/Intermediates.noindex/SourceKitD.build/Debug-appletvos/Csourcekitd-t.build/Csourcekitd.DependencyStaticMetadataFileList
WriteAuxiliaryFile /Users/admin/builder/spi-builder-workspace/.derivedData/Build/Intermediates.noindex/SourceKitD.build/Debug-appletvos/Csourcekitd-t.build/Csourcekitd.DependencyMetadataFileList (in target 'Csourcekitd' from project 'SourceKitD')
cd /Users/admin/builder/spi-builder-workspace
write-file /Users/admin/builder/spi-builder-workspace/.derivedData/Build/Intermediates.noindex/SourceKitD.build/Debug-appletvos/Csourcekitd-t.build/Csourcekitd.DependencyMetadataFileList
WriteAuxiliaryFile /Users/admin/builder/spi-builder-workspace/.derivedData/Build/Intermediates.noindex/SourceKitD.build/Debug-appletvos/CAtomics-t.build/Objects-normal/arm64/CAtomics.LinkFileList (in target 'CAtomics' from project 'SourceKitD')
cd /Users/admin/builder/spi-builder-workspace
write-file /Users/admin/builder/spi-builder-workspace/.derivedData/Build/Intermediates.noindex/SourceKitD.build/Debug-appletvos/CAtomics-t.build/Objects-normal/arm64/CAtomics.LinkFileList
WriteAuxiliaryFile /Users/admin/builder/spi-builder-workspace/.derivedData/Build/Intermediates.noindex/SourceKitD.build/Debug-appletvos/CAtomics-t.build/Objects-normal/arm64/7187679823f38a2a940e0043cdf9d637-common-args.resp (in target 'CAtomics' from project 'SourceKitD')
cd /Users/admin/builder/spi-builder-workspace
write-file /Users/admin/builder/spi-builder-workspace/.derivedData/Build/Intermediates.noindex/SourceKitD.build/Debug-appletvos/CAtomics-t.build/Objects-normal/arm64/7187679823f38a2a940e0043cdf9d637-common-args.resp
-fmodules -gmodules '-fmodules-cache-path=/Users/admin/builder/spi-builder-workspace/.derivedData/ModuleCache.noindex' '-fmodule-name=CAtomics' -fpascal-strings -O0 -DSWIFT_PACKAGE '-DDEBUG=1' -g -I/Users/admin/builder/spi-builder-workspace/.derivedData/Build/Products/Debug-appletvos/include -I/Users/admin/builder/spi-builder-workspace/Sources/CAtomics/include -I/Users/admin/builder/spi-builder-workspace/.derivedData/Build/Intermediates.noindex/SourceKitD.build/Debug-appletvos/CAtomics-t.build/DerivedSources-normal/arm64 -I/Users/admin/builder/spi-builder-workspace/.derivedData/Build/Intermediates.noindex/SourceKitD.build/Debug-appletvos/CAtomics-t.build/DerivedSources/arm64 -I/Users/admin/builder/spi-builder-workspace/.derivedData/Build/Intermediates.noindex/SourceKitD.build/Debug-appletvos/CAtomics-t.build/DerivedSources -F/Users/admin/builder/spi-builder-workspace/.derivedData/Build/Products/Debug-appletvos -iframework /Applications/Xcode-27.0.0-Release.Candidate.app/Contents/Developer/Platforms/AppleTVOS.platform/Developer/Library/Frameworks -iframework /Applications/Xcode-27.0.0-Release.Candidate.app/Contents/Developer/Platforms/AppleTVOS.platform/Developer/SDKs/AppleTVOS27.0.sdk/Developer/Library/Frameworks -DXcode
WriteAuxiliaryFile /Users/admin/builder/spi-builder-workspace/.derivedData/Build/Intermediates.noindex/SourceKitD.build/Debug-appletvos/CAtomics-t.build/CAtomics.DependencyStaticMetadataFileList (in target 'CAtomics' from project 'SourceKitD')
cd /Users/admin/builder/spi-builder-workspace
write-file /Users/admin/builder/spi-builder-workspace/.derivedData/Build/Intermediates.noindex/SourceKitD.build/Debug-appletvos/CAtomics-t.build/CAtomics.DependencyStaticMetadataFileList
WriteAuxiliaryFile /Users/admin/builder/spi-builder-workspace/.derivedData/Build/Intermediates.noindex/SourceKitD.build/Debug-appletvos/CAtomics-t.build/CAtomics.DependencyMetadataFileList (in target 'CAtomics' from project 'SourceKitD')
cd /Users/admin/builder/spi-builder-workspace
write-file /Users/admin/builder/spi-builder-workspace/.derivedData/Build/Intermediates.noindex/SourceKitD.build/Debug-appletvos/CAtomics-t.build/CAtomics.DependencyMetadataFileList
ScanDependencies /Users/admin/builder/spi-builder-workspace/.derivedData/Build/Intermediates.noindex/SourceKitD.build/Debug-appletvos/Csourcekitd-t.build/Objects-normal/arm64/sourcekitd.o /Users/admin/builder/spi-builder-workspace/Sources/Csourcekitd/sourcekitd.c normal arm64 c com.apple.compilers.llvm.clang.1_0.compiler (in target 'Csourcekitd' from project 'SourceKitD')
cd /Users/admin/builder/spi-builder-workspace/.swiftpm/xcode
Using response file: /Users/admin/builder/spi-builder-workspace/.derivedData/Build/Intermediates.noindex/SourceKitD.build/Debug-appletvos/Csourcekitd-t.build/Objects-normal/arm64/7187679823f38a2a940e0043cdf9d637-common-args.resp
builtin-ScanDependencies -o /Users/admin/builder/spi-builder-workspace/.derivedData/Build/Intermediates.noindex/SourceKitD.build/Debug-appletvos/Csourcekitd-t.build/Objects-normal/arm64/sourcekitd.o.scan -- /Applications/Xcode-27.0.0-Release.Candidate.app/Contents/Developer/Toolchains/XcodeDefault.xctoolchain/usr/bin/clang -x c -ivfsstatcache /Users/admin/builder/spi-builder-workspace/.derivedData/SDKStatCaches.noindex/appletvos27.0-24J360-e829b21a6f8c9b70876ba0858053c044b32bfd8d43560033f8d89884cdb90028.sdkstatcache -target arm64-apple-tvos15.0 -fmessage-length\=0 -fdiagnostics-show-note-include-stack -fmacro-backtrace-limit\=0 -fno-color-diagnostics -fmodules-prune-interval\=86400 -fmodules-prune-after\=345600 -fbuild-session-file\=/Users/admin/builder/spi-builder-workspace/.derivedData/ModuleCache.noindex/Session.modulevalidation -fmodules-validate-once-per-build-session -Wnon-modular-include-in-framework-module -Werror\=non-modular-include-in-framework-module -Wno-trigraphs -Wno-missing-field-initializers -Wno-missing-prototypes -Wno-return-type -Wno-missing-braces -Wparentheses -Wswitch -Wno-unused-function -Wno-unused-label -Wno-unused-parameter -Wno-unused-variable -Wunused-value -Wno-empty-body -Wno-uninitialized -Wno-unknown-pragmas -Wno-shadow -Wno-four-char-constants -Wno-conversion -Wno-constant-conversion -Wno-int-conversion -Wno-bool-conversion -Wno-enum-conversion -Wno-float-conversion -Wno-non-literal-null-conversion -Wno-objc-literal-conversion -Wshorten-64-to-32 -Wpointer-sign -Wno-newline-eof -Wno-implicit-fallthrough -isysroot /Applications/Xcode-27.0.0-Release.Candidate.app/Contents/Developer/Platforms/AppleTVOS.platform/Developer/SDKs/AppleTVOS27.0.sdk -fstrict-aliasing -Wdeprecated-declarations -Wno-sign-conversion -Wno-infinite-recursion -Wno-comma -Wno-block-capture-autoreleasing -Wno-strict-prototypes -Wno-semicolon-before-method-body -index-store-path /Users/admin/builder/spi-builder-workspace/.derivedData/Index.noindex/DataStore @/Users/admin/builder/spi-builder-workspace/.derivedData/Build/Intermediates.noindex/SourceKitD.build/Debug-appletvos/Csourcekitd-t.build/Objects-normal/arm64/7187679823f38a2a940e0043cdf9d637-common-args.resp -MMD -MT dependencies -MF /Users/admin/builder/spi-builder-workspace/.derivedData/Build/Intermediates.noindex/SourceKitD.build/Debug-appletvos/Csourcekitd-t.build/Objects-normal/arm64/sourcekitd.d --serialize-diagnostics /Users/admin/builder/spi-builder-workspace/.derivedData/Build/Intermediates.noindex/SourceKitD.build/Debug-appletvos/Csourcekitd-t.build/Objects-normal/arm64/sourcekitd.dia -c /Users/admin/builder/spi-builder-workspace/Sources/Csourcekitd/sourcekitd.c -o /Users/admin/builder/spi-builder-workspace/.derivedData/Build/Intermediates.noindex/SourceKitD.build/Debug-appletvos/Csourcekitd-t.build/Objects-normal/arm64/sourcekitd.o -index-unit-output-path /SourceKitD.build/Debug-appletvos/Csourcekitd-t.build/Objects-normal/arm64/sourcekitd.o
ScanDependencies /Users/admin/builder/spi-builder-workspace/.derivedData/Build/Intermediates.noindex/SourceKitD.build/Debug-appletvos/CAtomics-t.build/Objects-normal/arm64/CAtomics.o /Users/admin/builder/spi-builder-workspace/Sources/CAtomics/CAtomics.c normal arm64 c com.apple.compilers.llvm.clang.1_0.compiler (in target 'CAtomics' from project 'SourceKitD')
cd /Users/admin/builder/spi-builder-workspace/.swiftpm/xcode
Using response file: /Users/admin/builder/spi-builder-workspace/.derivedData/Build/Intermediates.noindex/SourceKitD.build/Debug-appletvos/CAtomics-t.build/Objects-normal/arm64/7187679823f38a2a940e0043cdf9d637-common-args.resp
builtin-ScanDependencies -o /Users/admin/builder/spi-builder-workspace/.derivedData/Build/Intermediates.noindex/SourceKitD.build/Debug-appletvos/CAtomics-t.build/Objects-normal/arm64/CAtomics.o.scan -- /Applications/Xcode-27.0.0-Release.Candidate.app/Contents/Developer/Toolchains/XcodeDefault.xctoolchain/usr/bin/clang -x c -ivfsstatcache /Users/admin/builder/spi-builder-workspace/.derivedData/SDKStatCaches.noindex/appletvos27.0-24J360-e829b21a6f8c9b70876ba0858053c044b32bfd8d43560033f8d89884cdb90028.sdkstatcache -target arm64-apple-tvos15.0 -fmessage-length\=0 -fdiagnostics-show-note-include-stack -fmacro-backtrace-limit\=0 -fno-color-diagnostics -fmodules-prune-interval\=86400 -fmodules-prune-after\=345600 -fbuild-session-file\=/Users/admin/builder/spi-builder-workspace/.derivedData/ModuleCache.noindex/Session.modulevalidation -fmodules-validate-once-per-build-session -Wnon-modular-include-in-framework-module -Werror\=non-modular-include-in-framework-module -Wno-trigraphs -Wno-missing-field-initializers -Wno-missing-prototypes -Wno-return-type -Wno-missing-braces -Wparentheses -Wswitch -Wno-unused-function -Wno-unused-label -Wno-unused-parameter -Wno-unused-variable -Wunused-value -Wno-empty-body -Wno-uninitialized -Wno-unknown-pragmas -Wno-shadow -Wno-four-char-constants -Wno-conversion -Wno-constant-conversion -Wno-int-conversion -Wno-bool-conversion -Wno-enum-conversion -Wno-float-conversion -Wno-non-literal-null-conversion -Wno-objc-literal-conversion -Wshorten-64-to-32 -Wpointer-sign -Wno-newline-eof -Wno-implicit-fallthrough -isysroot /Applications/Xcode-27.0.0-Release.Candidate.app/Contents/Developer/Platforms/AppleTVOS.platform/Developer/SDKs/AppleTVOS27.0.sdk -fstrict-aliasing -Wdeprecated-declarations -Wno-sign-conversion -Wno-infinite-recursion -Wno-comma -Wno-block-capture-autoreleasing -Wno-strict-prototypes -Wno-semicolon-before-method-body -index-store-path /Users/admin/builder/spi-builder-workspace/.derivedData/Index.noindex/DataStore @/Users/admin/builder/spi-builder-workspace/.derivedData/Build/Intermediates.noindex/SourceKitD.build/Debug-appletvos/CAtomics-t.build/Objects-normal/arm64/7187679823f38a2a940e0043cdf9d637-common-args.resp -MMD -MT dependencies -MF /Users/admin/builder/spi-builder-workspace/.derivedData/Build/Intermediates.noindex/SourceKitD.build/Debug-appletvos/CAtomics-t.build/Objects-normal/arm64/CAtomics.d --serialize-diagnostics /Users/admin/builder/spi-builder-workspace/.derivedData/Build/Intermediates.noindex/SourceKitD.build/Debug-appletvos/CAtomics-t.build/Objects-normal/arm64/CAtomics.dia -c /Users/admin/builder/spi-builder-workspace/Sources/CAtomics/CAtomics.c -o /Users/admin/builder/spi-builder-workspace/.derivedData/Build/Intermediates.noindex/SourceKitD.build/Debug-appletvos/CAtomics-t.build/Objects-normal/arm64/CAtomics.o -index-unit-output-path /SourceKitD.build/Debug-appletvos/CAtomics-t.build/Objects-normal/arm64/CAtomics.o
SwiftDriver SwiftExtensions normal arm64 com.apple.xcode.tools.swift.compiler (in target 'SwiftExtensions' from project 'SourceKitD')
cd /Users/admin/builder/spi-builder-workspace/.swiftpm/xcode
builtin-SwiftDriver -- /Applications/Xcode-27.0.0-Release.Candidate.app/Contents/Developer/Toolchains/XcodeDefault.xctoolchain/usr/bin/swiftc -parse-as-library -module-name SwiftExtensions -Onone @/Users/admin/builder/spi-builder-workspace/.derivedData/Build/Intermediates.noindex/SourceKitD.build/Debug-appletvos/SwiftExtensions-t.build/Objects-normal/arm64/SwiftExtensions.SwiftFileList -DSWIFT_PACKAGE -DDEBUG -DSWIFT_MODULE_RESOURCE_BUNDLE_UNAVAILABLE -Xcc -fmodule-map-file\=/Users/admin/builder/spi-builder-workspace/Sources/CAtomics/include/module.modulemap -DXcode -enable-upcoming-feature InternalImportsByDefault -enable-upcoming-feature MemberImportVisibility -plugin-path /Applications/Xcode-27.0.0-Release.Candidate.app/Contents/Developer/Toolchains/XcodeDefault.xctoolchain/usr/lib/swift/host/plugins/testing -enable-experimental-feature DebugDescriptionMacro -sdk /Applications/Xcode-27.0.0-Release.Candidate.app/Contents/Developer/Platforms/AppleTVOS.platform/Developer/SDKs/AppleTVOS27.0.sdk -target arm64-apple-tvos15.0 -g -module-cache-path /Users/admin/builder/spi-builder-workspace/.derivedData/ModuleCache.noindex -Xfrontend -serialize-debugging-options -enable-testing -index-store-path /Users/admin/builder/spi-builder-workspace/.derivedData/Index.noindex/DataStore -Xcc -D_LIBCPP_HARDENING_MODE\=_LIBCPP_HARDENING_MODE_DEBUG -swift-version 6 -I /Users/admin/builder/spi-builder-workspace/.derivedData/Build/Products/Debug-appletvos -Isystem /Applications/Xcode-27.0.0-Release.Candidate.app/Contents/Developer/Platforms/AppleTVOS.platform/Developer/usr/lib -F /Users/admin/builder/spi-builder-workspace/.derivedData/Build/Products/Debug-appletvos/PackageFrameworks -F /Users/admin/builder/spi-builder-workspace/.derivedData/Build/Products/Debug-appletvos -F /Applications/Xcode-27.0.0-Release.Candidate.app/Contents/Developer/Platforms/AppleTVOS.platform/Developer/Library/Frameworks -F /Applications/Xcode-27.0.0-Release.Candidate.app/Contents/Developer/Platforms/AppleTVOS.platform/Developer/SDKs/AppleTVOS27.0.sdk/Developer/Library/Frameworks -c -j10 -enable-batch-mode -incremental -Xcc -ivfsstatcache -Xcc /Users/admin/builder/spi-builder-workspace/.derivedData/SDKStatCaches.noindex/appletvos27.0-24J360-e829b21a6f8c9b70876ba0858053c044b32bfd8d43560033f8d89884cdb90028.sdkstatcache -output-file-map /Users/admin/builder/spi-builder-workspace/.derivedData/Build/Intermediates.noindex/SourceKitD.build/Debug-appletvos/SwiftExtensions-t.build/Objects-normal/arm64/SwiftExtensions-OutputFileMap.json -save-temps -no-color-diagnostics -explicit-module-build -module-cache-path /Users/admin/builder/spi-builder-workspace/.derivedData/Build/Intermediates.noindex/SwiftExplicitPrecompiledModules -clang-scanner-module-cache-path /Users/admin/builder/spi-builder-workspace/.derivedData/ModuleCache.noindex -sdk-module-cache-path /Users/admin/builder/spi-builder-workspace/.derivedData/SDKExplicitPrecompiledModules -emit-dependencies -emit-module -emit-module-path /Users/admin/builder/spi-builder-workspace/.derivedData/Build/Intermediates.noindex/SourceKitD.build/Debug-appletvos/SwiftExtensions-t.build/Objects-normal/arm64/SwiftExtensions.swiftmodule -serialize-diagnostics -dependency-scan-serialize-diagnostics-path /Users/admin/builder/spi-builder-workspace/.derivedData/Build/Intermediates.noindex/SourceKitD.build/Debug-appletvos/SwiftExtensions-t.build/Objects-normal/arm64/SwiftExtensions-dependency-scan.dia -validate-clang-modules-once -clang-build-session-file /Users/admin/builder/spi-builder-workspace/.derivedData/ModuleCache.noindex/Session.modulevalidation -Xcc -fmodules-prune-interval\=86400 -Xcc -fmodules-prune-after\=345600 -package-name spi_builder_workspace -emit-const-values -const-gather-protocols-list /Users/admin/builder/spi-builder-workspace/.derivedData/Build/Intermediates.noindex/SourceKitD.build/Debug-appletvos/SwiftExtensions-t.build/Objects-normal/arm64/SwiftExtensions_const_extract_protocols.json -Xcc -I/Users/admin/builder/spi-builder-workspace/Sources/CAtomics/include -Xcc -I/Users/admin/builder/spi-builder-workspace/.derivedData/Build/Products/Debug-appletvos/include -Xcc -I/Users/admin/builder/spi-builder-workspace/.derivedData/Build/Intermediates.noindex/SourceKitD.build/Debug-appletvos/SwiftExtensions-t.build/DerivedSources-normal/arm64 -Xcc -I/Users/admin/builder/spi-builder-workspace/.derivedData/Build/Intermediates.noindex/SourceKitD.build/Debug-appletvos/SwiftExtensions-t.build/DerivedSources/arm64 -Xcc -I/Users/admin/builder/spi-builder-workspace/.derivedData/Build/Intermediates.noindex/SourceKitD.build/Debug-appletvos/SwiftExtensions-t.build/DerivedSources -Xcc -DSWIFT_PACKAGE -Xcc -DDEBUG\=1 -emit-objc-header -emit-objc-header-path /Users/admin/builder/spi-builder-workspace/.derivedData/Build/Intermediates.noindex/SourceKitD.build/Debug-appletvos/SwiftExtensions-t.build/Objects-normal/arm64/SwiftExtensions-Swift.h -working-directory /Users/admin/builder/spi-builder-workspace/.swiftpm/xcode -experimental-emit-module-separately -disable-cmo
CompileC /Users/admin/builder/spi-builder-workspace/.derivedData/Build/Intermediates.noindex/SourceKitD.build/Debug-appletvos/Csourcekitd-t.build/Objects-normal/arm64/sourcekitd.o /Users/admin/builder/spi-builder-workspace/Sources/Csourcekitd/sourcekitd.c normal arm64 c com.apple.compilers.llvm.clang.1_0.compiler (in target 'Csourcekitd' from project 'SourceKitD')
cd /Users/admin/builder/spi-builder-workspace/.swiftpm/xcode
Using response file: /Users/admin/builder/spi-builder-workspace/.derivedData/Build/Intermediates.noindex/SourceKitD.build/Debug-appletvos/Csourcekitd-t.build/Objects-normal/arm64/7187679823f38a2a940e0043cdf9d637-common-args.resp
/Applications/Xcode-27.0.0-Release.Candidate.app/Contents/Developer/Toolchains/XcodeDefault.xctoolchain/usr/bin/clang -x c -ivfsstatcache /Users/admin/builder/spi-builder-workspace/.derivedData/SDKStatCaches.noindex/appletvos27.0-24J360-e829b21a6f8c9b70876ba0858053c044b32bfd8d43560033f8d89884cdb90028.sdkstatcache -target arm64-apple-tvos15.0 -fmessage-length\=0 -fdiagnostics-show-note-include-stack -fmacro-backtrace-limit\=0 -fno-color-diagnostics -fmodules-prune-interval\=86400 -fmodules-prune-after\=345600 -fbuild-session-file\=/Users/admin/builder/spi-builder-workspace/.derivedData/ModuleCache.noindex/Session.modulevalidation -fmodules-validate-once-per-build-session -Wnon-modular-include-in-framework-module -Werror\=non-modular-include-in-framework-module -Wno-trigraphs -Wno-missing-field-initializers -Wno-missing-prototypes -Wno-return-type -Wno-missing-braces -Wparentheses -Wswitch -Wno-unused-function -Wno-unused-label -Wno-unused-parameter -Wno-unused-variable -Wunused-value -Wno-empty-body -Wno-uninitialized -Wno-unknown-pragmas -Wno-shadow -Wno-four-char-constants -Wno-conversion -Wno-constant-conversion -Wno-int-conversion -Wno-bool-conversion -Wno-enum-conversion -Wno-float-conversion -Wno-non-literal-null-conversion -Wno-objc-literal-conversion -Wshorten-64-to-32 -Wpointer-sign -Wno-newline-eof -Wno-implicit-fallthrough -isysroot /Applications/Xcode-27.0.0-Release.Candidate.app/Contents/Developer/Platforms/AppleTVOS.platform/Developer/SDKs/AppleTVOS27.0.sdk -fstrict-aliasing -Wdeprecated-declarations -Wno-sign-conversion -Wno-infinite-recursion -Wno-comma -Wno-block-capture-autoreleasing -Wno-strict-prototypes -Wno-semicolon-before-method-body -index-store-path /Users/admin/builder/spi-builder-workspace/.derivedData/Index.noindex/DataStore @/Users/admin/builder/spi-builder-workspace/.derivedData/Build/Intermediates.noindex/SourceKitD.build/Debug-appletvos/Csourcekitd-t.build/Objects-normal/arm64/7187679823f38a2a940e0043cdf9d637-common-args.resp -MMD -MT dependencies -MF /Users/admin/builder/spi-builder-workspace/.derivedData/Build/Intermediates.noindex/SourceKitD.build/Debug-appletvos/Csourcekitd-t.build/Objects-normal/arm64/sourcekitd.d --serialize-diagnostics /Users/admin/builder/spi-builder-workspace/.derivedData/Build/Intermediates.noindex/SourceKitD.build/Debug-appletvos/Csourcekitd-t.build/Objects-normal/arm64/sourcekitd.dia -c /Users/admin/builder/spi-builder-workspace/Sources/Csourcekitd/sourcekitd.c -o /Users/admin/builder/spi-builder-workspace/.derivedData/Build/Intermediates.noindex/SourceKitD.build/Debug-appletvos/Csourcekitd-t.build/Objects-normal/arm64/sourcekitd.o -index-unit-output-path /SourceKitD.build/Debug-appletvos/Csourcekitd-t.build/Objects-normal/arm64/sourcekitd.o
CompileC /Users/admin/builder/spi-builder-workspace/.derivedData/Build/Intermediates.noindex/SourceKitD.build/Debug-appletvos/CAtomics-t.build/Objects-normal/arm64/CAtomics.o /Users/admin/builder/spi-builder-workspace/Sources/CAtomics/CAtomics.c normal arm64 c com.apple.compilers.llvm.clang.1_0.compiler (in target 'CAtomics' from project 'SourceKitD')
cd /Users/admin/builder/spi-builder-workspace/.swiftpm/xcode
Using response file: /Users/admin/builder/spi-builder-workspace/.derivedData/Build/Intermediates.noindex/SourceKitD.build/Debug-appletvos/CAtomics-t.build/Objects-normal/arm64/7187679823f38a2a940e0043cdf9d637-common-args.resp
/Applications/Xcode-27.0.0-Release.Candidate.app/Contents/Developer/Toolchains/XcodeDefault.xctoolchain/usr/bin/clang -x c -ivfsstatcache /Users/admin/builder/spi-builder-workspace/.derivedData/SDKStatCaches.noindex/appletvos27.0-24J360-e829b21a6f8c9b70876ba0858053c044b32bfd8d43560033f8d89884cdb90028.sdkstatcache -target arm64-apple-tvos15.0 -fmessage-length\=0 -fdiagnostics-show-note-include-stack -fmacro-backtrace-limit\=0 -fno-color-diagnostics -fmodules-prune-interval\=86400 -fmodules-prune-after\=345600 -fbuild-session-file\=/Users/admin/builder/spi-builder-workspace/.derivedData/ModuleCache.noindex/Session.modulevalidation -fmodules-validate-once-per-build-session -Wnon-modular-include-in-framework-module -Werror\=non-modular-include-in-framework-module -Wno-trigraphs -Wno-missing-field-initializers -Wno-missing-prototypes -Wno-return-type -Wno-missing-braces -Wparentheses -Wswitch -Wno-unused-function -Wno-unused-label -Wno-unused-parameter -Wno-unused-variable -Wunused-value -Wno-empty-body -Wno-uninitialized -Wno-unknown-pragmas -Wno-shadow -Wno-four-char-constants -Wno-conversion -Wno-constant-conversion -Wno-int-conversion -Wno-bool-conversion -Wno-enum-conversion -Wno-float-conversion -Wno-non-literal-null-conversion -Wno-objc-literal-conversion -Wshorten-64-to-32 -Wpointer-sign -Wno-newline-eof -Wno-implicit-fallthrough -isysroot /Applications/Xcode-27.0.0-Release.Candidate.app/Contents/Developer/Platforms/AppleTVOS.platform/Developer/SDKs/AppleTVOS27.0.sdk -fstrict-aliasing -Wdeprecated-declarations -Wno-sign-conversion -Wno-infinite-recursion -Wno-comma -Wno-block-capture-autoreleasing -Wno-strict-prototypes -Wno-semicolon-before-method-body -index-store-path /Users/admin/builder/spi-builder-workspace/.derivedData/Index.noindex/DataStore @/Users/admin/builder/spi-builder-workspace/.derivedData/Build/Intermediates.noindex/SourceKitD.build/Debug-appletvos/CAtomics-t.build/Objects-normal/arm64/7187679823f38a2a940e0043cdf9d637-common-args.resp -MMD -MT dependencies -MF /Users/admin/builder/spi-builder-workspace/.derivedData/Build/Intermediates.noindex/SourceKitD.build/Debug-appletvos/CAtomics-t.build/Objects-normal/arm64/CAtomics.d --serialize-diagnostics /Users/admin/builder/spi-builder-workspace/.derivedData/Build/Intermediates.noindex/SourceKitD.build/Debug-appletvos/CAtomics-t.build/Objects-normal/arm64/CAtomics.dia -c /Users/admin/builder/spi-builder-workspace/Sources/CAtomics/CAtomics.c -o /Users/admin/builder/spi-builder-workspace/.derivedData/Build/Intermediates.noindex/SourceKitD.build/Debug-appletvos/CAtomics-t.build/Objects-normal/arm64/CAtomics.o -index-unit-output-path /SourceKitD.build/Debug-appletvos/CAtomics-t.build/Objects-normal/arm64/CAtomics.o
Ld /Users/admin/builder/spi-builder-workspace/.derivedData/Build/Products/Debug-appletvos/CAtomics.o normal (in target 'CAtomics' from project 'SourceKitD')
cd /Users/admin/builder/spi-builder-workspace
/Applications/Xcode-27.0.0-Release.Candidate.app/Contents/Developer/Toolchains/XcodeDefault.xctoolchain/usr/bin/clang -Xlinker -reproducible -target arm64-apple-tvos15.0 -r -isysroot /Applications/Xcode-27.0.0-Release.Candidate.app/Contents/Developer/Platforms/AppleTVOS.platform/Developer/SDKs/AppleTVOS27.0.sdk -O0 -Xlinker -no_warn_duplicate_libraries -F/Users/admin/builder/spi-builder-workspace/.derivedData/Build/Intermediates.noindex/EagerLinkingTBDs/Debug-appletvos -F/Users/admin/builder/spi-builder-workspace/.derivedData/Build/Products/Debug-appletvos -iframework /Applications/Xcode-27.0.0-Release.Candidate.app/Contents/Developer/Platforms/AppleTVOS.platform/Developer/Library/Frameworks -iframework /Applications/Xcode-27.0.0-Release.Candidate.app/Contents/Developer/Platforms/AppleTVOS.platform/Developer/SDKs/AppleTVOS27.0.sdk/Developer/Library/Frameworks -filelist /Users/admin/builder/spi-builder-workspace/.derivedData/Build/Intermediates.noindex/SourceKitD.build/Debug-appletvos/CAtomics-t.build/Objects-normal/arm64/CAtomics.LinkFileList -nostdlib -Xlinker -object_path_lto -Xlinker /Users/admin/builder/spi-builder-workspace/.derivedData/Build/Intermediates.noindex/SourceKitD.build/Debug-appletvos/CAtomics-t.build/Objects-normal/arm64/CAtomics_lto.o -Xlinker -no_deduplicate -Xlinker -dependency_info -Xlinker /Users/admin/builder/spi-builder-workspace/.derivedData/Build/Intermediates.noindex/SourceKitD.build/Debug-appletvos/CAtomics-t.build/Objects-normal/arm64/CAtomics_dependency_info.dat -o /Users/admin/builder/spi-builder-workspace/.derivedData/Build/Products/Debug-appletvos/CAtomics.o
Ld /Users/admin/builder/spi-builder-workspace/.derivedData/Build/Products/Debug-appletvos/Csourcekitd.o normal (in target 'Csourcekitd' from project 'SourceKitD')
cd /Users/admin/builder/spi-builder-workspace
/Applications/Xcode-27.0.0-Release.Candidate.app/Contents/Developer/Toolchains/XcodeDefault.xctoolchain/usr/bin/clang -Xlinker -reproducible -target arm64-apple-tvos15.0 -r -isysroot /Applications/Xcode-27.0.0-Release.Candidate.app/Contents/Developer/Platforms/AppleTVOS.platform/Developer/SDKs/AppleTVOS27.0.sdk -O0 -Xlinker -no_warn_duplicate_libraries -F/Users/admin/builder/spi-builder-workspace/.derivedData/Build/Intermediates.noindex/EagerLinkingTBDs/Debug-appletvos -F/Users/admin/builder/spi-builder-workspace/.derivedData/Build/Products/Debug-appletvos -iframework /Applications/Xcode-27.0.0-Release.Candidate.app/Contents/Developer/Platforms/AppleTVOS.platform/Developer/Library/Frameworks -iframework /Applications/Xcode-27.0.0-Release.Candidate.app/Contents/Developer/Platforms/AppleTVOS.platform/Developer/SDKs/AppleTVOS27.0.sdk/Developer/Library/Frameworks -filelist /Users/admin/builder/spi-builder-workspace/.derivedData/Build/Intermediates.noindex/SourceKitD.build/Debug-appletvos/Csourcekitd-t.build/Objects-normal/arm64/Csourcekitd.LinkFileList -nostdlib -Xlinker -object_path_lto -Xlinker /Users/admin/builder/spi-builder-workspace/.derivedData/Build/Intermediates.noindex/SourceKitD.build/Debug-appletvos/Csourcekitd-t.build/Objects-normal/arm64/Csourcekitd_lto.o -Xlinker -no_deduplicate -Xlinker -dependency_info -Xlinker /Users/admin/builder/spi-builder-workspace/.derivedData/Build/Intermediates.noindex/SourceKitD.build/Debug-appletvos/Csourcekitd-t.build/Objects-normal/arm64/Csourcekitd_dependency_info.dat -o /Users/admin/builder/spi-builder-workspace/.derivedData/Build/Products/Debug-appletvos/Csourcekitd.o
SwiftExplicitDependencyGeneratePcm arm64 /Users/admin/builder/spi-builder-workspace/.derivedData/SDKExplicitPrecompiledModules/_Builtin_stdbool-4UUPXTY52W6RPSB0N2WGGLTJT.pcm
SwiftExplicitDependencyGeneratePcm arm64 /Users/admin/builder/spi-builder-workspace/.derivedData/SDKExplicitPrecompiledModules/_Builtin_stddef-1MAO6P3OSQFGZFQEPM31XXNSS.pcm
SwiftExplicitDependencyGeneratePcm arm64 /Users/admin/builder/spi-builder-workspace/.derivedData/SDKExplicitPrecompiledModules/ptrcheck-BA65H1NXYZJ0BLLWO9HZOAZ6Y.pcm
SwiftExplicitDependencyGeneratePcm arm64 /Users/admin/builder/spi-builder-workspace/.derivedData/SDKExplicitPrecompiledModules/ptrauth-EMKXYE8GN9BK4M3ODSTVDUJU2.pcm
SwiftExplicitDependencyGeneratePcm arm64 /Users/admin/builder/spi-builder-workspace/.derivedData/SDKExplicitPrecompiledModules/_Builtin_float-3RF4B70MBHPP952AX3GNZ8W3H.pcm
SwiftExplicitDependencyGeneratePcm arm64 /Users/admin/builder/spi-builder-workspace/.derivedData/SDKExplicitPrecompiledModules/_Builtin_stdarg-719DH4G2R3NRP3HRX5HE8WX08.pcm
SwiftExplicitDependencyGeneratePcm arm64 /Users/admin/builder/spi-builder-workspace/.derivedData/SDKExplicitPrecompiledModules/SwiftShims-73G9EXEO9PVWB6PL1BR4TAJ0B.pcm
SwiftExplicitDependencyGeneratePcm arm64 /Users/admin/builder/spi-builder-workspace/.derivedData/SDKExplicitPrecompiledModules/_AvailabilityInternal-99L1JVU5TYE8S0FGGB7E09QQS.pcm
SwiftExplicitDependencyGeneratePcm arm64 /Users/admin/builder/spi-builder-workspace/.derivedData/SDKExplicitPrecompiledModules/_SwiftConcurrencyShims-3HZGHPZQL3GY71QUHDRB0P39S.pcm
SwiftExplicitDependencyGeneratePcm arm64 /Users/admin/builder/spi-builder-workspace/.derivedData/SDKExplicitPrecompiledModules/_DarwinFoundation1-90NUFDXQ765U5FR62173FT21A.pcm
SwiftExplicitDependencyGeneratePcm arm64 /Users/admin/builder/spi-builder-workspace/.derivedData/SDKExplicitPrecompiledModules/_DarwinFoundation2-EPKSYG5WMVE7WSPFQB4C0UC59.pcm
SwiftExplicitDependencyGeneratePcm arm64 /Users/admin/builder/spi-builder-workspace/.derivedData/SDKExplicitPrecompiledModules/_Builtin_limits-3JICJWOCEYXXXNXAMEJBF6UQN.pcm
SwiftExplicitDependencyGeneratePcm arm64 /Users/admin/builder/spi-builder-workspace/.derivedData/SDKExplicitPrecompiledModules/sys_types-CATSGLJDZ8UZUMKHO6M4I4PJT.pcm
SwiftExplicitDependencyGeneratePcm arm64 /Users/admin/builder/spi-builder-workspace/.derivedData/SDKExplicitPrecompiledModules/_Builtin_stdint-A8OKY0NXO26BZ4GWYKP79TKL9.pcm
SwiftExplicitDependencyGeneratePcm arm64 /Users/admin/builder/spi-builder-workspace/.derivedData/SDKExplicitPrecompiledModules/string_h-B6D36UOVIZC2Y0YE3KEZLZAP6.pcm
SwiftExplicitDependencyGeneratePcm arm64 /Users/admin/builder/spi-builder-workspace/.derivedData/SDKExplicitPrecompiledModules/_DarwinFoundation3-63L5I5VCGX6CLI6HI7OWUXJN6.pcm
SwiftExplicitDependencyGeneratePcm arm64 /Users/admin/builder/spi-builder-workspace/.derivedData/SDKExplicitPrecompiledModules/_Builtin_inttypes-80RS02PM2X81SP8N0Q7X05540.pcm
SwiftExplicitDependencyGeneratePcm arm64 /Users/admin/builder/spi-builder-workspace/.derivedData/Build/Intermediates.noindex/SwiftExplicitPrecompiledModules/CAtomics-2JVA3ZK0RPI392PMR4U62ZVJP.pcm
SwiftExplicitDependencyGeneratePcm arm64 /Users/admin/builder/spi-builder-workspace/.derivedData/SDKExplicitPrecompiledModules/Darwin-1VTILT8KA42CNDAUB0H1FM7MC.pcm
SwiftExplicitDependencyGeneratePcm arm64 /Users/admin/builder/spi-builder-workspace/.derivedData/SDKExplicitPrecompiledModules/ObjectiveC-CC0BYHG21IQMMT48PGDNSK7G6.pcm
SwiftExplicitDependencyGeneratePcm arm64 /Users/admin/builder/spi-builder-workspace/.derivedData/SDKExplicitPrecompiledModules/os_object-1TJLDNS7X3UT7Y5TM4QQ2RN6G.pcm
SwiftExplicitDependencyGeneratePcm arm64 /Users/admin/builder/spi-builder-workspace/.derivedData/SDKExplicitPrecompiledModules/os_workgroup-E61GF9E8FAHZGKXVOV9QHUD27.pcm
SwiftExplicitDependencyGeneratePcm arm64 /Users/admin/builder/spi-builder-workspace/.derivedData/SDKExplicitPrecompiledModules/Dispatch-F564M6B2H1RRD83XZ8EBWFSHE.pcm
SwiftExplicitDependencyGeneratePcm arm64 /Users/admin/builder/spi-builder-workspace/.derivedData/SDKExplicitPrecompiledModules/CoreFoundation-A4LOYEEJIFQKOPZRDOG9M3N2K.pcm
SwiftExplicitDependencyGeneratePcm arm64 /Users/admin/builder/spi-builder-workspace/.derivedData/SDKExplicitPrecompiledModules/XPC-2WVXL0UION0MYZOZAJZC6DUXD.pcm
SwiftExplicitDependencyGeneratePcm arm64 /Users/admin/builder/spi-builder-workspace/.derivedData/SDKExplicitPrecompiledModules/CFNetwork-8S7XZ5SI3TWM2JOZPDZPRY8W9.pcm
SwiftExplicitDependencyGeneratePcm arm64 /Users/admin/builder/spi-builder-workspace/.derivedData/SDKExplicitPrecompiledModules/Security-6KU6X9W8QDIJW83JUF0DRES83.pcm
SwiftExplicitDependencyGeneratePcm arm64 /Users/admin/builder/spi-builder-workspace/.derivedData/SDKExplicitPrecompiledModules/Foundation-1AS5K10MY6XENLLR2NDUCKYTM.pcm
SwiftCompile normal arm64 Compiling\ Task+WithPriorityChangedHandler.swift,\ ThreadSafeBox.swift /Users/admin/builder/spi-builder-workspace/Sources/SwiftExtensions/Task+WithPriorityChangedHandler.swift /Users/admin/builder/spi-builder-workspace/Sources/SwiftExtensions/ThreadSafeBox.swift (in target 'SwiftExtensions' from project 'SourceKitD')
SwiftCompile normal arm64 /Users/admin/builder/spi-builder-workspace/Sources/SwiftExtensions/Task+WithPriorityChangedHandler.swift (in target 'SwiftExtensions' from project 'SourceKitD')
cd /Users/admin/builder/spi-builder-workspace/.swiftpm/xcode
builtin-SwiftPerFileCompile Task+WithPriorityChangedHandler.swift
SwiftCompile normal arm64 /Users/admin/builder/spi-builder-workspace/Sources/SwiftExtensions/ThreadSafeBox.swift (in target 'SwiftExtensions' from project 'SourceKitD')
cd /Users/admin/builder/spi-builder-workspace/.swiftpm/xcode
builtin-SwiftPerFileCompile ThreadSafeBox.swift
/Users/admin/builder/spi-builder-workspace/Sources/SwiftExtensions/Task+WithPriorityChangedHandler.swift:22:20: error: 'Duration' is only available in tvOS 16.0 or newer
18 | /// compared to `initialPriority`, the `taskPriorityChanged` will be called.
19 | @available(macOS 13.0, *)
20 | package func withTaskPriorityChangedHandler<T: Sendable>(
| `- note: add '@available' attribute to enclosing global function
21 | initialPriority: TaskPriority = Task.currentPriority,
22 | pollingInterval: Duration = .seconds(0.1),
| `- error: 'Duration' is only available in tvOS 16.0 or newer
23 | @_inheritActorContext operation: @escaping @Sendable () async throws -> T,
24 | taskPriorityChanged: @escaping @Sendable () -> Void
/Users/admin/builder/spi-builder-workspace/Sources/SwiftExtensions/Task+WithPriorityChangedHandler.swift:22:32: error: 'seconds' is only available in tvOS 16.0 or newer
18 | /// compared to `initialPriority`, the `taskPriorityChanged` will be called.
19 | @available(macOS 13.0, *)
20 | package func withTaskPriorityChangedHandler<T: Sendable>(
| `- note: add '@available' attribute to enclosing global function
21 | initialPriority: TaskPriority = Task.currentPriority,
22 | pollingInterval: Duration = .seconds(0.1),
| `- error: 'seconds' is only available in tvOS 16.0 or newer
23 | @_inheritActorContext operation: @escaping @Sendable () async throws -> T,
24 | taskPriorityChanged: @escaping @Sendable () -> Void
SwiftCompile normal arm64 Compiling\ Sequence+AsyncMap.swift,\ Sequence+ContainsAnyIn.swift /Users/admin/builder/spi-builder-workspace/Sources/SwiftExtensions/Sequence+AsyncMap.swift /Users/admin/builder/spi-builder-workspace/Sources/SwiftExtensions/Sequence+ContainsAnyIn.swift (in target 'SwiftExtensions' from project 'SourceKitD')
SwiftCompile normal arm64 /Users/admin/builder/spi-builder-workspace/Sources/SwiftExtensions/Sequence+AsyncMap.swift (in target 'SwiftExtensions' from project 'SourceKitD')
cd /Users/admin/builder/spi-builder-workspace/.swiftpm/xcode
builtin-SwiftPerFileCompile Sequence+AsyncMap.swift
SwiftCompile normal arm64 /Users/admin/builder/spi-builder-workspace/Sources/SwiftExtensions/Sequence+ContainsAnyIn.swift (in target 'SwiftExtensions' from project 'SourceKitD')
cd /Users/admin/builder/spi-builder-workspace/.swiftpm/xcode
builtin-SwiftPerFileCompile Sequence+ContainsAnyIn.swift
SwiftEmitModule normal arm64 Emitting\ module\ for\ SwiftExtensions (in target 'SwiftExtensions' from project 'SourceKitD')
/Users/admin/builder/spi-builder-workspace/Sources/SwiftExtensions/AsyncUtils.swift:207:15: error: 'Duration' is only available in tvOS 16.0 or newer
204 | /// This way a caller can identify whether this call to `withTimeout` timed out or if a nested call timed out.
205 | @available(macOS 13.0, *)
206 | package func withTimeout<T: Sendable>(
| `- note: add '@available' attribute to enclosing global function
207 | _ duration: Duration,
| `- error: 'Duration' is only available in tvOS 16.0 or newer
208 | handle: TimeoutHandle? = nil,
209 | _ body: @escaping @Sendable () async throws -> T
/Users/admin/builder/spi-builder-workspace/Sources/SwiftExtensions/AsyncUtils.swift:274:14: error: 'Duration' is only available in tvOS 16.0 or newer
271 | /// `body` should be cancelled after `timeout`.
272 | @available(macOS 13.0, *)
273 | package func withTimeout<T: Sendable>(
| `- note: add '@available' attribute to enclosing global function
274 | _ timeout: Duration,
| `- error: 'Duration' is only available in tvOS 16.0 or newer
275 | body: @escaping @Sendable () async throws -> T?,
276 | resultReceivedAfterTimeout: @escaping @Sendable () async -> Void
/Users/admin/builder/spi-builder-workspace/Sources/SwiftExtensions/Duration+Seconds.swift:14:11: error: 'Duration' is only available in tvOS 16.0 or newer
12 |
13 | @available(macOS 13.0, *)
14 | extension Duration {
| | `- error: 'Duration' is only available in tvOS 16.0 or newer
| `- note: add '@available' attribute to enclosing extension
15 | package var seconds: Double {
16 | return Double(self.components.attoseconds) / 1_000_000_000_000_000_000 + Double(self.components.seconds)
/Users/admin/builder/spi-builder-workspace/Sources/SwiftExtensions/Process+terminate.swift:15:22: error: no type named 'Process' in module 'Foundation'
13 | package import Foundation
14 |
15 | extension Foundation.Process {
| `- error: no type named 'Process' in module 'Foundation'
16 | /// If the process has not exited after `duration`, terminate it.
17 | @available(macOS 13.0, *)
/Users/admin/builder/spi-builder-workspace/Sources/SwiftExtensions/Task+WithPriorityChangedHandler.swift:22:20: error: 'Duration' is only available in tvOS 16.0 or newer
18 | /// compared to `initialPriority`, the `taskPriorityChanged` will be called.
19 | @available(macOS 13.0, *)
20 | package func withTaskPriorityChangedHandler<T: Sendable>(
| `- note: add '@available' attribute to enclosing global function
21 | initialPriority: TaskPriority = Task.currentPriority,
22 | pollingInterval: Duration = .seconds(0.1),
| `- error: 'Duration' is only available in tvOS 16.0 or newer
23 | @_inheritActorContext operation: @escaping @Sendable () async throws -> T,
24 | taskPriorityChanged: @escaping @Sendable () -> Void
/Users/admin/builder/spi-builder-workspace/Sources/SwiftExtensions/Task+WithPriorityChangedHandler.swift:22:32: error: 'seconds' is only available in tvOS 16.0 or newer
18 | /// compared to `initialPriority`, the `taskPriorityChanged` will be called.
19 | @available(macOS 13.0, *)
20 | package func withTaskPriorityChangedHandler<T: Sendable>(
| `- note: add '@available' attribute to enclosing global function
21 | initialPriority: TaskPriority = Task.currentPriority,
22 | pollingInterval: Duration = .seconds(0.1),
| `- error: 'seconds' is only available in tvOS 16.0 or newer
23 | @_inheritActorContext operation: @escaping @Sendable () async throws -> T,
24 | taskPriorityChanged: @escaping @Sendable () -> Void
Failed frontend command:
/Applications/Xcode-27.0.0-Release.Candidate.app/Contents/Developer/Toolchains/XcodeDefault.xctoolchain/usr/bin/swift-frontend -frontend -emit-module -experimental-skip-non-inlinable-function-bodies-without-types /Users/admin/builder/spi-builder-workspace/Sources/SwiftExtensions/Array+Safe.swift /Users/admin/builder/spi-builder-workspace/Sources/SwiftExtensions/AsyncQueue.swift /Users/admin/builder/spi-builder-workspace/Sources/SwiftExtensions/AsyncUtils.swift /Users/admin/builder/spi-builder-workspace/Sources/SwiftExtensions/Atomics.swift /Users/admin/builder/spi-builder-workspace/Sources/SwiftExtensions/Cache.swift /Users/admin/builder/spi-builder-workspace/Sources/SwiftExtensions/CartesianProduct.swift /Users/admin/builder/spi-builder-workspace/Sources/SwiftExtensions/Collection+Only.swift /Users/admin/builder/spi-builder-workspace/Sources/SwiftExtensions/Collection+PartitionIntoBatches.swift /Users/admin/builder/spi-builder-workspace/Sources/SwiftExtensions/Duration+Seconds.swift /Users/admin/builder/spi-builder-workspace/Sources/SwiftExtensions/FileManagerExtensions.swift /Users/admin/builder/spi-builder-workspace/Sources/SwiftExtensions/LazyValue.swift /Users/admin/builder/spi-builder-workspace/Sources/SwiftExtensions/NSLock+WithLock.swift /Users/admin/builder/spi-builder-workspace/Sources/SwiftExtensions/PipeAsStringHandler.swift /Users/admin/builder/spi-builder-workspace/Sources/SwiftExtensions/Platform.swift /Users/admin/builder/spi-builder-workspace/Sources/SwiftExtensions/Process+terminate.swift /Users/admin/builder/spi-builder-workspace/Sources/SwiftExtensions/ResultExtensions.swift /Users/admin/builder/spi-builder-workspace/Sources/SwiftExtensions/Sequence+AsyncMap.swift /Users/admin/builder/spi-builder-workspace/Sources/SwiftExtensions/Sequence+ContainsAnyIn.swift /Users/admin/builder/spi-builder-workspace/Sources/SwiftExtensions/Task+WithPriorityChangedHandler.swift /Users/admin/builder/spi-builder-workspace/Sources/SwiftExtensions/ThreadSafeBox.swift /Users/admin/builder/spi-builder-workspace/Sources/SwiftExtensions/TransitiveClosure.swift /Users/admin/builder/spi-builder-workspace/Sources/SwiftExtensions/URLExtensions.swift -target arm64-apple-tvos15.0 -module-can-import-version Darwin 428.0.10 0 -disable-cross-import-overlay-search -load-resolved-plugin /Applications/Xcode-27.0.0-Release.Candidate.app/Contents/Developer/Platforms/AppleTVOS.platform/Developer/usr/lib/swift/host/plugins/libFoundationMacros.dylib\#/Applications/Xcode-27.0.0-Release.Candidate.app/Contents/Developer/Platforms/AppleTVOS.platform/Developer/usr/bin/swift-plugin-server\#FoundationMacros -load-resolved-plugin /Applications/Xcode-27.0.0-Release.Candidate.app/Contents/Developer/Platforms/AppleTVOS.platform/Developer/usr/lib/swift/host/plugins/libObservationMacros.dylib\#/Applications/Xcode-27.0.0-Release.Candidate.app/Contents/Developer/Platforms/AppleTVOS.platform/Developer/usr/bin/swift-plugin-server\#ObservationMacros -load-resolved-plugin /Applications/Xcode-27.0.0-Release.Candidate.app/Contents/Developer/Platforms/AppleTVOS.platform/Developer/usr/lib/swift/host/plugins/libSwiftMacros.dylib\#/Applications/Xcode-27.0.0-Release.Candidate.app/Contents/Developer/Platforms/AppleTVOS.platform/Developer/usr/bin/swift-plugin-server\#SwiftMacros -disable-implicit-swift-modules -Xcc -fno-implicit-modules -Xcc -fno-implicit-module-maps -explicit-swift-module-map-file /Users/admin/builder/spi-builder-workspace/.derivedData/Build/Intermediates.noindex/SourceKitD.build/Debug-appletvos/SwiftExtensions-t.build/Objects-normal/arm64/SwiftExtensions-dependencies-1.json -Xllvm -aarch64-use-tbi -enable-objc-interop -stack-check -sdk /Applications/Xcode-27.0.0-Release.Candidate.app/Contents/Developer/Platforms/AppleTVOS.platform/Developer/SDKs/AppleTVOS27.0.sdk -I /Users/admin/builder/spi-builder-workspace/.derivedData/Build/Products/Debug-appletvos -Isystem /Applications/Xcode-27.0.0-Release.Candidate.app/Contents/Developer/Platforms/AppleTVOS.platform/Developer/usr/lib -F /Users/admin/builder/spi-builder-workspace/.derivedData/Build/Products/Debug-appletvos/PackageFrameworks -F /Users/admin/builder/spi-builder-workspace/.derivedData/Build/Products/Debug-appletvos -F /Applications/Xcode-27.0.0-Release.Candidate.app/Contents/Developer/Platforms/AppleTVOS.platform/Developer/Library/Frameworks -F /Applications/Xcode-27.0.0-Release.Candidate.app/Contents/Developer/Platforms/AppleTVOS.platform/Developer/SDKs/AppleTVOS27.0.sdk/Developer/Library/Frameworks -module-cache-path /Users/admin/builder/spi-builder-workspace/.derivedData/Build/Intermediates.noindex/SwiftExplicitPrecompiledModules -no-color-diagnostics -Xcc -fno-color-diagnostics -enable-testing -g -debug-info-format\=dwarf -dwarf-version\=4 -swift-version 6 -Onone -D SWIFT_PACKAGE -D DEBUG -D SWIFT_MODULE_RESOURCE_BUNDLE_UNAVAILABLE -D Xcode -serialize-debugging-options -enable-upcoming-feature InternalImportsByDefault -enable-upcoming-feature MemberImportVisibility -enable-experimental-feature DebugDescriptionMacro -empty-abi-descriptor -validate-clang-modules-once -clang-build-session-file /Users/admin/builder/spi-builder-workspace/.derivedData/ModuleCache.noindex/Session.modulevalidation -Xcc -working-directory -Xcc /Users/admin/builder/spi-builder-workspace/.swiftpm/xcode -enable-anonymous-context-mangled-names -file-compilation-dir /Users/admin/builder/spi-builder-workspace/.swiftpm/xcode -Xcc -fmodule-map-file\=/Users/admin/builder/spi-builder-workspace/Sources/CAtomics/include/module.modulemap -Xcc -D_LIBCPP_HARDENING_MODE\=_LIBCPP_HARDENING_MODE_DEBUG -Xcc -ivfsstatcache -Xcc /Users/admin/builder/spi-builder-workspace/.derivedData/SDKStatCaches.noindex/appletvos27.0-24J360-e829b21a6f8c9b70876ba0858053c044b32bfd8d43560033f8d89884cdb90028.sdkstatcache -Xcc -fmodules-prune-interval\=86400 -Xcc -fmodules-prune-after\=345600 -Xcc -I/Users/admin/builder/spi-builder-workspace/Sources/CAtomics/include -Xcc -I/Users/admin/builder/spi-builder-workspace/.derivedData/Build/Products/Debug-appletvos/include -Xcc -I/Users/admin/builder/spi-builder-workspace/.derivedData/Build/Intermediates.noindex/SourceKitD.build/Debug-appletvos/SwiftExtensions-t.build/DerivedSources-normal/arm64 -Xcc -I/Users/admin/builder/spi-builder-workspace/.derivedData/Build/Intermediates.noindex/SourceKitD.build/Debug-appletvos/SwiftExtensions-t.build/DerivedSources/arm64 -Xcc -I/Users/admin/builder/spi-builder-workspace/.derivedData/Build/Intermediates.noindex/SourceKitD.build/Debug-appletvos/SwiftExtensions-t.build/DerivedSources -Xcc -DSWIFT_PACKAGE -Xcc -DDEBUG\=1 -no-auto-bridging-header-chaining -module-name SwiftExtensions -package-name spi_builder_workspace -const-gather-protocols-file /Users/admin/builder/spi-builder-workspace/.derivedData/Build/Intermediates.noindex/SourceKitD.build/Debug-appletvos/SwiftExtensions-t.build/Objects-normal/arm64/SwiftExtensions_const_extract_protocols.json -disable-clang-spi -clang-target arm64-apple-tvos27.0 -target-sdk-version 27.0 -target-sdk-name appletvos27.0 -in-process-plugin-server-path /Applications/Xcode-27.0.0-Release.Candidate.app/Contents/Developer/Toolchains/XcodeDefault.xctoolchain/usr/lib/swift/host/libSwiftInProcPluginServer.dylib -emit-module-doc-path /Users/admin/builder/spi-builder-workspace/.derivedData/Build/Intermediates.noindex/SourceKitD.build/Debug-appletvos/SwiftExtensions-t.build/Objects-normal/arm64/SwiftExtensions.swiftdoc -emit-module-source-info-path /Users/admin/builder/spi-builder-workspace/.derivedData/Build/Intermediates.noindex/SourceKitD.build/Debug-appletvos/SwiftExtensions-t.build/Objects-normal/arm64/SwiftExtensions.swiftsourceinfo -emit-objc-header-path /Users/admin/builder/spi-builder-workspace/.derivedData/Build/Intermediates.noindex/SourceKitD.build/Debug-appletvos/SwiftExtensions-t.build/Objects-normal/arm64/SwiftExtensions-Swift.h -serialize-diagnostics-path /Users/admin/builder/spi-builder-workspace/.derivedData/Build/Intermediates.noindex/SourceKitD.build/Debug-appletvos/SwiftExtensions-t.build/Objects-normal/arm64/SwiftExtensions-primary-emit-module.dia -emit-dependencies-path /Users/admin/builder/spi-builder-workspace/.derivedData/Build/Intermediates.noindex/SourceKitD.build/Debug-appletvos/SwiftExtensions-t.build/Objects-normal/arm64/SwiftExtensions-primary-emit-module.d -parse-as-library -o /Users/admin/builder/spi-builder-workspace/.derivedData/Build/Intermediates.noindex/SourceKitD.build/Debug-appletvos/SwiftExtensions-t.build/Objects-normal/arm64/SwiftExtensions.swiftmodule -emit-abi-descriptor-path /Users/admin/builder/spi-builder-workspace/.derivedData/Build/Intermediates.noindex/SourceKitD.build/Debug-appletvos/SwiftExtensions-t.build/Objects-normal/arm64/SwiftExtensions.abi.json
SwiftCompile normal arm64 (in target 'SwiftExtensions' from project 'SourceKitD')
cd /Users/admin/builder/spi-builder-workspace/.swiftpm/xcode
SwiftCompile normal arm64 Compiling\ TransitiveClosure.swift,\ URLExtensions.swift /Users/admin/builder/spi-builder-workspace/Sources/SwiftExtensions/TransitiveClosure.swift /Users/admin/builder/spi-builder-workspace/Sources/SwiftExtensions/URLExtensions.swift (in target 'SwiftExtensions' from project 'SourceKitD')
SwiftCompile normal arm64 /Users/admin/builder/spi-builder-workspace/Sources/SwiftExtensions/TransitiveClosure.swift (in target 'SwiftExtensions' from project 'SourceKitD')
cd /Users/admin/builder/spi-builder-workspace/.swiftpm/xcode
builtin-SwiftPerFileCompile TransitiveClosure.swift
SwiftCompile normal arm64 /Users/admin/builder/spi-builder-workspace/Sources/SwiftExtensions/URLExtensions.swift (in target 'SwiftExtensions' from project 'SourceKitD')
cd /Users/admin/builder/spi-builder-workspace/.swiftpm/xcode
builtin-SwiftPerFileCompile URLExtensions.swift
SwiftCompile normal arm64 Compiling\ Collection+Only.swift,\ Collection+PartitionIntoBatches.swift /Users/admin/builder/spi-builder-workspace/Sources/SwiftExtensions/Collection+Only.swift /Users/admin/builder/spi-builder-workspace/Sources/SwiftExtensions/Collection+PartitionIntoBatches.swift (in target 'SwiftExtensions' from project 'SourceKitD')
SwiftCompile normal arm64 /Users/admin/builder/spi-builder-workspace/Sources/SwiftExtensions/Collection+Only.swift (in target 'SwiftExtensions' from project 'SourceKitD')
cd /Users/admin/builder/spi-builder-workspace/.swiftpm/xcode
builtin-SwiftPerFileCompile Collection+Only.swift
SwiftCompile normal arm64 /Users/admin/builder/spi-builder-workspace/Sources/SwiftExtensions/Collection+PartitionIntoBatches.swift (in target 'SwiftExtensions' from project 'SourceKitD')
cd /Users/admin/builder/spi-builder-workspace/.swiftpm/xcode
builtin-SwiftPerFileCompile Collection+PartitionIntoBatches.swift
SwiftCompile normal arm64 Compiling\ Process+terminate.swift,\ ResultExtensions.swift /Users/admin/builder/spi-builder-workspace/Sources/SwiftExtensions/Process+terminate.swift /Users/admin/builder/spi-builder-workspace/Sources/SwiftExtensions/ResultExtensions.swift (in target 'SwiftExtensions' from project 'SourceKitD')
/Users/admin/builder/spi-builder-workspace/Sources/SwiftExtensions/Process+terminate.swift:15:22: error: no type named 'Process' in module 'Foundation'
13 | package import Foundation
14 |
15 | extension Foundation.Process {
| `- error: no type named 'Process' in module 'Foundation'
16 | /// If the process has not exited after `duration`, terminate it.
17 | @available(macOS 13.0, *)
SwiftCompile normal arm64 /Users/admin/builder/spi-builder-workspace/Sources/SwiftExtensions/Process+terminate.swift (in target 'SwiftExtensions' from project 'SourceKitD')
cd /Users/admin/builder/spi-builder-workspace/.swiftpm/xcode
builtin-SwiftPerFileCompile Process+terminate.swift
SwiftCompile normal arm64 /Users/admin/builder/spi-builder-workspace/Sources/SwiftExtensions/ResultExtensions.swift (in target 'SwiftExtensions' from project 'SourceKitD')
cd /Users/admin/builder/spi-builder-workspace/.swiftpm/xcode
builtin-SwiftPerFileCompile ResultExtensions.swift
SwiftCompile normal arm64 Compiling\ Atomics.swift,\ Cache.swift,\ CartesianProduct.swift /Users/admin/builder/spi-builder-workspace/Sources/SwiftExtensions/Atomics.swift /Users/admin/builder/spi-builder-workspace/Sources/SwiftExtensions/Cache.swift /Users/admin/builder/spi-builder-workspace/Sources/SwiftExtensions/CartesianProduct.swift (in target 'SwiftExtensions' from project 'SourceKitD')
SwiftCompile normal arm64 /Users/admin/builder/spi-builder-workspace/Sources/SwiftExtensions/Atomics.swift (in target 'SwiftExtensions' from project 'SourceKitD')
cd /Users/admin/builder/spi-builder-workspace/.swiftpm/xcode
builtin-SwiftPerFileCompile Atomics.swift
SwiftCompile normal arm64 /Users/admin/builder/spi-builder-workspace/Sources/SwiftExtensions/Cache.swift (in target 'SwiftExtensions' from project 'SourceKitD')
cd /Users/admin/builder/spi-builder-workspace/.swiftpm/xcode
builtin-SwiftPerFileCompile Cache.swift
SwiftCompile normal arm64 /Users/admin/builder/spi-builder-workspace/Sources/SwiftExtensions/CartesianProduct.swift (in target 'SwiftExtensions' from project 'SourceKitD')
cd /Users/admin/builder/spi-builder-workspace/.swiftpm/xcode
builtin-SwiftPerFileCompile CartesianProduct.swift
SwiftCompile normal arm64 Compiling\ LazyValue.swift,\ NSLock+WithLock.swift /Users/admin/builder/spi-builder-workspace/Sources/SwiftExtensions/LazyValue.swift /Users/admin/builder/spi-builder-workspace/Sources/SwiftExtensions/NSLock+WithLock.swift (in target 'SwiftExtensions' from project 'SourceKitD')
SwiftCompile normal arm64 /Users/admin/builder/spi-builder-workspace/Sources/SwiftExtensions/LazyValue.swift (in target 'SwiftExtensions' from project 'SourceKitD')
cd /Users/admin/builder/spi-builder-workspace/.swiftpm/xcode
builtin-SwiftPerFileCompile LazyValue.swift
SwiftCompile normal arm64 /Users/admin/builder/spi-builder-workspace/Sources/SwiftExtensions/NSLock+WithLock.swift (in target 'SwiftExtensions' from project 'SourceKitD')
cd /Users/admin/builder/spi-builder-workspace/.swiftpm/xcode
builtin-SwiftPerFileCompile NSLock+WithLock.swift
SwiftCompile normal arm64 Compiling\ Array+Safe.swift,\ AsyncQueue.swift,\ AsyncUtils.swift /Users/admin/builder/spi-builder-workspace/Sources/SwiftExtensions/Array+Safe.swift /Users/admin/builder/spi-builder-workspace/Sources/SwiftExtensions/AsyncQueue.swift /Users/admin/builder/spi-builder-workspace/Sources/SwiftExtensions/AsyncUtils.swift (in target 'SwiftExtensions' from project 'SourceKitD')
/Users/admin/builder/spi-builder-workspace/Sources/SwiftExtensions/AsyncUtils.swift:207:15: error: 'Duration' is only available in tvOS 16.0 or newer
204 | /// This way a caller can identify whether this call to `withTimeout` timed out or if a nested call timed out.
205 | @available(macOS 13.0, *)
206 | package func withTimeout<T: Sendable>(
| `- note: add '@available' attribute to enclosing global function
207 | _ duration: Duration,
| `- error: 'Duration' is only available in tvOS 16.0 or newer
208 | handle: TimeoutHandle? = nil,
209 | _ body: @escaping @Sendable () async throws -> T
SwiftCompile normal arm64 /Users/admin/builder/spi-builder-workspace/Sources/SwiftExtensions/Array+Safe.swift (in target 'SwiftExtensions' from project 'SourceKitD')
cd /Users/admin/builder/spi-builder-workspace/.swiftpm/xcode
builtin-SwiftPerFileCompile Array+Safe.swift
SwiftCompile normal arm64 /Users/admin/builder/spi-builder-workspace/Sources/SwiftExtensions/AsyncQueue.swift (in target 'SwiftExtensions' from project 'SourceKitD')
cd /Users/admin/builder/spi-builder-workspace/.swiftpm/xcode
builtin-SwiftPerFileCompile AsyncQueue.swift
SwiftCompile normal arm64 /Users/admin/builder/spi-builder-workspace/Sources/SwiftExtensions/AsyncUtils.swift (in target 'SwiftExtensions' from project 'SourceKitD')
cd /Users/admin/builder/spi-builder-workspace/.swiftpm/xcode
builtin-SwiftPerFileCompile AsyncUtils.swift
SwiftCompile normal arm64 Compiling\ Duration+Seconds.swift,\ FileManagerExtensions.swift /Users/admin/builder/spi-builder-workspace/Sources/SwiftExtensions/Duration+Seconds.swift /Users/admin/builder/spi-builder-workspace/Sources/SwiftExtensions/FileManagerExtensions.swift (in target 'SwiftExtensions' from project 'SourceKitD')
SwiftCompile normal arm64 /Users/admin/builder/spi-builder-workspace/Sources/SwiftExtensions/Duration+Seconds.swift (in target 'SwiftExtensions' from project 'SourceKitD')
cd /Users/admin/builder/spi-builder-workspace/.swiftpm/xcode
builtin-SwiftPerFileCompile Duration+Seconds.swift
SwiftCompile normal arm64 /Users/admin/builder/spi-builder-workspace/Sources/SwiftExtensions/FileManagerExtensions.swift (in target 'SwiftExtensions' from project 'SourceKitD')
cd /Users/admin/builder/spi-builder-workspace/.swiftpm/xcode
builtin-SwiftPerFileCompile FileManagerExtensions.swift
/Users/admin/builder/spi-builder-workspace/Sources/SwiftExtensions/Duration+Seconds.swift:14:11: error: 'Duration' is only available in tvOS 16.0 or newer
12 |
13 | @available(macOS 13.0, *)
14 | extension Duration {
| | `- error: 'Duration' is only available in tvOS 16.0 or newer
| `- note: add '@available' attribute to enclosing extension
15 | package var seconds: Double {
16 | return Double(self.components.attoseconds) / 1_000_000_000_000_000_000 + Double(self.components.seconds)
/Users/admin/builder/spi-builder-workspace/Sources/SwiftExtensions/Duration+Seconds.swift:16:24: error: 'components' is only available in tvOS 16.0 or newer
12 |
13 | @available(macOS 13.0, *)
14 | extension Duration {
| `- note: add '@available' attribute to enclosing extension
15 | package var seconds: Double {
| `- note: add '@available' attribute to enclosing property
16 | return Double(self.components.attoseconds) / 1_000_000_000_000_000_000 + Double(self.components.seconds)
| |- error: 'components' is only available in tvOS 16.0 or newer
| `- note: add 'if #available' version check
17 | }
18 | }
SwiftCompile normal arm64 Compiling\ PipeAsStringHandler.swift,\ Platform.swift /Users/admin/builder/spi-builder-workspace/Sources/SwiftExtensions/PipeAsStringHandler.swift /Users/admin/builder/spi-builder-workspace/Sources/SwiftExtensions/Platform.swift (in target 'SwiftExtensions' from project 'SourceKitD')
SwiftCompile normal arm64 /Users/admin/builder/spi-builder-workspace/Sources/SwiftExtensions/PipeAsStringHandler.swift (in target 'SwiftExtensions' from project 'SourceKitD')
cd /Users/admin/builder/spi-builder-workspace/.swiftpm/xcode
builtin-SwiftPerFileCompile PipeAsStringHandler.swift
SwiftCompile normal arm64 /Users/admin/builder/spi-builder-workspace/Sources/SwiftExtensions/Platform.swift (in target 'SwiftExtensions' from project 'SourceKitD')
cd /Users/admin/builder/spi-builder-workspace/.swiftpm/xcode
builtin-SwiftPerFileCompile Platform.swift
PruneExplicitPrecompiledModules /Users/admin/builder/spi-builder-workspace/.derivedData/SDKExplicitPrecompiledModules
PruneExplicitPrecompiledModules /Users/admin/builder/spi-builder-workspace/.derivedData/Build/Intermediates.noindex/ExplicitPrecompiledModules
PruneExplicitPrecompiledModules /Users/admin/builder/spi-builder-workspace/.derivedData/Build/Intermediates.noindex/SwiftExplicitPrecompiledModules
2026-09-24 05:24:20.204 xcodebuild[648:4169] [MT] IDERunDestination: Supported platforms for the buildables in the current scheme is empty.
** BUILD FAILED **
The following build commands failed:
SwiftEmitModule normal arm64 Emitting\ module\ for\ SwiftExtensions (in target 'SwiftExtensions' from project 'SourceKitD')
SwiftCompile normal arm64 (in target 'SwiftExtensions' from project 'SourceKitD')
Building workspace SourceKitD with scheme SourceKitD
(3 failures)
Command line invocation:
/Applications/Xcode-27.0.0-Release.Candidate.app/Contents/Developer/usr/bin/xcodebuild -IDEClonedSourcePackagesDirPathOverride=/Users/admin/builder/spi-builder-workspace/.dependencies -resolvePackageDependencies
Resolve Package Graph
Resolved source packages:
SourceKitD: /Users/admin/builder/spi-builder-workspace
resolved source packages: SourceKitD
2026-09-24 05:24:24.884 xcodebuild[709:4455] [MT] IDERunDestination: Supported platforms for the buildables in the current scheme is empty.
{
"dependencies" : [
],
"manifest_display_name" : "SourceKitD",
"name" : "SourceKitD",
"path" : "/Users/admin/builder/spi-builder-workspace",
"platforms" : [
{
"name" : "macos",
"version" : "10.15"
}
],
"products" : [
{
"name" : "SourceKitD",
"targets" : [
"SourceKitD"
],
"type" : {
"library" : [
"automatic"
]
}
}
],
"targets" : [
{
"c99name" : "SwiftExtensions",
"module_type" : "SwiftTarget",
"name" : "SwiftExtensions",
"path" : "Sources/SwiftExtensions",
"product_memberships" : [
"SourceKitD"
],
"sources" : [
"Array+Safe.swift",
"AsyncQueue.swift",
"AsyncUtils.swift",
"Atomics.swift",
"Cache.swift",
"CartesianProduct.swift",
"Collection+Only.swift",
"Collection+PartitionIntoBatches.swift",
"Duration+Seconds.swift",
"FileManagerExtensions.swift",
"LazyValue.swift",
"NSLock+WithLock.swift",
"PipeAsStringHandler.swift",
"Platform.swift",
"Process+terminate.swift",
"ResultExtensions.swift",
"Sequence+AsyncMap.swift",
"Sequence+ContainsAnyIn.swift",
"Task+WithPriorityChangedHandler.swift",
"ThreadSafeBox.swift",
"TransitiveClosure.swift",
"URLExtensions.swift"
],
"target_dependencies" : [
"CAtomics"
],
"type" : "library"
},
{
"c99name" : "SourceKitD",
"module_type" : "SwiftTarget",
"name" : "SourceKitD",
"path" : "Sources/SourceKitD",
"product_memberships" : [
"SourceKitD"
],
"sources" : [
"SKDRequestArray.swift",
"SKDRequestDictionary.swift",
"SKDResponse.swift",
"SKDResponseArray.swift",
"SKDResponseDictionary.swift",
"SourceKitD.swift",
"SourceKitDRegistry.swift",
"dlopen.swift",
"sourcekitd_functions.swift",
"sourcekitd_uids.swift"
],
"target_dependencies" : [
"Csourcekitd",
"SKLogging",
"SwiftExtensions"
],
"type" : "library"
},
{
"c99name" : "SKLogging",
"module_type" : "SwiftTarget",
"name" : "SKLogging",
"path" : "Sources/SKLogging",
"product_memberships" : [
"SourceKitD"
],
"sources" : [
"CustomLogStringConvertible.swift",
"Error+ForLogging.swift",
"Logging.swift",
"LoggingScope.swift",
"NonDarwinLogging.swift",
"OrLog.swift",
"SetGlobalLogFileHandler.swift",
"SplitLogMessage.swift"
],
"target_dependencies" : [
"SwiftExtensions"
],
"type" : "library"
},
{
"c99name" : "Csourcekitd",
"module_type" : "ClangTarget",
"name" : "Csourcekitd",
"path" : "Sources/Csourcekitd",
"product_memberships" : [
"SourceKitD"
],
"sources" : [
"sourcekitd.c"
],
"type" : "library"
},
{
"c99name" : "CAtomics",
"module_type" : "ClangTarget",
"name" : "CAtomics",
"path" : "Sources/CAtomics",
"product_memberships" : [
"SourceKitD"
],
"sources" : [
"CAtomics.c"
],
"type" : "library"
}
],
"tools_version" : "6.1"
}
{
"workspace" : {
"name" : "SourceKitD",
"schemes" : [
"SourceKitD"
]
}
}
2026-09-24 05:24:26.084 xcodebuild[717:4521] [MT] IDERunDestination: Supported platforms for the buildables in the current scheme is empty.
Running build ...
env DEVELOPER_DIR=/Applications/Xcode-27.0.0-Release.Candidate.app xcrun xcodebuild -IDEClonedSourcePackagesDirPathOverride=$PWD/.dependencies -skipMacroValidation -skipPackagePluginValidation -derivedDataPath $PWD/.derivedData build -scheme SourceKitD -destination generic/platform=tvOS
Command line invocation:
/Applications/Xcode-27.0.0-Release.Candidate.app/Contents/Developer/usr/bin/xcodebuild -IDEClonedSourcePackagesDirPathOverride=/Users/admin/builder/spi-builder-workspace/.dependencies -skipMacroValidation -skipPackagePluginValidation -derivedDataPath /Users/admin/builder/spi-builder-workspace/.derivedData build -scheme SourceKitD -destination generic/platform=tvOS
Resolve Package Graph
Resolved source packages:
SourceKitD: /Users/admin/builder/spi-builder-workspace
ComputePackagePrebuildTargetDependencyGraph
Prepare packages
CreateBuildRequest
SendProjectDescription
CreateBuildOperation
ComputeTargetDependencyGraph
note: Building targets in dependency order
note: Target dependency graph (6 targets)
Target 'SourceKitD-product' in project 'SourceKitD'
➜ Explicit dependency on target 'SourceKitD' in project 'SourceKitD'
➜ Explicit dependency on target 'Csourcekitd' in project 'SourceKitD'
➜ Explicit dependency on target 'CAtomics' in project 'SourceKitD'
➜ Explicit dependency on target 'SwiftExtensions' in project 'SourceKitD'
➜ Explicit dependency on target 'SKLogging' in project 'SourceKitD'
Target 'SourceKitD' in project 'SourceKitD'
➜ Explicit dependency on target 'Csourcekitd' in project 'SourceKitD'
➜ Explicit dependency on target 'CAtomics' in project 'SourceKitD'
➜ Explicit dependency on target 'SwiftExtensions' in project 'SourceKitD'
➜ Explicit dependency on target 'SKLogging' in project 'SourceKitD'
Target 'SKLogging' in project 'SourceKitD'
➜ Explicit dependency on target 'CAtomics' in project 'SourceKitD'
➜ Explicit dependency on target 'SwiftExtensions' in project 'SourceKitD'
Target 'SwiftExtensions' in project 'SourceKitD'
➜ Explicit dependency on target 'CAtomics' in project 'SourceKitD'
Target 'CAtomics' in project 'SourceKitD' (no dependencies)
Target 'Csourcekitd' in project 'SourceKitD' (no dependencies)
GatherProvisioningInputs
CreateBuildDescription
ClangStatCache /Applications/Xcode-27.0.0-Release.Candidate.app/Contents/Developer/Toolchains/XcodeDefault.xctoolchain/usr/bin/clang-stat-cache /Applications/Xcode-27.0.0-Release.Candidate.app/Contents/Developer/Platforms/AppleTVOS.platform/Developer/SDKs/AppleTVOS27.0.sdk /Users/admin/builder/spi-builder-workspace/.derivedData/SDKStatCaches.noindex/appletvos27.0-24J360-e829b21a6f8c9b70876ba0858053c044b32bfd8d43560033f8d89884cdb90028.sdkstatcache
cd /Users/admin/builder/spi-builder-workspace/.swiftpm/xcode
/Applications/Xcode-27.0.0-Release.Candidate.app/Contents/Developer/Toolchains/XcodeDefault.xctoolchain/usr/bin/clang-stat-cache /Applications/Xcode-27.0.0-Release.Candidate.app/Contents/Developer/Platforms/AppleTVOS.platform/Developer/SDKs/AppleTVOS27.0.sdk -o /Users/admin/builder/spi-builder-workspace/.derivedData/SDKStatCaches.noindex/appletvos27.0-24J360-e829b21a6f8c9b70876ba0858053c044b32bfd8d43560033f8d89884cdb90028.sdkstatcache
SwiftDriver SwiftExtensions normal arm64 com.apple.xcode.tools.swift.compiler (in target 'SwiftExtensions' from project 'SourceKitD')
cd /Users/admin/builder/spi-builder-workspace/.swiftpm/xcode
builtin-SwiftDriver -- /Applications/Xcode-27.0.0-Release.Candidate.app/Contents/Developer/Toolchains/XcodeDefault.xctoolchain/usr/bin/swiftc -parse-as-library -module-name SwiftExtensions -Onone @/Users/admin/builder/spi-builder-workspace/.derivedData/Build/Intermediates.noindex/SourceKitD.build/Debug-appletvos/SwiftExtensions-t.build/Objects-normal/arm64/SwiftExtensions.SwiftFileList -DSWIFT_PACKAGE -DDEBUG -DSWIFT_MODULE_RESOURCE_BUNDLE_UNAVAILABLE -Xcc -fmodule-map-file\=/Users/admin/builder/spi-builder-workspace/Sources/CAtomics/include/module.modulemap -DXcode -enable-upcoming-feature InternalImportsByDefault -enable-upcoming-feature MemberImportVisibility -plugin-path /Applications/Xcode-27.0.0-Release.Candidate.app/Contents/Developer/Toolchains/XcodeDefault.xctoolchain/usr/lib/swift/host/plugins/testing -enable-experimental-feature DebugDescriptionMacro -sdk /Applications/Xcode-27.0.0-Release.Candidate.app/Contents/Developer/Platforms/AppleTVOS.platform/Developer/SDKs/AppleTVOS27.0.sdk -target arm64-apple-tvos15.0 -g -module-cache-path /Users/admin/builder/spi-builder-workspace/.derivedData/ModuleCache.noindex -Xfrontend -serialize-debugging-options -enable-testing -index-store-path /Users/admin/builder/spi-builder-workspace/.derivedData/Index.noindex/DataStore -Xcc -D_LIBCPP_HARDENING_MODE\=_LIBCPP_HARDENING_MODE_DEBUG -swift-version 6 -I /Users/admin/builder/spi-builder-workspace/.derivedData/Build/Products/Debug-appletvos -Isystem /Applications/Xcode-27.0.0-Release.Candidate.app/Contents/Developer/Platforms/AppleTVOS.platform/Developer/usr/lib -F /Users/admin/builder/spi-builder-workspace/.derivedData/Build/Products/Debug-appletvos/PackageFrameworks -F /Users/admin/builder/spi-builder-workspace/.derivedData/Build/Products/Debug-appletvos -F /Applications/Xcode-27.0.0-Release.Candidate.app/Contents/Developer/Platforms/AppleTVOS.platform/Developer/Library/Frameworks -F /Applications/Xcode-27.0.0-Release.Candidate.app/Contents/Developer/Platforms/AppleTVOS.platform/Developer/SDKs/AppleTVOS27.0.sdk/Developer/Library/Frameworks -c -j10 -enable-batch-mode -incremental -Xcc -ivfsstatcache -Xcc /Users/admin/builder/spi-builder-workspace/.derivedData/SDKStatCaches.noindex/appletvos27.0-24J360-e829b21a6f8c9b70876ba0858053c044b32bfd8d43560033f8d89884cdb90028.sdkstatcache -output-file-map /Users/admin/builder/spi-builder-workspace/.derivedData/Build/Intermediates.noindex/SourceKitD.build/Debug-appletvos/SwiftExtensions-t.build/Objects-normal/arm64/SwiftExtensions-OutputFileMap.json -save-temps -no-color-diagnostics -explicit-module-build -module-cache-path /Users/admin/builder/spi-builder-workspace/.derivedData/Build/Intermediates.noindex/SwiftExplicitPrecompiledModules -clang-scanner-module-cache-path /Users/admin/builder/spi-builder-workspace/.derivedData/ModuleCache.noindex -sdk-module-cache-path /Users/admin/builder/spi-builder-workspace/.derivedData/SDKExplicitPrecompiledModules -emit-dependencies -emit-module -emit-module-path /Users/admin/builder/spi-builder-workspace/.derivedData/Build/Intermediates.noindex/SourceKitD.build/Debug-appletvos/SwiftExtensions-t.build/Objects-normal/arm64/SwiftExtensions.swiftmodule -serialize-diagnostics -dependency-scan-serialize-diagnostics-path /Users/admin/builder/spi-builder-workspace/.derivedData/Build/Intermediates.noindex/SourceKitD.build/Debug-appletvos/SwiftExtensions-t.build/Objects-normal/arm64/SwiftExtensions-dependency-scan.dia -validate-clang-modules-once -clang-build-session-file /Users/admin/builder/spi-builder-workspace/.derivedData/ModuleCache.noindex/Session.modulevalidation -Xcc -fmodules-prune-interval\=86400 -Xcc -fmodules-prune-after\=345600 -package-name spi_builder_workspace -emit-const-values -const-gather-protocols-list /Users/admin/builder/spi-builder-workspace/.derivedData/Build/Intermediates.noindex/SourceKitD.build/Debug-appletvos/SwiftExtensions-t.build/Objects-normal/arm64/SwiftExtensions_const_extract_protocols.json -Xcc -I/Users/admin/builder/spi-builder-workspace/Sources/CAtomics/include -Xcc -I/Users/admin/builder/spi-builder-workspace/.derivedData/Build/Products/Debug-appletvos/include -Xcc -I/Users/admin/builder/spi-builder-workspace/.derivedData/Build/Intermediates.noindex/SourceKitD.build/Debug-appletvos/SwiftExtensions-t.build/DerivedSources-normal/arm64 -Xcc -I/Users/admin/builder/spi-builder-workspace/.derivedData/Build/Intermediates.noindex/SourceKitD.build/Debug-appletvos/SwiftExtensions-t.build/DerivedSources/arm64 -Xcc -I/Users/admin/builder/spi-builder-workspace/.derivedData/Build/Intermediates.noindex/SourceKitD.build/Debug-appletvos/SwiftExtensions-t.build/DerivedSources -Xcc -DSWIFT_PACKAGE -Xcc -DDEBUG\=1 -emit-objc-header -emit-objc-header-path /Users/admin/builder/spi-builder-workspace/.derivedData/Build/Intermediates.noindex/SourceKitD.build/Debug-appletvos/SwiftExtensions-t.build/Objects-normal/arm64/SwiftExtensions-Swift.h -working-directory /Users/admin/builder/spi-builder-workspace/.swiftpm/xcode -experimental-emit-module-separately -disable-cmo
SwiftCompile normal arm64 Compiling\ Duration+Seconds.swift,\ FileManagerExtensions.swift /Users/admin/builder/spi-builder-workspace/Sources/SwiftExtensions/Duration+Seconds.swift /Users/admin/builder/spi-builder-workspace/Sources/SwiftExtensions/FileManagerExtensions.swift (in target 'SwiftExtensions' from project 'SourceKitD')
SwiftCompile normal arm64 /Users/admin/builder/spi-builder-workspace/Sources/SwiftExtensions/Duration+Seconds.swift (in target 'SwiftExtensions' from project 'SourceKitD')
cd /Users/admin/builder/spi-builder-workspace/.swiftpm/xcode
builtin-SwiftPerFileCompile Duration+Seconds.swift
SwiftCompile normal arm64 /Users/admin/builder/spi-builder-workspace/Sources/SwiftExtensions/FileManagerExtensions.swift (in target 'SwiftExtensions' from project 'SourceKitD')
cd /Users/admin/builder/spi-builder-workspace/.swiftpm/xcode
builtin-SwiftPerFileCompile FileManagerExtensions.swift
/Users/admin/builder/spi-builder-workspace/Sources/SwiftExtensions/Duration+Seconds.swift:14:11: error: 'Duration' is only available in tvOS 16.0 or newer
12 |
13 | @available(macOS 13.0, *)
14 | extension Duration {
| | `- error: 'Duration' is only available in tvOS 16.0 or newer
| `- note: add '@available' attribute to enclosing extension
15 | package var seconds: Double {
16 | return Double(self.components.attoseconds) / 1_000_000_000_000_000_000 + Double(self.components.seconds)
/Users/admin/builder/spi-builder-workspace/Sources/SwiftExtensions/Duration+Seconds.swift:16:24: error: 'components' is only available in tvOS 16.0 or newer
12 |
13 | @available(macOS 13.0, *)
14 | extension Duration {
| `- note: add '@available' attribute to enclosing extension
15 | package var seconds: Double {
| `- note: add '@available' attribute to enclosing property
16 | return Double(self.components.attoseconds) / 1_000_000_000_000_000_000 + Double(self.components.seconds)
| |- error: 'components' is only available in tvOS 16.0 or newer
| `- note: add 'if #available' version check
17 | }
18 | }
SwiftCompile normal arm64 Compiling\ Collection+Only.swift,\ Collection+PartitionIntoBatches.swift /Users/admin/builder/spi-builder-workspace/Sources/SwiftExtensions/Collection+Only.swift /Users/admin/builder/spi-builder-workspace/Sources/SwiftExtensions/Collection+PartitionIntoBatches.swift (in target 'SwiftExtensions' from project 'SourceKitD')
SwiftCompile normal arm64 /Users/admin/builder/spi-builder-workspace/Sources/SwiftExtensions/Collection+Only.swift (in target 'SwiftExtensions' from project 'SourceKitD')
cd /Users/admin/builder/spi-builder-workspace/.swiftpm/xcode
builtin-SwiftPerFileCompile Collection+Only.swift
SwiftCompile normal arm64 /Users/admin/builder/spi-builder-workspace/Sources/SwiftExtensions/Collection+PartitionIntoBatches.swift (in target 'SwiftExtensions' from project 'SourceKitD')
cd /Users/admin/builder/spi-builder-workspace/.swiftpm/xcode
builtin-SwiftPerFileCompile Collection+PartitionIntoBatches.swift
SwiftCompile normal arm64 Compiling\ PipeAsStringHandler.swift,\ Platform.swift /Users/admin/builder/spi-builder-workspace/Sources/SwiftExtensions/PipeAsStringHandler.swift /Users/admin/builder/spi-builder-workspace/Sources/SwiftExtensions/Platform.swift (in target 'SwiftExtensions' from project 'SourceKitD')
SwiftCompile normal arm64 /Users/admin/builder/spi-builder-workspace/Sources/SwiftExtensions/PipeAsStringHandler.swift (in target 'SwiftExtensions' from project 'SourceKitD')
cd /Users/admin/builder/spi-builder-workspace/.swiftpm/xcode
builtin-SwiftPerFileCompile PipeAsStringHandler.swift
SwiftCompile normal arm64 /Users/admin/builder/spi-builder-workspace/Sources/SwiftExtensions/Platform.swift (in target 'SwiftExtensions' from project 'SourceKitD')
cd /Users/admin/builder/spi-builder-workspace/.swiftpm/xcode
builtin-SwiftPerFileCompile Platform.swift
SwiftCompile normal arm64 Compiling\ Atomics.swift,\ Cache.swift,\ CartesianProduct.swift /Users/admin/builder/spi-builder-workspace/Sources/SwiftExtensions/Atomics.swift /Users/admin/builder/spi-builder-workspace/Sources/SwiftExtensions/Cache.swift /Users/admin/builder/spi-builder-workspace/Sources/SwiftExtensions/CartesianProduct.swift (in target 'SwiftExtensions' from project 'SourceKitD')
SwiftCompile normal arm64 /Users/admin/builder/spi-builder-workspace/Sources/SwiftExtensions/Atomics.swift (in target 'SwiftExtensions' from project 'SourceKitD')
cd /Users/admin/builder/spi-builder-workspace/.swiftpm/xcode
builtin-SwiftPerFileCompile Atomics.swift
SwiftCompile normal arm64 /Users/admin/builder/spi-builder-workspace/Sources/SwiftExtensions/Cache.swift (in target 'SwiftExtensions' from project 'SourceKitD')
cd /Users/admin/builder/spi-builder-workspace/.swiftpm/xcode
builtin-SwiftPerFileCompile Cache.swift
SwiftCompile normal arm64 /Users/admin/builder/spi-builder-workspace/Sources/SwiftExtensions/CartesianProduct.swift (in target 'SwiftExtensions' from project 'SourceKitD')
cd /Users/admin/builder/spi-builder-workspace/.swiftpm/xcode
builtin-SwiftPerFileCompile CartesianProduct.swift
SwiftCompile normal arm64 Compiling\ Array+Safe.swift,\ AsyncQueue.swift,\ AsyncUtils.swift /Users/admin/builder/spi-builder-workspace/Sources/SwiftExtensions/Array+Safe.swift /Users/admin/builder/spi-builder-workspace/Sources/SwiftExtensions/AsyncQueue.swift /Users/admin/builder/spi-builder-workspace/Sources/SwiftExtensions/AsyncUtils.swift (in target 'SwiftExtensions' from project 'SourceKitD')
/Users/admin/builder/spi-builder-workspace/Sources/SwiftExtensions/AsyncUtils.swift:207:15: error: 'Duration' is only available in tvOS 16.0 or newer
204 | /// This way a caller can identify whether this call to `withTimeout` timed out or if a nested call timed out.
205 | @available(macOS 13.0, *)
206 | package func withTimeout<T: Sendable>(
| `- note: add '@available' attribute to enclosing global function
207 | _ duration: Duration,
| `- error: 'Duration' is only available in tvOS 16.0 or newer
208 | handle: TimeoutHandle? = nil,
209 | _ body: @escaping @Sendable () async throws -> T
SwiftCompile normal arm64 /Users/admin/builder/spi-builder-workspace/Sources/SwiftExtensions/Array+Safe.swift (in target 'SwiftExtensions' from project 'SourceKitD')
cd /Users/admin/builder/spi-builder-workspace/.swiftpm/xcode
builtin-SwiftPerFileCompile Array+Safe.swift
SwiftCompile normal arm64 /Users/admin/builder/spi-builder-workspace/Sources/SwiftExtensions/AsyncQueue.swift (in target 'SwiftExtensions' from project 'SourceKitD')
cd /Users/admin/builder/spi-builder-workspace/.swiftpm/xcode
builtin-SwiftPerFileCompile AsyncQueue.swift
SwiftCompile normal arm64 /Users/admin/builder/spi-builder-workspace/Sources/SwiftExtensions/AsyncUtils.swift (in target 'SwiftExtensions' from project 'SourceKitD')
cd /Users/admin/builder/spi-builder-workspace/.swiftpm/xcode
builtin-SwiftPerFileCompile AsyncUtils.swift
SwiftCompile normal arm64 Compiling\ LazyValue.swift,\ NSLock+WithLock.swift /Users/admin/builder/spi-builder-workspace/Sources/SwiftExtensions/LazyValue.swift /Users/admin/builder/spi-builder-workspace/Sources/SwiftExtensions/NSLock+WithLock.swift (in target 'SwiftExtensions' from project 'SourceKitD')
SwiftCompile normal arm64 /Users/admin/builder/spi-builder-workspace/Sources/SwiftExtensions/LazyValue.swift (in target 'SwiftExtensions' from project 'SourceKitD')
cd /Users/admin/builder/spi-builder-workspace/.swiftpm/xcode
builtin-SwiftPerFileCompile LazyValue.swift
SwiftCompile normal arm64 /Users/admin/builder/spi-builder-workspace/Sources/SwiftExtensions/NSLock+WithLock.swift (in target 'SwiftExtensions' from project 'SourceKitD')
cd /Users/admin/builder/spi-builder-workspace/.swiftpm/xcode
builtin-SwiftPerFileCompile NSLock+WithLock.swift
SwiftEmitModule normal arm64 Emitting\ module\ for\ SwiftExtensions (in target 'SwiftExtensions' from project 'SourceKitD')
/Users/admin/builder/spi-builder-workspace/Sources/SwiftExtensions/AsyncUtils.swift:207:15: error: 'Duration' is only available in tvOS 16.0 or newer
204 | /// This way a caller can identify whether this call to `withTimeout` timed out or if a nested call timed out.
205 | @available(macOS 13.0, *)
206 | package func withTimeout<T: Sendable>(
| `- note: add '@available' attribute to enclosing global function
207 | _ duration: Duration,
| `- error: 'Duration' is only available in tvOS 16.0 or newer
208 | handle: TimeoutHandle? = nil,
209 | _ body: @escaping @Sendable () async throws -> T
/Users/admin/builder/spi-builder-workspace/Sources/SwiftExtensions/AsyncUtils.swift:274:14: error: 'Duration' is only available in tvOS 16.0 or newer
271 | /// `body` should be cancelled after `timeout`.
272 | @available(macOS 13.0, *)
273 | package func withTimeout<T: Sendable>(
| `- note: add '@available' attribute to enclosing global function
274 | _ timeout: Duration,
| `- error: 'Duration' is only available in tvOS 16.0 or newer
275 | body: @escaping @Sendable () async throws -> T?,
276 | resultReceivedAfterTimeout: @escaping @Sendable () async -> Void
/Users/admin/builder/spi-builder-workspace/Sources/SwiftExtensions/Duration+Seconds.swift:14:11: error: 'Duration' is only available in tvOS 16.0 or newer
12 |
13 | @available(macOS 13.0, *)
14 | extension Duration {
| | `- error: 'Duration' is only available in tvOS 16.0 or newer
| `- note: add '@available' attribute to enclosing extension
15 | package var seconds: Double {
16 | return Double(self.components.attoseconds) / 1_000_000_000_000_000_000 + Double(self.components.seconds)
/Users/admin/builder/spi-builder-workspace/Sources/SwiftExtensions/Process+terminate.swift:15:22: error: no type named 'Process' in module 'Foundation'
13 | package import Foundation
14 |
15 | extension Foundation.Process {
| `- error: no type named 'Process' in module 'Foundation'
16 | /// If the process has not exited after `duration`, terminate it.
17 | @available(macOS 13.0, *)
/Users/admin/builder/spi-builder-workspace/Sources/SwiftExtensions/Task+WithPriorityChangedHandler.swift:22:20: error: 'Duration' is only available in tvOS 16.0 or newer
18 | /// compared to `initialPriority`, the `taskPriorityChanged` will be called.
19 | @available(macOS 13.0, *)
20 | package func withTaskPriorityChangedHandler<T: Sendable>(
| `- note: add '@available' attribute to enclosing global function
21 | initialPriority: TaskPriority = Task.currentPriority,
22 | pollingInterval: Duration = .seconds(0.1),
| `- error: 'Duration' is only available in tvOS 16.0 or newer
23 | @_inheritActorContext operation: @escaping @Sendable () async throws -> T,
24 | taskPriorityChanged: @escaping @Sendable () -> Void
/Users/admin/builder/spi-builder-workspace/Sources/SwiftExtensions/Task+WithPriorityChangedHandler.swift:22:32: error: 'seconds' is only available in tvOS 16.0 or newer
18 | /// compared to `initialPriority`, the `taskPriorityChanged` will be called.
19 | @available(macOS 13.0, *)
20 | package func withTaskPriorityChangedHandler<T: Sendable>(
| `- note: add '@available' attribute to enclosing global function
21 | initialPriority: TaskPriority = Task.currentPriority,
22 | pollingInterval: Duration = .seconds(0.1),
| `- error: 'seconds' is only available in tvOS 16.0 or newer
23 | @_inheritActorContext operation: @escaping @Sendable () async throws -> T,
24 | taskPriorityChanged: @escaping @Sendable () -> Void
Failed frontend command:
/Applications/Xcode-27.0.0-Release.Candidate.app/Contents/Developer/Toolchains/XcodeDefault.xctoolchain/usr/bin/swift-frontend -frontend -emit-module -experimental-skip-non-inlinable-function-bodies-without-types /Users/admin/builder/spi-builder-workspace/Sources/SwiftExtensions/Array+Safe.swift /Users/admin/builder/spi-builder-workspace/Sources/SwiftExtensions/AsyncQueue.swift /Users/admin/builder/spi-builder-workspace/Sources/SwiftExtensions/AsyncUtils.swift /Users/admin/builder/spi-builder-workspace/Sources/SwiftExtensions/Atomics.swift /Users/admin/builder/spi-builder-workspace/Sources/SwiftExtensions/Cache.swift /Users/admin/builder/spi-builder-workspace/Sources/SwiftExtensions/CartesianProduct.swift /Users/admin/builder/spi-builder-workspace/Sources/SwiftExtensions/Collection+Only.swift /Users/admin/builder/spi-builder-workspace/Sources/SwiftExtensions/Collection+PartitionIntoBatches.swift /Users/admin/builder/spi-builder-workspace/Sources/SwiftExtensions/Duration+Seconds.swift /Users/admin/builder/spi-builder-workspace/Sources/SwiftExtensions/FileManagerExtensions.swift /Users/admin/builder/spi-builder-workspace/Sources/SwiftExtensions/LazyValue.swift /Users/admin/builder/spi-builder-workspace/Sources/SwiftExtensions/NSLock+WithLock.swift /Users/admin/builder/spi-builder-workspace/Sources/SwiftExtensions/PipeAsStringHandler.swift /Users/admin/builder/spi-builder-workspace/Sources/SwiftExtensions/Platform.swift /Users/admin/builder/spi-builder-workspace/Sources/SwiftExtensions/Process+terminate.swift /Users/admin/builder/spi-builder-workspace/Sources/SwiftExtensions/ResultExtensions.swift /Users/admin/builder/spi-builder-workspace/Sources/SwiftExtensions/Sequence+AsyncMap.swift /Users/admin/builder/spi-builder-workspace/Sources/SwiftExtensions/Sequence+ContainsAnyIn.swift /Users/admin/builder/spi-builder-workspace/Sources/SwiftExtensions/Task+WithPriorityChangedHandler.swift /Users/admin/builder/spi-builder-workspace/Sources/SwiftExtensions/ThreadSafeBox.swift /Users/admin/builder/spi-builder-workspace/Sources/SwiftExtensions/TransitiveClosure.swift /Users/admin/builder/spi-builder-workspace/Sources/SwiftExtensions/URLExtensions.swift -target arm64-apple-tvos15.0 -module-can-import-version Darwin 428.0.10 0 -disable-cross-import-overlay-search -load-resolved-plugin /Applications/Xcode-27.0.0-Release.Candidate.app/Contents/Developer/Platforms/AppleTVOS.platform/Developer/usr/lib/swift/host/plugins/libFoundationMacros.dylib\#/Applications/Xcode-27.0.0-Release.Candidate.app/Contents/Developer/Platforms/AppleTVOS.platform/Developer/usr/bin/swift-plugin-server\#FoundationMacros -load-resolved-plugin /Applications/Xcode-27.0.0-Release.Candidate.app/Contents/Developer/Platforms/AppleTVOS.platform/Developer/usr/lib/swift/host/plugins/libObservationMacros.dylib\#/Applications/Xcode-27.0.0-Release.Candidate.app/Contents/Developer/Platforms/AppleTVOS.platform/Developer/usr/bin/swift-plugin-server\#ObservationMacros -load-resolved-plugin /Applications/Xcode-27.0.0-Release.Candidate.app/Contents/Developer/Platforms/AppleTVOS.platform/Developer/usr/lib/swift/host/plugins/libSwiftMacros.dylib\#/Applications/Xcode-27.0.0-Release.Candidate.app/Contents/Developer/Platforms/AppleTVOS.platform/Developer/usr/bin/swift-plugin-server\#SwiftMacros -disable-implicit-swift-modules -Xcc -fno-implicit-modules -Xcc -fno-implicit-module-maps -explicit-swift-module-map-file /Users/admin/builder/spi-builder-workspace/.derivedData/Build/Intermediates.noindex/SourceKitD.build/Debug-appletvos/SwiftExtensions-t.build/Objects-normal/arm64/SwiftExtensions-dependencies-1.json -Xllvm -aarch64-use-tbi -enable-objc-interop -stack-check -sdk /Applications/Xcode-27.0.0-Release.Candidate.app/Contents/Developer/Platforms/AppleTVOS.platform/Developer/SDKs/AppleTVOS27.0.sdk -I /Users/admin/builder/spi-builder-workspace/.derivedData/Build/Products/Debug-appletvos -Isystem /Applications/Xcode-27.0.0-Release.Candidate.app/Contents/Developer/Platforms/AppleTVOS.platform/Developer/usr/lib -F /Users/admin/builder/spi-builder-workspace/.derivedData/Build/Products/Debug-appletvos/PackageFrameworks -F /Users/admin/builder/spi-builder-workspace/.derivedData/Build/Products/Debug-appletvos -F /Applications/Xcode-27.0.0-Release.Candidate.app/Contents/Developer/Platforms/AppleTVOS.platform/Developer/Library/Frameworks -F /Applications/Xcode-27.0.0-Release.Candidate.app/Contents/Developer/Platforms/AppleTVOS.platform/Developer/SDKs/AppleTVOS27.0.sdk/Developer/Library/Frameworks -module-cache-path /Users/admin/builder/spi-builder-workspace/.derivedData/Build/Intermediates.noindex/SwiftExplicitPrecompiledModules -no-color-diagnostics -Xcc -fno-color-diagnostics -enable-testing -g -debug-info-format\=dwarf -dwarf-version\=4 -swift-version 6 -Onone -D SWIFT_PACKAGE -D DEBUG -D SWIFT_MODULE_RESOURCE_BUNDLE_UNAVAILABLE -D Xcode -serialize-debugging-options -enable-upcoming-feature InternalImportsByDefault -enable-upcoming-feature MemberImportVisibility -enable-experimental-feature DebugDescriptionMacro -empty-abi-descriptor -validate-clang-modules-once -clang-build-session-file /Users/admin/builder/spi-builder-workspace/.derivedData/ModuleCache.noindex/Session.modulevalidation -Xcc -working-directory -Xcc /Users/admin/builder/spi-builder-workspace/.swiftpm/xcode -enable-anonymous-context-mangled-names -file-compilation-dir /Users/admin/builder/spi-builder-workspace/.swiftpm/xcode -Xcc -fmodule-map-file\=/Users/admin/builder/spi-builder-workspace/Sources/CAtomics/include/module.modulemap -Xcc -D_LIBCPP_HARDENING_MODE\=_LIBCPP_HARDENING_MODE_DEBUG -Xcc -ivfsstatcache -Xcc /Users/admin/builder/spi-builder-workspace/.derivedData/SDKStatCaches.noindex/appletvos27.0-24J360-e829b21a6f8c9b70876ba0858053c044b32bfd8d43560033f8d89884cdb90028.sdkstatcache -Xcc -fmodules-prune-interval\=86400 -Xcc -fmodules-prune-after\=345600 -Xcc -I/Users/admin/builder/spi-builder-workspace/Sources/CAtomics/include -Xcc -I/Users/admin/builder/spi-builder-workspace/.derivedData/Build/Products/Debug-appletvos/include -Xcc -I/Users/admin/builder/spi-builder-workspace/.derivedData/Build/Intermediates.noindex/SourceKitD.build/Debug-appletvos/SwiftExtensions-t.build/DerivedSources-normal/arm64 -Xcc -I/Users/admin/builder/spi-builder-workspace/.derivedData/Build/Intermediates.noindex/SourceKitD.build/Debug-appletvos/SwiftExtensions-t.build/DerivedSources/arm64 -Xcc -I/Users/admin/builder/spi-builder-workspace/.derivedData/Build/Intermediates.noindex/SourceKitD.build/Debug-appletvos/SwiftExtensions-t.build/DerivedSources -Xcc -DSWIFT_PACKAGE -Xcc -DDEBUG\=1 -no-auto-bridging-header-chaining -module-name SwiftExtensions -package-name spi_builder_workspace -const-gather-protocols-file /Users/admin/builder/spi-builder-workspace/.derivedData/Build/Intermediates.noindex/SourceKitD.build/Debug-appletvos/SwiftExtensions-t.build/Objects-normal/arm64/SwiftExtensions_const_extract_protocols.json -disable-clang-spi -clang-target arm64-apple-tvos27.0 -target-sdk-version 27.0 -target-sdk-name appletvos27.0 -in-process-plugin-server-path /Applications/Xcode-27.0.0-Release.Candidate.app/Contents/Developer/Toolchains/XcodeDefault.xctoolchain/usr/lib/swift/host/libSwiftInProcPluginServer.dylib -emit-module-doc-path /Users/admin/builder/spi-builder-workspace/.derivedData/Build/Intermediates.noindex/SourceKitD.build/Debug-appletvos/SwiftExtensions-t.build/Objects-normal/arm64/SwiftExtensions.swiftdoc -emit-module-source-info-path /Users/admin/builder/spi-builder-workspace/.derivedData/Build/Intermediates.noindex/SourceKitD.build/Debug-appletvos/SwiftExtensions-t.build/Objects-normal/arm64/SwiftExtensions.swiftsourceinfo -emit-objc-header-path /Users/admin/builder/spi-builder-workspace/.derivedData/Build/Intermediates.noindex/SourceKitD.build/Debug-appletvos/SwiftExtensions-t.build/Objects-normal/arm64/SwiftExtensions-Swift.h -serialize-diagnostics-path /Users/admin/builder/spi-builder-workspace/.derivedData/Build/Intermediates.noindex/SourceKitD.build/Debug-appletvos/SwiftExtensions-t.build/Objects-normal/arm64/SwiftExtensions-primary-emit-module.dia -emit-dependencies-path /Users/admin/builder/spi-builder-workspace/.derivedData/Build/Intermediates.noindex/SourceKitD.build/Debug-appletvos/SwiftExtensions-t.build/Objects-normal/arm64/SwiftExtensions-primary-emit-module.d -parse-as-library -o /Users/admin/builder/spi-builder-workspace/.derivedData/Build/Intermediates.noindex/SourceKitD.build/Debug-appletvos/SwiftExtensions-t.build/Objects-normal/arm64/SwiftExtensions.swiftmodule -emit-abi-descriptor-path /Users/admin/builder/spi-builder-workspace/.derivedData/Build/Intermediates.noindex/SourceKitD.build/Debug-appletvos/SwiftExtensions-t.build/Objects-normal/arm64/SwiftExtensions.abi.json
SwiftCompile normal arm64 (in target 'SwiftExtensions' from project 'SourceKitD')
cd /Users/admin/builder/spi-builder-workspace/.swiftpm/xcode
SwiftCompile normal arm64 Compiling\ Process+terminate.swift,\ ResultExtensions.swift /Users/admin/builder/spi-builder-workspace/Sources/SwiftExtensions/Process+terminate.swift /Users/admin/builder/spi-builder-workspace/Sources/SwiftExtensions/ResultExtensions.swift (in target 'SwiftExtensions' from project 'SourceKitD')
/Users/admin/builder/spi-builder-workspace/Sources/SwiftExtensions/Process+terminate.swift:15:22: error: no type named 'Process' in module 'Foundation'
13 | package import Foundation
14 |
15 | extension Foundation.Process {
| `- error: no type named 'Process' in module 'Foundation'
16 | /// If the process has not exited after `duration`, terminate it.
17 | @available(macOS 13.0, *)
SwiftCompile normal arm64 /Users/admin/builder/spi-builder-workspace/Sources/SwiftExtensions/Process+terminate.swift (in target 'SwiftExtensions' from project 'SourceKitD')
cd /Users/admin/builder/spi-builder-workspace/.swiftpm/xcode
builtin-SwiftPerFileCompile Process+terminate.swift
SwiftCompile normal arm64 /Users/admin/builder/spi-builder-workspace/Sources/SwiftExtensions/ResultExtensions.swift (in target 'SwiftExtensions' from project 'SourceKitD')
cd /Users/admin/builder/spi-builder-workspace/.swiftpm/xcode
builtin-SwiftPerFileCompile ResultExtensions.swift
SwiftCompile normal arm64 Compiling\ Task+WithPriorityChangedHandler.swift,\ ThreadSafeBox.swift /Users/admin/builder/spi-builder-workspace/Sources/SwiftExtensions/Task+WithPriorityChangedHandler.swift /Users/admin/builder/spi-builder-workspace/Sources/SwiftExtensions/ThreadSafeBox.swift (in target 'SwiftExtensions' from project 'SourceKitD')
/Users/admin/builder/spi-builder-workspace/Sources/SwiftExtensions/Task+WithPriorityChangedHandler.swift:22:20: error: 'Duration' is only available in tvOS 16.0 or newer
18 | /// compared to `initialPriority`, the `taskPriorityChanged` will be called.
19 | @available(macOS 13.0, *)
20 | package func withTaskPriorityChangedHandler<T: Sendable>(
| `- note: add '@available' attribute to enclosing global function
21 | initialPriority: TaskPriority = Task.currentPriority,
22 | pollingInterval: Duration = .seconds(0.1),
| `- error: 'Duration' is only available in tvOS 16.0 or newer
23 | @_inheritActorContext operation: @escaping @Sendable () async throws -> T,
24 | taskPriorityChanged: @escaping @Sendable () -> Void
/Users/admin/builder/spi-builder-workspace/Sources/SwiftExtensions/Task+WithPriorityChangedHandler.swift:22:32: error: 'seconds' is only available in tvOS 16.0 or newer
18 | /// compared to `initialPriority`, the `taskPriorityChanged` will be called.
19 | @available(macOS 13.0, *)
20 | package func withTaskPriorityChangedHandler<T: Sendable>(
| `- note: add '@available' attribute to enclosing global function
21 | initialPriority: TaskPriority = Task.currentPriority,
22 | pollingInterval: Duration = .seconds(0.1),
| `- error: 'seconds' is only available in tvOS 16.0 or newer
23 | @_inheritActorContext operation: @escaping @Sendable () async throws -> T,
24 | taskPriorityChanged: @escaping @Sendable () -> Void
SwiftCompile normal arm64 /Users/admin/builder/spi-builder-workspace/Sources/SwiftExtensions/Task+WithPriorityChangedHandler.swift (in target 'SwiftExtensions' from project 'SourceKitD')
cd /Users/admin/builder/spi-builder-workspace/.swiftpm/xcode
builtin-SwiftPerFileCompile Task+WithPriorityChangedHandler.swift
SwiftCompile normal arm64 /Users/admin/builder/spi-builder-workspace/Sources/SwiftExtensions/ThreadSafeBox.swift (in target 'SwiftExtensions' from project 'SourceKitD')
cd /Users/admin/builder/spi-builder-workspace/.swiftpm/xcode
builtin-SwiftPerFileCompile ThreadSafeBox.swift
SwiftCompile normal arm64 Compiling\ TransitiveClosure.swift,\ URLExtensions.swift /Users/admin/builder/spi-builder-workspace/Sources/SwiftExtensions/TransitiveClosure.swift /Users/admin/builder/spi-builder-workspace/Sources/SwiftExtensions/URLExtensions.swift (in target 'SwiftExtensions' from project 'SourceKitD')
SwiftCompile normal arm64 /Users/admin/builder/spi-builder-workspace/Sources/SwiftExtensions/TransitiveClosure.swift (in target 'SwiftExtensions' from project 'SourceKitD')
cd /Users/admin/builder/spi-builder-workspace/.swiftpm/xcode
builtin-SwiftPerFileCompile TransitiveClosure.swift
SwiftCompile normal arm64 /Users/admin/builder/spi-builder-workspace/Sources/SwiftExtensions/URLExtensions.swift (in target 'SwiftExtensions' from project 'SourceKitD')
cd /Users/admin/builder/spi-builder-workspace/.swiftpm/xcode
builtin-SwiftPerFileCompile URLExtensions.swift
SwiftCompile normal arm64 Compiling\ Sequence+AsyncMap.swift,\ Sequence+ContainsAnyIn.swift /Users/admin/builder/spi-builder-workspace/Sources/SwiftExtensions/Sequence+AsyncMap.swift /Users/admin/builder/spi-builder-workspace/Sources/SwiftExtensions/Sequence+ContainsAnyIn.swift (in target 'SwiftExtensions' from project 'SourceKitD')
SwiftCompile normal arm64 /Users/admin/builder/spi-builder-workspace/Sources/SwiftExtensions/Sequence+AsyncMap.swift (in target 'SwiftExtensions' from project 'SourceKitD')
cd /Users/admin/builder/spi-builder-workspace/.swiftpm/xcode
builtin-SwiftPerFileCompile Sequence+AsyncMap.swift
SwiftCompile normal arm64 /Users/admin/builder/spi-builder-workspace/Sources/SwiftExtensions/Sequence+ContainsAnyIn.swift (in target 'SwiftExtensions' from project 'SourceKitD')
cd /Users/admin/builder/spi-builder-workspace/.swiftpm/xcode
builtin-SwiftPerFileCompile Sequence+ContainsAnyIn.swift
PruneExplicitPrecompiledModules /Users/admin/builder/spi-builder-workspace/.derivedData/Build/Intermediates.noindex/ExplicitPrecompiledModules
PruneExplicitPrecompiledModules /Users/admin/builder/spi-builder-workspace/.derivedData/SDKExplicitPrecompiledModules
PruneExplicitPrecompiledModules /Users/admin/builder/spi-builder-workspace/.derivedData/Build/Intermediates.noindex/SwiftExplicitPrecompiledModules
2026-09-24 05:24:27.059 xcodebuild[718:4544] [MT] IDERunDestination: Supported platforms for the buildables in the current scheme is empty.
** BUILD FAILED **
The following build commands failed:
SwiftEmitModule normal arm64 Emitting\ module\ for\ SwiftExtensions (in target 'SwiftExtensions' from project 'SourceKitD')
SwiftCompile normal arm64 (in target 'SwiftExtensions' from project 'SourceKitD')
Building workspace SourceKitD with scheme SourceKitD
(3 failures)
BUILD FAILURE 6.4 tvOS