The Swift Package Index logo.Swift Package Index

Build Information

Failed to build apple-device-information, reference main (f32614), with Swift 6.2 for Wasm on 29 Sep 2026 00:11:40 UTC.

Build Command

bash -c docker run --pull=always --rm -v "checkouts-54344843-3":/host -w "$PWD" -e JAVA_HOME="/root/.sdkman/candidates/java/current" -e SPI_BUILD="1" -e SPI_PROCESSING="1" registry.gitlab.com/saguaro1/spi-images:wasm-6.2-latest swift build --swift-sdk swift-6.2-RELEASE_wasm 2>&1

Build Log

========================================
RunAll
========================================
Builder version: 5.1.0
Interrupt handler set up.
========================================
Checkout
========================================
Clone URL: https://github.com/sersoft-gmbh/apple-device-information.git
Reference: main
Initialized empty Git repository in /host/spi-builder-workspace/.git/
hint: Using 'master' as the name for the initial branch. This default branch name
hint: is subject to change. To configure the initial branch name to use in all
hint: of your new repositories, which will suppress this warning, call:
hint:
hint: 	git config --global init.defaultBranch <name>
hint:
hint: Names commonly chosen instead of 'master' are 'main', 'trunk' and
hint: 'development'. The just-created branch can be renamed via this command:
hint:
hint: 	git branch -m <name>
From https://github.com/sersoft-gmbh/apple-device-information
 * branch            main       -> FETCH_HEAD
 * [new branch]      main       -> origin/main
HEAD is now at f326142 Bump github.com/sersoft-gmbh/swift-sysctl from 1.12.0 to 1.13.0
Cloned https://github.com/sersoft-gmbh/apple-device-information.git
Revision (git rev-parse @):
f326142ce01f1b43d499caf331d3c2b96601375e
SPI manifest file found: $PWD/.spi.yml
SUCCESS checkout https://github.com/sersoft-gmbh/apple-device-information.git at main
========================================
Build
========================================
Selected platform:         wasm
Swift version:             6.2
Building package at path:  $PWD
https://github.com/sersoft-gmbh/apple-device-information.git
Running build ...
bash -c docker run --pull=always --rm -v "checkouts-54344843-3":/host -w "$PWD" -e JAVA_HOME="/root/.sdkman/candidates/java/current" -e SPI_BUILD="1" -e SPI_PROCESSING="1" registry.gitlab.com/saguaro1/spi-images:wasm-6.2-latest swift build --swift-sdk swift-6.2-RELEASE_wasm 2>&1
wasm-6.2-latest: Pulling from saguaro1/spi-images
Digest: sha256:ff44196b45f83e5a0a99a627b185f548850d9bc1242e3dee2178fb1570812fe8
Status: Image is up to date for registry.gitlab.com/saguaro1/spi-images:wasm-6.2-latest
Fetching https://github.com/apple/swift-docc-plugin
Fetching https://github.com/sersoft-gmbh/swift-sysctl
[1/2345] Fetching swift-docc-plugin
[2346/9552] Fetching swift-docc-plugin, swift-sysctl
Fetched https://github.com/apple/swift-docc-plugin from cache (0.55s)
[289/7207] Fetching swift-sysctl
Fetched https://github.com/sersoft-gmbh/swift-sysctl from cache (0.72s)
Computing version for https://github.com/apple/swift-docc-plugin
Computed https://github.com/apple/swift-docc-plugin at 1.5.0 (1.78s)
Fetching https://github.com/swiftlang/swift-docc-symbolkit
[39/3832] Fetching swift-docc-symbolkit
Fetched https://github.com/swiftlang/swift-docc-symbolkit from cache (0.80s)
Computing version for https://github.com/swiftlang/swift-docc-symbolkit
Computed https://github.com/swiftlang/swift-docc-symbolkit at 1.0.0 (1.06s)
Computing version for https://github.com/sersoft-gmbh/swift-sysctl
Computed https://github.com/sersoft-gmbh/swift-sysctl at 1.13.0 (0.26s)
Creating working copy for https://github.com/apple/swift-docc-plugin
Working copy of https://github.com/apple/swift-docc-plugin resolved at 1.5.0
Creating working copy for https://github.com/swiftlang/swift-docc-symbolkit
Working copy of https://github.com/swiftlang/swift-docc-symbolkit resolved at 1.0.0
Creating working copy for https://github.com/sersoft-gmbh/swift-sysctl
Working copy of https://github.com/sersoft-gmbh/swift-sysctl resolved at 1.13.0
[1/1] Compiling plugin Swift-DocC Preview
[2/2] Compiling plugin Swift-DocC
Building for debugging...
[2/5] Write sources
[4/5] Write swift-version-24593BA9C3E375BF.txt
[6/20] Compiling Sysctl MachineDependent.swift
/host/spi-builder-workspace/.build/checkouts/swift-sysctl/Sources/Sysctl/Base/ValueTypes.swift:1:15: error: no such module 'Darwin'
  1 | public import Darwin
    |               `- error: no such module 'Darwin'
  2 |
  3 | /// Describes a type that can be read from / written to sysctl.
[7/20] Compiling Sysctl IPv4.swift
/host/spi-builder-workspace/.build/checkouts/swift-sysctl/Sources/Sysctl/Base/ValueTypes.swift:1:15: error: no such module 'Darwin'
  1 | public import Darwin
    |               `- error: no such module 'Darwin'
  2 |
  3 | /// Describes a type that can be read from / written to sysctl.
[8/21] Compiling Sysctl SystemControl.swift
/host/spi-builder-workspace/.build/checkouts/swift-sysctl/Sources/Sysctl/Base/ValueTypes.swift:1:15: error: no such module 'Darwin'
  1 | public import Darwin
    |               `- error: no such module 'Darwin'
  2 |
  3 | /// Describes a type that can be read from / written to sysctl.
[9/21] Compiling Sysctl User.swift
/host/spi-builder-workspace/.build/checkouts/swift-sysctl/Sources/Sysctl/Base/ValueTypes.swift:1:15: error: no such module 'Darwin'
  1 | public import Darwin
    |               `- error: no such module 'Darwin'
  2 |
  3 | /// Describes a type that can be read from / written to sysctl.
[10/21] Compiling Sysctl VirtualMemory.swift
/host/spi-builder-workspace/.build/checkouts/swift-sysctl/Sources/Sysctl/Base/ValueTypes.swift:1:15: error: no such module 'Darwin'
  1 | public import Darwin
    |               `- error: no such module 'Darwin'
  2 |
  3 | /// Describes a type that can be read from / written to sysctl.
[11/21] Compiling Sysctl IPv6.swift
/host/spi-builder-workspace/.build/checkouts/swift-sysctl/Sources/Sysctl/Base/ValueTypes.swift:1:15: error: no such module 'Darwin'
  1 | public import Darwin
    |               `- error: no such module 'Darwin'
  2 |
  3 | /// Describes a type that can be read from / written to sysctl.
[12/21] Compiling Sysctl Network.swift
/host/spi-builder-workspace/.build/checkouts/swift-sysctl/Sources/Sysctl/Base/ValueTypes.swift:1:15: error: no such module 'Darwin'
  1 | public import Darwin
    |               `- error: no such module 'Darwin'
  2 |
  3 | /// Describes a type that can be read from / written to sysctl.
[13/21] Compiling Sysctl Hardware.swift
/host/spi-builder-workspace/.build/checkouts/swift-sysctl/Sources/Sysctl/Base/ValueTypes.swift:1:15: error: no such module 'Darwin'
  1 | public import Darwin
    |               `- error: no such module 'Darwin'
  2 |
  3 | /// Describes a type that can be read from / written to sysctl.
[14/21] Compiling Sysctl Kernel.swift
/host/spi-builder-workspace/.build/checkouts/swift-sysctl/Sources/Sysctl/Base/ValueTypes.swift:1:15: error: no such module 'Darwin'
  1 | public import Darwin
    |               `- error: no such module 'Darwin'
  2 |
  3 | /// Describes a type that can be read from / written to sysctl.
[15/21] Compiling Sysctl ValueTypes.swift
/host/spi-builder-workspace/.build/checkouts/swift-sysctl/Sources/Sysctl/Base/ValueTypes.swift:1:15: error: no such module 'Darwin'
  1 | public import Darwin
    |               `- error: no such module 'Darwin'
  2 |
  3 | /// Describes a type that can be read from / written to sysctl.
[16/21] Compiling Sysctl SysctlFuncs.swift
/host/spi-builder-workspace/.build/checkouts/swift-sysctl/Sources/Sysctl/Base/ValueTypes.swift:1:15: error: no such module 'Darwin'
  1 | public import Darwin
    |               `- error: no such module 'Darwin'
  2 |
  3 | /// Describes a type that can be read from / written to sysctl.
error: emit-module command failed with exit code 1 (use -v to see invocation)
[17/21] Emitting module Sysctl
/host/spi-builder-workspace/.build/checkouts/swift-sysctl/Sources/Sysctl/Base/ValueTypes.swift:1:15: error: no such module 'Darwin'
  1 | public import Darwin
    |               `- error: no such module 'Darwin'
  2 |
  3 | /// Describes a type that can be read from / written to sysctl.
[18/21] Compiling Sysctl Namespace.swift
/host/spi-builder-workspace/.build/checkouts/swift-sysctl/Sources/Sysctl/Base/ValueTypes.swift:1:15: error: no such module 'Darwin'
  1 | public import Darwin
    |               `- error: no such module 'Darwin'
  2 |
  3 | /// Describes a type that can be read from / written to sysctl.
[19/21] Compiling Sysctl ValueRepresentable.swift
/host/spi-builder-workspace/.build/checkouts/swift-sysctl/Sources/Sysctl/Base/ValueTypes.swift:1:15: error: no such module 'Darwin'
  1 | public import Darwin
    |               `- error: no such module 'Darwin'
  2 |
  3 | /// Describes a type that can be read from / written to sysctl.
[20/21] Compiling Sysctl Container.swift
/host/spi-builder-workspace/.build/checkouts/swift-sysctl/Sources/Sysctl/Base/ValueTypes.swift:1:15: error: no such module 'Darwin'
  1 | public import Darwin
    |               `- error: no such module 'Darwin'
  2 |
  3 | /// Describes a type that can be read from / written to sysctl.
[21/21] Compiling Sysctl Field.swift
/host/spi-builder-workspace/.build/checkouts/swift-sysctl/Sources/Sysctl/Base/ValueTypes.swift:1:15: error: no such module 'Darwin'
  1 | public import Darwin
    |               `- error: no such module 'Darwin'
  2 |
  3 | /// Describes a type that can be read from / written to sysctl.
BUILD FAILURE 6.2 wasm