The Swift Package Index logo.Swift Package Index

Build Information

Failed to build Gestalt, reference master (646923), with Swift 6.4 for Wasm on 17 Sep 2026 10:38:48 UTC.

Build Command

bash -c docker run --pull=always --rm -v "checkouts-54344845-0":/host -w "$PWD" -e JAVA_HOME="/root/.sdkman/candidates/java/current" -e SPI_BUILD="1" -e SPI_PROCESSING="1" registry.gitlab.com/saguaro1/spi-images:wasm-6.4-latest swift build --swift-sdk swift-6.4.x-DEVELOPMENT-SNAPSHOT-2026-09-04-a_wasm 2>&1

Build Log

========================================
RunAll
========================================
Builder version: 5.1.0
Interrupt handler set up.
========================================
Checkout
========================================
Clone URL: https://github.com/regexident/Gestalt.git
Reference: master
Initialized empty Git repository in /host/spi-builder-workspace/.git/
hint: Using 'master' as the name for the initial branch. This default branch name
hint: is subject to change. To configure the initial branch name to use in all
hint: of your new repositories, which will suppress this warning, call:
hint:
hint: 	git config --global init.defaultBranch <name>
hint:
hint: Names commonly chosen instead of 'master' are 'main', 'trunk' and
hint: 'development'. The just-created branch can be renamed via this command:
hint:
hint: 	git branch -m <name>
From https://github.com/regexident/Gestalt
 * branch            master     -> FETCH_HEAD
 * [new branch]      master     -> origin/master
HEAD is now at 6469230 Bumped version to '2.1.1'
Cloned https://github.com/regexident/Gestalt.git
Revision (git rev-parse @):
6469230fb1b81ea449312a855b410425030b287e
SUCCESS checkout https://github.com/regexident/Gestalt.git at master
========================================
Build
========================================
Selected platform:         wasm
Swift version:             6.4
Building package at path:  $PWD
https://github.com/regexident/Gestalt.git
Running build ...
bash -c docker run --pull=always --rm -v "checkouts-54344845-0":/host -w "$PWD" -e JAVA_HOME="/root/.sdkman/candidates/java/current" -e SPI_BUILD="1" -e SPI_PROCESSING="1" registry.gitlab.com/saguaro1/spi-images:wasm-6.4-latest swift build --swift-sdk swift-6.4.x-DEVELOPMENT-SNAPSHOT-2026-09-04-a_wasm 2>&1
wasm-6.4-latest: Pulling from saguaro1/spi-images
Digest: sha256:4328fdb43c680d205c1d6761b1e3267aa38277eefdda9ddfb17b6a0f1a77857a
Status: Image is up to date for registry.gitlab.com/saguaro1/spi-images:wasm-6.4-latest
Building for debugging...
[Planning deferred tasks]
error: SwiftCompile normal wasm32 failed with a nonzero exit code. Command line:     cd /host

/host/spi-builder-workspace/Gestalt/ThemeManager.swift:29:35: error: cannot find type 'TimeInterval' in scope
 27 |
 28 |     /// Duration of animation during theme application
 29 |     public var animationDuration: TimeInterval = 3.0 // 0.4
    |                                   `- error: cannot find type 'TimeInterval' in scope
 30 |
 31 |     // Notification used for broadcasting theme changes
/host/spi-builder-workspace/Gestalt/ThemeManager.swift:32:43: error: cannot find 'Notification' in scope
 30 |
 31 |     // Notification used for broadcasting theme changes
 32 |     private static let notificationName = Notification.Name("Gestalt.ThemeChangedNotification")
    |                                           `- error: cannot find 'Notification' in scope
 33 |
 34 |     // NotificationCenter used for broadcasting theme changes
/host/spi-builder-workspace/Gestalt/ThemeManager.swift:35:37: error: cannot find type 'NotificationCenter' in scope
 33 |
 34 |     // NotificationCenter used for broadcasting theme changes
 35 |     private var notificationCenter: NotificationCenter = .init()
    |                                     `- error: cannot find type 'NotificationCenter' in scope
 36 |
 37 |     // For appearance hack (see below), only accessible in iOS Applications
/host/spi-builder-workspace/Gestalt/ThemeManager.swift:286:38: error: cannot find type 'TimeInterval' in scope
284 |     }
285 |
286 |     internal func animated(duration: TimeInterval, closure: @escaping () -> ()) {
    |                                      `- error: cannot find type 'TimeInterval' in scope
287 |         #if os(iOS)
288 |         UIView.animate(withDuration: duration) {
/host/spi-builder-workspace/Gestalt/ThemeManager.swift:297:64: error: cannot find type 'Notification' in scope
295 |
296 |     @available(iOS 7, *)
297 |     @objc private func handleDynamicTypeChange(_ notification: Notification) {
    |                                                                `- error: cannot find type 'Notification' in scope
298 |         self.notify()
299 |     }
/host/spi-builder-workspace/Gestalt/ThemeManager.swift:297:6: error: Objective-C interoperability is disabled
295 |
296 |     @available(iOS 7, *)
297 |     @objc private func handleDynamicTypeChange(_ notification: Notification) {
    |      `- error: Objective-C interoperability is disabled
298 |         self.notify()
299 |     }
/host/spi-builder-workspace/Gestalt/ThemeManager.swift:148:9: error: cannot find 'objc_setAssociatedObject' in scope
146 |
147 |         var associatedObjectKey = ObjectIdentifier(ThemeManager.self)
148 |         objc_setAssociatedObject(
    |         `- error: cannot find 'objc_setAssociatedObject' in scope
149 |             themeable,
150 |             &associatedObjectKey,
/host/spi-builder-workspace/Gestalt/Themeable.swift:12:28: warning: using 'class' keyword to define a class-constrained protocol is deprecated; use 'AnyObject' instead [#deprecation]
10 |
11 | /// Utility protocol for enabling Gestalt themes
12 | public protocol Themeable: class {
   |                            `- warning: using 'class' keyword to define a class-constrained protocol is deprecated; use 'AnyObject' instead [#deprecation]
13 |     associatedtype Theme: Gestalt.Theme
14 |
Failed frontend command:
/usr/bin/swift-frontend -frontend -emit-module -experimental-skip-non-inlinable-function-bodies-without-types /host/spi-builder-workspace/Gestalt/Gestalt.swift /host/spi-builder-workspace/Gestalt/ThemeManager.swift /host/spi-builder-workspace/Gestalt/ThemeObserver.swift /host/spi-builder-workspace/Gestalt/Themeable.swift -target wasm32-unknown-wasip1 -disable-objc-interop -sdk /root/.swiftpm/swift-sdks/swift-6.4.x-DEVELOPMENT-SNAPSHOT-2026-09-04-a_wasm.artifactbundle/swift-6.4.x-DEVELOPMENT-SNAPSHOT-2026-09-04-a_wasm/wasm32-unknown-wasip1/WASI.sdk -sysroot /root/.swiftpm/swift-sdks/swift-6.4.x-DEVELOPMENT-SNAPSHOT-2026-09-04-a_wasm.artifactbundle/swift-6.4.x-DEVELOPMENT-SNAPSHOT-2026-09-04-a_wasm/wasm32-unknown-wasip1/WASI.sdk -I /host/spi-builder-workspace/.build/out/Products/Debug-webassembly-wasm32 -module-cache-path /host/spi-builder-workspace/.build/out/ModuleCache.noindex -color-diagnostics -Xcc -fcolor-diagnostics -enable-testing -g -debug-info-format\=dwarf -dwarf-version\=4 -swift-version 5 -Onone -D SWIFT_PACKAGE -D DEBUG -D SWIFT_MODULE_RESOURCE_BUNDLE_UNAVAILABLE -D Xcode -serialize-debugging-options -enable-experimental-feature DebugDescriptionMacro -empty-abi-descriptor -external-plugin-path /usr/lib/swift/host/plugins/testing\#/usr/bin/swift-plugin-server -validate-clang-modules-once -clang-build-session-file /host/spi-builder-workspace/.build/out/ModuleCache.noindex/Session.modulevalidation -Xcc -working-directory -Xcc /host -resource-dir /root/.swiftpm/swift-sdks/swift-6.4.x-DEVELOPMENT-SNAPSHOT-2026-09-04-a_wasm.artifactbundle/swift-6.4.x-DEVELOPMENT-SNAPSHOT-2026-09-04-a_wasm/wasm32-unknown-wasip1/swift.xctoolchain/usr/lib/swift_static -use-static-resource-dir -enable-anonymous-context-mangled-names -file-compilation-dir /host -Xcc -resource-dir -Xcc /root/.swiftpm/swift-sdks/swift-6.4.x-DEVELOPMENT-SNAPSHOT-2026-09-04-a_wasm.artifactbundle/swift-6.4.x-DEVELOPMENT-SNAPSHOT-2026-09-04-a_wasm/wasm32-unknown-wasip1/swift.xctoolchain/usr/lib/swift_static/clang -Xcc -D_LIBCPP_HARDENING_MODE\=_LIBCPP_HARDENING_MODE_DEBUG -Xcc -fmodules-prune-interval\=86400 -Xcc -fmodules-prune-after\=345600 -Xcc -I/host/spi-builder-workspace/.build/out/Products/Debug-webassembly-wasm32/include -Xcc -I/host/spi-builder-workspace/.build/out/Intermediates.noindex/Gestalt.build/Debug-webassembly-wasm32/Gestalt-t.build/DerivedSources-normal/wasm32 -Xcc -I/host/spi-builder-workspace/.build/out/Intermediates.noindex/Gestalt.build/Debug-webassembly-wasm32/Gestalt-t.build/DerivedSources/wasm32 -Xcc -I/host/spi-builder-workspace/.build/out/Intermediates.noindex/Gestalt.build/Debug-webassembly-wasm32/Gestalt-t.build/DerivedSources -Xcc -DSWIFT_PACKAGE -Xcc -DDEBUG\=1 -no-auto-bridging-header-chaining -module-name Gestalt -const-gather-protocols-file /host/spi-builder-workspace/.build/out/Intermediates.noindex/Gestalt.build/Debug-webassembly-wasm32/Gestalt-t.build/Objects-normal/wasm32/Gestalt_const_extract_protocols.json -in-process-plugin-server-path /usr/lib/swift/host/libSwiftInProcPluginServer.so -plugin-path /usr/lib/swift/host/plugins -plugin-path /usr/local/lib/swift/host/plugins -emit-module-doc-path /host/spi-builder-workspace/.build/out/Intermediates.noindex/Gestalt.build/Debug-webassembly-wasm32/Gestalt-t.build/Objects-normal/wasm32/Modules/Gestalt.swiftdoc -emit-module-source-info-path /host/spi-builder-workspace/.build/out/Intermediates.noindex/Gestalt.build/Debug-webassembly-wasm32/Gestalt-t.build/Objects-normal/wasm32/Modules/Gestalt.swiftsourceinfo -emit-objc-header-path /host/spi-builder-workspace/.build/out/Intermediates.noindex/Gestalt.build/Debug-webassembly-wasm32/Gestalt-t.build/Objects-normal/wasm32/Gestalt-Swift.h -serialize-diagnostics-path /host/spi-builder-workspace/.build/out/Intermediates.noindex/Gestalt.build/Debug-webassembly-wasm32/Gestalt-t.build/Objects-normal/wasm32/Gestalt-primary-emit-module.dia -emit-dependencies-path /host/spi-builder-workspace/.build/out/Intermediates.noindex/Gestalt.build/Debug-webassembly-wasm32/Gestalt-t.build/Objects-normal/wasm32/Gestalt-primary-emit-module.d -parse-as-library -o /host/spi-builder-workspace/.build/out/Intermediates.noindex/Gestalt.build/Debug-webassembly-wasm32/Gestalt-t.build/Objects-normal/wasm32/Modules/Gestalt.swiftmodule
error: Build failed
BUILD FAILURE 6.4 wasm