Build Information
Failed to build LicenseKitSetapp, reference 2.0.0 (c933fd), with Swift 6.3 for Linux on 17 Jul 2026 23:20:35 UTC.
Build Command
bash -c docker run --pull=always --rm -v "checkouts-54344844-0":/host -w "$PWD" -e JAVA_HOME="/root/.sdkman/candidates/java/current" -e SPI_BUILD="1" -e SPI_PROCESSING="1" registry.gitlab.com/saguaro1/spi-images:basic-6.3-latest swift build --triple x86_64-unknown-linux-gnu 2>&1Build Log
========================================
RunAll
========================================
Builder version: 333316120c8b89ed7d21f1b34865290794301d91
Interrupt handler set up.
========================================
Checkout
========================================
Clone URL: https://github.com/naviapps/license-kit-setapp.git
Reference: 2.0.0
Initialized empty Git repository in /host/spi-builder-workspace/.git/
hint: Using 'master' as the name for the initial branch. This default branch name
hint: is subject to change. To configure the initial branch name to use in all
hint: of your new repositories, which will suppress this warning, call:
hint:
hint: git config --global init.defaultBranch <name>
hint:
hint: Names commonly chosen instead of 'master' are 'main', 'trunk' and
hint: 'development'. The just-created branch can be renamed via this command:
hint:
hint: git branch -m <name>
From https://github.com/naviapps/license-kit-setapp
* tag 2.0.0 -> FETCH_HEAD
HEAD is now at c933fd5 Prepare LicenseKitSetapp 2.0.0 (#3)
Cloned https://github.com/naviapps/license-kit-setapp.git
Revision (git rev-parse @):
c933fd57f9437a44262058b78f5cc4b1158d2fde
SPI manifest file found: $PWD/.spi.yml
SUCCESS checkout https://github.com/naviapps/license-kit-setapp.git at 2.0.0
========================================
Build
========================================
Selected platform: linux
Swift version: 6.3
Building package at path: $PWD
https://github.com/naviapps/license-kit-setapp.git
Running build ...
bash -c docker run --pull=always --rm -v "checkouts-54344844-0":/host -w "$PWD" -e JAVA_HOME="/root/.sdkman/candidates/java/current" -e SPI_BUILD="1" -e SPI_PROCESSING="1" registry.gitlab.com/saguaro1/spi-images:basic-6.3-latest swift build --triple x86_64-unknown-linux-gnu 2>&1
basic-6.3-latest: Pulling from saguaro1/spi-images
Digest: sha256:518d581a7f3cc0f988d8921e0dce92c3361f942cd4cc7d944cb46f8707e06c63
Status: Image is up to date for registry.gitlab.com/saguaro1/spi-images:basic-6.3-latest
Fetching https://github.com/naviapps/license-kit.git
[1/260] Fetching license-kit
Fetched https://github.com/naviapps/license-kit.git from cache (0.35s)
Computing version for https://github.com/naviapps/license-kit.git
Computed https://github.com/naviapps/license-kit.git at 2.0.0 (0.50s)
Creating working copy for https://github.com/naviapps/license-kit.git
Working copy of https://github.com/naviapps/license-kit.git resolved at 2.0.0
Building for debugging...
[0/3] Write sources
[2/3] Write swift-version-24593BA9C3E375BF.txt
error: emit-module command failed with exit code 1 (use -v to see invocation)
[4/28] Emitting module LicenseKit
/host/spi-builder-workspace/.build/checkouts/license-kit/Sources/LicenseKit/Persistence/KeychainLicenseActivationStorage.swift:2:8: error: no such module 'Security'
1 | import Foundation
2 | import Security
| `- error: no such module 'Security'
3 |
4 | /// ``LicenseActivationStorage`` backed by the system Keychain.
[5/31] Compiling LicenseKit LicenseActivation.swift
/host/spi-builder-workspace/.build/checkouts/license-kit/Sources/LicenseKit/Persistence/KeychainLicenseActivationStorage.swift:2:8: error: no such module 'Security'
1 | import Foundation
2 | import Security
| `- error: no such module 'Security'
3 |
4 | /// ``LicenseActivationStorage`` backed by the system Keychain.
[6/31] Compiling LicenseKit LicenseActivationRequest.swift
/host/spi-builder-workspace/.build/checkouts/license-kit/Sources/LicenseKit/Persistence/KeychainLicenseActivationStorage.swift:2:8: error: no such module 'Security'
1 | import Foundation
2 | import Security
| `- error: no such module 'Security'
3 |
4 | /// ``LicenseActivationStorage`` backed by the system Keychain.
[7/31] Compiling LicenseKit LicenseError.swift
/host/spi-builder-workspace/.build/checkouts/license-kit/Sources/LicenseKit/Persistence/KeychainLicenseActivationStorage.swift:2:8: error: no such module 'Security'
1 | import Foundation
2 | import Security
| `- error: no such module 'Security'
3 |
4 | /// ``LicenseActivationStorage`` backed by the system Keychain.
[8/31] Compiling LicenseKit LicensePlan.swift
/host/spi-builder-workspace/.build/checkouts/license-kit/Sources/LicenseKit/Persistence/KeychainLicenseActivationStorage.swift:2:8: error: no such module 'Security'
1 | import Foundation
2 | import Security
| `- error: no such module 'Security'
3 |
4 | /// ``LicenseActivationStorage`` backed by the system Keychain.
[9/31] Compiling LicenseKit LicenseManager+Deactivation.swift
/host/spi-builder-workspace/.build/checkouts/license-kit/Sources/LicenseKit/Persistence/KeychainLicenseActivationStorage.swift:2:8: error: no such module 'Security'
1 | import Foundation
2 | import Security
| `- error: no such module 'Security'
3 |
4 | /// ``LicenseActivationStorage`` backed by the system Keychain.
[10/31] Compiling LicenseKit LicenseManager+Persistence.swift
/host/spi-builder-workspace/.build/checkouts/license-kit/Sources/LicenseKit/Persistence/KeychainLicenseActivationStorage.swift:2:8: error: no such module 'Security'
1 | import Foundation
2 | import Security
| `- error: no such module 'Security'
3 |
4 | /// ``LicenseActivationStorage`` backed by the system Keychain.
[11/31] Compiling LicenseKit LicenseManager+Refresh.swift
/host/spi-builder-workspace/.build/checkouts/license-kit/Sources/LicenseKit/Persistence/KeychainLicenseActivationStorage.swift:2:8: error: no such module 'Security'
1 | import Foundation
2 | import Security
| `- error: no such module 'Security'
3 |
4 | /// ``LicenseActivationStorage`` backed by the system Keychain.
[12/31] Compiling LicenseKit LicenseManager.swift
/host/spi-builder-workspace/.build/checkouts/license-kit/Sources/LicenseKit/Persistence/KeychainLicenseActivationStorage.swift:2:8: error: no such module 'Security'
1 | import Foundation
2 | import Security
| `- error: no such module 'Security'
3 |
4 | /// ``LicenseActivationStorage`` backed by the system Keychain.
[13/31] Compiling LicenseKit LicenseProvider.swift
/host/spi-builder-workspace/.build/checkouts/license-kit/Sources/LicenseKit/Persistence/KeychainLicenseActivationStorage.swift:2:8: error: no such module 'Security'
1 | import Foundation
2 | import Security
| `- error: no such module 'Security'
3 |
4 | /// ``LicenseActivationStorage`` backed by the system Keychain.
[14/31] Compiling LicenseKit LicenseProviderError.swift
/host/spi-builder-workspace/.build/checkouts/license-kit/Sources/LicenseKit/Persistence/KeychainLicenseActivationStorage.swift:2:8: error: no such module 'Security'
1 | import Foundation
2 | import Security
| `- error: no such module 'Security'
3 |
4 | /// ``LicenseActivationStorage`` backed by the system Keychain.
[15/31] Compiling LicenseKit LicenseProviderGateway.swift
/host/spi-builder-workspace/.build/checkouts/license-kit/Sources/LicenseKit/Persistence/KeychainLicenseActivationStorage.swift:2:8: error: no such module 'Security'
1 | import Foundation
2 | import Security
| `- error: no such module 'Security'
3 |
4 | /// ``LicenseActivationStorage`` backed by the system Keychain.
[16/31] Compiling LicenseKit LicenseState.swift
/host/spi-builder-workspace/.build/checkouts/license-kit/Sources/LicenseKit/Persistence/KeychainLicenseActivationStorage.swift:2:8: error: no such module 'Security'
1 | import Foundation
2 | import Security
| `- error: no such module 'Security'
3 |
4 | /// ``LicenseActivationStorage`` backed by the system Keychain.
[17/31] Compiling LicenseKit LicenseStateStore.swift
/host/spi-builder-workspace/.build/checkouts/license-kit/Sources/LicenseKit/Persistence/KeychainLicenseActivationStorage.swift:2:8: error: no such module 'Security'
1 | import Foundation
2 | import Security
| `- error: no such module 'Security'
3 |
4 | /// ``LicenseActivationStorage`` backed by the system Keychain.
[18/31] Compiling LicenseKit LicenseValidationSnapshot.swift
/host/spi-builder-workspace/.build/checkouts/license-kit/Sources/LicenseKit/Persistence/KeychainLicenseActivationStorage.swift:2:8: error: no such module 'Security'
1 | import Foundation
2 | import Security
| `- error: no such module 'Security'
3 |
4 | /// ``LicenseActivationStorage`` backed by the system Keychain.
[19/31] Compiling LicenseKit KeychainLicenseActivationStorage.swift
/host/spi-builder-workspace/.build/checkouts/license-kit/Sources/LicenseKit/Persistence/KeychainLicenseActivationStorage.swift:2:8: error: no such module 'Security'
1 | import Foundation
2 | import Security
| `- error: no such module 'Security'
3 |
4 | /// ``LicenseActivationStorage`` backed by the system Keychain.
[20/31] Compiling LicenseKit LicenseActivationStorage.swift
/host/spi-builder-workspace/.build/checkouts/license-kit/Sources/LicenseKit/Persistence/KeychainLicenseActivationStorage.swift:2:8: error: no such module 'Security'
1 | import Foundation
2 | import Security
| `- error: no such module 'Security'
3 |
4 | /// ``LicenseActivationStorage`` backed by the system Keychain.
[21/31] Compiling LicenseKit LicenseStateMetadata.swift
/host/spi-builder-workspace/.build/checkouts/license-kit/Sources/LicenseKit/Persistence/KeychainLicenseActivationStorage.swift:2:8: error: no such module 'Security'
1 | import Foundation
2 | import Security
| `- error: no such module 'Security'
3 |
4 | /// ``LicenseActivationStorage`` backed by the system Keychain.
[22/31] Compiling LicenseKit LicenseStateMetadataStorage.swift
/host/spi-builder-workspace/.build/checkouts/license-kit/Sources/LicenseKit/Persistence/KeychainLicenseActivationStorage.swift:2:8: error: no such module 'Security'
1 | import Foundation
2 | import Security
| `- error: no such module 'Security'
3 |
4 | /// ``LicenseActivationStorage`` backed by the system Keychain.
[23/31] Compiling LicenseKit LicenseStateRestoration.swift
/host/spi-builder-workspace/.build/checkouts/license-kit/Sources/LicenseKit/Persistence/KeychainLicenseActivationStorage.swift:2:8: error: no such module 'Security'
1 | import Foundation
2 | import Security
| `- error: no such module 'Security'
3 |
4 | /// ``LicenseActivationStorage`` backed by the system Keychain.
[24/31] Compiling LicenseKit UserDefaultsLicenseStateMetadataStorage.swift
/host/spi-builder-workspace/.build/checkouts/license-kit/Sources/LicenseKit/Persistence/KeychainLicenseActivationStorage.swift:2:8: error: no such module 'Security'
1 | import Foundation
2 | import Security
| `- error: no such module 'Security'
3 |
4 | /// ``LicenseActivationStorage`` backed by the system Keychain.
[25/31] Compiling LicenseKit LicenseRefreshFailure.swift
/host/spi-builder-workspace/.build/checkouts/license-kit/Sources/LicenseKit/Persistence/KeychainLicenseActivationStorage.swift:2:8: error: no such module 'Security'
1 | import Foundation
2 | import Security
| `- error: no such module 'Security'
3 |
4 | /// ``LicenseActivationStorage`` backed by the system Keychain.
[26/31] Compiling LicenseKit LicenseRefreshPolicy.swift
/host/spi-builder-workspace/.build/checkouts/license-kit/Sources/LicenseKit/Persistence/KeychainLicenseActivationStorage.swift:2:8: error: no such module 'Security'
1 | import Foundation
2 | import Security
| `- error: no such module 'Security'
3 |
4 | /// ``LicenseActivationStorage`` backed by the system Keychain.
[27/31] Compiling LicenseKit LicenseRefreshResult.swift
/host/spi-builder-workspace/.build/checkouts/license-kit/Sources/LicenseKit/Persistence/KeychainLicenseActivationStorage.swift:2:8: error: no such module 'Security'
1 | import Foundation
2 | import Security
| `- error: no such module 'Security'
3 |
4 | /// ``LicenseActivationStorage`` backed by the system Keychain.
[28/31] Compiling LicenseKit LicenseSource.swift
/host/spi-builder-workspace/.build/checkouts/license-kit/Sources/LicenseKit/Persistence/KeychainLicenseActivationStorage.swift:2:8: error: no such module 'Security'
1 | import Foundation
2 | import Security
| `- error: no such module 'Security'
3 |
4 | /// ``LicenseActivationStorage`` backed by the system Keychain.
[29/31] Compiling LicenseKit LicenseStringNormalization.swift
/host/spi-builder-workspace/.build/checkouts/license-kit/Sources/LicenseKit/Persistence/KeychainLicenseActivationStorage.swift:2:8: error: no such module 'Security'
1 | import Foundation
2 | import Security
| `- error: no such module 'Security'
3 |
4 | /// ``LicenseActivationStorage`` backed by the system Keychain.
[30/31] Compiling LicenseKit LicenseValidationResult.swift
/host/spi-builder-workspace/.build/checkouts/license-kit/Sources/LicenseKit/Persistence/KeychainLicenseActivationStorage.swift:2:8: error: no such module 'Security'
1 | import Foundation
2 | import Security
| `- error: no such module 'Security'
3 |
4 | /// ``LicenseActivationStorage`` backed by the system Keychain.
[31/31] Compiling LicenseKit LicenseManager+Activation.swift
/host/spi-builder-workspace/.build/checkouts/license-kit/Sources/LicenseKit/Persistence/KeychainLicenseActivationStorage.swift:2:8: error: no such module 'Security'
1 | import Foundation
2 | import Security
| `- error: no such module 'Security'
3 |
4 | /// ``LicenseActivationStorage`` backed by the system Keychain.
BUILD FAILURE 6.3 linux