Build Information
Failed to build now, reference master (01aca3), with Swift 6.4 for macOS (Xcode) using Xcode 27.0 on 20 Sep 2026 03:49:08 UTC.
Build Command
env DEVELOPER_DIR=/Applications/Xcode-27.0.0-Release.Candidate.app xcrun xcodebuild -IDEClonedSourcePackagesDirPathOverride=$PWD/.dependencies -skipMacroValidation -skipPackagePluginValidation -derivedDataPath $PWD/.derivedData build -scheme now -destination platform=macOS,arch=arm64Build Log
========================================
RunAll
========================================
Builder version: 5.1.0
Interrupt handler set up.
========================================
Checkout
========================================
Clone URL: https://github.com/erica/now.git
Reference: master
Initialized empty Git repository in /Users/admin/builder/spi-builder-workspace/.git/
From https://github.com/erica/now
* branch master -> FETCH_HEAD
* [new branch] master -> origin/master
HEAD is now at 01aca38 Fixed weird Core Location edge case that seems to have changed
Cloned https://github.com/erica/now.git
Revision (git rev-parse @):
01aca38e17395980f59f25aef1f022a5f947682b
SUCCESS checkout https://github.com/erica/now.git at master
========================================
Build
========================================
Selected platform: macosXcodebuild
Swift version: 6.4
Building package at path: $PWD
https://github.com/erica/now.git
Command line invocation:
/Applications/Xcode-27.0.0-Release.Candidate.app/Contents/Developer/usr/bin/xcodebuild -IDEClonedSourcePackagesDirPathOverride=/Users/admin/builder/spi-builder-workspace/.dependencies -resolvePackageDependencies
Resolve Package Graph
Fetching from https://github.com/apple/swift-argument-parser
Creating working copy of package ‘swift-argument-parser’
Checking out 0.0.6 of package ‘swift-argument-parser’
Resolved source packages:
swift-argument-parser: https://github.com/apple/swift-argument-parser @ 0.0.6
resolved source packages: swift-argument-parser
{
"dependencies" : [
{
"identity" : "swift-argument-parser",
"requirement" : {
"exact" : [
"0.0.6"
]
},
"type" : "sourceControl",
"url" : "https://github.com/apple/swift-argument-parser"
}
],
"manifest_display_name" : "now",
"name" : "now",
"path" : "/Users/admin/builder/spi-builder-workspace",
"platforms" : [
{
"name" : "macos",
"version" : "10.12"
}
],
"products" : [
{
"name" : "now",
"targets" : [
"now"
],
"type" : {
"executable" : null
}
}
],
"swift_languages_versions" : [
"5"
],
"targets" : [
{
"c99name" : "now",
"module_type" : "SwiftTarget",
"name" : "now",
"path" : "now",
"product_dependencies" : [
"ArgumentParser"
],
"product_memberships" : [
"now"
],
"sources" : [
"Date+Offsets.swift",
"LocatedTime.swift",
"PlaceFinder.swift",
"Result+Utility.swift",
"RuntimeError.swift",
"main.swift"
],
"type" : "executable"
}
],
"tools_version" : "5.1"
}
{
"project" : {
"configurations" : [
"Debug",
"Release"
],
"name" : "now",
"schemes" : [
"now"
],
"targets" : [
"now"
]
}
}
Running build ...
env DEVELOPER_DIR=/Applications/Xcode-27.0.0-Release.Candidate.app xcrun xcodebuild -IDEClonedSourcePackagesDirPathOverride=$PWD/.dependencies -skipMacroValidation -skipPackagePluginValidation -derivedDataPath $PWD/.derivedData build -scheme now -destination platform=macOS,arch=arm64
Command line invocation:
/Applications/Xcode-27.0.0-Release.Candidate.app/Contents/Developer/usr/bin/xcodebuild -IDEClonedSourcePackagesDirPathOverride=/Users/admin/builder/spi-builder-workspace/.dependencies -skipMacroValidation -skipPackagePluginValidation -derivedDataPath /Users/admin/builder/spi-builder-workspace/.derivedData build -scheme now -destination platform=macOS,arch=arm64
Resolve Package Graph
Resolved source packages:
swift-argument-parser: https://github.com/apple/swift-argument-parser @ 0.0.6
ComputePackagePrebuildTargetDependencyGraph
Prepare packages
CreateBuildRequest
SendProjectDescription
CreateBuildOperation
ComputeTargetDependencyGraph
note: Building targets in dependency order
note: Target dependency graph (3 targets)
Target 'now' in project 'now'
➜ Explicit dependency on target 'ArgumentParser-product' in project 'swift-argument-parser'
Target 'ArgumentParser-product' in project 'swift-argument-parser'
➜ Explicit dependency on target 'ArgumentParser' in project 'swift-argument-parser'
Target 'ArgumentParser' in project 'swift-argument-parser' (no dependencies)
GatherProvisioningInputs
CreateBuildDescription
ExecuteExternalTool /Applications/Xcode-27.0.0-Release.Candidate.app/Contents/Developer/Toolchains/XcodeDefault.xctoolchain/usr/bin/clang -v -E -dM -isysroot /Applications/Xcode-27.0.0-Release.Candidate.app/Contents/Developer/Platforms/MacOSX.platform/Developer/SDKs/MacOSX27.0.sdk -x c -c /dev/null
ExecuteExternalTool /Applications/Xcode-27.0.0-Release.Candidate.app/Contents/Developer/Toolchains/XcodeDefault.xctoolchain/usr/bin/swiftc --version
ExecuteExternalTool /Applications/Xcode-27.0.0-Release.Candidate.app/Contents/Developer/Toolchains/XcodeDefault.xctoolchain/usr/bin/ld -version_details
Build description signature: f86706b0f7b5b2e304426a1b46b1eac7
Build description path: /Users/admin/builder/spi-builder-workspace/.derivedData/Build/Intermediates.noindex/XCBuildData/f86706b0f7b5b2e304426a1b46b1eac7.xcbuilddata
/Users/admin/builder/spi-builder-workspace/now.xcodeproj: error: The macOS deployment target 'MACOSX_DEPLOYMENT_TARGET' is set to 10.15, but the range of supported deployment target versions is 12.0 to 27.0.x. (in target 'now' from project 'now')
note: Disabling hardened runtime with ad-hoc codesigning. (in target 'now' from project 'now')
** BUILD FAILED **
The following build commands failed:
Building project now with scheme now
(1 failure)
Command line invocation:
/Applications/Xcode-27.0.0-Release.Candidate.app/Contents/Developer/usr/bin/xcodebuild -IDEClonedSourcePackagesDirPathOverride=/Users/admin/builder/spi-builder-workspace/.dependencies -resolvePackageDependencies
Resolve Package Graph
Resolved source packages:
swift-argument-parser: https://github.com/apple/swift-argument-parser @ 0.0.6
resolved source packages: swift-argument-parser
{
"dependencies" : [
{
"identity" : "swift-argument-parser",
"requirement" : {
"exact" : [
"0.0.6"
]
},
"type" : "sourceControl",
"url" : "https://github.com/apple/swift-argument-parser"
}
],
"manifest_display_name" : "now",
"name" : "now",
"path" : "/Users/admin/builder/spi-builder-workspace",
"platforms" : [
{
"name" : "macos",
"version" : "10.12"
}
],
"products" : [
{
"name" : "now",
"targets" : [
"now"
],
"type" : {
"executable" : null
}
}
],
"swift_languages_versions" : [
"5"
],
"targets" : [
{
"c99name" : "now",
"module_type" : "SwiftTarget",
"name" : "now",
"path" : "now",
"product_dependencies" : [
"ArgumentParser"
],
"product_memberships" : [
"now"
],
"sources" : [
"Date+Offsets.swift",
"LocatedTime.swift",
"PlaceFinder.swift",
"Result+Utility.swift",
"RuntimeError.swift",
"main.swift"
],
"type" : "executable"
}
],
"tools_version" : "5.1"
}
{
"project" : {
"configurations" : [
"Debug",
"Release"
],
"name" : "now",
"schemes" : [
"now"
],
"targets" : [
"now"
]
}
}
Running build ...
env DEVELOPER_DIR=/Applications/Xcode-27.0.0-Release.Candidate.app xcrun xcodebuild -IDEClonedSourcePackagesDirPathOverride=$PWD/.dependencies -skipMacroValidation -skipPackagePluginValidation -derivedDataPath $PWD/.derivedData build -scheme now -destination platform=macOS,arch=arm64
Command line invocation:
/Applications/Xcode-27.0.0-Release.Candidate.app/Contents/Developer/usr/bin/xcodebuild -IDEClonedSourcePackagesDirPathOverride=/Users/admin/builder/spi-builder-workspace/.dependencies -skipMacroValidation -skipPackagePluginValidation -derivedDataPath /Users/admin/builder/spi-builder-workspace/.derivedData build -scheme now -destination platform=macOS,arch=arm64
Resolve Package Graph
Resolved source packages:
swift-argument-parser: https://github.com/apple/swift-argument-parser @ 0.0.6
ComputePackagePrebuildTargetDependencyGraph
Prepare packages
CreateBuildRequest
SendProjectDescription
CreateBuildOperation
ComputeTargetDependencyGraph
note: Building targets in dependency order
note: Target dependency graph (3 targets)
Target 'now' in project 'now'
➜ Explicit dependency on target 'ArgumentParser-product' in project 'swift-argument-parser'
Target 'ArgumentParser-product' in project 'swift-argument-parser'
➜ Explicit dependency on target 'ArgumentParser' in project 'swift-argument-parser'
Target 'ArgumentParser' in project 'swift-argument-parser' (no dependencies)
GatherProvisioningInputs
CreateBuildDescription
/Users/admin/builder/spi-builder-workspace/now.xcodeproj: error: The macOS deployment target 'MACOSX_DEPLOYMENT_TARGET' is set to 10.15, but the range of supported deployment target versions is 12.0 to 27.0.x. (in target 'now' from project 'now')
note: Disabling hardened runtime with ad-hoc codesigning. (in target 'now' from project 'now')
** BUILD FAILED **
The following build commands failed:
Building project now with scheme now
(1 failure)
BUILD FAILURE 6.4 macosXcodebuild