Build Information
Failed to build SwiftMoLogger, reference 4.6.0 (f626c3), with Swift 6.3 for Linux on 9 Oct 2026 16:50:32 UTC.
Build Command
bash -c docker run --pull=always --rm -v "checkouts-54344843-1":/host -w "$PWD" -e JAVA_HOME="/root/.sdkman/candidates/java/current" -e SPI_BUILD="1" -e SPI_PROCESSING="1" registry.gitlab.com/saguaro1/spi-images:basic-6.3-latest swift build --triple x86_64-unknown-linux-gnu 2>&1Build Log
========================================
RunAll
========================================
Builder version: 5.1.1
Interrupt handler set up.
========================================
Checkout
========================================
Clone URL: https://github.com/MoElnaggar14/SwiftMoLogger.git
Reference: 4.6.0
Initialized empty Git repository in /host/spi-builder-workspace/.git/
hint: Using 'master' as the name for the initial branch. This default branch name
hint: is subject to change. To configure the initial branch name to use in all
hint: of your new repositories, which will suppress this warning, call:
hint:
hint: git config --global init.defaultBranch <name>
hint:
hint: Names commonly chosen instead of 'master' are 'main', 'trunk' and
hint: 'development'. The just-created branch can be renamed via this command:
hint:
hint: git branch -m <name>
From https://github.com/MoElnaggar14/SwiftMoLogger
* tag 4.6.0 -> FETCH_HEAD
HEAD is now at f626c3b chore(release): 4.6.0 (#62)
Cloned https://github.com/MoElnaggar14/SwiftMoLogger.git
Revision (git rev-parse @):
f626c3bd03f2c458b4e37adde307f56d457b9a12
SUCCESS checkout https://github.com/MoElnaggar14/SwiftMoLogger.git at 4.6.0
========================================
Build
========================================
Selected platform: linux
Swift version: 6.3
Building package at path: $PWD
https://github.com/MoElnaggar14/SwiftMoLogger.git
Running build ...
bash -c docker run --pull=always --rm -v "checkouts-54344843-1":/host -w "$PWD" -e JAVA_HOME="/root/.sdkman/candidates/java/current" -e SPI_BUILD="1" -e SPI_PROCESSING="1" registry.gitlab.com/saguaro1/spi-images:basic-6.3-latest swift build --triple x86_64-unknown-linux-gnu 2>&1
basic-6.3-latest: Pulling from saguaro1/spi-images
Digest: sha256:3ca70b9b8664d81efdd98fa96053b1e7cad14580e7715018d5ab4380e807ba72
Status: Image is up to date for registry.gitlab.com/saguaro1/spi-images:basic-6.3-latest
Fetching https://github.com/swiftlang/swift-syntax.git
Fetching https://github.com/apple/swift-log.git
[1/8257] Fetching swift-log
[8258/88660] Fetching swift-log, swift-syntax
Fetched https://github.com/apple/swift-log.git from cache (3.89s)
Fetched https://github.com/swiftlang/swift-syntax.git from cache (3.91s)
Computing version for https://github.com/apple/swift-log.git
Computed https://github.com/apple/swift-log.git at 1.16.1 (4.09s)
Computing version for https://github.com/swiftlang/swift-syntax.git
Computed https://github.com/swiftlang/swift-syntax.git at 604.0.0 (1.05s)
Creating working copy for https://github.com/swiftlang/swift-syntax.git
Working copy of https://github.com/swiftlang/swift-syntax.git resolved at 604.0.0
Creating working copy for https://github.com/apple/swift-log.git
Working copy of https://github.com/apple/swift-log.git resolved at 1.16.1
Building for debugging...
[0/74] Write sources
[11/74] Copying PrivacyInfo.xcprivacy
[11/74] Copying Info.plist
[11/74] Copying PrivacyInfo.xcprivacy
[11/74] Copying Info.plist
[11/74] Copying PrivacyInfo.xcprivacy
[11/74] Copying Info.plist
[15/74] Write sources
[18/74] Copying PrivacyInfo.xcprivacy
[18/74] Copying Info.plist
[20/74] Write sources
[47/74] Compiling _SwiftSyntaxCShims PlatformMutex.c
[48/74] Write swift-version-24593BA9C3E375BF.txt
[50/90] Emitting module SwiftSyntax601
error: emit-module command failed with exit code 1 (use -v to see invocation)
[51/90] Emitting module SwiftMoLoggerInspector
/host/spi-builder-workspace/Sources/SwiftMoLoggerInspector/Inspector.swift:2:8: error: no such module 'Network'
1 | import Foundation
2 | import Network
| `- error: no such module 'Network'
3 |
4 | /// `swiftmologger-inspector` — discovers iOS / macOS devices running a
[52/90] Compiling SwiftSyntax509 Empty.swift
[53/90] Emitting module SwiftSyntax509
[55/91] Compiling SwiftSyntax602 Empty.swift
[56/91] Emitting module SwiftSyntax602
[58/93] Emitting module SwiftSyntax603
[59/93] Compiling SwiftSyntax603 Empty.swift
[60/94] Emitting module SwiftSyntax510
[61/94] Compiling SwiftSyntax510 Empty.swift
[64/95] Compiling SwiftSyntax600 Empty.swift
[65/95] Emitting module SwiftSyntax600
[67/96] Compiling SwiftSyntax601 Empty.swift
[68/96] Compiling SwiftSyntax604 Empty.swift
[69/96] Emitting module SwiftSyntax604
[71/117] Wrapping AST for SwiftSyntax603 for debugging
[72/120] Wrapping AST for SwiftSyntax601 for debugging
[73/120] Wrapping AST for SwiftSyntax602 for debugging
[74/120] Wrapping AST for SwiftSyntax604 for debugging
[75/120] Wrapping AST for SwiftSyntax600 for debugging
[76/127] Wrapping AST for SwiftSyntax510 for debugging
[77/134] Wrapping AST for SwiftSyntax509 for debugging
[79/267] Compiling Logging LoggingSystem.swift
[80/268] Compiling SwiftSyntax Utils.swift
[81/268] Compiling SwiftSyntax ChildNameForKeyPath.swift
[82/269] Compiling Logging Logger+With.swift
[83/269] Compiling Logging LoggingSystem.swift
[84/269] Compiling Logging Logger.swift
[85/269] Compiling Logging Logger+Attributes.swift
[86/269] Compiling SwiftSyntax Keyword.swift
[87/269] Compiling SwiftSyntax RenamedChildrenCompatibility.swift
[88/269] Compiling Logging Logger+Attributes.swift
[89/269] Compiling SwiftSyntax RenamedNodesCompatibility.swift
[90/269] Compiling SwiftSyntax SyntaxAnyVisitor.swift
[93/269] Compiling Logging MetadataProvider.swift
[97/269] Emitting module Logging
[98/269] Compiling Logging Logger+With.swift
[99/269] Compiling Logging Logger.swift
[100/270] Compiling SwiftMoLoggerInspector Inspector.swift
/host/spi-builder-workspace/Sources/SwiftMoLoggerInspector/Inspector.swift:2:8: error: no such module 'Network'
1 | import Foundation
2 | import Network
| `- error: no such module 'Network'
3 |
4 | /// `swiftmologger-inspector` — discovers iOS / macOS devices running a
BUILD FAILURE 6.3 linux