Build Information
Failed to build ShaderKit, reference 1.3.0 (0f4f5b), with Swift 6.4 for visionOS using Xcode 27.0 on 26 Sep 2026 12:26:42 UTC.
Build Command
env DEVELOPER_DIR=/Applications/Xcode-27.0.0-Release.Candidate.app xcrun xcodebuild -IDEClonedSourcePackagesDirPathOverride=$PWD/.dependencies -skipMacroValidation -skipPackagePluginValidation -derivedDataPath $PWD/.derivedData build -scheme ShaderKit-Package -destination generic/platform=xrOSBuild Log
WriteAuxiliaryFile /Users/admin/builder/spi-builder-workspace/.derivedData/Build/Intermediates.noindex/ShaderKit.build/Debug-xros/ShaderKit-t.build/Objects-normal/arm64/ShaderKit_const_extract_protocols.json (in target 'ShaderKit' from project 'ShaderKit')
cd /Users/admin/builder/spi-builder-workspace
write-file /Users/admin/builder/spi-builder-workspace/.derivedData/Build/Intermediates.noindex/ShaderKit.build/Debug-xros/ShaderKit-t.build/Objects-normal/arm64/ShaderKit_const_extract_protocols.json
WriteAuxiliaryFile /Users/admin/builder/spi-builder-workspace/.derivedData/Build/Intermediates.noindex/ShaderKit.build/Debug-xros/ShaderKit-t.build/Objects-normal/arm64/ShaderKit.SwiftFileList (in target 'ShaderKit' from project 'ShaderKit')
cd /Users/admin/builder/spi-builder-workspace
write-file /Users/admin/builder/spi-builder-workspace/.derivedData/Build/Intermediates.noindex/ShaderKit.build/Debug-xros/ShaderKit-t.build/Objects-normal/arm64/ShaderKit.SwiftFileList
WriteAuxiliaryFile /Users/admin/builder/spi-builder-workspace/.derivedData/Build/Intermediates.noindex/ShaderKit.build/Debug-xros/ShaderKit-t.build/Objects-normal/arm64/ShaderKit.SwiftConstValuesFileList (in target 'ShaderKit' from project 'ShaderKit')
cd /Users/admin/builder/spi-builder-workspace
write-file /Users/admin/builder/spi-builder-workspace/.derivedData/Build/Intermediates.noindex/ShaderKit.build/Debug-xros/ShaderKit-t.build/Objects-normal/arm64/ShaderKit.SwiftConstValuesFileList
WriteAuxiliaryFile /Users/admin/builder/spi-builder-workspace/.derivedData/Build/Intermediates.noindex/ShaderKit.build/Debug-xros/ShaderKit-t.build/Objects-normal/arm64/ShaderKit.LinkFileList (in target 'ShaderKit' from project 'ShaderKit')
cd /Users/admin/builder/spi-builder-workspace
write-file /Users/admin/builder/spi-builder-workspace/.derivedData/Build/Intermediates.noindex/ShaderKit.build/Debug-xros/ShaderKit-t.build/Objects-normal/arm64/ShaderKit.LinkFileList
WriteAuxiliaryFile /Users/admin/builder/spi-builder-workspace/.derivedData/Build/Intermediates.noindex/ShaderKit.build/Debug-xros/ShaderKit-t.build/Objects-normal/arm64/ShaderKit-OutputFileMap.json (in target 'ShaderKit' from project 'ShaderKit')
cd /Users/admin/builder/spi-builder-workspace
write-file /Users/admin/builder/spi-builder-workspace/.derivedData/Build/Intermediates.noindex/ShaderKit.build/Debug-xros/ShaderKit-t.build/Objects-normal/arm64/ShaderKit-OutputFileMap.json
WriteAuxiliaryFile /Users/admin/builder/spi-builder-workspace/.derivedData/Build/Intermediates.noindex/ShaderKit.build/Debug-xros/ShaderKit-t.build/DerivedSources/resource_bundle_accessor.swift (in target 'ShaderKit' from project 'ShaderKit')
cd /Users/admin/builder/spi-builder-workspace
write-file /Users/admin/builder/spi-builder-workspace/.derivedData/Build/Intermediates.noindex/ShaderKit.build/Debug-xros/ShaderKit-t.build/DerivedSources/resource_bundle_accessor.swift
WriteAuxiliaryFile /Users/admin/builder/spi-builder-workspace/.derivedData/Build/Intermediates.noindex/ShaderKit.build/Debug-xros/ShaderCardsDemo-p.build/ShaderCardsDemo.DependencyStaticMetadataFileList (in target 'ShaderCardsDemo-product' from project 'ShaderKit')
cd /Users/admin/builder/spi-builder-workspace
write-file /Users/admin/builder/spi-builder-workspace/.derivedData/Build/Intermediates.noindex/ShaderKit.build/Debug-xros/ShaderCardsDemo-p.build/ShaderCardsDemo.DependencyStaticMetadataFileList
WriteAuxiliaryFile /Users/admin/builder/spi-builder-workspace/.derivedData/Build/Intermediates.noindex/ShaderKit.build/Debug-xros/ShaderCardsDemo-p.build/ShaderCardsDemo.DependencyMetadataFileList (in target 'ShaderCardsDemo-product' from project 'ShaderKit')
cd /Users/admin/builder/spi-builder-workspace
write-file /Users/admin/builder/spi-builder-workspace/.derivedData/Build/Intermediates.noindex/ShaderKit.build/Debug-xros/ShaderCardsDemo-p.build/ShaderCardsDemo.DependencyMetadataFileList
Copy /Users/admin/builder/spi-builder-workspace/.derivedData/Build/Intermediates.noindex/GeneratedModuleMaps-xros/ShaderKit.modulemap /Users/admin/builder/spi-builder-workspace/.derivedData/Build/Intermediates.noindex/ShaderKit.build/Debug-xros/ShaderKit-t.build/ShaderKit.modulemap (in target 'ShaderKit' from project 'ShaderKit')
cd /Users/admin/builder/spi-builder-workspace
builtin-copy -exclude .DS_Store -exclude CVS -exclude .svn -exclude .git -exclude .hg -resolve-src-symlinks /Users/admin/builder/spi-builder-workspace/.derivedData/Build/Intermediates.noindex/ShaderKit.build/Debug-xros/ShaderKit-t.build/ShaderKit.modulemap /Users/admin/builder/spi-builder-workspace/.derivedData/Build/Intermediates.noindex/GeneratedModuleMaps-xros
WriteAuxiliaryFile /Users/admin/builder/spi-builder-workspace/.derivedData/Build/Intermediates.noindex/ShaderKit.build/Debug-xros/ShaderCardsDemo-p.build/Objects-normal/arm64/ShaderCardsDemo_const_extract_protocols.json (in target 'ShaderCardsDemo-product' from project 'ShaderKit')
cd /Users/admin/builder/spi-builder-workspace
write-file /Users/admin/builder/spi-builder-workspace/.derivedData/Build/Intermediates.noindex/ShaderKit.build/Debug-xros/ShaderCardsDemo-p.build/Objects-normal/arm64/ShaderCardsDemo_const_extract_protocols.json
WriteAuxiliaryFile /Users/admin/builder/spi-builder-workspace/.derivedData/Build/Intermediates.noindex/ShaderKit.build/Debug-xros/ShaderCardsDemo-p.build/Objects-normal/arm64/ShaderCardsDemo.SwiftFileList (in target 'ShaderCardsDemo-product' from project 'ShaderKit')
cd /Users/admin/builder/spi-builder-workspace
write-file /Users/admin/builder/spi-builder-workspace/.derivedData/Build/Intermediates.noindex/ShaderKit.build/Debug-xros/ShaderCardsDemo-p.build/Objects-normal/arm64/ShaderCardsDemo.SwiftFileList
WriteAuxiliaryFile /Users/admin/builder/spi-builder-workspace/.derivedData/Build/Intermediates.noindex/ShaderKit.build/Debug-xros/ShaderCardsDemo-p.build/Objects-normal/arm64/ShaderCardsDemo.LinkFileList (in target 'ShaderCardsDemo-product' from project 'ShaderKit')
cd /Users/admin/builder/spi-builder-workspace
write-file /Users/admin/builder/spi-builder-workspace/.derivedData/Build/Intermediates.noindex/ShaderKit.build/Debug-xros/ShaderCardsDemo-p.build/Objects-normal/arm64/ShaderCardsDemo.LinkFileList
WriteAuxiliaryFile /Users/admin/builder/spi-builder-workspace/.derivedData/Build/Intermediates.noindex/ShaderKit.build/Debug-xros/ShaderCardsDemo-p.build/Objects-normal/arm64/ShaderCardsDemo-OutputFileMap.json (in target 'ShaderCardsDemo-product' from project 'ShaderKit')
cd /Users/admin/builder/spi-builder-workspace
write-file /Users/admin/builder/spi-builder-workspace/.derivedData/Build/Intermediates.noindex/ShaderKit.build/Debug-xros/ShaderCardsDemo-p.build/Objects-normal/arm64/ShaderCardsDemo-OutputFileMap.json
WriteAuxiliaryFile /Users/admin/builder/spi-builder-workspace/.derivedData/Build/Intermediates.noindex/ShaderKit.build/Debug-xros/ShaderCards-t.build/ShaderCards.DependencyStaticMetadataFileList (in target 'ShaderCards' from project 'ShaderKit')
cd /Users/admin/builder/spi-builder-workspace
write-file /Users/admin/builder/spi-builder-workspace/.derivedData/Build/Intermediates.noindex/ShaderKit.build/Debug-xros/ShaderCards-t.build/ShaderCards.DependencyStaticMetadataFileList
WriteAuxiliaryFile /Users/admin/builder/spi-builder-workspace/.derivedData/Build/Intermediates.noindex/ShaderKit.build/Debug-xros/ShaderCards-t.build/ShaderCards.modulemap (in target 'ShaderCards' from project 'ShaderKit')
cd /Users/admin/builder/spi-builder-workspace
write-file /Users/admin/builder/spi-builder-workspace/.derivedData/Build/Intermediates.noindex/ShaderKit.build/Debug-xros/ShaderCards-t.build/ShaderCards.modulemap
WriteAuxiliaryFile /Users/admin/builder/spi-builder-workspace/.derivedData/Build/Intermediates.noindex/ShaderKit.build/Debug-xros/ShaderCards-t.build/ShaderCards.DependencyMetadataFileList (in target 'ShaderCards' from project 'ShaderKit')
cd /Users/admin/builder/spi-builder-workspace
write-file /Users/admin/builder/spi-builder-workspace/.derivedData/Build/Intermediates.noindex/ShaderKit.build/Debug-xros/ShaderCards-t.build/ShaderCards.DependencyMetadataFileList
WriteAuxiliaryFile /Users/admin/builder/spi-builder-workspace/.derivedData/Build/Intermediates.noindex/ShaderKit.build/Debug-xros/ShaderCards-t.build/Objects-normal/arm64/ShaderCards_const_extract_protocols.json (in target 'ShaderCards' from project 'ShaderKit')
cd /Users/admin/builder/spi-builder-workspace
write-file /Users/admin/builder/spi-builder-workspace/.derivedData/Build/Intermediates.noindex/ShaderKit.build/Debug-xros/ShaderCards-t.build/Objects-normal/arm64/ShaderCards_const_extract_protocols.json
WriteAuxiliaryFile /Users/admin/builder/spi-builder-workspace/.derivedData/Build/Intermediates.noindex/ShaderKit.build/Debug-xros/ShaderCards-t.build/Objects-normal/arm64/ShaderCards.SwiftFileList (in target 'ShaderCards' from project 'ShaderKit')
cd /Users/admin/builder/spi-builder-workspace
write-file /Users/admin/builder/spi-builder-workspace/.derivedData/Build/Intermediates.noindex/ShaderKit.build/Debug-xros/ShaderCards-t.build/Objects-normal/arm64/ShaderCards.SwiftFileList
WriteAuxiliaryFile /Users/admin/builder/spi-builder-workspace/.derivedData/Build/Intermediates.noindex/ShaderKit.build/Debug-xros/ShaderCards-t.build/Objects-normal/arm64/ShaderCards.LinkFileList (in target 'ShaderCards' from project 'ShaderKit')
cd /Users/admin/builder/spi-builder-workspace
write-file /Users/admin/builder/spi-builder-workspace/.derivedData/Build/Intermediates.noindex/ShaderKit.build/Debug-xros/ShaderCards-t.build/Objects-normal/arm64/ShaderCards.LinkFileList
WriteAuxiliaryFile /Users/admin/builder/spi-builder-workspace/.derivedData/Build/Intermediates.noindex/ShaderKit.build/Debug-xros/ShaderCards-t.build/Objects-normal/arm64/ShaderCards-OutputFileMap.json (in target 'ShaderCards' from project 'ShaderKit')
cd /Users/admin/builder/spi-builder-workspace
write-file /Users/admin/builder/spi-builder-workspace/.derivedData/Build/Intermediates.noindex/ShaderKit.build/Debug-xros/ShaderCards-t.build/Objects-normal/arm64/ShaderCards-OutputFileMap.json
WriteAuxiliaryFile /Users/admin/builder/spi-builder-workspace/.derivedData/Build/Intermediates.noindex/ShaderKit.build/Debug-xros/ShaderCards-t.build/Objects-normal/arm64/ShaderCards.SwiftConstValuesFileList (in target 'ShaderCards' from project 'ShaderKit')
cd /Users/admin/builder/spi-builder-workspace
write-file /Users/admin/builder/spi-builder-workspace/.derivedData/Build/Intermediates.noindex/ShaderKit.build/Debug-xros/ShaderCards-t.build/Objects-normal/arm64/ShaderCards.SwiftConstValuesFileList
Copy /Users/admin/builder/spi-builder-workspace/.derivedData/Build/Intermediates.noindex/GeneratedModuleMaps-xros/ShaderCards.modulemap /Users/admin/builder/spi-builder-workspace/.derivedData/Build/Intermediates.noindex/ShaderKit.build/Debug-xros/ShaderCards-t.build/ShaderCards.modulemap (in target 'ShaderCards' from project 'ShaderKit')
cd /Users/admin/builder/spi-builder-workspace
builtin-copy -exclude .DS_Store -exclude CVS -exclude .svn -exclude .git -exclude .hg -resolve-src-symlinks /Users/admin/builder/spi-builder-workspace/.derivedData/Build/Intermediates.noindex/ShaderKit.build/Debug-xros/ShaderCards-t.build/ShaderCards.modulemap /Users/admin/builder/spi-builder-workspace/.derivedData/Build/Intermediates.noindex/GeneratedModuleMaps-xros
ProcessInfoPlistFile /Users/admin/builder/spi-builder-workspace/.derivedData/Build/Products/Debug-xros/ShaderKit_ShaderKit.bundle/Info.plist /Users/admin/builder/spi-builder-workspace/.derivedData/Build/Intermediates.noindex/ShaderKit.build/Debug-xros/ShaderKit_ShaderKit-b.build/empty-ShaderKit_ShaderKit.plist (in target 'ShaderKit_ShaderKit' from project 'ShaderKit')
cd /Users/admin/builder/spi-builder-workspace
builtin-infoPlistUtility /Users/admin/builder/spi-builder-workspace/.derivedData/Build/Intermediates.noindex/ShaderKit.build/Debug-xros/ShaderKit_ShaderKit-b.build/empty-ShaderKit_ShaderKit.plist -producttype com.apple.product-type.bundle -expandbuildsettings -format binary -platform xros -o /Users/admin/builder/spi-builder-workspace/.derivedData/Build/Products/Debug-xros/ShaderKit_ShaderKit.bundle/Info.plist
CompileMetalFile /Users/admin/builder/spi-builder-workspace/Sources/ShaderKit/Shaders/SnowfallShader.metal (in target 'ShaderKit_ShaderKit' from project 'ShaderKit')
cd /Users/admin/builder/spi-builder-workspace
/var/run/com.apple.security.cryptexd/mnt/com.apple.MobileAsset.MetalToolchain-v27.1.266.1.Ne3FJP/Metal.xctoolchain/usr/bin/metal -c -target air64-apple-xros1.0 -I/Users/admin/builder/spi-builder-workspace/.derivedData/Build/Products/Debug-xros/include -F/Users/admin/builder/spi-builder-workspace/.derivedData/Build/Products/Debug-xros -isysroot /Applications/Xcode-27.0.0-Release.Candidate.app/Contents/Developer/Platforms/XROS.platform/Developer/SDKs/XROS27.0.sdk -fmetal-math-mode\=fast -fmetal-math-fp32-functions\=fast -serialize-diagnostics /Users/admin/builder/spi-builder-workspace/.derivedData/Build/Intermediates.noindex/ShaderKit.build/Debug-xros/ShaderKit_ShaderKit-b.build/Metal/SnowfallShader.dia -o /Users/admin/builder/spi-builder-workspace/.derivedData/Build/Intermediates.noindex/ShaderKit.build/Debug-xros/ShaderKit_ShaderKit-b.build/Metal/SnowfallShader.air -MMD -MT dependencies -MF /Users/admin/builder/spi-builder-workspace/.derivedData/Build/Intermediates.noindex/ShaderKit.build/Debug-xros/ShaderKit_ShaderKit-b.build/Metal/SnowfallShader.dat /Users/admin/builder/spi-builder-workspace/Sources/ShaderKit/Shaders/SnowfallShader.metal
CompileMetalFile /Users/admin/builder/spi-builder-workspace/Sources/ShaderKit/Shaders/WaterShader.metal (in target 'ShaderKit_ShaderKit' from project 'ShaderKit')
cd /Users/admin/builder/spi-builder-workspace
/var/run/com.apple.security.cryptexd/mnt/com.apple.MobileAsset.MetalToolchain-v27.1.266.1.Ne3FJP/Metal.xctoolchain/usr/bin/metal -c -target air64-apple-xros1.0 -I/Users/admin/builder/spi-builder-workspace/.derivedData/Build/Products/Debug-xros/include -F/Users/admin/builder/spi-builder-workspace/.derivedData/Build/Products/Debug-xros -isysroot /Applications/Xcode-27.0.0-Release.Candidate.app/Contents/Developer/Platforms/XROS.platform/Developer/SDKs/XROS27.0.sdk -fmetal-math-mode\=fast -fmetal-math-fp32-functions\=fast -serialize-diagnostics /Users/admin/builder/spi-builder-workspace/.derivedData/Build/Intermediates.noindex/ShaderKit.build/Debug-xros/ShaderKit_ShaderKit-b.build/Metal/WaterShader.dia -o /Users/admin/builder/spi-builder-workspace/.derivedData/Build/Intermediates.noindex/ShaderKit.build/Debug-xros/ShaderKit_ShaderKit-b.build/Metal/WaterShader.air -MMD -MT dependencies -MF /Users/admin/builder/spi-builder-workspace/.derivedData/Build/Intermediates.noindex/ShaderKit.build/Debug-xros/ShaderKit_ShaderKit-b.build/Metal/WaterShader.dat /Users/admin/builder/spi-builder-workspace/Sources/ShaderKit/Shaders/WaterShader.metal
CompileMetalFile /Users/admin/builder/spi-builder-workspace/Sources/ShaderKit/Shaders/ShinyRareShader.metal (in target 'ShaderKit_ShaderKit' from project 'ShaderKit')
cd /Users/admin/builder/spi-builder-workspace
/var/run/com.apple.security.cryptexd/mnt/com.apple.MobileAsset.MetalToolchain-v27.1.266.1.Ne3FJP/Metal.xctoolchain/usr/bin/metal -c -target air64-apple-xros1.0 -I/Users/admin/builder/spi-builder-workspace/.derivedData/Build/Products/Debug-xros/include -F/Users/admin/builder/spi-builder-workspace/.derivedData/Build/Products/Debug-xros -isysroot /Applications/Xcode-27.0.0-Release.Candidate.app/Contents/Developer/Platforms/XROS.platform/Developer/SDKs/XROS27.0.sdk -fmetal-math-mode\=fast -fmetal-math-fp32-functions\=fast -serialize-diagnostics /Users/admin/builder/spi-builder-workspace/.derivedData/Build/Intermediates.noindex/ShaderKit.build/Debug-xros/ShaderKit_ShaderKit-b.build/Metal/ShinyRareShader.dia -o /Users/admin/builder/spi-builder-workspace/.derivedData/Build/Intermediates.noindex/ShaderKit.build/Debug-xros/ShaderKit_ShaderKit-b.build/Metal/ShinyRareShader.air -MMD -MT dependencies -MF /Users/admin/builder/spi-builder-workspace/.derivedData/Build/Intermediates.noindex/ShaderKit.build/Debug-xros/ShaderKit_ShaderKit-b.build/Metal/ShinyRareShader.dat /Users/admin/builder/spi-builder-workspace/Sources/ShaderKit/Shaders/ShinyRareShader.metal
CompileMetalFile /Users/admin/builder/spi-builder-workspace/Sources/ShaderKit/Shaders/SpiralRingsShader.metal (in target 'ShaderKit_ShaderKit' from project 'ShaderKit')
cd /Users/admin/builder/spi-builder-workspace
/var/run/com.apple.security.cryptexd/mnt/com.apple.MobileAsset.MetalToolchain-v27.1.266.1.Ne3FJP/Metal.xctoolchain/usr/bin/metal -c -target air64-apple-xros1.0 -I/Users/admin/builder/spi-builder-workspace/.derivedData/Build/Products/Debug-xros/include -F/Users/admin/builder/spi-builder-workspace/.derivedData/Build/Products/Debug-xros -isysroot /Applications/Xcode-27.0.0-Release.Candidate.app/Contents/Developer/Platforms/XROS.platform/Developer/SDKs/XROS27.0.sdk -fmetal-math-mode\=fast -fmetal-math-fp32-functions\=fast -serialize-diagnostics /Users/admin/builder/spi-builder-workspace/.derivedData/Build/Intermediates.noindex/ShaderKit.build/Debug-xros/ShaderKit_ShaderKit-b.build/Metal/SpiralRingsShader.dia -o /Users/admin/builder/spi-builder-workspace/.derivedData/Build/Intermediates.noindex/ShaderKit.build/Debug-xros/ShaderKit_ShaderKit-b.build/Metal/SpiralRingsShader.air -MMD -MT dependencies -MF /Users/admin/builder/spi-builder-workspace/.derivedData/Build/Intermediates.noindex/ShaderKit.build/Debug-xros/ShaderKit_ShaderKit-b.build/Metal/SpiralRingsShader.dat /Users/admin/builder/spi-builder-workspace/Sources/ShaderKit/Shaders/SpiralRingsShader.metal
CompileMetalFile /Users/admin/builder/spi-builder-workspace/Sources/ShaderKit/Shaders/ThermostatShaders.metal (in target 'ShaderKit_ShaderKit' from project 'ShaderKit')
cd /Users/admin/builder/spi-builder-workspace
/var/run/com.apple.security.cryptexd/mnt/com.apple.MobileAsset.MetalToolchain-v27.1.266.1.Ne3FJP/Metal.xctoolchain/usr/bin/metal -c -target air64-apple-xros1.0 -I/Users/admin/builder/spi-builder-workspace/.derivedData/Build/Products/Debug-xros/include -F/Users/admin/builder/spi-builder-workspace/.derivedData/Build/Products/Debug-xros -isysroot /Applications/Xcode-27.0.0-Release.Candidate.app/Contents/Developer/Platforms/XROS.platform/Developer/SDKs/XROS27.0.sdk -fmetal-math-mode\=fast -fmetal-math-fp32-functions\=fast -serialize-diagnostics /Users/admin/builder/spi-builder-workspace/.derivedData/Build/Intermediates.noindex/ShaderKit.build/Debug-xros/ShaderKit_ShaderKit-b.build/Metal/ThermostatShaders.dia -o /Users/admin/builder/spi-builder-workspace/.derivedData/Build/Intermediates.noindex/ShaderKit.build/Debug-xros/ShaderKit_ShaderKit-b.build/Metal/ThermostatShaders.air -MMD -MT dependencies -MF /Users/admin/builder/spi-builder-workspace/.derivedData/Build/Intermediates.noindex/ShaderKit.build/Debug-xros/ShaderKit_ShaderKit-b.build/Metal/ThermostatShaders.dat /Users/admin/builder/spi-builder-workspace/Sources/ShaderKit/Shaders/ThermostatShaders.metal
CompileMetalFile /Users/admin/builder/spi-builder-workspace/Sources/ShaderKit/Shaders/SubtleGradientShader.metal (in target 'ShaderKit_ShaderKit' from project 'ShaderKit')
cd /Users/admin/builder/spi-builder-workspace
/var/run/com.apple.security.cryptexd/mnt/com.apple.MobileAsset.MetalToolchain-v27.1.266.1.Ne3FJP/Metal.xctoolchain/usr/bin/metal -c -target air64-apple-xros1.0 -I/Users/admin/builder/spi-builder-workspace/.derivedData/Build/Products/Debug-xros/include -F/Users/admin/builder/spi-builder-workspace/.derivedData/Build/Products/Debug-xros -isysroot /Applications/Xcode-27.0.0-Release.Candidate.app/Contents/Developer/Platforms/XROS.platform/Developer/SDKs/XROS27.0.sdk -fmetal-math-mode\=fast -fmetal-math-fp32-functions\=fast -serialize-diagnostics /Users/admin/builder/spi-builder-workspace/.derivedData/Build/Intermediates.noindex/ShaderKit.build/Debug-xros/ShaderKit_ShaderKit-b.build/Metal/SubtleGradientShader.dia -o /Users/admin/builder/spi-builder-workspace/.derivedData/Build/Intermediates.noindex/ShaderKit.build/Debug-xros/ShaderKit_ShaderKit-b.build/Metal/SubtleGradientShader.air -MMD -MT dependencies -MF /Users/admin/builder/spi-builder-workspace/.derivedData/Build/Intermediates.noindex/ShaderKit.build/Debug-xros/ShaderKit_ShaderKit-b.build/Metal/SubtleGradientShader.dat /Users/admin/builder/spi-builder-workspace/Sources/ShaderKit/Shaders/SubtleGradientShader.metal
CompileMetalFile /Users/admin/builder/spi-builder-workspace/Sources/ShaderKit/Shaders/TradingCardHoloShaders.metal (in target 'ShaderKit_ShaderKit' from project 'ShaderKit')
cd /Users/admin/builder/spi-builder-workspace
/var/run/com.apple.security.cryptexd/mnt/com.apple.MobileAsset.MetalToolchain-v27.1.266.1.Ne3FJP/Metal.xctoolchain/usr/bin/metal -c -target air64-apple-xros1.0 -I/Users/admin/builder/spi-builder-workspace/.derivedData/Build/Products/Debug-xros/include -F/Users/admin/builder/spi-builder-workspace/.derivedData/Build/Products/Debug-xros -isysroot /Applications/Xcode-27.0.0-Release.Candidate.app/Contents/Developer/Platforms/XROS.platform/Developer/SDKs/XROS27.0.sdk -fmetal-math-mode\=fast -fmetal-math-fp32-functions\=fast -serialize-diagnostics /Users/admin/builder/spi-builder-workspace/.derivedData/Build/Intermediates.noindex/ShaderKit.build/Debug-xros/ShaderKit_ShaderKit-b.build/Metal/TradingCardHoloShaders.dia -o /Users/admin/builder/spi-builder-workspace/.derivedData/Build/Intermediates.noindex/ShaderKit.build/Debug-xros/ShaderKit_ShaderKit-b.build/Metal/TradingCardHoloShaders.air -MMD -MT dependencies -MF /Users/admin/builder/spi-builder-workspace/.derivedData/Build/Intermediates.noindex/ShaderKit.build/Debug-xros/ShaderKit_ShaderKit-b.build/Metal/TradingCardHoloShaders.dat /Users/admin/builder/spi-builder-workspace/Sources/ShaderKit/Shaders/TradingCardHoloShaders.metal
CompileMetalFile /Users/admin/builder/spi-builder-workspace/Sources/ShaderKit/Shaders/StarburstShaders.metal (in target 'ShaderKit_ShaderKit' from project 'ShaderKit')
cd /Users/admin/builder/spi-builder-workspace
/var/run/com.apple.security.cryptexd/mnt/com.apple.MobileAsset.MetalToolchain-v27.1.266.1.Ne3FJP/Metal.xctoolchain/usr/bin/metal -c -target air64-apple-xros1.0 -I/Users/admin/builder/spi-builder-workspace/.derivedData/Build/Products/Debug-xros/include -F/Users/admin/builder/spi-builder-workspace/.derivedData/Build/Products/Debug-xros -isysroot /Applications/Xcode-27.0.0-Release.Candidate.app/Contents/Developer/Platforms/XROS.platform/Developer/SDKs/XROS27.0.sdk -fmetal-math-mode\=fast -fmetal-math-fp32-functions\=fast -serialize-diagnostics /Users/admin/builder/spi-builder-workspace/.derivedData/Build/Intermediates.noindex/ShaderKit.build/Debug-xros/ShaderKit_ShaderKit-b.build/Metal/StarburstShaders.dia -o /Users/admin/builder/spi-builder-workspace/.derivedData/Build/Intermediates.noindex/ShaderKit.build/Debug-xros/ShaderKit_ShaderKit-b.build/Metal/StarburstShaders.air -MMD -MT dependencies -MF /Users/admin/builder/spi-builder-workspace/.derivedData/Build/Intermediates.noindex/ShaderKit.build/Debug-xros/ShaderKit_ShaderKit-b.build/Metal/StarburstShaders.dat /Users/admin/builder/spi-builder-workspace/Sources/ShaderKit/Shaders/StarburstShaders.metal
CompileMetalFile /Users/admin/builder/spi-builder-workspace/Sources/ShaderKit/Shaders/ShaderUtilities.metal (in target 'ShaderKit_ShaderKit' from project 'ShaderKit')
cd /Users/admin/builder/spi-builder-workspace
/var/run/com.apple.security.cryptexd/mnt/com.apple.MobileAsset.MetalToolchain-v27.1.266.1.Ne3FJP/Metal.xctoolchain/usr/bin/metal -c -target air64-apple-xros1.0 -I/Users/admin/builder/spi-builder-workspace/.derivedData/Build/Products/Debug-xros/include -F/Users/admin/builder/spi-builder-workspace/.derivedData/Build/Products/Debug-xros -isysroot /Applications/Xcode-27.0.0-Release.Candidate.app/Contents/Developer/Platforms/XROS.platform/Developer/SDKs/XROS27.0.sdk -fmetal-math-mode\=fast -fmetal-math-fp32-functions\=fast -serialize-diagnostics /Users/admin/builder/spi-builder-workspace/.derivedData/Build/Intermediates.noindex/ShaderKit.build/Debug-xros/ShaderKit_ShaderKit-b.build/Metal/ShaderUtilities.dia -o /Users/admin/builder/spi-builder-workspace/.derivedData/Build/Intermediates.noindex/ShaderKit.build/Debug-xros/ShaderKit_ShaderKit-b.build/Metal/ShaderUtilities.air -MMD -MT dependencies -MF /Users/admin/builder/spi-builder-workspace/.derivedData/Build/Intermediates.noindex/ShaderKit.build/Debug-xros/ShaderKit_ShaderKit-b.build/Metal/ShaderUtilities.dat /Users/admin/builder/spi-builder-workspace/Sources/ShaderKit/Shaders/ShaderUtilities.metal
CompileMetalFile /Users/admin/builder/spi-builder-workspace/Sources/ShaderKit/Shaders/ReverseHoloShader.metal (in target 'ShaderKit_ShaderKit' from project 'ShaderKit')
cd /Users/admin/builder/spi-builder-workspace
/var/run/com.apple.security.cryptexd/mnt/com.apple.MobileAsset.MetalToolchain-v27.1.266.1.Ne3FJP/Metal.xctoolchain/usr/bin/metal -c -target air64-apple-xros1.0 -I/Users/admin/builder/spi-builder-workspace/.derivedData/Build/Products/Debug-xros/include -F/Users/admin/builder/spi-builder-workspace/.derivedData/Build/Products/Debug-xros -isysroot /Applications/Xcode-27.0.0-Release.Candidate.app/Contents/Developer/Platforms/XROS.platform/Developer/SDKs/XROS27.0.sdk -fmetal-math-mode\=fast -fmetal-math-fp32-functions\=fast -serialize-diagnostics /Users/admin/builder/spi-builder-workspace/.derivedData/Build/Intermediates.noindex/ShaderKit.build/Debug-xros/ShaderKit_ShaderKit-b.build/Metal/ReverseHoloShader.dia -o /Users/admin/builder/spi-builder-workspace/.derivedData/Build/Intermediates.noindex/ShaderKit.build/Debug-xros/ShaderKit_ShaderKit-b.build/Metal/ReverseHoloShader.air -MMD -MT dependencies -MF /Users/admin/builder/spi-builder-workspace/.derivedData/Build/Intermediates.noindex/ShaderKit.build/Debug-xros/ShaderKit_ShaderKit-b.build/Metal/ReverseHoloShader.dat /Users/admin/builder/spi-builder-workspace/Sources/ShaderKit/Shaders/ReverseHoloShader.metal
SwiftDriver ShaderKit normal arm64 com.apple.xcode.tools.swift.compiler (in target 'ShaderKit' from project 'ShaderKit')
cd /Users/admin/builder/spi-builder-workspace/.swiftpm/xcode
builtin-SwiftDriver -- /Applications/Xcode-27.0.0-Release.Candidate.app/Contents/Developer/Toolchains/XcodeDefault.xctoolchain/usr/bin/swiftc -parse-as-library -module-name ShaderKit -Onone @/Users/admin/builder/spi-builder-workspace/.derivedData/Build/Intermediates.noindex/ShaderKit.build/Debug-xros/ShaderKit-t.build/Objects-normal/arm64/ShaderKit.SwiftFileList -DSWIFT_PACKAGE -DDEBUG -DSWIFT_MODULE_RESOURCE_BUNDLE_AVAILABLE -DXcode -plugin-path /Applications/Xcode-27.0.0-Release.Candidate.app/Contents/Developer/Toolchains/XcodeDefault.xctoolchain/usr/lib/swift/host/plugins/testing -enable-experimental-feature DebugDescriptionMacro -sdk /Applications/Xcode-27.0.0-Release.Candidate.app/Contents/Developer/Platforms/XROS.platform/Developer/SDKs/XROS27.0.sdk -target arm64-apple-xros1.0 -g -module-cache-path /Users/admin/builder/spi-builder-workspace/.derivedData/ModuleCache.noindex -Xfrontend -serialize-debugging-options -profile-coverage-mapping -profile-generate -enable-testing -index-store-path /Users/admin/builder/spi-builder-workspace/.derivedData/Index.noindex/DataStore -Xcc -D_LIBCPP_HARDENING_MODE\=_LIBCPP_HARDENING_MODE_DEBUG -swift-version 5 -I /Users/admin/builder/spi-builder-workspace/.derivedData/Build/Products/Debug-xros -Isystem /Applications/Xcode-27.0.0-Release.Candidate.app/Contents/Developer/Platforms/XROS.platform/Developer/usr/lib -F /Users/admin/builder/spi-builder-workspace/.derivedData/Build/Products/Debug-xros -F /Applications/Xcode-27.0.0-Release.Candidate.app/Contents/Developer/Platforms/XROS.platform/Developer/Library/Frameworks -F /Applications/Xcode-27.0.0-Release.Candidate.app/Contents/Developer/Platforms/XROS.platform/Developer/SDKs/XROS27.0.sdk/Developer/Library/Frameworks -c -j10 -enable-batch-mode -incremental -Xcc -ivfsstatcache -Xcc /Users/admin/builder/spi-builder-workspace/.derivedData/SDKStatCaches.noindex/xros27.0-24M361-e829b21a6f8c9b70876ba0858053c044735bd543db762f57723cac368afd1ce4.sdkstatcache -output-file-map /Users/admin/builder/spi-builder-workspace/.derivedData/Build/Intermediates.noindex/ShaderKit.build/Debug-xros/ShaderKit-t.build/Objects-normal/arm64/ShaderKit-OutputFileMap.json -save-temps -no-color-diagnostics -explicit-module-build -module-cache-path /Users/admin/builder/spi-builder-workspace/.derivedData/Build/Intermediates.noindex/SwiftExplicitPrecompiledModules -clang-scanner-module-cache-path /Users/admin/builder/spi-builder-workspace/.derivedData/ModuleCache.noindex -sdk-module-cache-path /Users/admin/builder/spi-builder-workspace/.derivedData/SDKExplicitPrecompiledModules -emit-dependencies -emit-module -emit-module-path /Users/admin/builder/spi-builder-workspace/.derivedData/Build/Intermediates.noindex/ShaderKit.build/Debug-xros/ShaderKit-t.build/Objects-normal/arm64/ShaderKit.swiftmodule -serialize-diagnostics -dependency-scan-serialize-diagnostics-path /Users/admin/builder/spi-builder-workspace/.derivedData/Build/Intermediates.noindex/ShaderKit.build/Debug-xros/ShaderKit-t.build/Objects-normal/arm64/ShaderKit-dependency-scan.dia -validate-clang-modules-once -clang-build-session-file /Users/admin/builder/spi-builder-workspace/.derivedData/ModuleCache.noindex/Session.modulevalidation -Xcc -fmodules-prune-interval\=86400 -Xcc -fmodules-prune-after\=345600 -package-name spi_builder_workspace -emit-const-values -const-gather-protocols-list /Users/admin/builder/spi-builder-workspace/.derivedData/Build/Intermediates.noindex/ShaderKit.build/Debug-xros/ShaderKit-t.build/Objects-normal/arm64/ShaderKit_const_extract_protocols.json -Xcc -I/Users/admin/builder/spi-builder-workspace/.derivedData/Build/Products/Debug-xros/include -Xcc -I/Users/admin/builder/spi-builder-workspace/.derivedData/Build/Intermediates.noindex/ShaderKit.build/Debug-xros/ShaderKit-t.build/DerivedSources-normal/arm64 -Xcc -I/Users/admin/builder/spi-builder-workspace/.derivedData/Build/Intermediates.noindex/ShaderKit.build/Debug-xros/ShaderKit-t.build/DerivedSources/arm64 -Xcc -I/Users/admin/builder/spi-builder-workspace/.derivedData/Build/Intermediates.noindex/ShaderKit.build/Debug-xros/ShaderKit-t.build/DerivedSources -Xcc -DSWIFT_PACKAGE -Xcc -DDEBUG\=1 -emit-objc-header -emit-objc-header-path /Users/admin/builder/spi-builder-workspace/.derivedData/Build/Intermediates.noindex/ShaderKit.build/Debug-xros/ShaderKit-t.build/Objects-normal/arm64/ShaderKit-Swift.h -working-directory /Users/admin/builder/spi-builder-workspace/.swiftpm/xcode -experimental-emit-module-separately -disable-cmo
CompileMetalFile /Users/admin/builder/spi-builder-workspace/Sources/ShaderKit/Shaders/RegularHoloShader.metal (in target 'ShaderKit_ShaderKit' from project 'ShaderKit')
cd /Users/admin/builder/spi-builder-workspace
/var/run/com.apple.security.cryptexd/mnt/com.apple.MobileAsset.MetalToolchain-v27.1.266.1.Ne3FJP/Metal.xctoolchain/usr/bin/metal -c -target air64-apple-xros1.0 -I/Users/admin/builder/spi-builder-workspace/.derivedData/Build/Products/Debug-xros/include -F/Users/admin/builder/spi-builder-workspace/.derivedData/Build/Products/Debug-xros -isysroot /Applications/Xcode-27.0.0-Release.Candidate.app/Contents/Developer/Platforms/XROS.platform/Developer/SDKs/XROS27.0.sdk -fmetal-math-mode\=fast -fmetal-math-fp32-functions\=fast -serialize-diagnostics /Users/admin/builder/spi-builder-workspace/.derivedData/Build/Intermediates.noindex/ShaderKit.build/Debug-xros/ShaderKit_ShaderKit-b.build/Metal/RegularHoloShader.dia -o /Users/admin/builder/spi-builder-workspace/.derivedData/Build/Intermediates.noindex/ShaderKit.build/Debug-xros/ShaderKit_ShaderKit-b.build/Metal/RegularHoloShader.air -MMD -MT dependencies -MF /Users/admin/builder/spi-builder-workspace/.derivedData/Build/Intermediates.noindex/ShaderKit.build/Debug-xros/ShaderKit_ShaderKit-b.build/Metal/RegularHoloShader.dat /Users/admin/builder/spi-builder-workspace/Sources/ShaderKit/Shaders/RegularHoloShader.metal
CompileMetalFile /Users/admin/builder/spi-builder-workspace/Sources/ShaderKit/Shaders/RainbowRareShader.metal (in target 'ShaderKit_ShaderKit' from project 'ShaderKit')
cd /Users/admin/builder/spi-builder-workspace
/var/run/com.apple.security.cryptexd/mnt/com.apple.MobileAsset.MetalToolchain-v27.1.266.1.Ne3FJP/Metal.xctoolchain/usr/bin/metal -c -target air64-apple-xros1.0 -I/Users/admin/builder/spi-builder-workspace/.derivedData/Build/Products/Debug-xros/include -F/Users/admin/builder/spi-builder-workspace/.derivedData/Build/Products/Debug-xros -isysroot /Applications/Xcode-27.0.0-Release.Candidate.app/Contents/Developer/Platforms/XROS.platform/Developer/SDKs/XROS27.0.sdk -fmetal-math-mode\=fast -fmetal-math-fp32-functions\=fast -serialize-diagnostics /Users/admin/builder/spi-builder-workspace/.derivedData/Build/Intermediates.noindex/ShaderKit.build/Debug-xros/ShaderKit_ShaderKit-b.build/Metal/RainbowRareShader.dia -o /Users/admin/builder/spi-builder-workspace/.derivedData/Build/Intermediates.noindex/ShaderKit.build/Debug-xros/ShaderKit_ShaderKit-b.build/Metal/RainbowRareShader.air -MMD -MT dependencies -MF /Users/admin/builder/spi-builder-workspace/.derivedData/Build/Intermediates.noindex/ShaderKit.build/Debug-xros/ShaderKit_ShaderKit-b.build/Metal/RainbowRareShader.dat /Users/admin/builder/spi-builder-workspace/Sources/ShaderKit/Shaders/RainbowRareShader.metal
CompileMetalFile /Users/admin/builder/spi-builder-workspace/Sources/ShaderKit/Shaders/RadiantHoloShader.metal (in target 'ShaderKit_ShaderKit' from project 'ShaderKit')
cd /Users/admin/builder/spi-builder-workspace
/var/run/com.apple.security.cryptexd/mnt/com.apple.MobileAsset.MetalToolchain-v27.1.266.1.Ne3FJP/Metal.xctoolchain/usr/bin/metal -c -target air64-apple-xros1.0 -I/Users/admin/builder/spi-builder-workspace/.derivedData/Build/Products/Debug-xros/include -F/Users/admin/builder/spi-builder-workspace/.derivedData/Build/Products/Debug-xros -isysroot /Applications/Xcode-27.0.0-Release.Candidate.app/Contents/Developer/Platforms/XROS.platform/Developer/SDKs/XROS27.0.sdk -fmetal-math-mode\=fast -fmetal-math-fp32-functions\=fast -serialize-diagnostics /Users/admin/builder/spi-builder-workspace/.derivedData/Build/Intermediates.noindex/ShaderKit.build/Debug-xros/ShaderKit_ShaderKit-b.build/Metal/RadiantHoloShader.dia -o /Users/admin/builder/spi-builder-workspace/.derivedData/Build/Intermediates.noindex/ShaderKit.build/Debug-xros/ShaderKit_ShaderKit-b.build/Metal/RadiantHoloShader.air -MMD -MT dependencies -MF /Users/admin/builder/spi-builder-workspace/.derivedData/Build/Intermediates.noindex/ShaderKit.build/Debug-xros/ShaderKit_ShaderKit-b.build/Metal/RadiantHoloShader.dat /Users/admin/builder/spi-builder-workspace/Sources/ShaderKit/Shaders/RadiantHoloShader.metal
CompileMetalFile /Users/admin/builder/spi-builder-workspace/Sources/ShaderKit/Shaders/RadialStarShader.metal (in target 'ShaderKit_ShaderKit' from project 'ShaderKit')
cd /Users/admin/builder/spi-builder-workspace
/var/run/com.apple.security.cryptexd/mnt/com.apple.MobileAsset.MetalToolchain-v27.1.266.1.Ne3FJP/Metal.xctoolchain/usr/bin/metal -c -target air64-apple-xros1.0 -I/Users/admin/builder/spi-builder-workspace/.derivedData/Build/Products/Debug-xros/include -F/Users/admin/builder/spi-builder-workspace/.derivedData/Build/Products/Debug-xros -isysroot /Applications/Xcode-27.0.0-Release.Candidate.app/Contents/Developer/Platforms/XROS.platform/Developer/SDKs/XROS27.0.sdk -fmetal-math-mode\=fast -fmetal-math-fp32-functions\=fast -serialize-diagnostics /Users/admin/builder/spi-builder-workspace/.derivedData/Build/Intermediates.noindex/ShaderKit.build/Debug-xros/ShaderKit_ShaderKit-b.build/Metal/RadialStarShader.dia -o /Users/admin/builder/spi-builder-workspace/.derivedData/Build/Intermediates.noindex/ShaderKit.build/Debug-xros/ShaderKit_ShaderKit-b.build/Metal/RadialStarShader.air -MMD -MT dependencies -MF /Users/admin/builder/spi-builder-workspace/.derivedData/Build/Intermediates.noindex/ShaderKit.build/Debug-xros/ShaderKit_ShaderKit-b.build/Metal/RadialStarShader.dat /Users/admin/builder/spi-builder-workspace/Sources/ShaderKit/Shaders/RadialStarShader.metal
CompileMetalFile /Users/admin/builder/spi-builder-workspace/Sources/ShaderKit/Shaders/PremiumMaterialShaders.metal (in target 'ShaderKit_ShaderKit' from project 'ShaderKit')
cd /Users/admin/builder/spi-builder-workspace
/var/run/com.apple.security.cryptexd/mnt/com.apple.MobileAsset.MetalToolchain-v27.1.266.1.Ne3FJP/Metal.xctoolchain/usr/bin/metal -c -target air64-apple-xros1.0 -I/Users/admin/builder/spi-builder-workspace/.derivedData/Build/Products/Debug-xros/include -F/Users/admin/builder/spi-builder-workspace/.derivedData/Build/Products/Debug-xros -isysroot /Applications/Xcode-27.0.0-Release.Candidate.app/Contents/Developer/Platforms/XROS.platform/Developer/SDKs/XROS27.0.sdk -fmetal-math-mode\=fast -fmetal-math-fp32-functions\=fast -serialize-diagnostics /Users/admin/builder/spi-builder-workspace/.derivedData/Build/Intermediates.noindex/ShaderKit.build/Debug-xros/ShaderKit_ShaderKit-b.build/Metal/PremiumMaterialShaders.dia -o /Users/admin/builder/spi-builder-workspace/.derivedData/Build/Intermediates.noindex/ShaderKit.build/Debug-xros/ShaderKit_ShaderKit-b.build/Metal/PremiumMaterialShaders.air -MMD -MT dependencies -MF /Users/admin/builder/spi-builder-workspace/.derivedData/Build/Intermediates.noindex/ShaderKit.build/Debug-xros/ShaderKit_ShaderKit-b.build/Metal/PremiumMaterialShaders.dat /Users/admin/builder/spi-builder-workspace/Sources/ShaderKit/Shaders/PremiumMaterialShaders.metal
CompileMetalFile /Users/admin/builder/spi-builder-workspace/Sources/ShaderKit/Shaders/PolishedAluminumShader.metal (in target 'ShaderKit_ShaderKit' from project 'ShaderKit')
cd /Users/admin/builder/spi-builder-workspace
/var/run/com.apple.security.cryptexd/mnt/com.apple.MobileAsset.MetalToolchain-v27.1.266.1.Ne3FJP/Metal.xctoolchain/usr/bin/metal -c -target air64-apple-xros1.0 -I/Users/admin/builder/spi-builder-workspace/.derivedData/Build/Products/Debug-xros/include -F/Users/admin/builder/spi-builder-workspace/.derivedData/Build/Products/Debug-xros -isysroot /Applications/Xcode-27.0.0-Release.Candidate.app/Contents/Developer/Platforms/XROS.platform/Developer/SDKs/XROS27.0.sdk -fmetal-math-mode\=fast -fmetal-math-fp32-functions\=fast -serialize-diagnostics /Users/admin/builder/spi-builder-workspace/.derivedData/Build/Intermediates.noindex/ShaderKit.build/Debug-xros/ShaderKit_ShaderKit-b.build/Metal/PolishedAluminumShader.dia -o /Users/admin/builder/spi-builder-workspace/.derivedData/Build/Intermediates.noindex/ShaderKit.build/Debug-xros/ShaderKit_ShaderKit-b.build/Metal/PolishedAluminumShader.air -MMD -MT dependencies -MF /Users/admin/builder/spi-builder-workspace/.derivedData/Build/Intermediates.noindex/ShaderKit.build/Debug-xros/ShaderKit_ShaderKit-b.build/Metal/PolishedAluminumShader.dat /Users/admin/builder/spi-builder-workspace/Sources/ShaderKit/Shaders/PolishedAluminumShader.metal
CompileMetalFile /Users/admin/builder/spi-builder-workspace/Sources/ShaderKit/Shaders/MaskedFoilShaders.metal (in target 'ShaderKit_ShaderKit' from project 'ShaderKit')
cd /Users/admin/builder/spi-builder-workspace
/var/run/com.apple.security.cryptexd/mnt/com.apple.MobileAsset.MetalToolchain-v27.1.266.1.Ne3FJP/Metal.xctoolchain/usr/bin/metal -c -target air64-apple-xros1.0 -I/Users/admin/builder/spi-builder-workspace/.derivedData/Build/Products/Debug-xros/include -F/Users/admin/builder/spi-builder-workspace/.derivedData/Build/Products/Debug-xros -isysroot /Applications/Xcode-27.0.0-Release.Candidate.app/Contents/Developer/Platforms/XROS.platform/Developer/SDKs/XROS27.0.sdk -fmetal-math-mode\=fast -fmetal-math-fp32-functions\=fast -serialize-diagnostics /Users/admin/builder/spi-builder-workspace/.derivedData/Build/Intermediates.noindex/ShaderKit.build/Debug-xros/ShaderKit_ShaderKit-b.build/Metal/MaskedFoilShaders.dia -o /Users/admin/builder/spi-builder-workspace/.derivedData/Build/Intermediates.noindex/ShaderKit.build/Debug-xros/ShaderKit_ShaderKit-b.build/Metal/MaskedFoilShaders.air -MMD -MT dependencies -MF /Users/admin/builder/spi-builder-workspace/.derivedData/Build/Intermediates.noindex/ShaderKit.build/Debug-xros/ShaderKit_ShaderKit-b.build/Metal/MaskedFoilShaders.dat /Users/admin/builder/spi-builder-workspace/Sources/ShaderKit/Shaders/MaskedFoilShaders.metal
CompileMetalFile /Users/admin/builder/spi-builder-workspace/Sources/ShaderKit/Shaders/LiquidTechShader.metal (in target 'ShaderKit_ShaderKit' from project 'ShaderKit')
cd /Users/admin/builder/spi-builder-workspace
/var/run/com.apple.security.cryptexd/mnt/com.apple.MobileAsset.MetalToolchain-v27.1.266.1.Ne3FJP/Metal.xctoolchain/usr/bin/metal -c -target air64-apple-xros1.0 -I/Users/admin/builder/spi-builder-workspace/.derivedData/Build/Products/Debug-xros/include -F/Users/admin/builder/spi-builder-workspace/.derivedData/Build/Products/Debug-xros -isysroot /Applications/Xcode-27.0.0-Release.Candidate.app/Contents/Developer/Platforms/XROS.platform/Developer/SDKs/XROS27.0.sdk -fmetal-math-mode\=fast -fmetal-math-fp32-functions\=fast -serialize-diagnostics /Users/admin/builder/spi-builder-workspace/.derivedData/Build/Intermediates.noindex/ShaderKit.build/Debug-xros/ShaderKit_ShaderKit-b.build/Metal/LiquidTechShader.dia -o /Users/admin/builder/spi-builder-workspace/.derivedData/Build/Intermediates.noindex/ShaderKit.build/Debug-xros/ShaderKit_ShaderKit-b.build/Metal/LiquidTechShader.air -MMD -MT dependencies -MF /Users/admin/builder/spi-builder-workspace/.derivedData/Build/Intermediates.noindex/ShaderKit.build/Debug-xros/ShaderKit_ShaderKit-b.build/Metal/LiquidTechShader.dat /Users/admin/builder/spi-builder-workspace/Sources/ShaderKit/Shaders/LiquidTechShader.metal
CompileMetalFile /Users/admin/builder/spi-builder-workspace/Sources/ShaderKit/Shaders/LightsaberShaders.metal (in target 'ShaderKit_ShaderKit' from project 'ShaderKit')
cd /Users/admin/builder/spi-builder-workspace
/var/run/com.apple.security.cryptexd/mnt/com.apple.MobileAsset.MetalToolchain-v27.1.266.1.Ne3FJP/Metal.xctoolchain/usr/bin/metal -c -target air64-apple-xros1.0 -I/Users/admin/builder/spi-builder-workspace/.derivedData/Build/Products/Debug-xros/include -F/Users/admin/builder/spi-builder-workspace/.derivedData/Build/Products/Debug-xros -isysroot /Applications/Xcode-27.0.0-Release.Candidate.app/Contents/Developer/Platforms/XROS.platform/Developer/SDKs/XROS27.0.sdk -fmetal-math-mode\=fast -fmetal-math-fp32-functions\=fast -serialize-diagnostics /Users/admin/builder/spi-builder-workspace/.derivedData/Build/Intermediates.noindex/ShaderKit.build/Debug-xros/ShaderKit_ShaderKit-b.build/Metal/LightsaberShaders.dia -o /Users/admin/builder/spi-builder-workspace/.derivedData/Build/Intermediates.noindex/ShaderKit.build/Debug-xros/ShaderKit_ShaderKit-b.build/Metal/LightsaberShaders.air -MMD -MT dependencies -MF /Users/admin/builder/spi-builder-workspace/.derivedData/Build/Intermediates.noindex/ShaderKit.build/Debug-xros/ShaderKit_ShaderKit-b.build/Metal/LightsaberShaders.dat /Users/admin/builder/spi-builder-workspace/Sources/ShaderKit/Shaders/LightsaberShaders.metal
CompileMetalFile /Users/admin/builder/spi-builder-workspace/Sources/ShaderKit/Shaders/JellySwitchShader.metal (in target 'ShaderKit_ShaderKit' from project 'ShaderKit')
cd /Users/admin/builder/spi-builder-workspace
/var/run/com.apple.security.cryptexd/mnt/com.apple.MobileAsset.MetalToolchain-v27.1.266.1.Ne3FJP/Metal.xctoolchain/usr/bin/metal -c -target air64-apple-xros1.0 -I/Users/admin/builder/spi-builder-workspace/.derivedData/Build/Products/Debug-xros/include -F/Users/admin/builder/spi-builder-workspace/.derivedData/Build/Products/Debug-xros -isysroot /Applications/Xcode-27.0.0-Release.Candidate.app/Contents/Developer/Platforms/XROS.platform/Developer/SDKs/XROS27.0.sdk -fmetal-math-mode\=fast -fmetal-math-fp32-functions\=fast -serialize-diagnostics /Users/admin/builder/spi-builder-workspace/.derivedData/Build/Intermediates.noindex/ShaderKit.build/Debug-xros/ShaderKit_ShaderKit-b.build/Metal/JellySwitchShader.dia -o /Users/admin/builder/spi-builder-workspace/.derivedData/Build/Intermediates.noindex/ShaderKit.build/Debug-xros/ShaderKit_ShaderKit-b.build/Metal/JellySwitchShader.air -MMD -MT dependencies -MF /Users/admin/builder/spi-builder-workspace/.derivedData/Build/Intermediates.noindex/ShaderKit.build/Debug-xros/ShaderKit_ShaderKit-b.build/Metal/JellySwitchShader.dat /Users/admin/builder/spi-builder-workspace/Sources/ShaderKit/Shaders/JellySwitchShader.metal
CompileMetalFile /Users/admin/builder/spi-builder-workspace/Sources/ShaderKit/Shaders/JellyButtonShader.metal (in target 'ShaderKit_ShaderKit' from project 'ShaderKit')
cd /Users/admin/builder/spi-builder-workspace
/var/run/com.apple.security.cryptexd/mnt/com.apple.MobileAsset.MetalToolchain-v27.1.266.1.Ne3FJP/Metal.xctoolchain/usr/bin/metal -c -target air64-apple-xros1.0 -I/Users/admin/builder/spi-builder-workspace/.derivedData/Build/Products/Debug-xros/include -F/Users/admin/builder/spi-builder-workspace/.derivedData/Build/Products/Debug-xros -isysroot /Applications/Xcode-27.0.0-Release.Candidate.app/Contents/Developer/Platforms/XROS.platform/Developer/SDKs/XROS27.0.sdk -fmetal-math-mode\=fast -fmetal-math-fp32-functions\=fast -serialize-diagnostics /Users/admin/builder/spi-builder-workspace/.derivedData/Build/Intermediates.noindex/ShaderKit.build/Debug-xros/ShaderKit_ShaderKit-b.build/Metal/JellyButtonShader.dia -o /Users/admin/builder/spi-builder-workspace/.derivedData/Build/Intermediates.noindex/ShaderKit.build/Debug-xros/ShaderKit_ShaderKit-b.build/Metal/JellyButtonShader.air -MMD -MT dependencies -MF /Users/admin/builder/spi-builder-workspace/.derivedData/Build/Intermediates.noindex/ShaderKit.build/Debug-xros/ShaderKit_ShaderKit-b.build/Metal/JellyButtonShader.dat /Users/admin/builder/spi-builder-workspace/Sources/ShaderKit/Shaders/JellyButtonShader.metal
CompileMetalFile /Users/admin/builder/spi-builder-workspace/Sources/ShaderKit/Shaders/IntenseBlingShader.metal (in target 'ShaderKit_ShaderKit' from project 'ShaderKit')
cd /Users/admin/builder/spi-builder-workspace
/var/run/com.apple.security.cryptexd/mnt/com.apple.MobileAsset.MetalToolchain-v27.1.266.1.Ne3FJP/Metal.xctoolchain/usr/bin/metal -c -target air64-apple-xros1.0 -I/Users/admin/builder/spi-builder-workspace/.derivedData/Build/Products/Debug-xros/include -F/Users/admin/builder/spi-builder-workspace/.derivedData/Build/Products/Debug-xros -isysroot /Applications/Xcode-27.0.0-Release.Candidate.app/Contents/Developer/Platforms/XROS.platform/Developer/SDKs/XROS27.0.sdk -fmetal-math-mode\=fast -fmetal-math-fp32-functions\=fast -serialize-diagnostics /Users/admin/builder/spi-builder-workspace/.derivedData/Build/Intermediates.noindex/ShaderKit.build/Debug-xros/ShaderKit_ShaderKit-b.build/Metal/IntenseBlingShader.dia -o /Users/admin/builder/spi-builder-workspace/.derivedData/Build/Intermediates.noindex/ShaderKit.build/Debug-xros/ShaderKit_ShaderKit-b.build/Metal/IntenseBlingShader.air -MMD -MT dependencies -MF /Users/admin/builder/spi-builder-workspace/.derivedData/Build/Intermediates.noindex/ShaderKit.build/Debug-xros/ShaderKit_ShaderKit-b.build/Metal/IntenseBlingShader.dat /Users/admin/builder/spi-builder-workspace/Sources/ShaderKit/Shaders/IntenseBlingShader.metal
CompileMetalFile /Users/admin/builder/spi-builder-workspace/Sources/ShaderKit/Shaders/HalftonePastelShader.metal (in target 'ShaderKit_ShaderKit' from project 'ShaderKit')
cd /Users/admin/builder/spi-builder-workspace
/var/run/com.apple.security.cryptexd/mnt/com.apple.MobileAsset.MetalToolchain-v27.1.266.1.Ne3FJP/Metal.xctoolchain/usr/bin/metal -c -target air64-apple-xros1.0 -I/Users/admin/builder/spi-builder-workspace/.derivedData/Build/Products/Debug-xros/include -F/Users/admin/builder/spi-builder-workspace/.derivedData/Build/Products/Debug-xros -isysroot /Applications/Xcode-27.0.0-Release.Candidate.app/Contents/Developer/Platforms/XROS.platform/Developer/SDKs/XROS27.0.sdk -fmetal-math-mode\=fast -fmetal-math-fp32-functions\=fast -serialize-diagnostics /Users/admin/builder/spi-builder-workspace/.derivedData/Build/Intermediates.noindex/ShaderKit.build/Debug-xros/ShaderKit_ShaderKit-b.build/Metal/HalftonePastelShader.dia -o /Users/admin/builder/spi-builder-workspace/.derivedData/Build/Intermediates.noindex/ShaderKit.build/Debug-xros/ShaderKit_ShaderKit-b.build/Metal/HalftonePastelShader.air -MMD -MT dependencies -MF /Users/admin/builder/spi-builder-workspace/.derivedData/Build/Intermediates.noindex/ShaderKit.build/Debug-xros/ShaderKit_ShaderKit-b.build/Metal/HalftonePastelShader.dat /Users/admin/builder/spi-builder-workspace/Sources/ShaderKit/Shaders/HalftonePastelShader.metal
CompileMetalFile /Users/admin/builder/spi-builder-workspace/Sources/ShaderKit/Shaders/GlassShaders.metal (in target 'ShaderKit_ShaderKit' from project 'ShaderKit')
cd /Users/admin/builder/spi-builder-workspace
/var/run/com.apple.security.cryptexd/mnt/com.apple.MobileAsset.MetalToolchain-v27.1.266.1.Ne3FJP/Metal.xctoolchain/usr/bin/metal -c -target air64-apple-xros1.0 -I/Users/admin/builder/spi-builder-workspace/.derivedData/Build/Products/Debug-xros/include -F/Users/admin/builder/spi-builder-workspace/.derivedData/Build/Products/Debug-xros -isysroot /Applications/Xcode-27.0.0-Release.Candidate.app/Contents/Developer/Platforms/XROS.platform/Developer/SDKs/XROS27.0.sdk -fmetal-math-mode\=fast -fmetal-math-fp32-functions\=fast -serialize-diagnostics /Users/admin/builder/spi-builder-workspace/.derivedData/Build/Intermediates.noindex/ShaderKit.build/Debug-xros/ShaderKit_ShaderKit-b.build/Metal/GlassShaders.dia -o /Users/admin/builder/spi-builder-workspace/.derivedData/Build/Intermediates.noindex/ShaderKit.build/Debug-xros/ShaderKit_ShaderKit-b.build/Metal/GlassShaders.air -MMD -MT dependencies -MF /Users/admin/builder/spi-builder-workspace/.derivedData/Build/Intermediates.noindex/ShaderKit.build/Debug-xros/ShaderKit_ShaderKit-b.build/Metal/GlassShaders.dat /Users/admin/builder/spi-builder-workspace/Sources/ShaderKit/Shaders/GlassShaders.metal
CompileMetalFile /Users/admin/builder/spi-builder-workspace/Sources/ShaderKit/Shaders/FrozenShader.metal (in target 'ShaderKit_ShaderKit' from project 'ShaderKit')
cd /Users/admin/builder/spi-builder-workspace
/var/run/com.apple.security.cryptexd/mnt/com.apple.MobileAsset.MetalToolchain-v27.1.266.1.Ne3FJP/Metal.xctoolchain/usr/bin/metal -c -target air64-apple-xros1.0 -I/Users/admin/builder/spi-builder-workspace/.derivedData/Build/Products/Debug-xros/include -F/Users/admin/builder/spi-builder-workspace/.derivedData/Build/Products/Debug-xros -isysroot /Applications/Xcode-27.0.0-Release.Candidate.app/Contents/Developer/Platforms/XROS.platform/Developer/SDKs/XROS27.0.sdk -fmetal-math-mode\=fast -fmetal-math-fp32-functions\=fast -serialize-diagnostics /Users/admin/builder/spi-builder-workspace/.derivedData/Build/Intermediates.noindex/ShaderKit.build/Debug-xros/ShaderKit_ShaderKit-b.build/Metal/FrozenShader.dia -o /Users/admin/builder/spi-builder-workspace/.derivedData/Build/Intermediates.noindex/ShaderKit.build/Debug-xros/ShaderKit_ShaderKit-b.build/Metal/FrozenShader.air -MMD -MT dependencies -MF /Users/admin/builder/spi-builder-workspace/.derivedData/Build/Intermediates.noindex/ShaderKit.build/Debug-xros/ShaderKit_ShaderKit-b.build/Metal/FrozenShader.dat /Users/admin/builder/spi-builder-workspace/Sources/ShaderKit/Shaders/FrozenShader.metal
CompileMetalFile /Users/admin/builder/spi-builder-workspace/Sources/ShaderKit/Shaders/FoilEffectsShaders.metal (in target 'ShaderKit_ShaderKit' from project 'ShaderKit')
cd /Users/admin/builder/spi-builder-workspace
/var/run/com.apple.security.cryptexd/mnt/com.apple.MobileAsset.MetalToolchain-v27.1.266.1.Ne3FJP/Metal.xctoolchain/usr/bin/metal -c -target air64-apple-xros1.0 -I/Users/admin/builder/spi-builder-workspace/.derivedData/Build/Products/Debug-xros/include -F/Users/admin/builder/spi-builder-workspace/.derivedData/Build/Products/Debug-xros -isysroot /Applications/Xcode-27.0.0-Release.Candidate.app/Contents/Developer/Platforms/XROS.platform/Developer/SDKs/XROS27.0.sdk -fmetal-math-mode\=fast -fmetal-math-fp32-functions\=fast -serialize-diagnostics /Users/admin/builder/spi-builder-workspace/.derivedData/Build/Intermediates.noindex/ShaderKit.build/Debug-xros/ShaderKit_ShaderKit-b.build/Metal/FoilEffectsShaders.dia -o /Users/admin/builder/spi-builder-workspace/.derivedData/Build/Intermediates.noindex/ShaderKit.build/Debug-xros/ShaderKit_ShaderKit-b.build/Metal/FoilEffectsShaders.air -MMD -MT dependencies -MF /Users/admin/builder/spi-builder-workspace/.derivedData/Build/Intermediates.noindex/ShaderKit.build/Debug-xros/ShaderKit_ShaderKit-b.build/Metal/FoilEffectsShaders.dat /Users/admin/builder/spi-builder-workspace/Sources/ShaderKit/Shaders/FoilEffectsShaders.metal
CompileMetalFile /Users/admin/builder/spi-builder-workspace/Sources/ShaderKit/Shaders/EtchedFoilShader.metal (in target 'ShaderKit_ShaderKit' from project 'ShaderKit')
cd /Users/admin/builder/spi-builder-workspace
/var/run/com.apple.security.cryptexd/mnt/com.apple.MobileAsset.MetalToolchain-v27.1.266.1.Ne3FJP/Metal.xctoolchain/usr/bin/metal -c -target air64-apple-xros1.0 -I/Users/admin/builder/spi-builder-workspace/.derivedData/Build/Products/Debug-xros/include -F/Users/admin/builder/spi-builder-workspace/.derivedData/Build/Products/Debug-xros -isysroot /Applications/Xcode-27.0.0-Release.Candidate.app/Contents/Developer/Platforms/XROS.platform/Developer/SDKs/XROS27.0.sdk -fmetal-math-mode\=fast -fmetal-math-fp32-functions\=fast -serialize-diagnostics /Users/admin/builder/spi-builder-workspace/.derivedData/Build/Intermediates.noindex/ShaderKit.build/Debug-xros/ShaderKit_ShaderKit-b.build/Metal/EtchedFoilShader.dia -o /Users/admin/builder/spi-builder-workspace/.derivedData/Build/Intermediates.noindex/ShaderKit.build/Debug-xros/ShaderKit_ShaderKit-b.build/Metal/EtchedFoilShader.air -MMD -MT dependencies -MF /Users/admin/builder/spi-builder-workspace/.derivedData/Build/Intermediates.noindex/ShaderKit.build/Debug-xros/ShaderKit_ShaderKit-b.build/Metal/EtchedFoilShader.dat /Users/admin/builder/spi-builder-workspace/Sources/ShaderKit/Shaders/EtchedFoilShader.metal
CompileMetalFile /Users/admin/builder/spi-builder-workspace/Sources/ShaderKit/Shaders/DiamondGridShader.metal (in target 'ShaderKit_ShaderKit' from project 'ShaderKit')
cd /Users/admin/builder/spi-builder-workspace
/var/run/com.apple.security.cryptexd/mnt/com.apple.MobileAsset.MetalToolchain-v27.1.266.1.Ne3FJP/Metal.xctoolchain/usr/bin/metal -c -target air64-apple-xros1.0 -I/Users/admin/builder/spi-builder-workspace/.derivedData/Build/Products/Debug-xros/include -F/Users/admin/builder/spi-builder-workspace/.derivedData/Build/Products/Debug-xros -isysroot /Applications/Xcode-27.0.0-Release.Candidate.app/Contents/Developer/Platforms/XROS.platform/Developer/SDKs/XROS27.0.sdk -fmetal-math-mode\=fast -fmetal-math-fp32-functions\=fast -serialize-diagnostics /Users/admin/builder/spi-builder-workspace/.derivedData/Build/Intermediates.noindex/ShaderKit.build/Debug-xros/ShaderKit_ShaderKit-b.build/Metal/DiamondGridShader.dia -o /Users/admin/builder/spi-builder-workspace/.derivedData/Build/Intermediates.noindex/ShaderKit.build/Debug-xros/ShaderKit_ShaderKit-b.build/Metal/DiamondGridShader.air -MMD -MT dependencies -MF /Users/admin/builder/spi-builder-workspace/.derivedData/Build/Intermediates.noindex/ShaderKit.build/Debug-xros/ShaderKit_ShaderKit-b.build/Metal/DiamondGridShader.dat /Users/admin/builder/spi-builder-workspace/Sources/ShaderKit/Shaders/DiamondGridShader.metal
CompileMetalFile /Users/admin/builder/spi-builder-workspace/Sources/ShaderKit/Shaders/DiagonalHoloShader.metal (in target 'ShaderKit_ShaderKit' from project 'ShaderKit')
cd /Users/admin/builder/spi-builder-workspace
/var/run/com.apple.security.cryptexd/mnt/com.apple.MobileAsset.MetalToolchain-v27.1.266.1.Ne3FJP/Metal.xctoolchain/usr/bin/metal -c -target air64-apple-xros1.0 -I/Users/admin/builder/spi-builder-workspace/.derivedData/Build/Products/Debug-xros/include -F/Users/admin/builder/spi-builder-workspace/.derivedData/Build/Products/Debug-xros -isysroot /Applications/Xcode-27.0.0-Release.Candidate.app/Contents/Developer/Platforms/XROS.platform/Developer/SDKs/XROS27.0.sdk -fmetal-math-mode\=fast -fmetal-math-fp32-functions\=fast -serialize-diagnostics /Users/admin/builder/spi-builder-workspace/.derivedData/Build/Intermediates.noindex/ShaderKit.build/Debug-xros/ShaderKit_ShaderKit-b.build/Metal/DiagonalHoloShader.dia -o /Users/admin/builder/spi-builder-workspace/.derivedData/Build/Intermediates.noindex/ShaderKit.build/Debug-xros/ShaderKit_ShaderKit-b.build/Metal/DiagonalHoloShader.air -MMD -MT dependencies -MF /Users/admin/builder/spi-builder-workspace/.derivedData/Build/Intermediates.noindex/ShaderKit.build/Debug-xros/ShaderKit_ShaderKit-b.build/Metal/DiagonalHoloShader.dat /Users/admin/builder/spi-builder-workspace/Sources/ShaderKit/Shaders/DiagonalHoloShader.metal
CompileMetalFile /Users/admin/builder/spi-builder-workspace/Sources/ShaderKit/Shaders/CosmosHoloShader.metal (in target 'ShaderKit_ShaderKit' from project 'ShaderKit')
cd /Users/admin/builder/spi-builder-workspace
/var/run/com.apple.security.cryptexd/mnt/com.apple.MobileAsset.MetalToolchain-v27.1.266.1.Ne3FJP/Metal.xctoolchain/usr/bin/metal -c -target air64-apple-xros1.0 -I/Users/admin/builder/spi-builder-workspace/.derivedData/Build/Products/Debug-xros/include -F/Users/admin/builder/spi-builder-workspace/.derivedData/Build/Products/Debug-xros -isysroot /Applications/Xcode-27.0.0-Release.Candidate.app/Contents/Developer/Platforms/XROS.platform/Developer/SDKs/XROS27.0.sdk -fmetal-math-mode\=fast -fmetal-math-fp32-functions\=fast -serialize-diagnostics /Users/admin/builder/spi-builder-workspace/.derivedData/Build/Intermediates.noindex/ShaderKit.build/Debug-xros/ShaderKit_ShaderKit-b.build/Metal/CosmosHoloShader.dia -o /Users/admin/builder/spi-builder-workspace/.derivedData/Build/Intermediates.noindex/ShaderKit.build/Debug-xros/ShaderKit_ShaderKit-b.build/Metal/CosmosHoloShader.air -MMD -MT dependencies -MF /Users/admin/builder/spi-builder-workspace/.derivedData/Build/Intermediates.noindex/ShaderKit.build/Debug-xros/ShaderKit_ShaderKit-b.build/Metal/CosmosHoloShader.dat /Users/admin/builder/spi-builder-workspace/Sources/ShaderKit/Shaders/CosmosHoloShader.metal
CompileMetalFile /Users/admin/builder/spi-builder-workspace/Sources/ShaderKit/Shaders/CodexLogoShader.metal (in target 'ShaderKit_ShaderKit' from project 'ShaderKit')
cd /Users/admin/builder/spi-builder-workspace
/var/run/com.apple.security.cryptexd/mnt/com.apple.MobileAsset.MetalToolchain-v27.1.266.1.Ne3FJP/Metal.xctoolchain/usr/bin/metal -c -target air64-apple-xros1.0 -I/Users/admin/builder/spi-builder-workspace/.derivedData/Build/Products/Debug-xros/include -F/Users/admin/builder/spi-builder-workspace/.derivedData/Build/Products/Debug-xros -isysroot /Applications/Xcode-27.0.0-Release.Candidate.app/Contents/Developer/Platforms/XROS.platform/Developer/SDKs/XROS27.0.sdk -fmetal-math-mode\=fast -fmetal-math-fp32-functions\=fast -serialize-diagnostics /Users/admin/builder/spi-builder-workspace/.derivedData/Build/Intermediates.noindex/ShaderKit.build/Debug-xros/ShaderKit_ShaderKit-b.build/Metal/CodexLogoShader.dia -o /Users/admin/builder/spi-builder-workspace/.derivedData/Build/Intermediates.noindex/ShaderKit.build/Debug-xros/ShaderKit_ShaderKit-b.build/Metal/CodexLogoShader.air -MMD -MT dependencies -MF /Users/admin/builder/spi-builder-workspace/.derivedData/Build/Intermediates.noindex/ShaderKit.build/Debug-xros/ShaderKit_ShaderKit-b.build/Metal/CodexLogoShader.dat /Users/admin/builder/spi-builder-workspace/Sources/ShaderKit/Shaders/CodexLogoShader.metal
CompileMetalFile /Users/admin/builder/spi-builder-workspace/Sources/ShaderKit/Shaders/BubbleShaders.metal (in target 'ShaderKit_ShaderKit' from project 'ShaderKit')
cd /Users/admin/builder/spi-builder-workspace
/var/run/com.apple.security.cryptexd/mnt/com.apple.MobileAsset.MetalToolchain-v27.1.266.1.Ne3FJP/Metal.xctoolchain/usr/bin/metal -c -target air64-apple-xros1.0 -I/Users/admin/builder/spi-builder-workspace/.derivedData/Build/Products/Debug-xros/include -F/Users/admin/builder/spi-builder-workspace/.derivedData/Build/Products/Debug-xros -isysroot /Applications/Xcode-27.0.0-Release.Candidate.app/Contents/Developer/Platforms/XROS.platform/Developer/SDKs/XROS27.0.sdk -fmetal-math-mode\=fast -fmetal-math-fp32-functions\=fast -serialize-diagnostics /Users/admin/builder/spi-builder-workspace/.derivedData/Build/Intermediates.noindex/ShaderKit.build/Debug-xros/ShaderKit_ShaderKit-b.build/Metal/BubbleShaders.dia -o /Users/admin/builder/spi-builder-workspace/.derivedData/Build/Intermediates.noindex/ShaderKit.build/Debug-xros/ShaderKit_ShaderKit-b.build/Metal/BubbleShaders.air -MMD -MT dependencies -MF /Users/admin/builder/spi-builder-workspace/.derivedData/Build/Intermediates.noindex/ShaderKit.build/Debug-xros/ShaderKit_ShaderKit-b.build/Metal/BubbleShaders.dat /Users/admin/builder/spi-builder-workspace/Sources/ShaderKit/Shaders/BubbleShaders.metal
CompileMetalFile /Users/admin/builder/spi-builder-workspace/Sources/ShaderKit/Shaders/BlendedHoloShaders.metal (in target 'ShaderKit_ShaderKit' from project 'ShaderKit')
cd /Users/admin/builder/spi-builder-workspace
/var/run/com.apple.security.cryptexd/mnt/com.apple.MobileAsset.MetalToolchain-v27.1.266.1.Ne3FJP/Metal.xctoolchain/usr/bin/metal -c -target air64-apple-xros1.0 -I/Users/admin/builder/spi-builder-workspace/.derivedData/Build/Products/Debug-xros/include -F/Users/admin/builder/spi-builder-workspace/.derivedData/Build/Products/Debug-xros -isysroot /Applications/Xcode-27.0.0-Release.Candidate.app/Contents/Developer/Platforms/XROS.platform/Developer/SDKs/XROS27.0.sdk -fmetal-math-mode\=fast -fmetal-math-fp32-functions\=fast -serialize-diagnostics /Users/admin/builder/spi-builder-workspace/.derivedData/Build/Intermediates.noindex/ShaderKit.build/Debug-xros/ShaderKit_ShaderKit-b.build/Metal/BlendedHoloShaders.dia -o /Users/admin/builder/spi-builder-workspace/.derivedData/Build/Intermediates.noindex/ShaderKit.build/Debug-xros/ShaderKit_ShaderKit-b.build/Metal/BlendedHoloShaders.air -MMD -MT dependencies -MF /Users/admin/builder/spi-builder-workspace/.derivedData/Build/Intermediates.noindex/ShaderKit.build/Debug-xros/ShaderKit_ShaderKit-b.build/Metal/BlendedHoloShaders.dat /Users/admin/builder/spi-builder-workspace/Sources/ShaderKit/Shaders/BlendedHoloShaders.metal
CompileMetalFile /Users/admin/builder/spi-builder-workspace/Sources/ShaderKit/Shaders/BasicGlareShader.metal (in target 'ShaderKit_ShaderKit' from project 'ShaderKit')
cd /Users/admin/builder/spi-builder-workspace
/var/run/com.apple.security.cryptexd/mnt/com.apple.MobileAsset.MetalToolchain-v27.1.266.1.Ne3FJP/Metal.xctoolchain/usr/bin/metal -c -target air64-apple-xros1.0 -I/Users/admin/builder/spi-builder-workspace/.derivedData/Build/Products/Debug-xros/include -F/Users/admin/builder/spi-builder-workspace/.derivedData/Build/Products/Debug-xros -isysroot /Applications/Xcode-27.0.0-Release.Candidate.app/Contents/Developer/Platforms/XROS.platform/Developer/SDKs/XROS27.0.sdk -fmetal-math-mode\=fast -fmetal-math-fp32-functions\=fast -serialize-diagnostics /Users/admin/builder/spi-builder-workspace/.derivedData/Build/Intermediates.noindex/ShaderKit.build/Debug-xros/ShaderKit_ShaderKit-b.build/Metal/BasicGlareShader.dia -o /Users/admin/builder/spi-builder-workspace/.derivedData/Build/Intermediates.noindex/ShaderKit.build/Debug-xros/ShaderKit_ShaderKit-b.build/Metal/BasicGlareShader.air -MMD -MT dependencies -MF /Users/admin/builder/spi-builder-workspace/.derivedData/Build/Intermediates.noindex/ShaderKit.build/Debug-xros/ShaderKit_ShaderKit-b.build/Metal/BasicGlareShader.dat /Users/admin/builder/spi-builder-workspace/Sources/ShaderKit/Shaders/BasicGlareShader.metal
CompileMetalFile /Users/admin/builder/spi-builder-workspace/Sources/ShaderKit/Shaders/AmazingRareShader.metal (in target 'ShaderKit_ShaderKit' from project 'ShaderKit')
cd /Users/admin/builder/spi-builder-workspace
/var/run/com.apple.security.cryptexd/mnt/com.apple.MobileAsset.MetalToolchain-v27.1.266.1.Ne3FJP/Metal.xctoolchain/usr/bin/metal -c -target air64-apple-xros1.0 -I/Users/admin/builder/spi-builder-workspace/.derivedData/Build/Products/Debug-xros/include -F/Users/admin/builder/spi-builder-workspace/.derivedData/Build/Products/Debug-xros -isysroot /Applications/Xcode-27.0.0-Release.Candidate.app/Contents/Developer/Platforms/XROS.platform/Developer/SDKs/XROS27.0.sdk -fmetal-math-mode\=fast -fmetal-math-fp32-functions\=fast -serialize-diagnostics /Users/admin/builder/spi-builder-workspace/.derivedData/Build/Intermediates.noindex/ShaderKit.build/Debug-xros/ShaderKit_ShaderKit-b.build/Metal/AmazingRareShader.dia -o /Users/admin/builder/spi-builder-workspace/.derivedData/Build/Intermediates.noindex/ShaderKit.build/Debug-xros/ShaderKit_ShaderKit-b.build/Metal/AmazingRareShader.air -MMD -MT dependencies -MF /Users/admin/builder/spi-builder-workspace/.derivedData/Build/Intermediates.noindex/ShaderKit.build/Debug-xros/ShaderKit_ShaderKit-b.build/Metal/AmazingRareShader.dat /Users/admin/builder/spi-builder-workspace/Sources/ShaderKit/Shaders/AmazingRareShader.metal
MetalLink /Users/admin/builder/spi-builder-workspace/.derivedData/Build/Products/Debug-xros/ShaderKit_ShaderKit.bundle/default.metallib (in target 'ShaderKit_ShaderKit' from project 'ShaderKit')
cd /Users/admin/builder/spi-builder-workspace
/var/run/com.apple.security.cryptexd/mnt/com.apple.MobileAsset.MetalToolchain-v27.1.266.1.Ne3FJP/Metal.xctoolchain/usr/bin/metal -target air64-apple-xros1.0 -o /Users/admin/builder/spi-builder-workspace/.derivedData/Build/Products/Debug-xros/ShaderKit_ShaderKit.bundle/default.metallib /Users/admin/builder/spi-builder-workspace/.derivedData/Build/Intermediates.noindex/ShaderKit.build/Debug-xros/ShaderKit_ShaderKit-b.build/Metal/AmazingRareShader.air /Users/admin/builder/spi-builder-workspace/.derivedData/Build/Intermediates.noindex/ShaderKit.build/Debug-xros/ShaderKit_ShaderKit-b.build/Metal/BasicGlareShader.air /Users/admin/builder/spi-builder-workspace/.derivedData/Build/Intermediates.noindex/ShaderKit.build/Debug-xros/ShaderKit_ShaderKit-b.build/Metal/BlendedHoloShaders.air /Users/admin/builder/spi-builder-workspace/.derivedData/Build/Intermediates.noindex/ShaderKit.build/Debug-xros/ShaderKit_ShaderKit-b.build/Metal/BubbleShaders.air /Users/admin/builder/spi-builder-workspace/.derivedData/Build/Intermediates.noindex/ShaderKit.build/Debug-xros/ShaderKit_ShaderKit-b.build/Metal/CodexLogoShader.air /Users/admin/builder/spi-builder-workspace/.derivedData/Build/Intermediates.noindex/ShaderKit.build/Debug-xros/ShaderKit_ShaderKit-b.build/Metal/CosmosHoloShader.air /Users/admin/builder/spi-builder-workspace/.derivedData/Build/Intermediates.noindex/ShaderKit.build/Debug-xros/ShaderKit_ShaderKit-b.build/Metal/DiagonalHoloShader.air /Users/admin/builder/spi-builder-workspace/.derivedData/Build/Intermediates.noindex/ShaderKit.build/Debug-xros/ShaderKit_ShaderKit-b.build/Metal/DiamondGridShader.air /Users/admin/builder/spi-builder-workspace/.derivedData/Build/Intermediates.noindex/ShaderKit.build/Debug-xros/ShaderKit_ShaderKit-b.build/Metal/EtchedFoilShader.air /Users/admin/builder/spi-builder-workspace/.derivedData/Build/Intermediates.noindex/ShaderKit.build/Debug-xros/ShaderKit_ShaderKit-b.build/Metal/FoilEffectsShaders.air /Users/admin/builder/spi-builder-workspace/.derivedData/Build/Intermediates.noindex/ShaderKit.build/Debug-xros/ShaderKit_ShaderKit-b.build/Metal/FrozenShader.air /Users/admin/builder/spi-builder-workspace/.derivedData/Build/Intermediates.noindex/ShaderKit.build/Debug-xros/ShaderKit_ShaderKit-b.build/Metal/GlassShaders.air /Users/admin/builder/spi-builder-workspace/.derivedData/Build/Intermediates.noindex/ShaderKit.build/Debug-xros/ShaderKit_ShaderKit-b.build/Metal/HalftonePastelShader.air /Users/admin/builder/spi-builder-workspace/.derivedData/Build/Intermediates.noindex/ShaderKit.build/Debug-xros/ShaderKit_ShaderKit-b.build/Metal/IntenseBlingShader.air /Users/admin/builder/spi-builder-workspace/.derivedData/Build/Intermediates.noindex/ShaderKit.build/Debug-xros/ShaderKit_ShaderKit-b.build/Metal/JellyButtonShader.air /Users/admin/builder/spi-builder-workspace/.derivedData/Build/Intermediates.noindex/ShaderKit.build/Debug-xros/ShaderKit_ShaderKit-b.build/Metal/JellySwitchShader.air /Users/admin/builder/spi-builder-workspace/.derivedData/Build/Intermediates.noindex/ShaderKit.build/Debug-xros/ShaderKit_ShaderKit-b.build/Metal/LightsaberShaders.air /Users/admin/builder/spi-builder-workspace/.derivedData/Build/Intermediates.noindex/ShaderKit.build/Debug-xros/ShaderKit_ShaderKit-b.build/Metal/LiquidTechShader.air /Users/admin/builder/spi-builder-workspace/.derivedData/Build/Intermediates.noindex/ShaderKit.build/Debug-xros/ShaderKit_ShaderKit-b.build/Metal/MaskedFoilShaders.air /Users/admin/builder/spi-builder-workspace/.derivedData/Build/Intermediates.noindex/ShaderKit.build/Debug-xros/ShaderKit_ShaderKit-b.build/Metal/PolishedAluminumShader.air /Users/admin/builder/spi-builder-workspace/.derivedData/Build/Intermediates.noindex/ShaderKit.build/Debug-xros/ShaderKit_ShaderKit-b.build/Metal/PremiumMaterialShaders.air /Users/admin/builder/spi-builder-workspace/.derivedData/Build/Intermediates.noindex/ShaderKit.build/Debug-xros/ShaderKit_ShaderKit-b.build/Metal/RadialStarShader.air /Users/admin/builder/spi-builder-workspace/.derivedData/Build/Intermediates.noindex/ShaderKit.build/Debug-xros/ShaderKit_ShaderKit-b.build/Metal/RadiantHoloShader.air /Users/admin/builder/spi-builder-workspace/.derivedData/Build/Intermediates.noindex/ShaderKit.build/Debug-xros/ShaderKit_ShaderKit-b.build/Metal/RainbowRareShader.air /Users/admin/builder/spi-builder-workspace/.derivedData/Build/Intermediates.noindex/ShaderKit.build/Debug-xros/ShaderKit_ShaderKit-b.build/Metal/RegularHoloShader.air /Users/admin/builder/spi-builder-workspace/.derivedData/Build/Intermediates.noindex/ShaderKit.build/Debug-xros/ShaderKit_ShaderKit-b.build/Metal/ReverseHoloShader.air /Users/admin/builder/spi-builder-workspace/.derivedData/Build/Intermediates.noindex/ShaderKit.build/Debug-xros/ShaderKit_ShaderKit-b.build/Metal/ShaderUtilities.air /Users/admin/builder/spi-builder-workspace/.derivedData/Build/Intermediates.noindex/ShaderKit.build/Debug-xros/ShaderKit_ShaderKit-b.build/Metal/ShinyRareShader.air /Users/admin/builder/spi-builder-workspace/.derivedData/Build/Intermediates.noindex/ShaderKit.build/Debug-xros/ShaderKit_ShaderKit-b.build/Metal/SnowfallShader.air /Users/admin/builder/spi-builder-workspace/.derivedData/Build/Intermediates.noindex/ShaderKit.build/Debug-xros/ShaderKit_ShaderKit-b.build/Metal/SpiralRingsShader.air /Users/admin/builder/spi-builder-workspace/.derivedData/Build/Intermediates.noindex/ShaderKit.build/Debug-xros/ShaderKit_ShaderKit-b.build/Metal/StarburstShaders.air /Users/admin/builder/spi-builder-workspace/.derivedData/Build/Intermediates.noindex/ShaderKit.build/Debug-xros/ShaderKit_ShaderKit-b.build/Metal/SubtleGradientShader.air /Users/admin/builder/spi-builder-workspace/.derivedData/Build/Intermediates.noindex/ShaderKit.build/Debug-xros/ShaderKit_ShaderKit-b.build/Metal/ThermostatShaders.air /Users/admin/builder/spi-builder-workspace/.derivedData/Build/Intermediates.noindex/ShaderKit.build/Debug-xros/ShaderKit_ShaderKit-b.build/Metal/TradingCardHoloShaders.air /Users/admin/builder/spi-builder-workspace/.derivedData/Build/Intermediates.noindex/ShaderKit.build/Debug-xros/ShaderKit_ShaderKit-b.build/Metal/WaterShader.air
RegisterExecutionPolicyException /Users/admin/builder/spi-builder-workspace/.derivedData/Build/Products/Debug-xros/ShaderKit_ShaderKit.bundle (in target 'ShaderKit_ShaderKit' from project 'ShaderKit')
cd /Users/admin/builder/spi-builder-workspace
builtin-RegisterExecutionPolicyException /Users/admin/builder/spi-builder-workspace/.derivedData/Build/Products/Debug-xros/ShaderKit_ShaderKit.bundle
Touch /Users/admin/builder/spi-builder-workspace/.derivedData/Build/Products/Debug-xros/ShaderKit_ShaderKit.bundle (in target 'ShaderKit_ShaderKit' from project 'ShaderKit')
cd /Users/admin/builder/spi-builder-workspace
/usr/bin/touch -c /Users/admin/builder/spi-builder-workspace/.derivedData/Build/Products/Debug-xros/ShaderKit_ShaderKit.bundle
SwiftExplicitDependencyGeneratePcm arm64 /Users/admin/builder/spi-builder-workspace/.derivedData/SDKExplicitPrecompiledModules/ptrcheck-BXA97MNLI4BB0HF5I8MJE403D.pcm
SwiftExplicitDependencyGeneratePcm arm64 /Users/admin/builder/spi-builder-workspace/.derivedData/SDKExplicitPrecompiledModules/_Builtin_float-6WKHNW5S40U2QGHXXGETUDIRA.pcm
SwiftExplicitDependencyGeneratePcm arm64 /Users/admin/builder/spi-builder-workspace/.derivedData/SDKExplicitPrecompiledModules/_AvailabilityInternal-1Q8IQP6M38UWSGZ95UCEY2M44.pcm
SwiftExplicitDependencyGeneratePcm arm64 /Users/admin/builder/spi-builder-workspace/.derivedData/SDKExplicitPrecompiledModules/_Builtin_stdbool-5BU2ADS7JXQMYENKQHW9X8XOU.pcm
SwiftExplicitDependencyGeneratePcm arm64 /Users/admin/builder/spi-builder-workspace/.derivedData/SDKExplicitPrecompiledModules/ptrauth-1WBA714DZSVUL5JQDJ08CLKZ.pcm
SwiftExplicitDependencyGeneratePcm arm64 /Users/admin/builder/spi-builder-workspace/.derivedData/SDKExplicitPrecompiledModules/_Builtin_stdarg-CDA349K2K4US766844K8E0PVA.pcm
SwiftExplicitDependencyGeneratePcm arm64 /Users/admin/builder/spi-builder-workspace/.derivedData/SDKExplicitPrecompiledModules/SwiftShims-CI4H5RO9IYFFWQ2COB512Q2S9.pcm
SwiftExplicitDependencyGeneratePcm arm64 /Users/admin/builder/spi-builder-workspace/.derivedData/SDKExplicitPrecompiledModules/DeveloperToolsSupport-46GOQP8J1QTHLYQSJW81T8UZ3.pcm
SwiftExplicitDependencyGeneratePcm arm64 /Users/admin/builder/spi-builder-workspace/.derivedData/SDKExplicitPrecompiledModules/_SwiftConcurrencyShims-C8XHKSHX96D5YYALNM4W70Z0O.pcm
SwiftExplicitDependencyGeneratePcm arm64 /Users/admin/builder/spi-builder-workspace/.derivedData/SDKExplicitPrecompiledModules/ShaderGraph-AW1O397P711WTY8KSK8LZX9YA.pcm
SwiftExplicitDependencyGeneratePcm arm64 /Users/admin/builder/spi-builder-workspace/.derivedData/SDKExplicitPrecompiledModules/_Builtin_stddef-5NQ9Z1GV07GBSRQGAQCGXGVRI.pcm
SwiftExplicitDependencyGeneratePcm arm64 /Users/admin/builder/spi-builder-workspace/.derivedData/SDKExplicitPrecompiledModules/_DarwinFoundation1-5RGRVV2TZ6WC4WZW5IXF8NQ04.pcm
SwiftExplicitDependencyGeneratePcm arm64 /Users/admin/builder/spi-builder-workspace/.derivedData/SDKExplicitPrecompiledModules/_Builtin_limits-425JDMN5HPM3D0UEI8LEHP6NM.pcm
SwiftExplicitDependencyGeneratePcm arm64 /Users/admin/builder/spi-builder-workspace/.derivedData/SDKExplicitPrecompiledModules/_DarwinFoundation2-ENTECK156YEWITZRRBTOCE4KR.pcm
SwiftExplicitDependencyGeneratePcm arm64 /Users/admin/builder/spi-builder-workspace/.derivedData/SDKExplicitPrecompiledModules/string_h-2GT67HHHHK5CF1V1S31LH0PU2.pcm
SwiftExplicitDependencyGeneratePcm arm64 /Users/admin/builder/spi-builder-workspace/.derivedData/SDKExplicitPrecompiledModules/_Builtin_stdint-8OR6T47OOYJA90ZBO3N1USDE.pcm
SwiftExplicitDependencyGeneratePcm arm64 /Users/admin/builder/spi-builder-workspace/.derivedData/SDKExplicitPrecompiledModules/sys_types-AYM0BHR77VKMWZCO2T0XGV2HF.pcm
SwiftExplicitDependencyGeneratePcm arm64 /Users/admin/builder/spi-builder-workspace/.derivedData/SDKExplicitPrecompiledModules/_Builtin_tgmath-BPYSMHWI520EQRL2HW519ZY7Z.pcm
SwiftExplicitDependencyGeneratePcm arm64 /Users/admin/builder/spi-builder-workspace/.derivedData/SDKExplicitPrecompiledModules/_Builtin_stdatomic-1VUZPM79PNCAHXVBERD53WRSF.pcm
SwiftExplicitDependencyGeneratePcm arm64 /Users/admin/builder/spi-builder-workspace/.derivedData/SDKExplicitPrecompiledModules/_Builtin_intrinsics-BC5IJI3YI34RQ61ZNVDRDZ6RN.pcm
SwiftExplicitDependencyGeneratePcm arm64 /Users/admin/builder/spi-builder-workspace/.derivedData/SDKExplicitPrecompiledModules/_DarwinFoundation3-9ZHN6JKBS40BBA81RQMV8H0IC.pcm
SwiftExplicitDependencyGeneratePcm arm64 /Users/admin/builder/spi-builder-workspace/.derivedData/SDKExplicitPrecompiledModules/_Builtin_inttypes-11B64KJD36B3YOHBR1BBXBJY8.pcm
SwiftExplicitDependencyGeneratePcm arm64 /Users/admin/builder/spi-builder-workspace/.derivedData/SDKExplicitPrecompiledModules/Darwin-60P5LVNQO3ESRRM5DCJ05PFNK.pcm
SwiftExplicitDependencyGeneratePcm arm64 /Users/admin/builder/spi-builder-workspace/.derivedData/SDKExplicitPrecompiledModules/simd-9XXAB17Y6E4BBPQADD61NZ23.pcm
SwiftExplicitDependencyGeneratePcm arm64 /Users/admin/builder/spi-builder-workspace/.derivedData/SDKExplicitPrecompiledModules/ObjectiveC-26TIBFYCEJZVP216ZZAU1X8KN.pcm
SwiftExplicitDependencyGeneratePcm arm64 /Users/admin/builder/spi-builder-workspace/.derivedData/SDKExplicitPrecompiledModules/MachO-3XTHY7HWV6RF3KXKYQVHUBUXK.pcm
SwiftExplicitDependencyGeneratePcm arm64 /Users/admin/builder/spi-builder-workspace/.derivedData/SDKExplicitPrecompiledModules/os_object-692CJ8BG6RE5H04487EJJOVXW.pcm
SwiftExplicitDependencyGeneratePcm arm64 /Users/admin/builder/spi-builder-workspace/.derivedData/SDKExplicitPrecompiledModules/os_workgroup-4U1VXMWIZD80E7PRUQF2G7P9X.pcm
SwiftExplicitDependencyGeneratePcm arm64 /Users/admin/builder/spi-builder-workspace/.derivedData/SDKExplicitPrecompiledModules/Dispatch-CLT3466HKC22GCKAWSCNG0H7T.pcm
SwiftExplicitDependencyGeneratePcm arm64 /Users/admin/builder/spi-builder-workspace/.derivedData/SDKExplicitPrecompiledModules/Spatial-5E0I2846LO3ZE24CSVR2O57TI.pcm
SwiftExplicitDependencyGeneratePcm arm64 /Users/admin/builder/spi-builder-workspace/.derivedData/SDKExplicitPrecompiledModules/XPC-EP5EU7FNGP4VOA3EDM18P1KHO.pcm
SwiftExplicitDependencyGeneratePcm arm64 /Users/admin/builder/spi-builder-workspace/.derivedData/SDKExplicitPrecompiledModules/CoreFoundation-AVLTZVCXBU2TO75JCN4AGU8XJ.pcm
SwiftExplicitDependencyGeneratePcm arm64 /Users/admin/builder/spi-builder-workspace/.derivedData/SDKExplicitPrecompiledModules/dnssd-CCUV1M8EULNEQJUXO7L0PJAL4.pcm
SwiftExplicitDependencyGeneratePcm arm64 /Users/admin/builder/spi-builder-workspace/.derivedData/SDKExplicitPrecompiledModules/os-1004XEJ3IXOOAU0KL58SM3D0K.pcm
SwiftExplicitDependencyGeneratePcm arm64 /Users/admin/builder/spi-builder-workspace/.derivedData/SDKExplicitPrecompiledModules/Security-8TH2M8WJIQMET4SADWX0N8372.pcm
SwiftExplicitDependencyGeneratePcm arm64 /Users/admin/builder/spi-builder-workspace/.derivedData/SDKExplicitPrecompiledModules/CFNetwork-5MI70N1VLDQSWTX4COWLMSIRO.pcm
SwiftExplicitDependencyGeneratePcm arm64 /Users/admin/builder/spi-builder-workspace/.derivedData/SDKExplicitPrecompiledModules/CoreAudioTypes-45UXYEQRN95KG6BF2CW0QIYK9.pcm
SwiftExplicitDependencyGeneratePcm arm64 /Users/admin/builder/spi-builder-workspace/.derivedData/SDKExplicitPrecompiledModules/CoreGraphics-BFUJ177R223UT2ZI327ZTZY91.pcm
SwiftExplicitDependencyGeneratePcm arm64 /Users/admin/builder/spi-builder-workspace/.derivedData/SDKExplicitPrecompiledModules/CoreAudio-CXS3C78T5TQDGLEGXIBJ04WJ4.pcm
SwiftExplicitDependencyGeneratePcm arm64 /Users/admin/builder/spi-builder-workspace/.derivedData/SDKExplicitPrecompiledModules/Foundation-8GON1KVEKRN3NOQI8RETBRWJP.pcm
SwiftExplicitDependencyGeneratePcm arm64 /Users/admin/builder/spi-builder-workspace/.derivedData/SDKExplicitPrecompiledModules/ImageIO-5CC6COR9KJYI1UBL7CSHLU2OG.pcm
SwiftExplicitDependencyGeneratePcm arm64 /Users/admin/builder/spi-builder-workspace/.derivedData/SDKExplicitPrecompiledModules/CoreText-6F9TY5TEPCCZ1K2KYM4GMEGHD.pcm
SwiftExplicitDependencyGeneratePcm arm64 /Users/admin/builder/spi-builder-workspace/.derivedData/SDKExplicitPrecompiledModules/FileProvider-C9I28SI56F2SEVH1BCWTKGODO.pcm
SwiftExplicitDependencyGeneratePcm arm64 /Users/admin/builder/spi-builder-workspace/.derivedData/SDKExplicitPrecompiledModules/Network-EQPZZF3W6BWG89K0PY9NZO3T0.pcm
SwiftExplicitDependencyGeneratePcm arm64 /Users/admin/builder/spi-builder-workspace/.derivedData/SDKExplicitPrecompiledModules/IOSurface-5FE9U89GVFF9A7X7AGO2R8ENI.pcm
SwiftExplicitDependencyGeneratePcm arm64 /Users/admin/builder/spi-builder-workspace/.derivedData/SDKExplicitPrecompiledModules/LocalAuthentication-9MSPUJ85OBXBTOD7NJCT1GZ0O.pcm
SwiftExplicitDependencyGeneratePcm arm64 /Users/admin/builder/spi-builder-workspace/.derivedData/SDKExplicitPrecompiledModules/UniformTypeIdentifiers-E5KMWDZEKS4QW9RO1KBRDEXV6.pcm
SwiftExplicitDependencyGeneratePcm arm64 /Users/admin/builder/spi-builder-workspace/.derivedData/SDKExplicitPrecompiledModules/CoreMIDI-7L19IC4ZH9BPYLVTD8IIFWN9R.pcm
SwiftExplicitDependencyGeneratePcm arm64 /Users/admin/builder/spi-builder-workspace/.derivedData/SDKExplicitPrecompiledModules/UserNotifications-8IIV1V1FPNAPA4LY1Y23LOM2N.pcm
SwiftExplicitDependencyGeneratePcm arm64 /Users/admin/builder/spi-builder-workspace/.derivedData/SDKExplicitPrecompiledModules/OSLog-BNGT87TS0GMBFF7TY70HHB69.pcm
SwiftExplicitDependencyGeneratePcm arm64 /Users/admin/builder/spi-builder-workspace/.derivedData/SDKExplicitPrecompiledModules/CoreTransferable-8TBYAKHCX6UC8QQSS7BD8GQK5.pcm
SwiftExplicitDependencyGeneratePcm arm64 /Users/admin/builder/spi-builder-workspace/.derivedData/SDKExplicitPrecompiledModules/DataDetection-BANTQ3WXXGKZJYC0LLB3MD9K0.pcm
SwiftExplicitDependencyGeneratePcm arm64 /Users/admin/builder/spi-builder-workspace/.derivedData/SDKExplicitPrecompiledModules/Accessibility-1DR4J4YDVDGAYQTZ0FKZ1PU09.pcm
SwiftExplicitDependencyGeneratePcm arm64 /Users/admin/builder/spi-builder-workspace/.derivedData/SDKExplicitPrecompiledModules/CoreData-73N6Z547OZUEZ8ADGEC6XRHWN.pcm
SwiftExplicitDependencyGeneratePcm arm64 /Users/admin/builder/spi-builder-workspace/.derivedData/SDKExplicitPrecompiledModules/UIUtilities-AOVGLUWEAN6CG2UZFNESGSP6C.pcm
SwiftExplicitDependencyGeneratePcm arm64 /Users/admin/builder/spi-builder-workspace/.derivedData/SDKExplicitPrecompiledModules/_LocationEssentials-8GQGFVARUE99D8VJX3TINY0VP.pcm
SwiftExplicitDependencyGeneratePcm arm64 /Users/admin/builder/spi-builder-workspace/.derivedData/SDKExplicitPrecompiledModules/Symbols-8G2XC01RPQ5HYIZE6JNUT864I.pcm
SwiftExplicitDependencyGeneratePcm arm64 /Users/admin/builder/spi-builder-workspace/.derivedData/SDKExplicitPrecompiledModules/Metal-EKNUM9P3PRIBHZK1ZBD6BA2T7.pcm
SwiftExplicitDependencyGeneratePcm arm64 /Users/admin/builder/spi-builder-workspace/.derivedData/SDKExplicitPrecompiledModules/OpenGLES-56BKSYXNVAP91BYZRWAKQZKGI.pcm
SwiftExplicitDependencyGeneratePcm arm64 /Users/admin/builder/spi-builder-workspace/.derivedData/SDKExplicitPrecompiledModules/AVRouting-55P8FRNK50AFZOMMB2LBBOX33.pcm
SwiftExplicitDependencyGeneratePcm arm64 /Users/admin/builder/spi-builder-workspace/.derivedData/SDKExplicitPrecompiledModules/AudioToolbox-2K3S8EA590EB3GMH6D6784BWZ.pcm
SwiftExplicitDependencyGeneratePcm arm64 /Users/admin/builder/spi-builder-workspace/.derivedData/SDKExplicitPrecompiledModules/CoreLocation-1SN37095DAPVJ068LLP9TBDQX.pcm
SwiftExplicitDependencyGeneratePcm arm64 /Users/admin/builder/spi-builder-workspace/.derivedData/SDKExplicitPrecompiledModules/CoreMotion-10LV922UPGE28QX2SOIO7ALIZ.pcm
SwiftExplicitDependencyCompileModuleFromInterface arm64 /Users/admin/builder/spi-builder-workspace/.derivedData/SDKExplicitPrecompiledModules/ShaderGraph-URHKVVOFZL5Z.swiftmodule
SwiftExplicitDependencyGeneratePcm arm64 /Users/admin/builder/spi-builder-workspace/.derivedData/SDKExplicitPrecompiledModules/CoreVideo-E12HJSJSLO0YKWYBES11UKJ02.pcm
SwiftExplicitDependencyGeneratePcm arm64 /Users/admin/builder/spi-builder-workspace/.derivedData/SDKExplicitPrecompiledModules/CoreMedia-D1IBHC28BRHWLNUG1Q75G5YN0.pcm
SwiftExplicitDependencyGeneratePcm arm64 /Users/admin/builder/spi-builder-workspace/.derivedData/SDKExplicitPrecompiledModules/QuartzCore-12T8WVKUNCL1N7VXH87MM4YOB.pcm
SwiftExplicitDependencyGeneratePcm arm64 /Users/admin/builder/spi-builder-workspace/.derivedData/SDKExplicitPrecompiledModules/CoreML-37QYERWC0RQN4IY4377UD0TY1.pcm
SwiftExplicitDependencyGeneratePcm arm64 /Users/admin/builder/spi-builder-workspace/.derivedData/SDKExplicitPrecompiledModules/CoreImage-8WF1P230U10QM666EQMNV7OF1.pcm
SwiftExplicitDependencyGeneratePcm arm64 /Users/admin/builder/spi-builder-workspace/.derivedData/SDKExplicitPrecompiledModules/ARKitFoundation-3N77COW7DLP77CM0PWZXSR9BD.pcm
SwiftExplicitDependencyGeneratePcm arm64 /Users/admin/builder/spi-builder-workspace/.derivedData/SDKExplicitPrecompiledModules/SwiftUICore-6OBBMA39VFD4CB6SG2PE41FAP.pcm
SwiftExplicitDependencyGeneratePcm arm64 /Users/admin/builder/spi-builder-workspace/.derivedData/SDKExplicitPrecompiledModules/UIKit-2D2PMAAE45TMO6S28UCGCO5BR.pcm
SwiftExplicitDependencyGeneratePcm arm64 /Users/admin/builder/spi-builder-workspace/.derivedData/SDKExplicitPrecompiledModules/Vision-DVVG9MQGC3IMTVPTC1691MQ6Z.pcm
SwiftExplicitDependencyGeneratePcm arm64 /Users/admin/builder/spi-builder-workspace/.derivedData/SDKExplicitPrecompiledModules/MediaToolbox-1J5U29ERBPNPI1HKEJHXOP8EV.pcm
SwiftExplicitDependencyGeneratePcm arm64 /Users/admin/builder/spi-builder-workspace/.derivedData/SDKExplicitPrecompiledModules/VideoToolbox-7I4MDYIPJ4IWU1ZSL4JE3I7M6.pcm
SwiftExplicitDependencyGeneratePcm arm64 /Users/admin/builder/spi-builder-workspace/.derivedData/SDKExplicitPrecompiledModules/AVFAudio-E8GATWFYYBEBB41O9N0LRRGYC.pcm
SwiftExplicitDependencyGeneratePcm arm64 /Users/admin/builder/spi-builder-workspace/.derivedData/SDKExplicitPrecompiledModules/AVFoundation-DFCX8GQJWVA3CZBITWEHAZEFX.pcm
SwiftExplicitDependencyGeneratePcm arm64 /Users/admin/builder/spi-builder-workspace/.derivedData/SDKExplicitPrecompiledModules/ARKitCore-307YVPJLQNB66BTBIONHZNP86.pcm
SwiftExplicitDependencyGeneratePcm arm64 /Users/admin/builder/spi-builder-workspace/.derivedData/SDKExplicitPrecompiledModules/SwiftUI-77PUPXISY3V3TUF5FJEHUQC86.pcm
SwiftExplicitDependencyGeneratePcm arm64 /Users/admin/builder/spi-builder-workspace/.derivedData/SDKExplicitPrecompiledModules/GameController-7QL0VMQHE24OWQFUR0UFT89DW.pcm
SwiftExplicitDependencyGeneratePcm arm64 /Users/admin/builder/spi-builder-workspace/.derivedData/SDKExplicitPrecompiledModules/ARKit-27VDPOZ50FG2MJG7OFV6IFQYQ.pcm
SwiftEmitModule normal arm64 Emitting\ module\ for\ ShaderKit (in target 'ShaderKit' from project 'ShaderKit')
SwiftCompile normal arm64 (in target 'ShaderKit' from project 'ShaderKit')
cd /Users/admin/builder/spi-builder-workspace/.swiftpm/xcode
SwiftCompile normal arm64 Compiling\ ShaderModifier.swift /Users/admin/builder/spi-builder-workspace/Sources/ShaderKit/Modifiers/ShaderModifier.swift (in target 'ShaderKit' from project 'ShaderKit')
SwiftCompile normal arm64 /Users/admin/builder/spi-builder-workspace/Sources/ShaderKit/Modifiers/ShaderModifier.swift (in target 'ShaderKit' from project 'ShaderKit')
cd /Users/admin/builder/spi-builder-workspace/.swiftpm/xcode
builtin-SwiftPerFileCompile ShaderModifier.swift
SwiftCompile normal arm64 Compiling\ SimpleCardContent.swift,\ ShaderContext.swift /Users/admin/builder/spi-builder-workspace/Sources/ShaderKit/Containers/SimpleCardContent.swift /Users/admin/builder/spi-builder-workspace/Sources/ShaderKit/Effects/ShaderContext.swift (in target 'ShaderKit' from project 'ShaderKit')
SwiftCompile normal arm64 /Users/admin/builder/spi-builder-workspace/Sources/ShaderKit/Containers/SimpleCardContent.swift (in target 'ShaderKit' from project 'ShaderKit')
cd /Users/admin/builder/spi-builder-workspace/.swiftpm/xcode
builtin-SwiftPerFileCompile SimpleCardContent.swift
SwiftCompile normal arm64 /Users/admin/builder/spi-builder-workspace/Sources/ShaderKit/Effects/ShaderContext.swift (in target 'ShaderKit' from project 'ShaderKit')
cd /Users/admin/builder/spi-builder-workspace/.swiftpm/xcode
builtin-SwiftPerFileCompile ShaderContext.swift
SwiftCompile normal arm64 Compiling\ ShaderEffect.swift,\ TradingCardHoloStyle.swift /Users/admin/builder/spi-builder-workspace/Sources/ShaderKit/Effects/ShaderEffect.swift /Users/admin/builder/spi-builder-workspace/Sources/ShaderKit/Effects/TradingCardHoloStyle.swift (in target 'ShaderKit' from project 'ShaderKit')
SwiftCompile normal arm64 /Users/admin/builder/spi-builder-workspace/Sources/ShaderKit/Effects/ShaderEffect.swift (in target 'ShaderKit' from project 'ShaderKit')
cd /Users/admin/builder/spi-builder-workspace/.swiftpm/xcode
builtin-SwiftPerFileCompile ShaderEffect.swift
SwiftCompile normal arm64 /Users/admin/builder/spi-builder-workspace/Sources/ShaderKit/Effects/TradingCardHoloStyle.swift (in target 'ShaderKit' from project 'ShaderKit')
cd /Users/admin/builder/spi-builder-workspace/.swiftpm/xcode
builtin-SwiftPerFileCompile TradingCardHoloStyle.swift
SwiftCompile normal arm64 Compiling\ ShaderKit.swift /Users/admin/builder/spi-builder-workspace/Sources/ShaderKit/ShaderKit.swift (in target 'ShaderKit' from project 'ShaderKit')
SwiftCompile normal arm64 /Users/admin/builder/spi-builder-workspace/Sources/ShaderKit/ShaderKit.swift (in target 'ShaderKit' from project 'ShaderKit')
cd /Users/admin/builder/spi-builder-workspace/.swiftpm/xcode
builtin-SwiftPerFileCompile ShaderKit.swift
SwiftCompile normal arm64 Compiling\ CardLayer.swift,\ CardLayerBuilder.swift /Users/admin/builder/spi-builder-workspace/Sources/ShaderKit/Containers/ExplodableCard/CardLayer.swift /Users/admin/builder/spi-builder-workspace/Sources/ShaderKit/Containers/ExplodableCard/CardLayerBuilder.swift (in target 'ShaderKit' from project 'ShaderKit')
SwiftCompile normal arm64 /Users/admin/builder/spi-builder-workspace/Sources/ShaderKit/Containers/ExplodableCard/CardLayer.swift (in target 'ShaderKit' from project 'ShaderKit')
cd /Users/admin/builder/spi-builder-workspace/.swiftpm/xcode
builtin-SwiftPerFileCompile CardLayer.swift
SwiftCompile normal arm64 /Users/admin/builder/spi-builder-workspace/Sources/ShaderKit/Containers/ExplodableCard/CardLayerBuilder.swift (in target 'ShaderKit' from project 'ShaderKit')
cd /Users/admin/builder/spi-builder-workspace/.swiftpm/xcode
builtin-SwiftPerFileCompile CardLayerBuilder.swift
SwiftCompile normal arm64 Compiling\ Spring.swift /Users/admin/builder/spi-builder-workspace/Sources/ShaderKit/Utilities/Spring.swift (in target 'ShaderKit' from project 'ShaderKit')
SwiftCompile normal arm64 /Users/admin/builder/spi-builder-workspace/Sources/ShaderKit/Utilities/Spring.swift (in target 'ShaderKit' from project 'ShaderKit')
cd /Users/admin/builder/spi-builder-workspace/.swiftpm/xcode
builtin-SwiftPerFileCompile Spring.swift
SwiftCompile normal arm64 Compiling\ ExplodableHolographicCard.swift,\ ExplodedLayerView.swift /Users/admin/builder/spi-builder-workspace/Sources/ShaderKit/Containers/ExplodableCard/ExplodableHolographicCard.swift /Users/admin/builder/spi-builder-workspace/Sources/ShaderKit/Containers/ExplodableCard/ExplodedLayerView.swift (in target 'ShaderKit' from project 'ShaderKit')
SwiftCompile normal arm64 /Users/admin/builder/spi-builder-workspace/Sources/ShaderKit/Containers/ExplodableCard/ExplodableHolographicCard.swift (in target 'ShaderKit' from project 'ShaderKit')
cd /Users/admin/builder/spi-builder-workspace/.swiftpm/xcode
builtin-SwiftPerFileCompile ExplodableHolographicCard.swift
SwiftCompile normal arm64 /Users/admin/builder/spi-builder-workspace/Sources/ShaderKit/Containers/ExplodableCard/ExplodedLayerView.swift (in target 'ShaderKit' from project 'ShaderKit')
cd /Users/admin/builder/spi-builder-workspace/.swiftpm/xcode
builtin-SwiftPerFileCompile ExplodedLayerView.swift
SwiftCompile normal arm64 Compiling\ resource_bundle_accessor.swift,\ CardLayerExplodeContainer.swift /Users/admin/builder/spi-builder-workspace/.derivedData/Build/Intermediates.noindex/ShaderKit.build/Debug-xros/ShaderKit-t.build/DerivedSources/resource_bundle_accessor.swift /Users/admin/builder/spi-builder-workspace/Sources/ShaderKit/Containers/CardLayerExplodeContainer.swift (in target 'ShaderKit' from project 'ShaderKit')
SwiftCompile normal arm64 /Users/admin/builder/spi-builder-workspace/.derivedData/Build/Intermediates.noindex/ShaderKit.build/Debug-xros/ShaderKit-t.build/DerivedSources/resource_bundle_accessor.swift (in target 'ShaderKit' from project 'ShaderKit')
cd /Users/admin/builder/spi-builder-workspace/.swiftpm/xcode
builtin-SwiftPerFileCompile resource_bundle_accessor.swift
SwiftCompile normal arm64 /Users/admin/builder/spi-builder-workspace/Sources/ShaderKit/Containers/CardLayerExplodeContainer.swift (in target 'ShaderKit' from project 'ShaderKit')
cd /Users/admin/builder/spi-builder-workspace/.swiftpm/xcode
builtin-SwiftPerFileCompile CardLayerExplodeContainer.swift
SwiftCompile normal arm64 Compiling\ HolographicCardContainer.swift,\ HolographicInteractionMode.swift /Users/admin/builder/spi-builder-workspace/Sources/ShaderKit/Containers/HolographicCardContainer.swift /Users/admin/builder/spi-builder-workspace/Sources/ShaderKit/Containers/HolographicInteractionMode.swift (in target 'ShaderKit' from project 'ShaderKit')
SwiftCompile normal arm64 /Users/admin/builder/spi-builder-workspace/Sources/ShaderKit/Containers/HolographicCardContainer.swift (in target 'ShaderKit' from project 'ShaderKit')
cd /Users/admin/builder/spi-builder-workspace/.swiftpm/xcode
builtin-SwiftPerFileCompile HolographicCardContainer.swift
SwiftCompile normal arm64 /Users/admin/builder/spi-builder-workspace/Sources/ShaderKit/Containers/HolographicInteractionMode.swift (in target 'ShaderKit' from project 'ShaderKit')
cd /Users/admin/builder/spi-builder-workspace/.swiftpm/xcode
builtin-SwiftPerFileCompile HolographicInteractionMode.swift
SwiftCompile normal arm64 Compiling\ View+Shader.swift /Users/admin/builder/spi-builder-workspace/Sources/ShaderKit/Modifiers/View+Shader.swift (in target 'ShaderKit' from project 'ShaderKit')
SwiftCompile normal arm64 /Users/admin/builder/spi-builder-workspace/Sources/ShaderKit/Modifiers/View+Shader.swift (in target 'ShaderKit' from project 'ShaderKit')
cd /Users/admin/builder/spi-builder-workspace/.swiftpm/xcode
builtin-SwiftPerFileCompile View+Shader.swift
SwiftDriverJobDiscovery normal arm64 Emitting module for ShaderKit (in target 'ShaderKit' from project 'ShaderKit')
SwiftDriver\ Compilation\ Requirements ShaderKit normal arm64 com.apple.xcode.tools.swift.compiler (in target 'ShaderKit' from project 'ShaderKit')
cd /Users/admin/builder/spi-builder-workspace/.swiftpm/xcode
builtin-Swift-Compilation-Requirements -- /Applications/Xcode-27.0.0-Release.Candidate.app/Contents/Developer/Toolchains/XcodeDefault.xctoolchain/usr/bin/swiftc -parse-as-library -module-name ShaderKit -Onone @/Users/admin/builder/spi-builder-workspace/.derivedData/Build/Intermediates.noindex/ShaderKit.build/Debug-xros/ShaderKit-t.build/Objects-normal/arm64/ShaderKit.SwiftFileList -DSWIFT_PACKAGE -DDEBUG -DSWIFT_MODULE_RESOURCE_BUNDLE_AVAILABLE -DXcode -plugin-path /Applications/Xcode-27.0.0-Release.Candidate.app/Contents/Developer/Toolchains/XcodeDefault.xctoolchain/usr/lib/swift/host/plugins/testing -enable-experimental-feature DebugDescriptionMacro -sdk /Applications/Xcode-27.0.0-Release.Candidate.app/Contents/Developer/Platforms/XROS.platform/Developer/SDKs/XROS27.0.sdk -target arm64-apple-xros1.0 -g -module-cache-path /Users/admin/builder/spi-builder-workspace/.derivedData/ModuleCache.noindex -Xfrontend -serialize-debugging-options -profile-coverage-mapping -profile-generate -enable-testing -index-store-path /Users/admin/builder/spi-builder-workspace/.derivedData/Index.noindex/DataStore -Xcc -D_LIBCPP_HARDENING_MODE\=_LIBCPP_HARDENING_MODE_DEBUG -swift-version 5 -I /Users/admin/builder/spi-builder-workspace/.derivedData/Build/Products/Debug-xros -Isystem /Applications/Xcode-27.0.0-Release.Candidate.app/Contents/Developer/Platforms/XROS.platform/Developer/usr/lib -F /Users/admin/builder/spi-builder-workspace/.derivedData/Build/Products/Debug-xros -F /Applications/Xcode-27.0.0-Release.Candidate.app/Contents/Developer/Platforms/XROS.platform/Developer/Library/Frameworks -F /Applications/Xcode-27.0.0-Release.Candidate.app/Contents/Developer/Platforms/XROS.platform/Developer/SDKs/XROS27.0.sdk/Developer/Library/Frameworks -c -j10 -enable-batch-mode -incremental -Xcc -ivfsstatcache -Xcc /Users/admin/builder/spi-builder-workspace/.derivedData/SDKStatCaches.noindex/xros27.0-24M361-e829b21a6f8c9b70876ba0858053c044735bd543db762f57723cac368afd1ce4.sdkstatcache -output-file-map /Users/admin/builder/spi-builder-workspace/.derivedData/Build/Intermediates.noindex/ShaderKit.build/Debug-xros/ShaderKit-t.build/Objects-normal/arm64/ShaderKit-OutputFileMap.json -save-temps -no-color-diagnostics -explicit-module-build -module-cache-path /Users/admin/builder/spi-builder-workspace/.derivedData/Build/Intermediates.noindex/SwiftExplicitPrecompiledModules -clang-scanner-module-cache-path /Users/admin/builder/spi-builder-workspace/.derivedData/ModuleCache.noindex -sdk-module-cache-path /Users/admin/builder/spi-builder-workspace/.derivedData/SDKExplicitPrecompiledModules -emit-dependencies -emit-module -emit-module-path /Users/admin/builder/spi-builder-workspace/.derivedData/Build/Intermediates.noindex/ShaderKit.build/Debug-xros/ShaderKit-t.build/Objects-normal/arm64/ShaderKit.swiftmodule -serialize-diagnostics -dependency-scan-serialize-diagnostics-path /Users/admin/builder/spi-builder-workspace/.derivedData/Build/Intermediates.noindex/ShaderKit.build/Debug-xros/ShaderKit-t.build/Objects-normal/arm64/ShaderKit-dependency-scan.dia -validate-clang-modules-once -clang-build-session-file /Users/admin/builder/spi-builder-workspace/.derivedData/ModuleCache.noindex/Session.modulevalidation -Xcc -fmodules-prune-interval\=86400 -Xcc -fmodules-prune-after\=345600 -package-name spi_builder_workspace -emit-const-values -const-gather-protocols-list /Users/admin/builder/spi-builder-workspace/.derivedData/Build/Intermediates.noindex/ShaderKit.build/Debug-xros/ShaderKit-t.build/Objects-normal/arm64/ShaderKit_const_extract_protocols.json -Xcc -I/Users/admin/builder/spi-builder-workspace/.derivedData/Build/Products/Debug-xros/include -Xcc -I/Users/admin/builder/spi-builder-workspace/.derivedData/Build/Intermediates.noindex/ShaderKit.build/Debug-xros/ShaderKit-t.build/DerivedSources-normal/arm64 -Xcc -I/Users/admin/builder/spi-builder-workspace/.derivedData/Build/Intermediates.noindex/ShaderKit.build/Debug-xros/ShaderKit-t.build/DerivedSources/arm64 -Xcc -I/Users/admin/builder/spi-builder-workspace/.derivedData/Build/Intermediates.noindex/ShaderKit.build/Debug-xros/ShaderKit-t.build/DerivedSources -Xcc -DSWIFT_PACKAGE -Xcc -DDEBUG\=1 -emit-objc-header -emit-objc-header-path /Users/admin/builder/spi-builder-workspace/.derivedData/Build/Intermediates.noindex/ShaderKit.build/Debug-xros/ShaderKit-t.build/Objects-normal/arm64/ShaderKit-Swift.h -working-directory /Users/admin/builder/spi-builder-workspace/.swiftpm/xcode -experimental-emit-module-separately -disable-cmo
SwiftDriverJobDiscovery normal arm64 Compiling Spring.swift (in target 'ShaderKit' from project 'ShaderKit')
SwiftMergeGeneratedHeaders /Users/admin/builder/spi-builder-workspace/.derivedData/Build/Intermediates.noindex/GeneratedModuleMaps-xros/ShaderKit-Swift.h /Users/admin/builder/spi-builder-workspace/.derivedData/Build/Intermediates.noindex/ShaderKit.build/Debug-xros/ShaderKit-t.build/Objects-normal/arm64/ShaderKit-Swift.h (in target 'ShaderKit' from project 'ShaderKit')
cd /Users/admin/builder/spi-builder-workspace
builtin-swiftHeaderTool -arch arm64 /Users/admin/builder/spi-builder-workspace/.derivedData/Build/Intermediates.noindex/ShaderKit.build/Debug-xros/ShaderKit-t.build/Objects-normal/arm64/ShaderKit-Swift.h -o /Users/admin/builder/spi-builder-workspace/.derivedData/Build/Intermediates.noindex/GeneratedModuleMaps-xros/ShaderKit-Swift.h
Copy /Users/admin/builder/spi-builder-workspace/.derivedData/Build/Products/Debug-xros/ShaderKit.swiftmodule/arm64-apple-xros.swiftmodule /Users/admin/builder/spi-builder-workspace/.derivedData/Build/Intermediates.noindex/ShaderKit.build/Debug-xros/ShaderKit-t.build/Objects-normal/arm64/ShaderKit.swiftmodule (in target 'ShaderKit' from project 'ShaderKit')
cd /Users/admin/builder/spi-builder-workspace
builtin-copy -exclude .DS_Store -exclude CVS -exclude .svn -exclude .git -exclude .hg -resolve-src-symlinks -rename /Users/admin/builder/spi-builder-workspace/.derivedData/Build/Intermediates.noindex/ShaderKit.build/Debug-xros/ShaderKit-t.build/Objects-normal/arm64/ShaderKit.swiftmodule /Users/admin/builder/spi-builder-workspace/.derivedData/Build/Products/Debug-xros/ShaderKit.swiftmodule/arm64-apple-xros.swiftmodule
Copy /Users/admin/builder/spi-builder-workspace/.derivedData/Build/Products/Debug-xros/ShaderKit.swiftmodule/arm64-apple-xros.swiftdoc /Users/admin/builder/spi-builder-workspace/.derivedData/Build/Intermediates.noindex/ShaderKit.build/Debug-xros/ShaderKit-t.build/Objects-normal/arm64/ShaderKit.swiftdoc (in target 'ShaderKit' from project 'ShaderKit')
cd /Users/admin/builder/spi-builder-workspace
builtin-copy -exclude .DS_Store -exclude CVS -exclude .svn -exclude .git -exclude .hg -resolve-src-symlinks -rename /Users/admin/builder/spi-builder-workspace/.derivedData/Build/Intermediates.noindex/ShaderKit.build/Debug-xros/ShaderKit-t.build/Objects-normal/arm64/ShaderKit.swiftdoc /Users/admin/builder/spi-builder-workspace/.derivedData/Build/Products/Debug-xros/ShaderKit.swiftmodule/arm64-apple-xros.swiftdoc
Copy /Users/admin/builder/spi-builder-workspace/.derivedData/Build/Products/Debug-xros/ShaderKit.swiftmodule/arm64-apple-xros.abi.json /Users/admin/builder/spi-builder-workspace/.derivedData/Build/Intermediates.noindex/ShaderKit.build/Debug-xros/ShaderKit-t.build/Objects-normal/arm64/ShaderKit.abi.json (in target 'ShaderKit' from project 'ShaderKit')
cd /Users/admin/builder/spi-builder-workspace
builtin-copy -exclude .DS_Store -exclude CVS -exclude .svn -exclude .git -exclude .hg -resolve-src-symlinks -rename /Users/admin/builder/spi-builder-workspace/.derivedData/Build/Intermediates.noindex/ShaderKit.build/Debug-xros/ShaderKit-t.build/Objects-normal/arm64/ShaderKit.abi.json /Users/admin/builder/spi-builder-workspace/.derivedData/Build/Products/Debug-xros/ShaderKit.swiftmodule/arm64-apple-xros.abi.json
Copy /Users/admin/builder/spi-builder-workspace/.derivedData/Build/Products/Debug-xros/ShaderKit.swiftmodule/Project/arm64-apple-xros.swiftsourceinfo /Users/admin/builder/spi-builder-workspace/.derivedData/Build/Intermediates.noindex/ShaderKit.build/Debug-xros/ShaderKit-t.build/Objects-normal/arm64/ShaderKit.swiftsourceinfo (in target 'ShaderKit' from project 'ShaderKit')
cd /Users/admin/builder/spi-builder-workspace
builtin-copy -exclude .DS_Store -exclude CVS -exclude .svn -exclude .git -exclude .hg -resolve-src-symlinks -rename /Users/admin/builder/spi-builder-workspace/.derivedData/Build/Intermediates.noindex/ShaderKit.build/Debug-xros/ShaderKit-t.build/Objects-normal/arm64/ShaderKit.swiftsourceinfo /Users/admin/builder/spi-builder-workspace/.derivedData/Build/Products/Debug-xros/ShaderKit.swiftmodule/Project/arm64-apple-xros.swiftsourceinfo
SwiftDriver ShaderKitUI normal arm64 com.apple.xcode.tools.swift.compiler (in target 'ShaderKitUI' from project 'ShaderKit')
cd /Users/admin/builder/spi-builder-workspace/.swiftpm/xcode
builtin-SwiftDriver -- /Applications/Xcode-27.0.0-Release.Candidate.app/Contents/Developer/Toolchains/XcodeDefault.xctoolchain/usr/bin/swiftc -parse-as-library -module-name ShaderKitUI -Onone @/Users/admin/builder/spi-builder-workspace/.derivedData/Build/Intermediates.noindex/ShaderKit.build/Debug-xros/ShaderKitUI-t.build/Objects-normal/arm64/ShaderKitUI.SwiftFileList -DSWIFT_PACKAGE -DDEBUG -DSWIFT_MODULE_RESOURCE_BUNDLE_UNAVAILABLE -DXcode -plugin-path /Applications/Xcode-27.0.0-Release.Candidate.app/Contents/Developer/Toolchains/XcodeDefault.xctoolchain/usr/lib/swift/host/plugins/testing -enable-experimental-feature DebugDescriptionMacro -sdk /Applications/Xcode-27.0.0-Release.Candidate.app/Contents/Developer/Platforms/XROS.platform/Developer/SDKs/XROS27.0.sdk -target arm64-apple-xros1.0 -g -module-cache-path /Users/admin/builder/spi-builder-workspace/.derivedData/ModuleCache.noindex -Xfrontend -serialize-debugging-options -profile-coverage-mapping -profile-generate -enable-testing -index-store-path /Users/admin/builder/spi-builder-workspace/.derivedData/Index.noindex/DataStore -Xcc -D_LIBCPP_HARDENING_MODE\=_LIBCPP_HARDENING_MODE_DEBUG -swift-version 5 -I /Users/admin/builder/spi-builder-workspace/.derivedData/Build/Products/Debug-xros -Isystem /Applications/Xcode-27.0.0-Release.Candidate.app/Contents/Developer/Platforms/XROS.platform/Developer/usr/lib -F /Users/admin/builder/spi-builder-workspace/.derivedData/Build/Products/Debug-xros/PackageFrameworks -F /Users/admin/builder/spi-builder-workspace/.derivedData/Build/Products/Debug-xros -F /Applications/Xcode-27.0.0-Release.Candidate.app/Contents/Developer/Platforms/XROS.platform/Developer/Library/Frameworks -F /Applications/Xcode-27.0.0-Release.Candidate.app/Contents/Developer/Platforms/XROS.platform/Developer/SDKs/XROS27.0.sdk/Developer/Library/Frameworks -c -j10 -enable-batch-mode -incremental -Xcc -ivfsstatcache -Xcc /Users/admin/builder/spi-builder-workspace/.derivedData/SDKStatCaches.noindex/xros27.0-24M361-e829b21a6f8c9b70876ba0858053c044735bd543db762f57723cac368afd1ce4.sdkstatcache -output-file-map /Users/admin/builder/spi-builder-workspace/.derivedData/Build/Intermediates.noindex/ShaderKit.build/Debug-xros/ShaderKitUI-t.build/Objects-normal/arm64/ShaderKitUI-OutputFileMap.json -save-temps -no-color-diagnostics -explicit-module-build -module-cache-path /Users/admin/builder/spi-builder-workspace/.derivedData/Build/Intermediates.noindex/SwiftExplicitPrecompiledModules -clang-scanner-module-cache-path /Users/admin/builder/spi-builder-workspace/.derivedData/ModuleCache.noindex -sdk-module-cache-path /Users/admin/builder/spi-builder-workspace/.derivedData/SDKExplicitPrecompiledModules -emit-dependencies -emit-module -emit-module-path /Users/admin/builder/spi-builder-workspace/.derivedData/Build/Intermediates.noindex/ShaderKit.build/Debug-xros/ShaderKitUI-t.build/Objects-normal/arm64/ShaderKitUI.swiftmodule -serialize-diagnostics -dependency-scan-serialize-diagnostics-path /Users/admin/builder/spi-builder-workspace/.derivedData/Build/Intermediates.noindex/ShaderKit.build/Debug-xros/ShaderKitUI-t.build/Objects-normal/arm64/ShaderKitUI-dependency-scan.dia -validate-clang-modules-once -clang-build-session-file /Users/admin/builder/spi-builder-workspace/.derivedData/ModuleCache.noindex/Session.modulevalidation -Xcc -fmodules-prune-interval\=86400 -Xcc -fmodules-prune-after\=345600 -package-name spi_builder_workspace -emit-const-values -const-gather-protocols-list /Users/admin/builder/spi-builder-workspace/.derivedData/Build/Intermediates.noindex/ShaderKit.build/Debug-xros/ShaderKitUI-t.build/Objects-normal/arm64/ShaderKitUI_const_extract_protocols.json -Xcc -I/Users/admin/builder/spi-builder-workspace/.derivedData/Build/Products/Debug-xros/include -Xcc -I/Users/admin/builder/spi-builder-workspace/.derivedData/Build/Intermediates.noindex/ShaderKit.build/Debug-xros/ShaderKitUI-t.build/DerivedSources-normal/arm64 -Xcc -I/Users/admin/builder/spi-builder-workspace/.derivedData/Build/Intermediates.noindex/ShaderKit.build/Debug-xros/ShaderKitUI-t.build/DerivedSources/arm64 -Xcc -I/Users/admin/builder/spi-builder-workspace/.derivedData/Build/Intermediates.noindex/ShaderKit.build/Debug-xros/ShaderKitUI-t.build/DerivedSources -Xcc -DSWIFT_PACKAGE -Xcc -DDEBUG\=1 -emit-objc-header -emit-objc-header-path /Users/admin/builder/spi-builder-workspace/.derivedData/Build/Intermediates.noindex/ShaderKit.build/Debug-xros/ShaderKitUI-t.build/Objects-normal/arm64/ShaderKitUI-Swift.h -working-directory /Users/admin/builder/spi-builder-workspace/.swiftpm/xcode -experimental-emit-module-separately -disable-cmo
SwiftEmitModule normal arm64 Emitting\ module\ for\ ShaderKitUI (in target 'ShaderKitUI' from project 'ShaderKit')
SwiftCompile normal arm64 (in target 'ShaderKitUI' from project 'ShaderKit')
cd /Users/admin/builder/spi-builder-workspace/.swiftpm/xcode
SwiftCompile normal arm64 Compiling\ JellySwitch.swift /Users/admin/builder/spi-builder-workspace/Sources/ShaderKitUI/Components/JellySwitch.swift (in target 'ShaderKitUI' from project 'ShaderKit')
/Users/admin/builder/spi-builder-workspace/Sources/ShaderKitUI/Components/JellySwitch.swift:74:5: error: cannot find 'NSColor' in scope
72 | UIColor(jellyColor).getRed(&r, green: &g, blue: &b, alpha: &a)
73 | #else
74 | NSColor(jellyColor).getRed(&r, green: &g, blue: &b, alpha: &a)
| `- error: cannot find 'NSColor' in scope
75 | #endif
76 | return SIMD4<Float>(Float(r), Float(g), Float(b), Float(a))
Failed frontend command:
/Applications/Xcode-27.0.0-Release.Candidate.app/Contents/Developer/Toolchains/XcodeDefault.xctoolchain/usr/bin/swift-frontend -frontend -c /Users/admin/builder/spi-builder-workspace/Sources/ShaderKitUI/Audio/ToneGenerator.swift /Users/admin/builder/spi-builder-workspace/Sources/ShaderKitUI/Components/JellyButton.swift -primary-file /Users/admin/builder/spi-builder-workspace/Sources/ShaderKitUI/Components/JellySwitch.swift /Users/admin/builder/spi-builder-workspace/Sources/ShaderKitUI/Physics/SpringPhysics.swift /Users/admin/builder/spi-builder-workspace/Sources/ShaderKitUI/ShaderKitUI.swift -emit-dependencies-path /Users/admin/builder/spi-builder-workspace/.derivedData/Build/Intermediates.noindex/ShaderKit.build/Debug-xros/ShaderKitUI-t.build/Objects-normal/arm64/JellySwitch.d -emit-const-values-path /Users/admin/builder/spi-builder-workspace/.derivedData/Build/Intermediates.noindex/ShaderKit.build/Debug-xros/ShaderKitUI-t.build/Objects-normal/arm64/JellySwitch.swiftconstvalues -emit-reference-dependencies-path /Users/admin/builder/spi-builder-workspace/.derivedData/Build/Intermediates.noindex/ShaderKit.build/Debug-xros/ShaderKitUI-t.build/Objects-normal/arm64/JellySwitch.swiftdeps -serialize-diagnostics-path /Users/admin/builder/spi-builder-workspace/.derivedData/Build/Intermediates.noindex/ShaderKit.build/Debug-xros/ShaderKitUI-t.build/Objects-normal/arm64/JellySwitch.dia -target arm64-apple-xros1.0 -disable-cross-import-overlay-search -load-resolved-plugin /Applications/Xcode-27.0.0-Release.Candidate.app/Contents/Developer/Platforms/XROS.platform/Developer/usr/lib/swift/host/plugins/libFoundationMacros.dylib\#/Applications/Xcode-27.0.0-Release.Candidate.app/Contents/Developer/Platforms/XROS.platform/Developer/usr/bin/swift-plugin-server\#FoundationMacros -load-resolved-plugin /Applications/Xcode-27.0.0-Release.Candidate.app/Contents/Developer/Platforms/XROS.platform/Developer/usr/lib/swift/host/plugins/libObservationMacros.dylib\#/Applications/Xcode-27.0.0-Release.Candidate.app/Contents/Developer/Platforms/XROS.platform/Developer/usr/bin/swift-plugin-server\#ObservationMacros -load-resolved-plugin /Applications/Xcode-27.0.0-Release.Candidate.app/Contents/Developer/Platforms/XROS.platform/Developer/usr/lib/swift/host/plugins/libPreviewsMacros.dylib\#/Applications/Xcode-27.0.0-Release.Candidate.app/Contents/Developer/Platforms/XROS.platform/Developer/usr/bin/swift-plugin-server\#PreviewsMacros -load-resolved-plugin /Applications/Xcode-27.0.0-Release.Candidate.app/Contents/Developer/Platforms/XROS.platform/Developer/usr/lib/swift/host/plugins/libSwiftMacros.dylib\#/Applications/Xcode-27.0.0-Release.Candidate.app/Contents/Developer/Platforms/XROS.platform/Developer/usr/bin/swift-plugin-server\#SwiftMacros -load-resolved-plugin /Applications/Xcode-27.0.0-Release.Candidate.app/Contents/Developer/Platforms/XROS.platform/Developer/usr/lib/swift/host/plugins/libSwiftUIMacros.dylib\#/Applications/Xcode-27.0.0-Release.Candidate.app/Contents/Developer/Platforms/XROS.platform/Developer/usr/bin/swift-plugin-server\#SwiftUIMacros -disable-implicit-swift-modules -Xcc -fno-implicit-modules -Xcc -fno-implicit-module-maps -explicit-swift-module-map-file /Users/admin/builder/spi-builder-workspace/.derivedData/Build/Intermediates.noindex/ShaderKit.build/Debug-xros/ShaderKitUI-t.build/Objects-normal/arm64/ShaderKitUI-dependencies-1.json -Xllvm -aarch64-use-tbi -enable-objc-interop -stack-check -sdk /Applications/Xcode-27.0.0-Release.Candidate.app/Contents/Developer/Platforms/XROS.platform/Developer/SDKs/XROS27.0.sdk -I /Users/admin/builder/spi-builder-workspace/.derivedData/Build/Products/Debug-xros -Isystem /Applications/Xcode-27.0.0-Release.Candidate.app/Contents/Developer/Platforms/XROS.platform/Developer/usr/lib -F /Users/admin/builder/spi-builder-workspace/.derivedData/Build/Products/Debug-xros/PackageFrameworks -F /Users/admin/builder/spi-builder-workspace/.derivedData/Build/Products/Debug-xros -F /Applications/Xcode-27.0.0-Release.Candidate.app/Contents/Developer/Platforms/XROS.platform/Developer/Library/Frameworks -F /Applications/Xcode-27.0.0-Release.Candidate.app/Contents/Developer/Platforms/XROS.platform/Developer/SDKs/XROS27.0.sdk/Developer/Library/Frameworks -module-cache-path /Users/admin/builder/spi-builder-workspace/.derivedData/Build/Intermediates.noindex/SwiftExplicitPrecompiledModules -no-color-diagnostics -Xcc -fno-color-diagnostics -enable-testing -g -debug-info-format\=dwarf -dwarf-version\=4 -profile-generate -profile-coverage-mapping -swift-version 5 -Onone -D SWIFT_PACKAGE -D DEBUG -D SWIFT_MODULE_RESOURCE_BUNDLE_UNAVAILABLE -D Xcode -serialize-debugging-options -enable-experimental-feature DebugDescriptionMacro -empty-abi-descriptor -validate-clang-modules-once -clang-build-session-file /Users/admin/builder/spi-builder-workspace/.derivedData/ModuleCache.noindex/Session.modulevalidation -Xcc -working-directory -Xcc /Users/admin/builder/spi-builder-workspace/.swiftpm/xcode -enable-anonymous-context-mangled-names -file-compilation-dir /Users/admin/builder/spi-builder-workspace/.swiftpm/xcode -Xcc -D_LIBCPP_HARDENING_MODE\=_LIBCPP_HARDENING_MODE_DEBUG -Xcc -ivfsstatcache -Xcc /Users/admin/builder/spi-builder-workspace/.derivedData/SDKStatCaches.noindex/xros27.0-24M361-e829b21a6f8c9b70876ba0858053c044735bd543db762f57723cac368afd1ce4.sdkstatcache -Xcc -fmodules-prune-interval\=86400 -Xcc -fmodules-prune-after\=345600 -Xcc -I/Users/admin/builder/spi-builder-workspace/.derivedData/Build/Products/Debug-xros/include -Xcc -I/Users/admin/builder/spi-builder-workspace/.derivedData/Build/Intermediates.noindex/ShaderKit.build/Debug-xros/ShaderKitUI-t.build/DerivedSources-normal/arm64 -Xcc -I/Users/admin/builder/spi-builder-workspace/.derivedData/Build/Intermediates.noindex/ShaderKit.build/Debug-xros/ShaderKitUI-t.build/DerivedSources/arm64 -Xcc -I/Users/admin/builder/spi-builder-workspace/.derivedData/Build/Intermediates.noindex/ShaderKit.build/Debug-xros/ShaderKitUI-t.build/DerivedSources -Xcc -DSWIFT_PACKAGE -Xcc -DDEBUG\=1 -no-auto-bridging-header-chaining -module-name ShaderKitUI -package-name spi_builder_workspace -const-gather-protocols-file /Users/admin/builder/spi-builder-workspace/.derivedData/Build/Intermediates.noindex/ShaderKit.build/Debug-xros/ShaderKitUI-t.build/Objects-normal/arm64/ShaderKitUI_const_extract_protocols.json -disable-clang-spi -clang-target arm64-apple-xros27.0 -target-sdk-version 27.0 -target-sdk-name xros27.0 -in-process-plugin-server-path /Applications/Xcode-27.0.0-Release.Candidate.app/Contents/Developer/Toolchains/XcodeDefault.xctoolchain/usr/lib/swift/host/libSwiftInProcPluginServer.dylib -parse-as-library -o /Users/admin/builder/spi-builder-workspace/.derivedData/Build/Intermediates.noindex/ShaderKit.build/Debug-xros/ShaderKitUI-t.build/Objects-normal/arm64/JellySwitch.o -debug-module-path /Users/admin/builder/spi-builder-workspace/.derivedData/Build/Intermediates.noindex/ShaderKit.build/Debug-xros/ShaderKitUI-t.build/Objects-normal/arm64/ShaderKitUI.swiftmodule -index-unit-output-path /ShaderKit.build/Debug-xros/ShaderKitUI-t.build/Objects-normal/arm64/JellySwitch.o -index-store-path /Users/admin/builder/spi-builder-workspace/.derivedData/Index.noindex/DataStore -index-system-modules
SwiftCompile normal arm64 /Users/admin/builder/spi-builder-workspace/Sources/ShaderKitUI/Components/JellySwitch.swift (in target 'ShaderKitUI' from project 'ShaderKit')
cd /Users/admin/builder/spi-builder-workspace/.swiftpm/xcode
builtin-SwiftPerFileCompile JellySwitch.swift
SwiftDriverJobDiscovery normal arm64 Emitting module for ShaderKitUI (in target 'ShaderKitUI' from project 'ShaderKit')
SwiftDriver\ Compilation\ Requirements ShaderKitUI normal arm64 com.apple.xcode.tools.swift.compiler (in target 'ShaderKitUI' from project 'ShaderKit')
cd /Users/admin/builder/spi-builder-workspace/.swiftpm/xcode
builtin-Swift-Compilation-Requirements -- /Applications/Xcode-27.0.0-Release.Candidate.app/Contents/Developer/Toolchains/XcodeDefault.xctoolchain/usr/bin/swiftc -parse-as-library -module-name ShaderKitUI -Onone @/Users/admin/builder/spi-builder-workspace/.derivedData/Build/Intermediates.noindex/ShaderKit.build/Debug-xros/ShaderKitUI-t.build/Objects-normal/arm64/ShaderKitUI.SwiftFileList -DSWIFT_PACKAGE -DDEBUG -DSWIFT_MODULE_RESOURCE_BUNDLE_UNAVAILABLE -DXcode -plugin-path /Applications/Xcode-27.0.0-Release.Candidate.app/Contents/Developer/Toolchains/XcodeDefault.xctoolchain/usr/lib/swift/host/plugins/testing -enable-experimental-feature DebugDescriptionMacro -sdk /Applications/Xcode-27.0.0-Release.Candidate.app/Contents/Developer/Platforms/XROS.platform/Developer/SDKs/XROS27.0.sdk -target arm64-apple-xros1.0 -g -module-cache-path /Users/admin/builder/spi-builder-workspace/.derivedData/ModuleCache.noindex -Xfrontend -serialize-debugging-options -profile-coverage-mapping -profile-generate -enable-testing -index-store-path /Users/admin/builder/spi-builder-workspace/.derivedData/Index.noindex/DataStore -Xcc -D_LIBCPP_HARDENING_MODE\=_LIBCPP_HARDENING_MODE_DEBUG -swift-version 5 -I /Users/admin/builder/spi-builder-workspace/.derivedData/Build/Products/Debug-xros -Isystem /Applications/Xcode-27.0.0-Release.Candidate.app/Contents/Developer/Platforms/XROS.platform/Developer/usr/lib -F /Users/admin/builder/spi-builder-workspace/.derivedData/Build/Products/Debug-xros/PackageFrameworks -F /Users/admin/builder/spi-builder-workspace/.derivedData/Build/Products/Debug-xros -F /Applications/Xcode-27.0.0-Release.Candidate.app/Contents/Developer/Platforms/XROS.platform/Developer/Library/Frameworks -F /Applications/Xcode-27.0.0-Release.Candidate.app/Contents/Developer/Platforms/XROS.platform/Developer/SDKs/XROS27.0.sdk/Developer/Library/Frameworks -c -j10 -enable-batch-mode -incremental -Xcc -ivfsstatcache -Xcc /Users/admin/builder/spi-builder-workspace/.derivedData/SDKStatCaches.noindex/xros27.0-24M361-e829b21a6f8c9b70876ba0858053c044735bd543db762f57723cac368afd1ce4.sdkstatcache -output-file-map /Users/admin/builder/spi-builder-workspace/.derivedData/Build/Intermediates.noindex/ShaderKit.build/Debug-xros/ShaderKitUI-t.build/Objects-normal/arm64/ShaderKitUI-OutputFileMap.json -save-temps -no-color-diagnostics -explicit-module-build -module-cache-path /Users/admin/builder/spi-builder-workspace/.derivedData/Build/Intermediates.noindex/SwiftExplicitPrecompiledModules -clang-scanner-module-cache-path /Users/admin/builder/spi-builder-workspace/.derivedData/ModuleCache.noindex -sdk-module-cache-path /Users/admin/builder/spi-builder-workspace/.derivedData/SDKExplicitPrecompiledModules -emit-dependencies -emit-module -emit-module-path /Users/admin/builder/spi-builder-workspace/.derivedData/Build/Intermediates.noindex/ShaderKit.build/Debug-xros/ShaderKitUI-t.build/Objects-normal/arm64/ShaderKitUI.swiftmodule -serialize-diagnostics -dependency-scan-serialize-diagnostics-path /Users/admin/builder/spi-builder-workspace/.derivedData/Build/Intermediates.noindex/ShaderKit.build/Debug-xros/ShaderKitUI-t.build/Objects-normal/arm64/ShaderKitUI-dependency-scan.dia -validate-clang-modules-once -clang-build-session-file /Users/admin/builder/spi-builder-workspace/.derivedData/ModuleCache.noindex/Session.modulevalidation -Xcc -fmodules-prune-interval\=86400 -Xcc -fmodules-prune-after\=345600 -package-name spi_builder_workspace -emit-const-values -const-gather-protocols-list /Users/admin/builder/spi-builder-workspace/.derivedData/Build/Intermediates.noindex/ShaderKit.build/Debug-xros/ShaderKitUI-t.build/Objects-normal/arm64/ShaderKitUI_const_extract_protocols.json -Xcc -I/Users/admin/builder/spi-builder-workspace/.derivedData/Build/Products/Debug-xros/include -Xcc -I/Users/admin/builder/spi-builder-workspace/.derivedData/Build/Intermediates.noindex/ShaderKit.build/Debug-xros/ShaderKitUI-t.build/DerivedSources-normal/arm64 -Xcc -I/Users/admin/builder/spi-builder-workspace/.derivedData/Build/Intermediates.noindex/ShaderKit.build/Debug-xros/ShaderKitUI-t.build/DerivedSources/arm64 -Xcc -I/Users/admin/builder/spi-builder-workspace/.derivedData/Build/Intermediates.noindex/ShaderKit.build/Debug-xros/ShaderKitUI-t.build/DerivedSources -Xcc -DSWIFT_PACKAGE -Xcc -DDEBUG\=1 -emit-objc-header -emit-objc-header-path /Users/admin/builder/spi-builder-workspace/.derivedData/Build/Intermediates.noindex/ShaderKit.build/Debug-xros/ShaderKitUI-t.build/Objects-normal/arm64/ShaderKitUI-Swift.h -working-directory /Users/admin/builder/spi-builder-workspace/.swiftpm/xcode -experimental-emit-module-separately -disable-cmo
SwiftDriverJobDiscovery normal arm64 Compiling ShaderEffect.swift, TradingCardHoloStyle.swift (in target 'ShaderKit' from project 'ShaderKit')
SwiftCompile normal arm64 Compiling\ ShaderKitUI.swift /Users/admin/builder/spi-builder-workspace/Sources/ShaderKitUI/ShaderKitUI.swift (in target 'ShaderKitUI' from project 'ShaderKit')
SwiftCompile normal arm64 /Users/admin/builder/spi-builder-workspace/Sources/ShaderKitUI/ShaderKitUI.swift (in target 'ShaderKitUI' from project 'ShaderKit')
cd /Users/admin/builder/spi-builder-workspace/.swiftpm/xcode
builtin-SwiftPerFileCompile ShaderKitUI.swift
SwiftCompile normal arm64 Compiling\ SpringPhysics.swift /Users/admin/builder/spi-builder-workspace/Sources/ShaderKitUI/Physics/SpringPhysics.swift (in target 'ShaderKitUI' from project 'ShaderKit')
SwiftCompile normal arm64 /Users/admin/builder/spi-builder-workspace/Sources/ShaderKitUI/Physics/SpringPhysics.swift (in target 'ShaderKitUI' from project 'ShaderKit')
cd /Users/admin/builder/spi-builder-workspace/.swiftpm/xcode
builtin-SwiftPerFileCompile SpringPhysics.swift
SwiftDriverJobDiscovery normal arm64 Compiling HolographicCardContainer.swift, HolographicInteractionMode.swift (in target 'ShaderKit' from project 'ShaderKit')
SwiftCompile normal arm64 Compiling\ ToneGenerator.swift /Users/admin/builder/spi-builder-workspace/Sources/ShaderKitUI/Audio/ToneGenerator.swift (in target 'ShaderKitUI' from project 'ShaderKit')
SwiftCompile normal arm64 /Users/admin/builder/spi-builder-workspace/Sources/ShaderKitUI/Audio/ToneGenerator.swift (in target 'ShaderKitUI' from project 'ShaderKit')
cd /Users/admin/builder/spi-builder-workspace/.swiftpm/xcode
builtin-SwiftPerFileCompile ToneGenerator.swift
PruneExplicitPrecompiledModules /Users/admin/builder/spi-builder-workspace/.derivedData/SDKExplicitPrecompiledModules
PruneExplicitPrecompiledModules /Users/admin/builder/spi-builder-workspace/.derivedData/Build/Intermediates.noindex/SwiftExplicitPrecompiledModules
PruneExplicitPrecompiledModules /Users/admin/builder/spi-builder-workspace/.derivedData/Build/Intermediates.noindex/ExplicitPrecompiledModules
2026-09-26 08:26:21.298 xcodebuild[629:3930] [MT] IDERunDestination: Supported platforms for the buildables in the current scheme is empty.
** BUILD FAILED **
The following build commands failed:
SwiftCompile normal arm64 Compiling\ JellySwitch.swift /Users/admin/builder/spi-builder-workspace/Sources/ShaderKitUI/Components/JellySwitch.swift (in target 'ShaderKitUI' from project 'ShaderKit')
SwiftCompile normal arm64 /Users/admin/builder/spi-builder-workspace/Sources/ShaderKitUI/Components/JellySwitch.swift (in target 'ShaderKitUI' from project 'ShaderKit')
Building workspace ShaderKit with scheme ShaderKit-Package
(3 failures)
Command line invocation:
/Applications/Xcode-27.0.0-Release.Candidate.app/Contents/Developer/usr/bin/xcodebuild -IDEClonedSourcePackagesDirPathOverride=/Users/admin/builder/spi-builder-workspace/.dependencies -resolvePackageDependencies
Resolve Package Graph
Resolved source packages:
ShaderKit: /Users/admin/builder/spi-builder-workspace
resolved source packages: ShaderKit
2026-09-26 08:26:36.780 xcodebuild[840:4955] [MT] IDERunDestination: Supported platforms for the buildables in the current scheme is empty.
{
"dependencies" : [
],
"manifest_display_name" : "ShaderKit",
"name" : "ShaderKit",
"path" : "/Users/admin/builder/spi-builder-workspace",
"platforms" : [
{
"name" : "ios",
"version" : "17.0"
},
{
"name" : "macos",
"version" : "14.0"
},
{
"name" : "visionos",
"version" : "1.0"
}
],
"products" : [
{
"name" : "ShaderKit",
"targets" : [
"ShaderKit"
],
"type" : {
"library" : [
"automatic"
]
}
},
{
"name" : "ShaderKitUI",
"targets" : [
"ShaderKitUI"
],
"type" : {
"library" : [
"automatic"
]
}
},
{
"name" : "ShaderCards",
"targets" : [
"ShaderCards"
],
"type" : {
"library" : [
"automatic"
]
}
},
{
"name" : "ShaderCardsDemo",
"targets" : [
"ShaderCardsDemo"
],
"type" : {
"executable" : null
}
}
],
"targets" : [
{
"c99name" : "ShaderKitUI",
"module_type" : "SwiftTarget",
"name" : "ShaderKitUI",
"path" : "Sources/ShaderKitUI",
"product_memberships" : [
"ShaderKitUI"
],
"sources" : [
"Audio/ToneGenerator.swift",
"Components/JellyButton.swift",
"Components/JellySwitch.swift",
"Physics/SpringPhysics.swift",
"ShaderKitUI.swift"
],
"target_dependencies" : [
"ShaderKit"
],
"type" : "library"
},
{
"c99name" : "ShaderKitTests",
"module_type" : "SwiftTarget",
"name" : "ShaderKitTests",
"path" : "Tests/ShaderKitTests",
"sources" : [
"ShaderKitTests.swift"
],
"target_dependencies" : [
"ShaderKit"
],
"type" : "test"
},
{
"c99name" : "ShaderKit",
"module_type" : "SwiftTarget",
"name" : "ShaderKit",
"path" : "Sources/ShaderKit",
"product_memberships" : [
"ShaderKit",
"ShaderKitUI",
"ShaderCards",
"ShaderCardsDemo"
],
"resources" : [
{
"path" : "/Users/admin/builder/spi-builder-workspace/Sources/ShaderKit/Shaders/AmazingRareShader.metal",
"rule" : {
"process" : {
}
}
},
{
"path" : "/Users/admin/builder/spi-builder-workspace/Sources/ShaderKit/Shaders/BasicGlareShader.metal",
"rule" : {
"process" : {
}
}
},
{
"path" : "/Users/admin/builder/spi-builder-workspace/Sources/ShaderKit/Shaders/BlendedHoloShaders.metal",
"rule" : {
"process" : {
}
}
},
{
"path" : "/Users/admin/builder/spi-builder-workspace/Sources/ShaderKit/Shaders/BubbleShaders.metal",
"rule" : {
"process" : {
}
}
},
{
"path" : "/Users/admin/builder/spi-builder-workspace/Sources/ShaderKit/Shaders/CodexLogoShader.metal",
"rule" : {
"process" : {
}
}
},
{
"path" : "/Users/admin/builder/spi-builder-workspace/Sources/ShaderKit/Shaders/CosmosHoloShader.metal",
"rule" : {
"process" : {
}
}
},
{
"path" : "/Users/admin/builder/spi-builder-workspace/Sources/ShaderKit/Shaders/DiagonalHoloShader.metal",
"rule" : {
"process" : {
}
}
},
{
"path" : "/Users/admin/builder/spi-builder-workspace/Sources/ShaderKit/Shaders/DiamondGridShader.metal",
"rule" : {
"process" : {
}
}
},
{
"path" : "/Users/admin/builder/spi-builder-workspace/Sources/ShaderKit/Shaders/EtchedFoilShader.metal",
"rule" : {
"process" : {
}
}
},
{
"path" : "/Users/admin/builder/spi-builder-workspace/Sources/ShaderKit/Shaders/FoilEffectsShaders.metal",
"rule" : {
"process" : {
}
}
},
{
"path" : "/Users/admin/builder/spi-builder-workspace/Sources/ShaderKit/Shaders/FrozenShader.metal",
"rule" : {
"process" : {
}
}
},
{
"path" : "/Users/admin/builder/spi-builder-workspace/Sources/ShaderKit/Shaders/GlassShaders.metal",
"rule" : {
"process" : {
}
}
},
{
"path" : "/Users/admin/builder/spi-builder-workspace/Sources/ShaderKit/Shaders/HalftonePastelShader.metal",
"rule" : {
"process" : {
}
}
},
{
"path" : "/Users/admin/builder/spi-builder-workspace/Sources/ShaderKit/Shaders/IntenseBlingShader.metal",
"rule" : {
"process" : {
}
}
},
{
"path" : "/Users/admin/builder/spi-builder-workspace/Sources/ShaderKit/Shaders/JellyButtonShader.metal",
"rule" : {
"process" : {
}
}
},
{
"path" : "/Users/admin/builder/spi-builder-workspace/Sources/ShaderKit/Shaders/JellySwitchShader.metal",
"rule" : {
"process" : {
}
}
},
{
"path" : "/Users/admin/builder/spi-builder-workspace/Sources/ShaderKit/Shaders/LightsaberShaders.metal",
"rule" : {
"process" : {
}
}
},
{
"path" : "/Users/admin/builder/spi-builder-workspace/Sources/ShaderKit/Shaders/LiquidTechShader.metal",
"rule" : {
"process" : {
}
}
},
{
"path" : "/Users/admin/builder/spi-builder-workspace/Sources/ShaderKit/Shaders/MaskedFoilShaders.metal",
"rule" : {
"process" : {
}
}
},
{
"path" : "/Users/admin/builder/spi-builder-workspace/Sources/ShaderKit/Shaders/PolishedAluminumShader.metal",
"rule" : {
"process" : {
}
}
},
{
"path" : "/Users/admin/builder/spi-builder-workspace/Sources/ShaderKit/Shaders/PremiumMaterialShaders.metal",
"rule" : {
"process" : {
}
}
},
{
"path" : "/Users/admin/builder/spi-builder-workspace/Sources/ShaderKit/Shaders/RadialStarShader.metal",
"rule" : {
"process" : {
}
}
},
{
"path" : "/Users/admin/builder/spi-builder-workspace/Sources/ShaderKit/Shaders/RadiantHoloShader.metal",
"rule" : {
"process" : {
}
}
},
{
"path" : "/Users/admin/builder/spi-builder-workspace/Sources/ShaderKit/Shaders/RainbowRareShader.metal",
"rule" : {
"process" : {
}
}
},
{
"path" : "/Users/admin/builder/spi-builder-workspace/Sources/ShaderKit/Shaders/RegularHoloShader.metal",
"rule" : {
"process" : {
}
}
},
{
"path" : "/Users/admin/builder/spi-builder-workspace/Sources/ShaderKit/Shaders/ReverseHoloShader.metal",
"rule" : {
"process" : {
}
}
},
{
"path" : "/Users/admin/builder/spi-builder-workspace/Sources/ShaderKit/Shaders/ShaderUtilities.metal",
"rule" : {
"process" : {
}
}
},
{
"path" : "/Users/admin/builder/spi-builder-workspace/Sources/ShaderKit/Shaders/ShinyRareShader.metal",
"rule" : {
"process" : {
}
}
},
{
"path" : "/Users/admin/builder/spi-builder-workspace/Sources/ShaderKit/Shaders/SnowfallShader.metal",
"rule" : {
"process" : {
}
}
},
{
"path" : "/Users/admin/builder/spi-builder-workspace/Sources/ShaderKit/Shaders/SpiralRingsShader.metal",
"rule" : {
"process" : {
}
}
},
{
"path" : "/Users/admin/builder/spi-builder-workspace/Sources/ShaderKit/Shaders/StarburstShaders.metal",
"rule" : {
"process" : {
}
}
},
{
"path" : "/Users/admin/builder/spi-builder-workspace/Sources/ShaderKit/Shaders/SubtleGradientShader.metal",
"rule" : {
"process" : {
}
}
},
{
"path" : "/Users/admin/builder/spi-builder-workspace/Sources/ShaderKit/Shaders/ThermostatShaders.metal",
"rule" : {
"process" : {
}
}
},
{
"path" : "/Users/admin/builder/spi-builder-workspace/Sources/ShaderKit/Shaders/TradingCardHoloShaders.metal",
"rule" : {
"process" : {
}
}
},
{
"path" : "/Users/admin/builder/spi-builder-workspace/Sources/ShaderKit/Shaders/WaterShader.metal",
"rule" : {
"process" : {
}
}
}
],
"sources" : [
"Containers/CardLayerExplodeContainer.swift",
"Containers/ExplodableCard/CardLayer.swift",
"Containers/ExplodableCard/CardLayerBuilder.swift",
"Containers/ExplodableCard/ExplodableHolographicCard.swift",
"Containers/ExplodableCard/ExplodedLayerView.swift",
"Containers/HolographicCardContainer.swift",
"Containers/HolographicInteractionMode.swift",
"Containers/SimpleCardContent.swift",
"Effects/ShaderContext.swift",
"Effects/ShaderEffect.swift",
"Effects/TradingCardHoloStyle.swift",
"Modifiers/ShaderModifier.swift",
"Modifiers/View+Shader.swift",
"ShaderKit.swift",
"Utilities/Spring.swift"
],
"type" : "library"
},
{
"c99name" : "ShaderCardsTests",
"module_type" : "SwiftTarget",
"name" : "ShaderCardsTests",
"path" : "Tests/ShaderCardsTests",
"sources" : [
"ShaderCardsTests.swift",
"SnapshotRenderTests.swift"
],
"target_dependencies" : [
"ShaderCards"
],
"type" : "test"
},
{
"c99name" : "ShaderCardsDemo",
"module_type" : "SwiftTarget",
"name" : "ShaderCardsDemo",
"path" : "Sources/ShaderCardsDemo",
"product_memberships" : [
"ShaderCardsDemo"
],
"sources" : [
"ShaderCardsDemoApp.swift"
],
"target_dependencies" : [
"ShaderCards"
],
"type" : "executable"
},
{
"c99name" : "ShaderCards",
"module_type" : "SwiftTarget",
"name" : "ShaderCards",
"path" : "Sources/ShaderCards",
"product_memberships" : [
"ShaderCards",
"ShaderCardsDemo"
],
"sources" : [
"Art/ArtSceneSpec.swift",
"Art/ArtworkSpecs.swift",
"Art/ArtworkView.swift",
"Art/Backdrops.swift",
"Art/Figures/BirdFigure.swift",
"Art/Figures/CatFigure.swift",
"Art/Figures/DrakeFigure.swift",
"Art/Figures/FishFigure.swift",
"Art/Figures/FoxFigure.swift",
"Art/Figures/GolemFigure.swift",
"Art/Figures/JellyFigure.swift",
"Art/Figures/MothFigure.swift",
"Art/Figures/SerpentFigure.swift",
"Art/Figures/TurtleFigure.swift",
"Art/Figures/WispFigure.swift",
"Art/Figures/WolfFigure.swift",
"Art/ParticleField.swift",
"Art/SceneRandom.swift",
"Builder/CardBuilder.swift",
"Components/ArtWindow.swift",
"Components/AttackRow.swift",
"Components/CardFooter.swift",
"Components/CardHeader.swift",
"Components/EnergyIcon.swift",
"Components/RaritySymbolView.swift",
"Design/CardMetrics.swift",
"Design/CardTypography.swift",
"Design/ElementPalette.swift",
"Frames/EnergyCardFace.swift",
"Frames/FullArtCardFace.swift",
"Frames/MinimalCardFace.swift",
"Frames/StandardCardFace.swift",
"Frames/TrainerCardFace.swift",
"Library/CardLibrary.swift",
"Library/PremiumMaterialEditions.swift",
"Library/SpecialEditions.swift",
"Library/TradingCardHoloEditions.swift",
"Model/Card.swift",
"Model/CardArt.swift",
"Model/CardArtwork.swift",
"Model/CardAttack.swift",
"Model/CardFinish.swift",
"Model/CardLayout.swift",
"Model/CardModel.swift",
"Model/CardRarity.swift",
"Model/CardStage.swift",
"Model/ElementType.swift",
"Model/PremiumCardFinishes.swift",
"Model/TradingCardHoloFinishes.swift",
"ShaderCards.swift",
"Views/CardFaceView.swift",
"Views/CardGalleryView.swift",
"Views/CardLayerFactory.swift",
"Views/CardStudioView.swift",
"Views/ExplodableCardView.swift"
],
"target_dependencies" : [
"ShaderKit"
],
"type" : "library"
}
],
"tools_version" : "5.9"
}
{
"workspace" : {
"name" : "ShaderKit",
"schemes" : [
"ShaderCards",
"ShaderCardsDemo",
"ShaderKit",
"ShaderKit-Package",
"ShaderKitUI"
]
}
}
2026-09-26 08:26:37.985 xcodebuild[848:5028] [MT] IDERunDestination: Supported platforms for the buildables in the current scheme is empty.
{
"workspace" : {
"name" : "ShaderKit",
"schemes" : [
"ShaderCards",
"ShaderCardsDemo",
"ShaderKit",
"ShaderKit-Package",
"ShaderKitUI"
]
}
}
2026-09-26 08:26:38.958 xcodebuild[850:5059] [MT] IDERunDestination: Supported platforms for the buildables in the current scheme is empty.
Running build ...
env DEVELOPER_DIR=/Applications/Xcode-27.0.0-Release.Candidate.app xcrun xcodebuild -IDEClonedSourcePackagesDirPathOverride=$PWD/.dependencies -skipMacroValidation -skipPackagePluginValidation -derivedDataPath $PWD/.derivedData build -scheme ShaderKit-Package -destination generic/platform=xrOS
Command line invocation:
/Applications/Xcode-27.0.0-Release.Candidate.app/Contents/Developer/usr/bin/xcodebuild -IDEClonedSourcePackagesDirPathOverride=/Users/admin/builder/spi-builder-workspace/.dependencies -skipMacroValidation -skipPackagePluginValidation -derivedDataPath /Users/admin/builder/spi-builder-workspace/.derivedData build -scheme ShaderKit-Package -destination generic/platform=xrOS
Resolve Package Graph
Resolved source packages:
ShaderKit: /Users/admin/builder/spi-builder-workspace
ComputePackagePrebuildTargetDependencyGraph
Prepare packages
CreateBuildRequest
SendProjectDescription
CreateBuildOperation
ComputeTargetDependencyGraph
note: Building targets in dependency order
note: Target dependency graph (8 targets)
Target 'ShaderCardsDemo-product' in project 'ShaderKit'
➜ Explicit dependency on target 'ShaderKit' in project 'ShaderKit'
➜ Explicit dependency on target 'ShaderCards' in project 'ShaderKit'
Target 'ShaderCards-product' in project 'ShaderKit'
➜ Explicit dependency on target 'ShaderCards' in project 'ShaderKit'
➜ Explicit dependency on target 'ShaderKit' in project 'ShaderKit'
Target 'ShaderCards' in project 'ShaderKit'
➜ Explicit dependency on target 'ShaderKit' in project 'ShaderKit'
Target 'ShaderKitUI-product' in project 'ShaderKit'
➜ Explicit dependency on target 'ShaderKitUI' in project 'ShaderKit'
➜ Explicit dependency on target 'ShaderKit' in project 'ShaderKit'
Target 'ShaderKitUI' in project 'ShaderKit'
➜ Explicit dependency on target 'ShaderKit' in project 'ShaderKit'
Target 'ShaderKit-product' in project 'ShaderKit'
➜ Explicit dependency on target 'ShaderKit' in project 'ShaderKit'
➜ Explicit dependency on target 'ShaderKit_ShaderKit' in project 'ShaderKit'
Target 'ShaderKit' in project 'ShaderKit'
➜ Explicit dependency on target 'ShaderKit_ShaderKit' in project 'ShaderKit'
Target 'ShaderKit_ShaderKit' in project 'ShaderKit' (no dependencies)
GatherProvisioningInputs
CreateBuildDescription
ClangStatCache /Applications/Xcode-27.0.0-Release.Candidate.app/Contents/Developer/Toolchains/XcodeDefault.xctoolchain/usr/bin/clang-stat-cache /Applications/Xcode-27.0.0-Release.Candidate.app/Contents/Developer/Platforms/XROS.platform/Developer/SDKs/XROS27.0.sdk /Users/admin/builder/spi-builder-workspace/.derivedData/SDKStatCaches.noindex/xros27.0-24M361-e829b21a6f8c9b70876ba0858053c044735bd543db762f57723cac368afd1ce4.sdkstatcache
cd /Users/admin/builder/spi-builder-workspace/.swiftpm/xcode
/Applications/Xcode-27.0.0-Release.Candidate.app/Contents/Developer/Toolchains/XcodeDefault.xctoolchain/usr/bin/clang-stat-cache /Applications/Xcode-27.0.0-Release.Candidate.app/Contents/Developer/Platforms/XROS.platform/Developer/SDKs/XROS27.0.sdk -o /Users/admin/builder/spi-builder-workspace/.derivedData/SDKStatCaches.noindex/xros27.0-24M361-e829b21a6f8c9b70876ba0858053c044735bd543db762f57723cac368afd1ce4.sdkstatcache
SwiftMergeGeneratedHeaders /Users/admin/builder/spi-builder-workspace/.derivedData/Build/Intermediates.noindex/GeneratedModuleMaps-xros/ShaderKitUI-Swift.h /Users/admin/builder/spi-builder-workspace/.derivedData/Build/Intermediates.noindex/ShaderKit.build/Debug-xros/ShaderKitUI-t.build/Objects-normal/arm64/ShaderKitUI-Swift.h (in target 'ShaderKitUI' from project 'ShaderKit')
cd /Users/admin/builder/spi-builder-workspace
builtin-swiftHeaderTool -arch arm64 /Users/admin/builder/spi-builder-workspace/.derivedData/Build/Intermediates.noindex/ShaderKit.build/Debug-xros/ShaderKitUI-t.build/Objects-normal/arm64/ShaderKitUI-Swift.h -o /Users/admin/builder/spi-builder-workspace/.derivedData/Build/Intermediates.noindex/GeneratedModuleMaps-xros/ShaderKitUI-Swift.h
SwiftDriver ShaderKit normal arm64 com.apple.xcode.tools.swift.compiler (in target 'ShaderKit' from project 'ShaderKit')
cd /Users/admin/builder/spi-builder-workspace/.swiftpm/xcode
builtin-SwiftDriver -- /Applications/Xcode-27.0.0-Release.Candidate.app/Contents/Developer/Toolchains/XcodeDefault.xctoolchain/usr/bin/swiftc -parse-as-library -module-name ShaderKit -Onone @/Users/admin/builder/spi-builder-workspace/.derivedData/Build/Intermediates.noindex/ShaderKit.build/Debug-xros/ShaderKit-t.build/Objects-normal/arm64/ShaderKit.SwiftFileList -DSWIFT_PACKAGE -DDEBUG -DSWIFT_MODULE_RESOURCE_BUNDLE_AVAILABLE -DXcode -plugin-path /Applications/Xcode-27.0.0-Release.Candidate.app/Contents/Developer/Toolchains/XcodeDefault.xctoolchain/usr/lib/swift/host/plugins/testing -enable-experimental-feature DebugDescriptionMacro -sdk /Applications/Xcode-27.0.0-Release.Candidate.app/Contents/Developer/Platforms/XROS.platform/Developer/SDKs/XROS27.0.sdk -target arm64-apple-xros1.0 -g -module-cache-path /Users/admin/builder/spi-builder-workspace/.derivedData/ModuleCache.noindex -Xfrontend -serialize-debugging-options -profile-coverage-mapping -profile-generate -enable-testing -index-store-path /Users/admin/builder/spi-builder-workspace/.derivedData/Index.noindex/DataStore -Xcc -D_LIBCPP_HARDENING_MODE\=_LIBCPP_HARDENING_MODE_DEBUG -swift-version 5 -I /Users/admin/builder/spi-builder-workspace/.derivedData/Build/Products/Debug-xros -Isystem /Applications/Xcode-27.0.0-Release.Candidate.app/Contents/Developer/Platforms/XROS.platform/Developer/usr/lib -F /Users/admin/builder/spi-builder-workspace/.derivedData/Build/Products/Debug-xros -F /Applications/Xcode-27.0.0-Release.Candidate.app/Contents/Developer/Platforms/XROS.platform/Developer/Library/Frameworks -F /Applications/Xcode-27.0.0-Release.Candidate.app/Contents/Developer/Platforms/XROS.platform/Developer/SDKs/XROS27.0.sdk/Developer/Library/Frameworks -c -j10 -enable-batch-mode -incremental -Xcc -ivfsstatcache -Xcc /Users/admin/builder/spi-builder-workspace/.derivedData/SDKStatCaches.noindex/xros27.0-24M361-e829b21a6f8c9b70876ba0858053c044735bd543db762f57723cac368afd1ce4.sdkstatcache -output-file-map /Users/admin/builder/spi-builder-workspace/.derivedData/Build/Intermediates.noindex/ShaderKit.build/Debug-xros/ShaderKit-t.build/Objects-normal/arm64/ShaderKit-OutputFileMap.json -save-temps -no-color-diagnostics -explicit-module-build -module-cache-path /Users/admin/builder/spi-builder-workspace/.derivedData/Build/Intermediates.noindex/SwiftExplicitPrecompiledModules -clang-scanner-module-cache-path /Users/admin/builder/spi-builder-workspace/.derivedData/ModuleCache.noindex -sdk-module-cache-path /Users/admin/builder/spi-builder-workspace/.derivedData/SDKExplicitPrecompiledModules -emit-dependencies -emit-module -emit-module-path /Users/admin/builder/spi-builder-workspace/.derivedData/Build/Intermediates.noindex/ShaderKit.build/Debug-xros/ShaderKit-t.build/Objects-normal/arm64/ShaderKit.swiftmodule -serialize-diagnostics -dependency-scan-serialize-diagnostics-path /Users/admin/builder/spi-builder-workspace/.derivedData/Build/Intermediates.noindex/ShaderKit.build/Debug-xros/ShaderKit-t.build/Objects-normal/arm64/ShaderKit-dependency-scan.dia -validate-clang-modules-once -clang-build-session-file /Users/admin/builder/spi-builder-workspace/.derivedData/ModuleCache.noindex/Session.modulevalidation -Xcc -fmodules-prune-interval\=86400 -Xcc -fmodules-prune-after\=345600 -package-name spi_builder_workspace -emit-const-values -const-gather-protocols-list /Users/admin/builder/spi-builder-workspace/.derivedData/Build/Intermediates.noindex/ShaderKit.build/Debug-xros/ShaderKit-t.build/Objects-normal/arm64/ShaderKit_const_extract_protocols.json -Xcc -I/Users/admin/builder/spi-builder-workspace/.derivedData/Build/Products/Debug-xros/include -Xcc -I/Users/admin/builder/spi-builder-workspace/.derivedData/Build/Intermediates.noindex/ShaderKit.build/Debug-xros/ShaderKit-t.build/DerivedSources-normal/arm64 -Xcc -I/Users/admin/builder/spi-builder-workspace/.derivedData/Build/Intermediates.noindex/ShaderKit.build/Debug-xros/ShaderKit-t.build/DerivedSources/arm64 -Xcc -I/Users/admin/builder/spi-builder-workspace/.derivedData/Build/Intermediates.noindex/ShaderKit.build/Debug-xros/ShaderKit-t.build/DerivedSources -Xcc -DSWIFT_PACKAGE -Xcc -DDEBUG\=1 -emit-objc-header -emit-objc-header-path /Users/admin/builder/spi-builder-workspace/.derivedData/Build/Intermediates.noindex/ShaderKit.build/Debug-xros/ShaderKit-t.build/Objects-normal/arm64/ShaderKit-Swift.h -working-directory /Users/admin/builder/spi-builder-workspace/.swiftpm/xcode -experimental-emit-module-separately -disable-cmo
SwiftDriver ShaderKitUI normal arm64 com.apple.xcode.tools.swift.compiler (in target 'ShaderKitUI' from project 'ShaderKit')
cd /Users/admin/builder/spi-builder-workspace/.swiftpm/xcode
builtin-SwiftDriver -- /Applications/Xcode-27.0.0-Release.Candidate.app/Contents/Developer/Toolchains/XcodeDefault.xctoolchain/usr/bin/swiftc -parse-as-library -module-name ShaderKitUI -Onone @/Users/admin/builder/spi-builder-workspace/.derivedData/Build/Intermediates.noindex/ShaderKit.build/Debug-xros/ShaderKitUI-t.build/Objects-normal/arm64/ShaderKitUI.SwiftFileList -DSWIFT_PACKAGE -DDEBUG -DSWIFT_MODULE_RESOURCE_BUNDLE_UNAVAILABLE -DXcode -plugin-path /Applications/Xcode-27.0.0-Release.Candidate.app/Contents/Developer/Toolchains/XcodeDefault.xctoolchain/usr/lib/swift/host/plugins/testing -enable-experimental-feature DebugDescriptionMacro -sdk /Applications/Xcode-27.0.0-Release.Candidate.app/Contents/Developer/Platforms/XROS.platform/Developer/SDKs/XROS27.0.sdk -target arm64-apple-xros1.0 -g -module-cache-path /Users/admin/builder/spi-builder-workspace/.derivedData/ModuleCache.noindex -Xfrontend -serialize-debugging-options -profile-coverage-mapping -profile-generate -enable-testing -index-store-path /Users/admin/builder/spi-builder-workspace/.derivedData/Index.noindex/DataStore -Xcc -D_LIBCPP_HARDENING_MODE\=_LIBCPP_HARDENING_MODE_DEBUG -swift-version 5 -I /Users/admin/builder/spi-builder-workspace/.derivedData/Build/Products/Debug-xros -Isystem /Applications/Xcode-27.0.0-Release.Candidate.app/Contents/Developer/Platforms/XROS.platform/Developer/usr/lib -F /Users/admin/builder/spi-builder-workspace/.derivedData/Build/Products/Debug-xros/PackageFrameworks -F /Users/admin/builder/spi-builder-workspace/.derivedData/Build/Products/Debug-xros -F /Applications/Xcode-27.0.0-Release.Candidate.app/Contents/Developer/Platforms/XROS.platform/Developer/Library/Frameworks -F /Applications/Xcode-27.0.0-Release.Candidate.app/Contents/Developer/Platforms/XROS.platform/Developer/SDKs/XROS27.0.sdk/Developer/Library/Frameworks -c -j10 -enable-batch-mode -incremental -Xcc -ivfsstatcache -Xcc /Users/admin/builder/spi-builder-workspace/.derivedData/SDKStatCaches.noindex/xros27.0-24M361-e829b21a6f8c9b70876ba0858053c044735bd543db762f57723cac368afd1ce4.sdkstatcache -output-file-map /Users/admin/builder/spi-builder-workspace/.derivedData/Build/Intermediates.noindex/ShaderKit.build/Debug-xros/ShaderKitUI-t.build/Objects-normal/arm64/ShaderKitUI-OutputFileMap.json -save-temps -no-color-diagnostics -explicit-module-build -module-cache-path /Users/admin/builder/spi-builder-workspace/.derivedData/Build/Intermediates.noindex/SwiftExplicitPrecompiledModules -clang-scanner-module-cache-path /Users/admin/builder/spi-builder-workspace/.derivedData/ModuleCache.noindex -sdk-module-cache-path /Users/admin/builder/spi-builder-workspace/.derivedData/SDKExplicitPrecompiledModules -emit-dependencies -emit-module -emit-module-path /Users/admin/builder/spi-builder-workspace/.derivedData/Build/Intermediates.noindex/ShaderKit.build/Debug-xros/ShaderKitUI-t.build/Objects-normal/arm64/ShaderKitUI.swiftmodule -serialize-diagnostics -dependency-scan-serialize-diagnostics-path /Users/admin/builder/spi-builder-workspace/.derivedData/Build/Intermediates.noindex/ShaderKit.build/Debug-xros/ShaderKitUI-t.build/Objects-normal/arm64/ShaderKitUI-dependency-scan.dia -validate-clang-modules-once -clang-build-session-file /Users/admin/builder/spi-builder-workspace/.derivedData/ModuleCache.noindex/Session.modulevalidation -Xcc -fmodules-prune-interval\=86400 -Xcc -fmodules-prune-after\=345600 -package-name spi_builder_workspace -emit-const-values -const-gather-protocols-list /Users/admin/builder/spi-builder-workspace/.derivedData/Build/Intermediates.noindex/ShaderKit.build/Debug-xros/ShaderKitUI-t.build/Objects-normal/arm64/ShaderKitUI_const_extract_protocols.json -Xcc -I/Users/admin/builder/spi-builder-workspace/.derivedData/Build/Products/Debug-xros/include -Xcc -I/Users/admin/builder/spi-builder-workspace/.derivedData/Build/Intermediates.noindex/ShaderKit.build/Debug-xros/ShaderKitUI-t.build/DerivedSources-normal/arm64 -Xcc -I/Users/admin/builder/spi-builder-workspace/.derivedData/Build/Intermediates.noindex/ShaderKit.build/Debug-xros/ShaderKitUI-t.build/DerivedSources/arm64 -Xcc -I/Users/admin/builder/spi-builder-workspace/.derivedData/Build/Intermediates.noindex/ShaderKit.build/Debug-xros/ShaderKitUI-t.build/DerivedSources -Xcc -DSWIFT_PACKAGE -Xcc -DDEBUG\=1 -emit-objc-header -emit-objc-header-path /Users/admin/builder/spi-builder-workspace/.derivedData/Build/Intermediates.noindex/ShaderKit.build/Debug-xros/ShaderKitUI-t.build/Objects-normal/arm64/ShaderKitUI-Swift.h -working-directory /Users/admin/builder/spi-builder-workspace/.swiftpm/xcode -experimental-emit-module-separately -disable-cmo
Copy /Users/admin/builder/spi-builder-workspace/.derivedData/Build/Products/Debug-xros/ShaderKitUI.swiftmodule/arm64-apple-xros.abi.json /Users/admin/builder/spi-builder-workspace/.derivedData/Build/Intermediates.noindex/ShaderKit.build/Debug-xros/ShaderKitUI-t.build/Objects-normal/arm64/ShaderKitUI.abi.json (in target 'ShaderKitUI' from project 'ShaderKit')
cd /Users/admin/builder/spi-builder-workspace
builtin-copy -exclude .DS_Store -exclude CVS -exclude .svn -exclude .git -exclude .hg -resolve-src-symlinks -rename /Users/admin/builder/spi-builder-workspace/.derivedData/Build/Intermediates.noindex/ShaderKit.build/Debug-xros/ShaderKitUI-t.build/Objects-normal/arm64/ShaderKitUI.abi.json /Users/admin/builder/spi-builder-workspace/.derivedData/Build/Products/Debug-xros/ShaderKitUI.swiftmodule/arm64-apple-xros.abi.json
Copy /Users/admin/builder/spi-builder-workspace/.derivedData/Build/Products/Debug-xros/ShaderKitUI.swiftmodule/arm64-apple-xros.swiftdoc /Users/admin/builder/spi-builder-workspace/.derivedData/Build/Intermediates.noindex/ShaderKit.build/Debug-xros/ShaderKitUI-t.build/Objects-normal/arm64/ShaderKitUI.swiftdoc (in target 'ShaderKitUI' from project 'ShaderKit')
cd /Users/admin/builder/spi-builder-workspace
builtin-copy -exclude .DS_Store -exclude CVS -exclude .svn -exclude .git -exclude .hg -resolve-src-symlinks -rename /Users/admin/builder/spi-builder-workspace/.derivedData/Build/Intermediates.noindex/ShaderKit.build/Debug-xros/ShaderKitUI-t.build/Objects-normal/arm64/ShaderKitUI.swiftdoc /Users/admin/builder/spi-builder-workspace/.derivedData/Build/Products/Debug-xros/ShaderKitUI.swiftmodule/arm64-apple-xros.swiftdoc
Copy /Users/admin/builder/spi-builder-workspace/.derivedData/Build/Products/Debug-xros/ShaderKitUI.swiftmodule/arm64-apple-xros.swiftmodule /Users/admin/builder/spi-builder-workspace/.derivedData/Build/Intermediates.noindex/ShaderKit.build/Debug-xros/ShaderKitUI-t.build/Objects-normal/arm64/ShaderKitUI.swiftmodule (in target 'ShaderKitUI' from project 'ShaderKit')
cd /Users/admin/builder/spi-builder-workspace
builtin-copy -exclude .DS_Store -exclude CVS -exclude .svn -exclude .git -exclude .hg -resolve-src-symlinks -rename /Users/admin/builder/spi-builder-workspace/.derivedData/Build/Intermediates.noindex/ShaderKit.build/Debug-xros/ShaderKitUI-t.build/Objects-normal/arm64/ShaderKitUI.swiftmodule /Users/admin/builder/spi-builder-workspace/.derivedData/Build/Products/Debug-xros/ShaderKitUI.swiftmodule/arm64-apple-xros.swiftmodule
Copy /Users/admin/builder/spi-builder-workspace/.derivedData/Build/Products/Debug-xros/ShaderKitUI.swiftmodule/Project/arm64-apple-xros.swiftsourceinfo /Users/admin/builder/spi-builder-workspace/.derivedData/Build/Intermediates.noindex/ShaderKit.build/Debug-xros/ShaderKitUI-t.build/Objects-normal/arm64/ShaderKitUI.swiftsourceinfo (in target 'ShaderKitUI' from project 'ShaderKit')
cd /Users/admin/builder/spi-builder-workspace
builtin-copy -exclude .DS_Store -exclude CVS -exclude .svn -exclude .git -exclude .hg -resolve-src-symlinks -rename /Users/admin/builder/spi-builder-workspace/.derivedData/Build/Intermediates.noindex/ShaderKit.build/Debug-xros/ShaderKitUI-t.build/Objects-normal/arm64/ShaderKitUI.swiftsourceinfo /Users/admin/builder/spi-builder-workspace/.derivedData/Build/Products/Debug-xros/ShaderKitUI.swiftmodule/Project/arm64-apple-xros.swiftsourceinfo
SwiftDriver ShaderCards normal arm64 com.apple.xcode.tools.swift.compiler (in target 'ShaderCards' from project 'ShaderKit')
cd /Users/admin/builder/spi-builder-workspace/.swiftpm/xcode
builtin-SwiftDriver -- /Applications/Xcode-27.0.0-Release.Candidate.app/Contents/Developer/Toolchains/XcodeDefault.xctoolchain/usr/bin/swiftc -parse-as-library -module-name ShaderCards -Onone @/Users/admin/builder/spi-builder-workspace/.derivedData/Build/Intermediates.noindex/ShaderKit.build/Debug-xros/ShaderCards-t.build/Objects-normal/arm64/ShaderCards.SwiftFileList -DSWIFT_PACKAGE -DDEBUG -DSWIFT_MODULE_RESOURCE_BUNDLE_UNAVAILABLE -DXcode -plugin-path /Applications/Xcode-27.0.0-Release.Candidate.app/Contents/Developer/Toolchains/XcodeDefault.xctoolchain/usr/lib/swift/host/plugins/testing -enable-experimental-feature DebugDescriptionMacro -sdk /Applications/Xcode-27.0.0-Release.Candidate.app/Contents/Developer/Platforms/XROS.platform/Developer/SDKs/XROS27.0.sdk -target arm64-apple-xros1.0 -g -module-cache-path /Users/admin/builder/spi-builder-workspace/.derivedData/ModuleCache.noindex -Xfrontend -serialize-debugging-options -profile-coverage-mapping -profile-generate -enable-testing -index-store-path /Users/admin/builder/spi-builder-workspace/.derivedData/Index.noindex/DataStore -Xcc -D_LIBCPP_HARDENING_MODE\=_LIBCPP_HARDENING_MODE_DEBUG -swift-version 5 -I /Users/admin/builder/spi-builder-workspace/.derivedData/Build/Products/Debug-xros -Isystem /Applications/Xcode-27.0.0-Release.Candidate.app/Contents/Developer/Platforms/XROS.platform/Developer/usr/lib -F /Users/admin/builder/spi-builder-workspace/.derivedData/Build/Products/Debug-xros/PackageFrameworks -F /Users/admin/builder/spi-builder-workspace/.derivedData/Build/Products/Debug-xros -F /Applications/Xcode-27.0.0-Release.Candidate.app/Contents/Developer/Platforms/XROS.platform/Developer/Library/Frameworks -F /Applications/Xcode-27.0.0-Release.Candidate.app/Contents/Developer/Platforms/XROS.platform/Developer/SDKs/XROS27.0.sdk/Developer/Library/Frameworks -c -j10 -enable-batch-mode -incremental -Xcc -ivfsstatcache -Xcc /Users/admin/builder/spi-builder-workspace/.derivedData/SDKStatCaches.noindex/xros27.0-24M361-e829b21a6f8c9b70876ba0858053c044735bd543db762f57723cac368afd1ce4.sdkstatcache -output-file-map /Users/admin/builder/spi-builder-workspace/.derivedData/Build/Intermediates.noindex/ShaderKit.build/Debug-xros/ShaderCards-t.build/Objects-normal/arm64/ShaderCards-OutputFileMap.json -save-temps -no-color-diagnostics -explicit-module-build -module-cache-path /Users/admin/builder/spi-builder-workspace/.derivedData/Build/Intermediates.noindex/SwiftExplicitPrecompiledModules -clang-scanner-module-cache-path /Users/admin/builder/spi-builder-workspace/.derivedData/ModuleCache.noindex -sdk-module-cache-path /Users/admin/builder/spi-builder-workspace/.derivedData/SDKExplicitPrecompiledModules -emit-dependencies -emit-module -emit-module-path /Users/admin/builder/spi-builder-workspace/.derivedData/Build/Intermediates.noindex/ShaderKit.build/Debug-xros/ShaderCards-t.build/Objects-normal/arm64/ShaderCards.swiftmodule -serialize-diagnostics -dependency-scan-serialize-diagnostics-path /Users/admin/builder/spi-builder-workspace/.derivedData/Build/Intermediates.noindex/ShaderKit.build/Debug-xros/ShaderCards-t.build/Objects-normal/arm64/ShaderCards-dependency-scan.dia -validate-clang-modules-once -clang-build-session-file /Users/admin/builder/spi-builder-workspace/.derivedData/ModuleCache.noindex/Session.modulevalidation -Xcc -fmodules-prune-interval\=86400 -Xcc -fmodules-prune-after\=345600 -package-name spi_builder_workspace -emit-const-values -const-gather-protocols-list /Users/admin/builder/spi-builder-workspace/.derivedData/Build/Intermediates.noindex/ShaderKit.build/Debug-xros/ShaderCards-t.build/Objects-normal/arm64/ShaderCards_const_extract_protocols.json -Xcc -I/Users/admin/builder/spi-builder-workspace/.derivedData/Build/Products/Debug-xros/include -Xcc -I/Users/admin/builder/spi-builder-workspace/.derivedData/Build/Intermediates.noindex/ShaderKit.build/Debug-xros/ShaderCards-t.build/DerivedSources-normal/arm64 -Xcc -I/Users/admin/builder/spi-builder-workspace/.derivedData/Build/Intermediates.noindex/ShaderKit.build/Debug-xros/ShaderCards-t.build/DerivedSources/arm64 -Xcc -I/Users/admin/builder/spi-builder-workspace/.derivedData/Build/Intermediates.noindex/ShaderKit.build/Debug-xros/ShaderCards-t.build/DerivedSources -Xcc -DSWIFT_PACKAGE -Xcc -DDEBUG\=1 -emit-objc-header -emit-objc-header-path /Users/admin/builder/spi-builder-workspace/.derivedData/Build/Intermediates.noindex/ShaderKit.build/Debug-xros/ShaderCards-t.build/Objects-normal/arm64/ShaderCards-Swift.h -working-directory /Users/admin/builder/spi-builder-workspace/.swiftpm/xcode -experimental-emit-module-separately -disable-cmo
SwiftCompile normal arm64 Compiling\ ExplodedLayerView.swift /Users/admin/builder/spi-builder-workspace/Sources/ShaderKit/Containers/ExplodableCard/ExplodedLayerView.swift (in target 'ShaderKit' from project 'ShaderKit')
SwiftCompile normal arm64 /Users/admin/builder/spi-builder-workspace/Sources/ShaderKit/Containers/ExplodableCard/ExplodedLayerView.swift (in target 'ShaderKit' from project 'ShaderKit')
cd /Users/admin/builder/spi-builder-workspace/.swiftpm/xcode
builtin-SwiftPerFileCompile ExplodedLayerView.swift
SwiftCompile normal arm64 Compiling\ SimpleCardContent.swift /Users/admin/builder/spi-builder-workspace/Sources/ShaderKit/Containers/SimpleCardContent.swift (in target 'ShaderKit' from project 'ShaderKit')
SwiftCompile normal arm64 /Users/admin/builder/spi-builder-workspace/Sources/ShaderKit/Containers/SimpleCardContent.swift (in target 'ShaderKit' from project 'ShaderKit')
cd /Users/admin/builder/spi-builder-workspace/.swiftpm/xcode
builtin-SwiftPerFileCompile SimpleCardContent.swift
SwiftCompile normal arm64 Compiling\ resource_bundle_accessor.swift,\ CardLayerExplodeContainer.swift /Users/admin/builder/spi-builder-workspace/.derivedData/Build/Intermediates.noindex/ShaderKit.build/Debug-xros/ShaderKit-t.build/DerivedSources/resource_bundle_accessor.swift /Users/admin/builder/spi-builder-workspace/Sources/ShaderKit/Containers/CardLayerExplodeContainer.swift (in target 'ShaderKit' from project 'ShaderKit')
SwiftCompile normal arm64 /Users/admin/builder/spi-builder-workspace/.derivedData/Build/Intermediates.noindex/ShaderKit.build/Debug-xros/ShaderKit-t.build/DerivedSources/resource_bundle_accessor.swift (in target 'ShaderKit' from project 'ShaderKit')
cd /Users/admin/builder/spi-builder-workspace/.swiftpm/xcode
builtin-SwiftPerFileCompile resource_bundle_accessor.swift
SwiftCompile normal arm64 /Users/admin/builder/spi-builder-workspace/Sources/ShaderKit/Containers/CardLayerExplodeContainer.swift (in target 'ShaderKit' from project 'ShaderKit')
cd /Users/admin/builder/spi-builder-workspace/.swiftpm/xcode
builtin-SwiftPerFileCompile CardLayerExplodeContainer.swift
SwiftCompile normal arm64 Compiling\ CardLayerBuilder.swift /Users/admin/builder/spi-builder-workspace/Sources/ShaderKit/Containers/ExplodableCard/CardLayerBuilder.swift (in target 'ShaderKit' from project 'ShaderKit')
SwiftCompile normal arm64 /Users/admin/builder/spi-builder-workspace/Sources/ShaderKit/Containers/ExplodableCard/CardLayerBuilder.swift (in target 'ShaderKit' from project 'ShaderKit')
cd /Users/admin/builder/spi-builder-workspace/.swiftpm/xcode
builtin-SwiftPerFileCompile CardLayerBuilder.swift
SwiftCompile normal arm64 Compiling\ ShaderModifier.swift /Users/admin/builder/spi-builder-workspace/Sources/ShaderKit/Modifiers/ShaderModifier.swift (in target 'ShaderKit' from project 'ShaderKit')
SwiftCompile normal arm64 /Users/admin/builder/spi-builder-workspace/Sources/ShaderKit/Modifiers/ShaderModifier.swift (in target 'ShaderKit' from project 'ShaderKit')
cd /Users/admin/builder/spi-builder-workspace/.swiftpm/xcode
builtin-SwiftPerFileCompile ShaderModifier.swift
SwiftCompile normal arm64 Compiling\ ExplodableHolographicCard.swift /Users/admin/builder/spi-builder-workspace/Sources/ShaderKit/Containers/ExplodableCard/ExplodableHolographicCard.swift (in target 'ShaderKit' from project 'ShaderKit')
SwiftCompile normal arm64 /Users/admin/builder/spi-builder-workspace/Sources/ShaderKit/Containers/ExplodableCard/ExplodableHolographicCard.swift (in target 'ShaderKit' from project 'ShaderKit')
cd /Users/admin/builder/spi-builder-workspace/.swiftpm/xcode
builtin-SwiftPerFileCompile ExplodableHolographicCard.swift
SwiftCompile normal arm64 Compiling\ ShaderContext.swift /Users/admin/builder/spi-builder-workspace/Sources/ShaderKit/Effects/ShaderContext.swift (in target 'ShaderKit' from project 'ShaderKit')
SwiftCompile normal arm64 /Users/admin/builder/spi-builder-workspace/Sources/ShaderKit/Effects/ShaderContext.swift (in target 'ShaderKit' from project 'ShaderKit')
cd /Users/admin/builder/spi-builder-workspace/.swiftpm/xcode
builtin-SwiftPerFileCompile ShaderContext.swift
SwiftCompile normal arm64 Compiling\ View+Shader.swift /Users/admin/builder/spi-builder-workspace/Sources/ShaderKit/Modifiers/View+Shader.swift (in target 'ShaderKit' from project 'ShaderKit')
SwiftCompile normal arm64 /Users/admin/builder/spi-builder-workspace/Sources/ShaderKit/Modifiers/View+Shader.swift (in target 'ShaderKit' from project 'ShaderKit')
cd /Users/admin/builder/spi-builder-workspace/.swiftpm/xcode
builtin-SwiftPerFileCompile View+Shader.swift
SwiftCompile normal arm64 Compiling\ CardLayer.swift /Users/admin/builder/spi-builder-workspace/Sources/ShaderKit/Containers/ExplodableCard/CardLayer.swift (in target 'ShaderKit' from project 'ShaderKit')
SwiftCompile normal arm64 /Users/admin/builder/spi-builder-workspace/Sources/ShaderKit/Containers/ExplodableCard/CardLayer.swift (in target 'ShaderKit' from project 'ShaderKit')
cd /Users/admin/builder/spi-builder-workspace/.swiftpm/xcode
builtin-SwiftPerFileCompile CardLayer.swift
SwiftEmitModule normal arm64 Emitting\ module\ for\ ShaderKitUI (in target 'ShaderKitUI' from project 'ShaderKit')
SwiftCompile normal arm64 (in target 'ShaderKitUI' from project 'ShaderKit')
cd /Users/admin/builder/spi-builder-workspace/.swiftpm/xcode
SwiftDriverJobDiscovery normal arm64 Compiling CardLayerBuilder.swift (in target 'ShaderKit' from project 'ShaderKit')
SwiftEmitModule normal arm64 Emitting\ module\ for\ ShaderKit (in target 'ShaderKit' from project 'ShaderKit')
SwiftCompile normal arm64 (in target 'ShaderKit' from project 'ShaderKit')
cd /Users/admin/builder/spi-builder-workspace/.swiftpm/xcode
SwiftDriverJobDiscovery normal arm64 Compiling CardLayer.swift (in target 'ShaderKit' from project 'ShaderKit')
SwiftCompile normal arm64 Compiling\ ShaderKitUI.swift /Users/admin/builder/spi-builder-workspace/Sources/ShaderKitUI/ShaderKitUI.swift (in target 'ShaderKitUI' from project 'ShaderKit')
SwiftCompile normal arm64 /Users/admin/builder/spi-builder-workspace/Sources/ShaderKitUI/ShaderKitUI.swift (in target 'ShaderKitUI' from project 'ShaderKit')
cd /Users/admin/builder/spi-builder-workspace/.swiftpm/xcode
builtin-SwiftPerFileCompile ShaderKitUI.swift
SwiftDriverJobDiscovery normal arm64 Compiling ShaderContext.swift (in target 'ShaderKit' from project 'ShaderKit')
SwiftCompile normal arm64 Compiling\ SpringPhysics.swift /Users/admin/builder/spi-builder-workspace/Sources/ShaderKitUI/Physics/SpringPhysics.swift (in target 'ShaderKitUI' from project 'ShaderKit')
SwiftCompile normal arm64 /Users/admin/builder/spi-builder-workspace/Sources/ShaderKitUI/Physics/SpringPhysics.swift (in target 'ShaderKitUI' from project 'ShaderKit')
cd /Users/admin/builder/spi-builder-workspace/.swiftpm/xcode
builtin-SwiftPerFileCompile SpringPhysics.swift
SwiftDriverJobDiscovery normal arm64 Compiling SimpleCardContent.swift (in target 'ShaderKit' from project 'ShaderKit')
SwiftCompile normal arm64 Compiling\ JellySwitch.swift /Users/admin/builder/spi-builder-workspace/Sources/ShaderKitUI/Components/JellySwitch.swift (in target 'ShaderKitUI' from project 'ShaderKit')
/Users/admin/builder/spi-builder-workspace/Sources/ShaderKitUI/Components/JellySwitch.swift:74:5: error: cannot find 'NSColor' in scope
72 | UIColor(jellyColor).getRed(&r, green: &g, blue: &b, alpha: &a)
73 | #else
74 | NSColor(jellyColor).getRed(&r, green: &g, blue: &b, alpha: &a)
| `- error: cannot find 'NSColor' in scope
75 | #endif
76 | return SIMD4<Float>(Float(r), Float(g), Float(b), Float(a))
Failed frontend command:
/Applications/Xcode-27.0.0-Release.Candidate.app/Contents/Developer/Toolchains/XcodeDefault.xctoolchain/usr/bin/swift-frontend -frontend -c /Users/admin/builder/spi-builder-workspace/Sources/ShaderKitUI/Audio/ToneGenerator.swift /Users/admin/builder/spi-builder-workspace/Sources/ShaderKitUI/Components/JellyButton.swift -primary-file /Users/admin/builder/spi-builder-workspace/Sources/ShaderKitUI/Components/JellySwitch.swift /Users/admin/builder/spi-builder-workspace/Sources/ShaderKitUI/Physics/SpringPhysics.swift /Users/admin/builder/spi-builder-workspace/Sources/ShaderKitUI/ShaderKitUI.swift -emit-dependencies-path /Users/admin/builder/spi-builder-workspace/.derivedData/Build/Intermediates.noindex/ShaderKit.build/Debug-xros/ShaderKitUI-t.build/Objects-normal/arm64/JellySwitch.d -emit-const-values-path /Users/admin/builder/spi-builder-workspace/.derivedData/Build/Intermediates.noindex/ShaderKit.build/Debug-xros/ShaderKitUI-t.build/Objects-normal/arm64/JellySwitch.swiftconstvalues -emit-reference-dependencies-path /Users/admin/builder/spi-builder-workspace/.derivedData/Build/Intermediates.noindex/ShaderKit.build/Debug-xros/ShaderKitUI-t.build/Objects-normal/arm64/JellySwitch.swiftdeps -serialize-diagnostics-path /Users/admin/builder/spi-builder-workspace/.derivedData/Build/Intermediates.noindex/ShaderKit.build/Debug-xros/ShaderKitUI-t.build/Objects-normal/arm64/JellySwitch.dia -target arm64-apple-xros1.0 -disable-cross-import-overlay-search -load-resolved-plugin /Applications/Xcode-27.0.0-Release.Candidate.app/Contents/Developer/Platforms/XROS.platform/Developer/usr/lib/swift/host/plugins/libFoundationMacros.dylib\#/Applications/Xcode-27.0.0-Release.Candidate.app/Contents/Developer/Platforms/XROS.platform/Developer/usr/bin/swift-plugin-server\#FoundationMacros -load-resolved-plugin /Applications/Xcode-27.0.0-Release.Candidate.app/Contents/Developer/Platforms/XROS.platform/Developer/usr/lib/swift/host/plugins/libObservationMacros.dylib\#/Applications/Xcode-27.0.0-Release.Candidate.app/Contents/Developer/Platforms/XROS.platform/Developer/usr/bin/swift-plugin-server\#ObservationMacros -load-resolved-plugin /Applications/Xcode-27.0.0-Release.Candidate.app/Contents/Developer/Platforms/XROS.platform/Developer/usr/lib/swift/host/plugins/libPreviewsMacros.dylib\#/Applications/Xcode-27.0.0-Release.Candidate.app/Contents/Developer/Platforms/XROS.platform/Developer/usr/bin/swift-plugin-server\#PreviewsMacros -load-resolved-plugin /Applications/Xcode-27.0.0-Release.Candidate.app/Contents/Developer/Platforms/XROS.platform/Developer/usr/lib/swift/host/plugins/libSwiftMacros.dylib\#/Applications/Xcode-27.0.0-Release.Candidate.app/Contents/Developer/Platforms/XROS.platform/Developer/usr/bin/swift-plugin-server\#SwiftMacros -load-resolved-plugin /Applications/Xcode-27.0.0-Release.Candidate.app/Contents/Developer/Platforms/XROS.platform/Developer/usr/lib/swift/host/plugins/libSwiftUIMacros.dylib\#/Applications/Xcode-27.0.0-Release.Candidate.app/Contents/Developer/Platforms/XROS.platform/Developer/usr/bin/swift-plugin-server\#SwiftUIMacros -disable-implicit-swift-modules -Xcc -fno-implicit-modules -Xcc -fno-implicit-module-maps -explicit-swift-module-map-file /Users/admin/builder/spi-builder-workspace/.derivedData/Build/Intermediates.noindex/ShaderKit.build/Debug-xros/ShaderKitUI-t.build/Objects-normal/arm64/ShaderKitUI-dependencies-1.json -Xllvm -aarch64-use-tbi -enable-objc-interop -stack-check -sdk /Applications/Xcode-27.0.0-Release.Candidate.app/Contents/Developer/Platforms/XROS.platform/Developer/SDKs/XROS27.0.sdk -I /Users/admin/builder/spi-builder-workspace/.derivedData/Build/Products/Debug-xros -Isystem /Applications/Xcode-27.0.0-Release.Candidate.app/Contents/Developer/Platforms/XROS.platform/Developer/usr/lib -F /Users/admin/builder/spi-builder-workspace/.derivedData/Build/Products/Debug-xros/PackageFrameworks -F /Users/admin/builder/spi-builder-workspace/.derivedData/Build/Products/Debug-xros -F /Applications/Xcode-27.0.0-Release.Candidate.app/Contents/Developer/Platforms/XROS.platform/Developer/Library/Frameworks -F /Applications/Xcode-27.0.0-Release.Candidate.app/Contents/Developer/Platforms/XROS.platform/Developer/SDKs/XROS27.0.sdk/Developer/Library/Frameworks -module-cache-path /Users/admin/builder/spi-builder-workspace/.derivedData/Build/Intermediates.noindex/SwiftExplicitPrecompiledModules -no-color-diagnostics -Xcc -fno-color-diagnostics -enable-testing -g -debug-info-format\=dwarf -dwarf-version\=4 -profile-generate -profile-coverage-mapping -swift-version 5 -Onone -D SWIFT_PACKAGE -D DEBUG -D SWIFT_MODULE_RESOURCE_BUNDLE_UNAVAILABLE -D Xcode -serialize-debugging-options -enable-experimental-feature DebugDescriptionMacro -empty-abi-descriptor -validate-clang-modules-once -clang-build-session-file /Users/admin/builder/spi-builder-workspace/.derivedData/ModuleCache.noindex/Session.modulevalidation -Xcc -working-directory -Xcc /Users/admin/builder/spi-builder-workspace/.swiftpm/xcode -enable-anonymous-context-mangled-names -file-compilation-dir /Users/admin/builder/spi-builder-workspace/.swiftpm/xcode -Xcc -D_LIBCPP_HARDENING_MODE\=_LIBCPP_HARDENING_MODE_DEBUG -Xcc -ivfsstatcache -Xcc /Users/admin/builder/spi-builder-workspace/.derivedData/SDKStatCaches.noindex/xros27.0-24M361-e829b21a6f8c9b70876ba0858053c044735bd543db762f57723cac368afd1ce4.sdkstatcache -Xcc -fmodules-prune-interval\=86400 -Xcc -fmodules-prune-after\=345600 -Xcc -I/Users/admin/builder/spi-builder-workspace/.derivedData/Build/Products/Debug-xros/include -Xcc -I/Users/admin/builder/spi-builder-workspace/.derivedData/Build/Intermediates.noindex/ShaderKit.build/Debug-xros/ShaderKitUI-t.build/DerivedSources-normal/arm64 -Xcc -I/Users/admin/builder/spi-builder-workspace/.derivedData/Build/Intermediates.noindex/ShaderKit.build/Debug-xros/ShaderKitUI-t.build/DerivedSources/arm64 -Xcc -I/Users/admin/builder/spi-builder-workspace/.derivedData/Build/Intermediates.noindex/ShaderKit.build/Debug-xros/ShaderKitUI-t.build/DerivedSources -Xcc -DSWIFT_PACKAGE -Xcc -DDEBUG\=1 -no-auto-bridging-header-chaining -module-name ShaderKitUI -package-name spi_builder_workspace -const-gather-protocols-file /Users/admin/builder/spi-builder-workspace/.derivedData/Build/Intermediates.noindex/ShaderKit.build/Debug-xros/ShaderKitUI-t.build/Objects-normal/arm64/ShaderKitUI_const_extract_protocols.json -disable-clang-spi -clang-target arm64-apple-xros27.0 -target-sdk-version 27.0 -target-sdk-name xros27.0 -in-process-plugin-server-path /Applications/Xcode-27.0.0-Release.Candidate.app/Contents/Developer/Toolchains/XcodeDefault.xctoolchain/usr/lib/swift/host/libSwiftInProcPluginServer.dylib -parse-as-library -o /Users/admin/builder/spi-builder-workspace/.derivedData/Build/Intermediates.noindex/ShaderKit.build/Debug-xros/ShaderKitUI-t.build/Objects-normal/arm64/JellySwitch.o -debug-module-path /Users/admin/builder/spi-builder-workspace/.derivedData/Build/Intermediates.noindex/ShaderKit.build/Debug-xros/ShaderKitUI-t.build/Objects-normal/arm64/ShaderKitUI.swiftmodule -index-unit-output-path /ShaderKit.build/Debug-xros/ShaderKitUI-t.build/Objects-normal/arm64/JellySwitch.o -index-store-path /Users/admin/builder/spi-builder-workspace/.derivedData/Index.noindex/DataStore -index-system-modules
SwiftCompile normal arm64 /Users/admin/builder/spi-builder-workspace/Sources/ShaderKitUI/Components/JellySwitch.swift (in target 'ShaderKitUI' from project 'ShaderKit')
cd /Users/admin/builder/spi-builder-workspace/.swiftpm/xcode
builtin-SwiftPerFileCompile JellySwitch.swift
SwiftDriverJobDiscovery normal arm64 Compiling View+Shader.swift (in target 'ShaderKit' from project 'ShaderKit')
SwiftCompile normal arm64 Compiling\ JellyButton.swift /Users/admin/builder/spi-builder-workspace/Sources/ShaderKitUI/Components/JellyButton.swift (in target 'ShaderKitUI' from project 'ShaderKit')
/Users/admin/builder/spi-builder-workspace/Sources/ShaderKitUI/Components/JellyButton.swift:70:5: error: cannot find 'NSColor' in scope
68 | UIColor(jellyColor).getRed(&r, green: &g, blue: &b, alpha: &a)
69 | #else
70 | NSColor(jellyColor).getRed(&r, green: &g, blue: &b, alpha: &a)
| `- error: cannot find 'NSColor' in scope
71 | #endif
72 | return SIMD4<Float>(Float(r), Float(g), Float(b), Float(a))
Failed frontend command:
/Applications/Xcode-27.0.0-Release.Candidate.app/Contents/Developer/Toolchains/XcodeDefault.xctoolchain/usr/bin/swift-frontend -frontend -c /Users/admin/builder/spi-builder-workspace/Sources/ShaderKitUI/Audio/ToneGenerator.swift -primary-file /Users/admin/builder/spi-builder-workspace/Sources/ShaderKitUI/Components/JellyButton.swift /Users/admin/builder/spi-builder-workspace/Sources/ShaderKitUI/Components/JellySwitch.swift /Users/admin/builder/spi-builder-workspace/Sources/ShaderKitUI/Physics/SpringPhysics.swift /Users/admin/builder/spi-builder-workspace/Sources/ShaderKitUI/ShaderKitUI.swift -emit-dependencies-path /Users/admin/builder/spi-builder-workspace/.derivedData/Build/Intermediates.noindex/ShaderKit.build/Debug-xros/ShaderKitUI-t.build/Objects-normal/arm64/JellyButton.d -emit-const-values-path /Users/admin/builder/spi-builder-workspace/.derivedData/Build/Intermediates.noindex/ShaderKit.build/Debug-xros/ShaderKitUI-t.build/Objects-normal/arm64/JellyButton.swiftconstvalues -emit-reference-dependencies-path /Users/admin/builder/spi-builder-workspace/.derivedData/Build/Intermediates.noindex/ShaderKit.build/Debug-xros/ShaderKitUI-t.build/Objects-normal/arm64/JellyButton.swiftdeps -serialize-diagnostics-path /Users/admin/builder/spi-builder-workspace/.derivedData/Build/Intermediates.noindex/ShaderKit.build/Debug-xros/ShaderKitUI-t.build/Objects-normal/arm64/JellyButton.dia -target arm64-apple-xros1.0 -disable-cross-import-overlay-search -load-resolved-plugin /Applications/Xcode-27.0.0-Release.Candidate.app/Contents/Developer/Platforms/XROS.platform/Developer/usr/lib/swift/host/plugins/libFoundationMacros.dylib\#/Applications/Xcode-27.0.0-Release.Candidate.app/Contents/Developer/Platforms/XROS.platform/Developer/usr/bin/swift-plugin-server\#FoundationMacros -load-resolved-plugin /Applications/Xcode-27.0.0-Release.Candidate.app/Contents/Developer/Platforms/XROS.platform/Developer/usr/lib/swift/host/plugins/libObservationMacros.dylib\#/Applications/Xcode-27.0.0-Release.Candidate.app/Contents/Developer/Platforms/XROS.platform/Developer/usr/bin/swift-plugin-server\#ObservationMacros -load-resolved-plugin /Applications/Xcode-27.0.0-Release.Candidate.app/Contents/Developer/Platforms/XROS.platform/Developer/usr/lib/swift/host/plugins/libPreviewsMacros.dylib\#/Applications/Xcode-27.0.0-Release.Candidate.app/Contents/Developer/Platforms/XROS.platform/Developer/usr/bin/swift-plugin-server\#PreviewsMacros -load-resolved-plugin /Applications/Xcode-27.0.0-Release.Candidate.app/Contents/Developer/Platforms/XROS.platform/Developer/usr/lib/swift/host/plugins/libSwiftMacros.dylib\#/Applications/Xcode-27.0.0-Release.Candidate.app/Contents/Developer/Platforms/XROS.platform/Developer/usr/bin/swift-plugin-server\#SwiftMacros -load-resolved-plugin /Applications/Xcode-27.0.0-Release.Candidate.app/Contents/Developer/Platforms/XROS.platform/Developer/usr/lib/swift/host/plugins/libSwiftUIMacros.dylib\#/Applications/Xcode-27.0.0-Release.Candidate.app/Contents/Developer/Platforms/XROS.platform/Developer/usr/bin/swift-plugin-server\#SwiftUIMacros -disable-implicit-swift-modules -Xcc -fno-implicit-modules -Xcc -fno-implicit-module-maps -explicit-swift-module-map-file /Users/admin/builder/spi-builder-workspace/.derivedData/Build/Intermediates.noindex/ShaderKit.build/Debug-xros/ShaderKitUI-t.build/Objects-normal/arm64/ShaderKitUI-dependencies-1.json -Xllvm -aarch64-use-tbi -enable-objc-interop -stack-check -sdk /Applications/Xcode-27.0.0-Release.Candidate.app/Contents/Developer/Platforms/XROS.platform/Developer/SDKs/XROS27.0.sdk -I /Users/admin/builder/spi-builder-workspace/.derivedData/Build/Products/Debug-xros -Isystem /Applications/Xcode-27.0.0-Release.Candidate.app/Contents/Developer/Platforms/XROS.platform/Developer/usr/lib -F /Users/admin/builder/spi-builder-workspace/.derivedData/Build/Products/Debug-xros/PackageFrameworks -F /Users/admin/builder/spi-builder-workspace/.derivedData/Build/Products/Debug-xros -F /Applications/Xcode-27.0.0-Release.Candidate.app/Contents/Developer/Platforms/XROS.platform/Developer/Library/Frameworks -F /Applications/Xcode-27.0.0-Release.Candidate.app/Contents/Developer/Platforms/XROS.platform/Developer/SDKs/XROS27.0.sdk/Developer/Library/Frameworks -module-cache-path /Users/admin/builder/spi-builder-workspace/.derivedData/Build/Intermediates.noindex/SwiftExplicitPrecompiledModules -no-color-diagnostics -Xcc -fno-color-diagnostics -enable-testing -g -debug-info-format\=dwarf -dwarf-version\=4 -profile-generate -profile-coverage-mapping -swift-version 5 -Onone -D SWIFT_PACKAGE -D DEBUG -D SWIFT_MODULE_RESOURCE_BUNDLE_UNAVAILABLE -D Xcode -serialize-debugging-options -enable-experimental-feature DebugDescriptionMacro -empty-abi-descriptor -validate-clang-modules-once -clang-build-session-file /Users/admin/builder/spi-builder-workspace/.derivedData/ModuleCache.noindex/Session.modulevalidation -Xcc -working-directory -Xcc /Users/admin/builder/spi-builder-workspace/.swiftpm/xcode -enable-anonymous-context-mangled-names -file-compilation-dir /Users/admin/builder/spi-builder-workspace/.swiftpm/xcode -Xcc -D_LIBCPP_HARDENING_MODE\=_LIBCPP_HARDENING_MODE_DEBUG -Xcc -ivfsstatcache -Xcc /Users/admin/builder/spi-builder-workspace/.derivedData/SDKStatCaches.noindex/xros27.0-24M361-e829b21a6f8c9b70876ba0858053c044735bd543db762f57723cac368afd1ce4.sdkstatcache -Xcc -fmodules-prune-interval\=86400 -Xcc -fmodules-prune-after\=345600 -Xcc -I/Users/admin/builder/spi-builder-workspace/.derivedData/Build/Products/Debug-xros/include -Xcc -I/Users/admin/builder/spi-builder-workspace/.derivedData/Build/Intermediates.noindex/ShaderKit.build/Debug-xros/ShaderKitUI-t.build/DerivedSources-normal/arm64 -Xcc -I/Users/admin/builder/spi-builder-workspace/.derivedData/Build/Intermediates.noindex/ShaderKit.build/Debug-xros/ShaderKitUI-t.build/DerivedSources/arm64 -Xcc -I/Users/admin/builder/spi-builder-workspace/.derivedData/Build/Intermediates.noindex/ShaderKit.build/Debug-xros/ShaderKitUI-t.build/DerivedSources -Xcc -DSWIFT_PACKAGE -Xcc -DDEBUG\=1 -no-auto-bridging-header-chaining -module-name ShaderKitUI -package-name spi_builder_workspace -const-gather-protocols-file /Users/admin/builder/spi-builder-workspace/.derivedData/Build/Intermediates.noindex/ShaderKit.build/Debug-xros/ShaderKitUI-t.build/Objects-normal/arm64/ShaderKitUI_const_extract_protocols.json -disable-clang-spi -clang-target arm64-apple-xros27.0 -target-sdk-version 27.0 -target-sdk-name xros27.0 -in-process-plugin-server-path /Applications/Xcode-27.0.0-Release.Candidate.app/Contents/Developer/Toolchains/XcodeDefault.xctoolchain/usr/lib/swift/host/libSwiftInProcPluginServer.dylib -parse-as-library -o /Users/admin/builder/spi-builder-workspace/.derivedData/Build/Intermediates.noindex/ShaderKit.build/Debug-xros/ShaderKitUI-t.build/Objects-normal/arm64/JellyButton.o -debug-module-path /Users/admin/builder/spi-builder-workspace/.derivedData/Build/Intermediates.noindex/ShaderKit.build/Debug-xros/ShaderKitUI-t.build/Objects-normal/arm64/ShaderKitUI.swiftmodule -index-unit-output-path /ShaderKit.build/Debug-xros/ShaderKitUI-t.build/Objects-normal/arm64/JellyButton.o -index-store-path /Users/admin/builder/spi-builder-workspace/.derivedData/Index.noindex/DataStore -index-system-modules
SwiftCompile normal arm64 /Users/admin/builder/spi-builder-workspace/Sources/ShaderKitUI/Components/JellyButton.swift (in target 'ShaderKitUI' from project 'ShaderKit')
cd /Users/admin/builder/spi-builder-workspace/.swiftpm/xcode
builtin-SwiftPerFileCompile JellyButton.swift
SwiftExplicitDependencyGeneratePcm arm64 /Users/admin/builder/spi-builder-workspace/.derivedData/SDKExplicitPrecompiledModules/CloudKit-8H34CCWTKF0HWDZN9I1SWPFRC.pcm
SwiftDriverJobDiscovery normal arm64 Compiling ExplodedLayerView.swift (in target 'ShaderKit' from project 'ShaderKit')
SwiftExplicitDependencyGeneratePcm arm64 /Users/admin/builder/spi-builder-workspace/.derivedData/SDKExplicitPrecompiledModules/ExtensionFoundation-E7KNHPOM6BLHXC69S4MS8K7BO.pcm
SwiftDriverJobDiscovery normal arm64 Compiling ShaderKitUI.swift (in target 'ShaderKitUI' from project 'ShaderKit')
SwiftExplicitDependencyGeneratePcm arm64 /Users/admin/builder/spi-builder-workspace/.derivedData/SDKExplicitPrecompiledModules/Photos-UP8QA3XPPN8VSNC6O5KK62BK.pcm
SwiftDriverJobDiscovery normal arm64 Compiling ShaderModifier.swift (in target 'ShaderKit' from project 'ShaderKit')
SwiftCompile normal arm64 Compiling\ ToneGenerator.swift /Users/admin/builder/spi-builder-workspace/Sources/ShaderKitUI/Audio/ToneGenerator.swift (in target 'ShaderKitUI' from project 'ShaderKit')
SwiftCompile normal arm64 /Users/admin/builder/spi-builder-workspace/Sources/ShaderKitUI/Audio/ToneGenerator.swift (in target 'ShaderKitUI' from project 'ShaderKit')
cd /Users/admin/builder/spi-builder-workspace/.swiftpm/xcode
builtin-SwiftPerFileCompile ToneGenerator.swift
SwiftDriverJobDiscovery normal arm64 Compiling SpringPhysics.swift (in target 'ShaderKitUI' from project 'ShaderKit')
SwiftCompile normal arm64 Compiling\ ShaderKit.swift /Users/admin/builder/spi-builder-workspace/Sources/ShaderKit/ShaderKit.swift (in target 'ShaderKit' from project 'ShaderKit')
SwiftCompile normal arm64 /Users/admin/builder/spi-builder-workspace/Sources/ShaderKit/ShaderKit.swift (in target 'ShaderKit' from project 'ShaderKit')
cd /Users/admin/builder/spi-builder-workspace/.swiftpm/xcode
builtin-SwiftPerFileCompile ShaderKit.swift
SwiftCompile normal arm64 Compiling\ HolographicCardContainer.swift /Users/admin/builder/spi-builder-workspace/Sources/ShaderKit/Containers/HolographicCardContainer.swift (in target 'ShaderKit' from project 'ShaderKit')
SwiftCompile normal arm64 /Users/admin/builder/spi-builder-workspace/Sources/ShaderKit/Containers/HolographicCardContainer.swift (in target 'ShaderKit' from project 'ShaderKit')
cd /Users/admin/builder/spi-builder-workspace/.swiftpm/xcode
builtin-SwiftPerFileCompile HolographicCardContainer.swift
SwiftDriverJobDiscovery normal arm64 Compiling resource_bundle_accessor.swift, CardLayerExplodeContainer.swift (in target 'ShaderKit' from project 'ShaderKit')
SwiftExplicitDependencyGeneratePcm arm64 /Users/admin/builder/spi-builder-workspace/.derivedData/SDKExplicitPrecompiledModules/PhotosUI-E5WB09E1GRF8YGSFMSVS9LWFB.pcm
SwiftDriverJobDiscovery normal arm64 Compiling ShaderKit.swift (in target 'ShaderKit' from project 'ShaderKit')
SwiftEmitModule normal arm64 Emitting\ module\ for\ ShaderCards (in target 'ShaderCards' from project 'ShaderKit')
SwiftCompile normal arm64 (in target 'ShaderCards' from project 'ShaderKit')
cd /Users/admin/builder/spi-builder-workspace/.swiftpm/xcode
SwiftCompile normal arm64 Compiling\ CardFaceView.swift,\ CardGalleryView.swift,\ CardLayerFactory.swift,\ CardStudioView.swift,\ ExplodableCardView.swift /Users/admin/builder/spi-builder-workspace/Sources/ShaderCards/Views/CardFaceView.swift /Users/admin/builder/spi-builder-workspace/Sources/ShaderCards/Views/CardGalleryView.swift /Users/admin/builder/spi-builder-workspace/Sources/ShaderCards/Views/CardLayerFactory.swift /Users/admin/builder/spi-builder-workspace/Sources/ShaderCards/Views/CardStudioView.swift /Users/admin/builder/spi-builder-workspace/Sources/ShaderCards/Views/ExplodableCardView.swift (in target 'ShaderCards' from project 'ShaderKit')
SwiftCompile normal arm64 /Users/admin/builder/spi-builder-workspace/Sources/ShaderCards/Views/CardFaceView.swift (in target 'ShaderCards' from project 'ShaderKit')
cd /Users/admin/builder/spi-builder-workspace/.swiftpm/xcode
builtin-SwiftPerFileCompile CardFaceView.swift
SwiftCompile normal arm64 /Users/admin/builder/spi-builder-workspace/Sources/ShaderCards/Views/CardGalleryView.swift (in target 'ShaderCards' from project 'ShaderKit')
cd /Users/admin/builder/spi-builder-workspace/.swiftpm/xcode
builtin-SwiftPerFileCompile CardGalleryView.swift
SwiftCompile normal arm64 /Users/admin/builder/spi-builder-workspace/Sources/ShaderCards/Views/CardLayerFactory.swift (in target 'ShaderCards' from project 'ShaderKit')
cd /Users/admin/builder/spi-builder-workspace/.swiftpm/xcode
builtin-SwiftPerFileCompile CardLayerFactory.swift
SwiftCompile normal arm64 /Users/admin/builder/spi-builder-workspace/Sources/ShaderCards/Views/CardStudioView.swift (in target 'ShaderCards' from project 'ShaderKit')
cd /Users/admin/builder/spi-builder-workspace/.swiftpm/xcode
builtin-SwiftPerFileCompile CardStudioView.swift
SwiftCompile normal arm64 /Users/admin/builder/spi-builder-workspace/Sources/ShaderCards/Views/ExplodableCardView.swift (in target 'ShaderCards' from project 'ShaderKit')
cd /Users/admin/builder/spi-builder-workspace/.swiftpm/xcode
builtin-SwiftPerFileCompile ExplodableCardView.swift
SwiftCompile normal arm64 Compiling\ MinimalCardFace.swift,\ StandardCardFace.swift,\ TrainerCardFace.swift,\ CardLibrary.swift,\ PremiumMaterialEditions.swift /Users/admin/builder/spi-builder-workspace/Sources/ShaderCards/Frames/MinimalCardFace.swift /Users/admin/builder/spi-builder-workspace/Sources/ShaderCards/Frames/StandardCardFace.swift /Users/admin/builder/spi-builder-workspace/Sources/ShaderCards/Frames/TrainerCardFace.swift /Users/admin/builder/spi-builder-workspace/Sources/ShaderCards/Library/CardLibrary.swift /Users/admin/builder/spi-builder-workspace/Sources/ShaderCards/Library/PremiumMaterialEditions.swift (in target 'ShaderCards' from project 'ShaderKit')
SwiftCompile normal arm64 /Users/admin/builder/spi-builder-workspace/Sources/ShaderCards/Frames/MinimalCardFace.swift (in target 'ShaderCards' from project 'ShaderKit')
cd /Users/admin/builder/spi-builder-workspace/.swiftpm/xcode
builtin-SwiftPerFileCompile MinimalCardFace.swift
SwiftCompile normal arm64 /Users/admin/builder/spi-builder-workspace/Sources/ShaderCards/Frames/StandardCardFace.swift (in target 'ShaderCards' from project 'ShaderKit')
cd /Users/admin/builder/spi-builder-workspace/.swiftpm/xcode
builtin-SwiftPerFileCompile StandardCardFace.swift
SwiftCompile normal arm64 /Users/admin/builder/spi-builder-workspace/Sources/ShaderCards/Frames/TrainerCardFace.swift (in target 'ShaderCards' from project 'ShaderKit')
cd /Users/admin/builder/spi-builder-workspace/.swiftpm/xcode
builtin-SwiftPerFileCompile TrainerCardFace.swift
SwiftCompile normal arm64 /Users/admin/builder/spi-builder-workspace/Sources/ShaderCards/Library/CardLibrary.swift (in target 'ShaderCards' from project 'ShaderKit')
cd /Users/admin/builder/spi-builder-workspace/.swiftpm/xcode
builtin-SwiftPerFileCompile CardLibrary.swift
SwiftCompile normal arm64 /Users/admin/builder/spi-builder-workspace/Sources/ShaderCards/Library/PremiumMaterialEditions.swift (in target 'ShaderCards' from project 'ShaderKit')
cd /Users/admin/builder/spi-builder-workspace/.swiftpm/xcode
builtin-SwiftPerFileCompile PremiumMaterialEditions.swift
SwiftCompile normal arm64 Compiling\ ArtSceneSpec.swift,\ ArtworkSpecs.swift,\ ArtworkView.swift,\ Backdrops.swift,\ BirdFigure.swift,\ CatFigure.swift /Users/admin/builder/spi-builder-workspace/Sources/ShaderCards/Art/ArtSceneSpec.swift /Users/admin/builder/spi-builder-workspace/Sources/ShaderCards/Art/ArtworkSpecs.swift /Users/admin/builder/spi-builder-workspace/Sources/ShaderCards/Art/ArtworkView.swift /Users/admin/builder/spi-builder-workspace/Sources/ShaderCards/Art/Backdrops.swift /Users/admin/builder/spi-builder-workspace/Sources/ShaderCards/Art/Figures/BirdFigure.swift /Users/admin/builder/spi-builder-workspace/Sources/ShaderCards/Art/Figures/CatFigure.swift (in target 'ShaderCards' from project 'ShaderKit')
SwiftCompile normal arm64 /Users/admin/builder/spi-builder-workspace/Sources/ShaderCards/Art/ArtSceneSpec.swift (in target 'ShaderCards' from project 'ShaderKit')
cd /Users/admin/builder/spi-builder-workspace/.swiftpm/xcode
builtin-SwiftPerFileCompile ArtSceneSpec.swift
SwiftCompile normal arm64 /Users/admin/builder/spi-builder-workspace/Sources/ShaderCards/Art/ArtworkSpecs.swift (in target 'ShaderCards' from project 'ShaderKit')
cd /Users/admin/builder/spi-builder-workspace/.swiftpm/xcode
builtin-SwiftPerFileCompile ArtworkSpecs.swift
SwiftCompile normal arm64 /Users/admin/builder/spi-builder-workspace/Sources/ShaderCards/Art/ArtworkView.swift (in target 'ShaderCards' from project 'ShaderKit')
cd /Users/admin/builder/spi-builder-workspace/.swiftpm/xcode
builtin-SwiftPerFileCompile ArtworkView.swift
SwiftCompile normal arm64 /Users/admin/builder/spi-builder-workspace/Sources/ShaderCards/Art/Backdrops.swift (in target 'ShaderCards' from project 'ShaderKit')
cd /Users/admin/builder/spi-builder-workspace/.swiftpm/xcode
builtin-SwiftPerFileCompile Backdrops.swift
SwiftCompile normal arm64 /Users/admin/builder/spi-builder-workspace/Sources/ShaderCards/Art/Figures/BirdFigure.swift (in target 'ShaderCards' from project 'ShaderKit')
cd /Users/admin/builder/spi-builder-workspace/.swiftpm/xcode
builtin-SwiftPerFileCompile BirdFigure.swift
SwiftCompile normal arm64 /Users/admin/builder/spi-builder-workspace/Sources/ShaderCards/Art/Figures/CatFigure.swift (in target 'ShaderCards' from project 'ShaderKit')
cd /Users/admin/builder/spi-builder-workspace/.swiftpm/xcode
builtin-SwiftPerFileCompile CatFigure.swift
SwiftCompile normal arm64 Compiling\ CardAttack.swift,\ CardFinish.swift,\ CardLayout.swift,\ CardModel.swift,\ CardRarity.swift /Users/admin/builder/spi-builder-workspace/Sources/ShaderCards/Model/CardAttack.swift /Users/admin/builder/spi-builder-workspace/Sources/ShaderCards/Model/CardFinish.swift /Users/admin/builder/spi-builder-workspace/Sources/ShaderCards/Model/CardLayout.swift /Users/admin/builder/spi-builder-workspace/Sources/ShaderCards/Model/CardModel.swift /Users/admin/builder/spi-builder-workspace/Sources/ShaderCards/Model/CardRarity.swift (in target 'ShaderCards' from project 'ShaderKit')
SwiftCompile normal arm64 /Users/admin/builder/spi-builder-workspace/Sources/ShaderCards/Model/CardAttack.swift (in target 'ShaderCards' from project 'ShaderKit')
cd /Users/admin/builder/spi-builder-workspace/.swiftpm/xcode
builtin-SwiftPerFileCompile CardAttack.swift
SwiftCompile normal arm64 /Users/admin/builder/spi-builder-workspace/Sources/ShaderCards/Model/CardFinish.swift (in target 'ShaderCards' from project 'ShaderKit')
cd /Users/admin/builder/spi-builder-workspace/.swiftpm/xcode
builtin-SwiftPerFileCompile CardFinish.swift
SwiftCompile normal arm64 /Users/admin/builder/spi-builder-workspace/Sources/ShaderCards/Model/CardLayout.swift (in target 'ShaderCards' from project 'ShaderKit')
cd /Users/admin/builder/spi-builder-workspace/.swiftpm/xcode
builtin-SwiftPerFileCompile CardLayout.swift
SwiftCompile normal arm64 /Users/admin/builder/spi-builder-workspace/Sources/ShaderCards/Model/CardModel.swift (in target 'ShaderCards' from project 'ShaderKit')
cd /Users/admin/builder/spi-builder-workspace/.swiftpm/xcode
builtin-SwiftPerFileCompile CardModel.swift
SwiftCompile normal arm64 /Users/admin/builder/spi-builder-workspace/Sources/ShaderCards/Model/CardRarity.swift (in target 'ShaderCards' from project 'ShaderKit')
cd /Users/admin/builder/spi-builder-workspace/.swiftpm/xcode
builtin-SwiftPerFileCompile CardRarity.swift
SwiftCompile normal arm64 Compiling\ CardStage.swift,\ ElementType.swift,\ PremiumCardFinishes.swift,\ TradingCardHoloFinishes.swift,\ ShaderCards.swift /Users/admin/builder/spi-builder-workspace/Sources/ShaderCards/Model/CardStage.swift /Users/admin/builder/spi-builder-workspace/Sources/ShaderCards/Model/ElementType.swift /Users/admin/builder/spi-builder-workspace/Sources/ShaderCards/Model/PremiumCardFinishes.swift /Users/admin/builder/spi-builder-workspace/Sources/ShaderCards/Model/TradingCardHoloFinishes.swift /Users/admin/builder/spi-builder-workspace/Sources/ShaderCards/ShaderCards.swift (in target 'ShaderCards' from project 'ShaderKit')
SwiftCompile normal arm64 /Users/admin/builder/spi-builder-workspace/Sources/ShaderCards/Model/CardStage.swift (in target 'ShaderCards' from project 'ShaderKit')
cd /Users/admin/builder/spi-builder-workspace/.swiftpm/xcode
builtin-SwiftPerFileCompile CardStage.swift
SwiftCompile normal arm64 /Users/admin/builder/spi-builder-workspace/Sources/ShaderCards/Model/ElementType.swift (in target 'ShaderCards' from project 'ShaderKit')
cd /Users/admin/builder/spi-builder-workspace/.swiftpm/xcode
builtin-SwiftPerFileCompile ElementType.swift
SwiftCompile normal arm64 /Users/admin/builder/spi-builder-workspace/Sources/ShaderCards/Model/PremiumCardFinishes.swift (in target 'ShaderCards' from project 'ShaderKit')
cd /Users/admin/builder/spi-builder-workspace/.swiftpm/xcode
builtin-SwiftPerFileCompile PremiumCardFinishes.swift
SwiftCompile normal arm64 /Users/admin/builder/spi-builder-workspace/Sources/ShaderCards/Model/TradingCardHoloFinishes.swift (in target 'ShaderCards' from project 'ShaderKit')
cd /Users/admin/builder/spi-builder-workspace/.swiftpm/xcode
builtin-SwiftPerFileCompile TradingCardHoloFinishes.swift
SwiftCompile normal arm64 (in target 'ShaderCards' from project 'ShaderKit')
cd /Users/admin/builder/spi-builder-workspace/.swiftpm/xcode
PruneExplicitPrecompiledModules /Users/admin/builder/spi-builder-workspace/.derivedData/Build/Intermediates.noindex/ExplicitPrecompiledModules
PruneExplicitPrecompiledModules /Users/admin/builder/spi-builder-workspace/.derivedData/Build/Intermediates.noindex/SwiftExplicitPrecompiledModules
PruneExplicitPrecompiledModules /Users/admin/builder/spi-builder-workspace/.derivedData/SDKExplicitPrecompiledModules
2026-09-26 08:26:39.957 xcodebuild[851:5082] [MT] IDERunDestination: Supported platforms for the buildables in the current scheme is empty.
** BUILD FAILED **
The following build commands failed:
SwiftCompile normal arm64 Compiling\ JellySwitch.swift /Users/admin/builder/spi-builder-workspace/Sources/ShaderKitUI/Components/JellySwitch.swift (in target 'ShaderKitUI' from project 'ShaderKit')
SwiftCompile normal arm64 /Users/admin/builder/spi-builder-workspace/Sources/ShaderKitUI/Components/JellySwitch.swift (in target 'ShaderKitUI' from project 'ShaderKit')
SwiftCompile normal arm64 Compiling\ JellyButton.swift /Users/admin/builder/spi-builder-workspace/Sources/ShaderKitUI/Components/JellyButton.swift (in target 'ShaderKitUI' from project 'ShaderKit')
SwiftCompile normal arm64 /Users/admin/builder/spi-builder-workspace/Sources/ShaderKitUI/Components/JellyButton.swift (in target 'ShaderKitUI' from project 'ShaderKit')
Building workspace ShaderKit with scheme ShaderKit-Package
(5 failures)
BUILD FAILURE 6.4 visionOS