The Swift Package Index logo.Swift Package Index

Build Information

Failed to build swift-srt-kit, reference 0.3.1 (f3e448), with Swift 6.2 for Wasm on 26 Jun 2026 22:55:47 UTC.

Build Command

bash -c docker run --pull=always --rm -v "checkouts-53886768-0":/host -w "$PWD" -e JAVA_HOME="/root/.sdkman/candidates/java/current" -e SPI_BUILD="1" -e SPI_PROCESSING="1" registry.gitlab.com/saguaro1/spi-images:wasm-6.2-latest swift build --swift-sdk swift-6.2-RELEASE_wasm 2>&1

Build Log

========================================
RunAll
========================================
Builder version: 0e64495ecc1688c3b3e031a5ef1348b5c05091ae
Interrupt handler set up.
========================================
Checkout
========================================
Clone URL: https://github.com/atelier-socle/swift-srt-kit.git
Reference: 0.3.1
Initialized empty Git repository in /host/spi-builder-workspace/.git/
hint: Using 'master' as the name for the initial branch. This default branch name
hint: is subject to change. To configure the initial branch name to use in all
hint: of your new repositories, which will suppress this warning, call:
hint:
hint: 	git config --global init.defaultBranch <name>
hint:
hint: Names commonly chosen instead of 'master' are 'main', 'trunk' and
hint: 'development'. The just-created branch can be renamed via this command:
hint:
hint: 	git branch -m <name>
From https://github.com/atelier-socle/swift-srt-kit
 * tag               0.3.1      -> FETCH_HEAD
HEAD is now at f3e4486 ci: Swift 6.2/6.3 matrix, GitHub Actions node24, Xcode 26.4
Cloned https://github.com/atelier-socle/swift-srt-kit.git
Revision (git rev-parse @):
f3e448662d8d76d409a6176444395dcfa69d374c
SUCCESS checkout https://github.com/atelier-socle/swift-srt-kit.git at 0.3.1
========================================
Build
========================================
Selected platform:         wasm
Swift version:             6.2
Building package at path:  $PWD
https://github.com/atelier-socle/swift-srt-kit.git
Running build ...
bash -c docker run --pull=always --rm -v "checkouts-53886768-0":/host -w "$PWD" -e JAVA_HOME="/root/.sdkman/candidates/java/current" -e SPI_BUILD="1" -e SPI_PROCESSING="1" registry.gitlab.com/saguaro1/spi-images:wasm-6.2-latest swift build --swift-sdk swift-6.2-RELEASE_wasm 2>&1
wasm-6.2-latest: Pulling from saguaro1/spi-images
Digest: sha256:dc8dffc38f1d92eca7ee5312617822470123661393ed20672e77964f9dcaaffb
Status: Image is up to date for registry.gitlab.com/saguaro1/spi-images:wasm-6.2-latest
Fetching https://github.com/apple/swift-crypto.git
Fetching https://github.com/apple/swift-nio.git
Fetching https://github.com/swiftlang/swift-docc-plugin
Fetching https://github.com/apple/swift-argument-parser.git
[1/2299] Fetching swift-docc-plugin
[2300/20248] Fetching swift-docc-plugin, swift-argument-parser
[20249/38009] Fetching swift-docc-plugin, swift-argument-parser, swift-crypto
Fetched https://github.com/swiftlang/swift-docc-plugin from cache (0.67s)
Fetched https://github.com/apple/swift-argument-parser.git from cache (0.68s)
[711/17761] Fetching swift-crypto
[1600/101915] Fetching swift-crypto, swift-nio
Fetched https://github.com/apple/swift-crypto.git from cache (3.95s)
Fetched https://github.com/apple/swift-nio.git from cache (3.97s)
Computing version for https://github.com/swiftlang/swift-docc-plugin
Computed https://github.com/swiftlang/swift-docc-plugin at 1.5.0 (4.83s)
Fetching https://github.com/swiftlang/swift-docc-symbolkit
[1/3749] Fetching swift-docc-symbolkit
Fetched https://github.com/swiftlang/swift-docc-symbolkit from cache (0.56s)
Computing version for https://github.com/swiftlang/swift-docc-symbolkit
Computed https://github.com/swiftlang/swift-docc-symbolkit at 1.0.0 (0.75s)
Computing version for https://github.com/apple/swift-argument-parser.git
Computed https://github.com/apple/swift-argument-parser.git at 1.8.2 (0.14s)
Computing version for https://github.com/apple/swift-crypto.git
Computed https://github.com/apple/swift-crypto.git at 3.15.1 (0.40s)
Fetching https://github.com/apple/swift-asn1.git
[1/1905] Fetching swift-asn1
Fetched https://github.com/apple/swift-asn1.git from cache (0.43s)
Computing version for https://github.com/apple/swift-asn1.git
Computed https://github.com/apple/swift-asn1.git at 1.7.1 (1.29s)
Computing version for https://github.com/apple/swift-nio.git
Computed https://github.com/apple/swift-nio.git at 2.101.2 (0.33s)
Fetching https://github.com/apple/swift-system.git
Fetching https://github.com/apple/swift-collections.git
Fetching https://github.com/apple/swift-atomics.git
[1/1868] Fetching swift-atomics
Fetched https://github.com/apple/swift-atomics.git from cache (0.43s)
[1/5925] Fetching swift-system
[179/31164] Fetching swift-system, swift-collections
Fetched https://github.com/apple/swift-system.git from cache (1.03s)
Fetched https://github.com/apple/swift-collections.git from cache (1.04s)
Computing version for https://github.com/apple/swift-atomics.git
Computed https://github.com/apple/swift-atomics.git at 1.3.1 (1.18s)
Computing version for https://github.com/apple/swift-system.git
Computed https://github.com/apple/swift-system.git at 1.7.2 (0.17s)
Computing version for https://github.com/apple/swift-collections.git
Computed https://github.com/apple/swift-collections.git at 1.6.0 (0.22s)
Creating working copy for https://github.com/apple/swift-argument-parser.git
Working copy of https://github.com/apple/swift-argument-parser.git resolved at 1.8.2
Creating working copy for https://github.com/apple/swift-crypto.git
Working copy of https://github.com/apple/swift-crypto.git resolved at 3.15.1
Creating working copy for https://github.com/apple/swift-nio.git
Working copy of https://github.com/apple/swift-nio.git resolved at 2.101.2
Creating working copy for https://github.com/apple/swift-system.git
Working copy of https://github.com/apple/swift-system.git resolved at 1.7.2
Creating working copy for https://github.com/apple/swift-asn1.git
Working copy of https://github.com/apple/swift-asn1.git resolved at 1.7.1
Creating working copy for https://github.com/swiftlang/swift-docc-plugin
Working copy of https://github.com/swiftlang/swift-docc-plugin resolved at 1.5.0
Creating working copy for https://github.com/swiftlang/swift-docc-symbolkit
Working copy of https://github.com/swiftlang/swift-docc-symbolkit resolved at 1.0.0
Creating working copy for https://github.com/apple/swift-collections.git
Working copy of https://github.com/apple/swift-collections.git resolved at 1.6.0
Creating working copy for https://github.com/apple/swift-atomics.git
Working copy of https://github.com/apple/swift-atomics.git resolved at 1.3.1
[1/1] Compiling plugin Swift-DocC Preview
[2/2] Compiling plugin Swift-DocC
[3/3] Compiling plugin GenerateManual
[4/4] Compiling plugin GenerateDoccReference
Building for debugging...
[4/422] Write sources
[19/422] Compiling CNIOWASI CNIOWASI.c
[20/422] Compiling CNIOOpenBSD shim.c
[20/422] Compiling CNIOWindows shim.c
[20/422] Compiling CNIOWindows WSAStartup.c
[23/422] Compiling CNIOLinux shim.c
[24/422] Compiling _AtomicsShims.c
[25/422] Compiling CNIOPosix event_loop_id.c
[25/422] Compiling CNIOLinux liburing_shims.c
[27/422] Compiling CNIODarwin shim.c
[28/422] Compiling CNIOFreeBSD shim.c
[29/422] Compiling fiat_p256_adx_sqr.S
[30/422] Compiling fiat_curve25519_adx_square.S
[30/422] Compiling fiat_curve25519_adx_mul.S
[32/422] Compiling fiat_p256_adx_mul.S
[33/422] Write swift-version-24593BA9C3E375BF.txt
[34/422] Compiling md5-x86_64-apple.S
[35/422] Compiling md5-586-linux.S
[36/422] Compiling md5-x86_64-linux.S
[37/422] Compiling md5-586-apple.S
[38/463] Compiling CCryptoBoringSSLShims shims.c
[39/463] Compiling chacha20_poly1305_x86_64-linux.S
[40/463] Compiling chacha20_poly1305_x86_64-apple.S
[41/463] Compiling chacha20_poly1305_armv8-win.S
[42/463] Compiling chacha20_poly1305_armv8-linux.S
[43/463] Compiling chacha20_poly1305_armv8-apple.S
[45/463] Emitting module _NIOBase64
[45/463] Compiling err_data.cc
[46/463] Compiling chacha-x86_64-linux.S
[47/463] Compiling chacha-x86_64-apple.S
[48/463] Compiling chacha-x86-linux.S
[49/463] Compiling chacha-x86-apple.S
[50/463] Compiling chacha-armv8-win.S
[51/463] Compiling chacha-armv8-linux.S
[52/463] Compiling chacha-armv8-apple.S
[53/463] Compiling chacha-armv4-linux.S
[54/463] Compiling aes128gcmsiv-x86_64-linux.S
[55/463] Compiling aes128gcmsiv-x86_64-apple.S
[56/463] Compiling x86_64-mont5-linux.S
[57/463] Compiling x86_64-mont5-apple.S
[58/463] Compiling x86_64-mont-linux.S
[59/463] Compiling x86_64-mont-apple.S
[60/463] Compiling x86-mont-linux.S
[61/463] Compiling x86-mont-apple.S
[62/463] Compiling vpaes-x86_64-linux.S
[63/463] Compiling vpaes-x86_64-apple.S
[64/463] Compiling vpaes-x86-linux.S
[65/463] Compiling vpaes-x86-apple.S
[66/463] Compiling vpaes-armv8-win.S
[67/463] Compiling vpaes-armv8-linux.S
[68/463] Compiling vpaes-armv8-apple.S
[69/463] Compiling vpaes-armv7-linux.S
[70/463] Compiling sha512-x86_64-linux.S
[71/463] Compiling sha512-x86_64-apple.S
[72/463] Compiling sha512-armv8-win.S
[73/463] Compiling sha512-armv8-linux.S
[74/463] Compiling sha512-armv4-linux.S
[75/463] Compiling sha512-armv8-apple.S
[76/463] Compiling sha512-586-linux.S
[77/463] Compiling sha512-586-apple.S
[78/463] Compiling sha256-x86_64-linux.S
[79/463] Compiling sha256-x86_64-apple.S
[80/463] Compiling sha256-armv8-win.S
[81/463] Compiling sha256-armv8-linux.S
[82/463] Compiling sha256-armv8-apple.S
[83/463] Compiling sha256-armv4-linux.S
[84/463] Compiling sha256-586-linux.S
[85/463] Compiling sha256-586-apple.S
[86/463] Compiling sha1-x86_64-linux.S
[87/463] Compiling sha1-x86_64-apple.S
[88/463] Compiling sha1-armv8-win.S
[89/463] Compiling sha1-armv8-linux.S
[90/463] Compiling sha1-armv8-apple.S
[91/463] Compiling sha1-armv4-large-linux.S
[92/463] Compiling sha1-586-linux.S
[93/463] Compiling sha1-586-apple.S
[94/463] Compiling rsaz-avx2-linux.S
[95/463] Compiling rsaz-avx2-apple.S
[96/463] Compiling rdrand-x86_64-linux.S
[97/463] Compiling p256_beeu-x86_64-asm-linux.S
[98/463] Compiling rdrand-x86_64-apple.S
[99/463] Compiling p256_beeu-x86_64-asm-apple.S
[100/463] Compiling p256_beeu-armv8-asm-linux.S
[101/463] Compiling p256_beeu-armv8-asm-win.S
[102/463] Compiling p256_beeu-armv8-asm-apple.S
[103/463] Compiling p256-x86_64-asm-linux.S
[104/463] Compiling p256-x86_64-asm-apple.S
[105/463] Compiling p256-armv8-asm-win.S
[106/463] Compiling p256-armv8-asm-linux.S
[107/463] Compiling p256-armv8-asm-apple.S
[108/463] Compiling ghashv8-armv8-linux.S
[109/463] Compiling ghashv8-armv8-win.S
[110/463] Compiling ghashv8-armv8-apple.S
[111/463] Compiling ghashv8-armv7-linux.S
[112/463] Compiling ghash-x86_64-linux.S
[113/463] Compiling ghash-x86_64-apple.S
[114/463] Compiling ghash-x86-apple.S
[115/463] Compiling ghash-x86-linux.S
[116/463] Compiling ghash-ssse3-x86_64-linux.S
[117/463] Compiling ghash-ssse3-x86_64-apple.S
[118/463] Compiling ghash-ssse3-x86-linux.S
[119/463] Compiling ghash-ssse3-x86-apple.S
[120/463] Compiling ghash-neon-armv8-win.S
[121/463] Compiling ghash-neon-armv8-linux.S
[122/463] Compiling ghash-neon-armv8-apple.S
[123/463] Compiling ghash-armv4-linux.S
[124/463] Compiling co-586-linux.S
[125/463] Compiling co-586-apple.S
[126/463] Compiling bsaes-armv7-linux.S
[127/463] Compiling c-nioatomics.c
[128/463] Compiling bn-armv8-win.S
[129/463] Compiling bn-armv8-linux.S
[130/463] Compiling bn-586-linux.S
[131/463] Compiling bn-armv8-apple.S
[132/463] Compiling bn-586-apple.S
[133/463] Compiling armv8-mont-win.S
[134/463] Compiling armv8-mont-linux.S
[135/463] Compiling armv8-mont-apple.S
[136/463] Compiling aesv8-gcm-armv8-win.S
[137/463] Compiling armv4-mont-linux.S
[138/463] Compiling aesv8-gcm-armv8-linux.S
[139/463] Compiling aesv8-gcm-armv8-apple.S
[139/463] Compiling aesv8-armv8-win.S
[141/463] Compiling aesv8-armv8-linux.S
[142/463] Compiling aesv8-armv8-apple.S
[143/463] Compiling aesv8-armv7-linux.S
[144/463] Compiling aesni-x86_64-linux.S
[145/463] Compiling aesni-x86_64-apple.S
[146/463] Compiling aesni-x86-linux.S
[147/463] Compiling aesni-x86-apple.S
[148/463] Compiling c-atomics.c
[149/463] Compiling aesni-gcm-x86_64-linux.S
[150/463] Compiling aesni-gcm-x86_64-apple.S
[151/463] Compiling aes-gcm-avx512-x86_64-linux.S
[152/463] Compiling aes-gcm-avx512-x86_64-apple.S
[153/463] Compiling aes-gcm-avx2-x86_64-linux.S
[154/467] Compiling aes-gcm-avx2-x86_64-apple.S
[156/470] Emitting module InternalCollectionsUtilities
[157/470] Compiling InternalCollectionsUtilities Debugging.swift
[158/470] Compiling InternalCollectionsUtilities Descriptions.swift
[159/470] Compiling InternalCollectionsUtilities FixedWidthInteger+roundUpToPowerOfTwo.swift
[160/472] Compiling InternalCollectionsUtilities UnsafeBufferPointer+Extras.swift
[161/472] Compiling InternalCollectionsUtilities UnsafeMutableBufferPointer+Extras.swift
[162/472] Compiling InternalCollectionsUtilities _SortedCollection.swift
[163/472] Compiling InternalCollectionsUtilities _UniqueCollection.swift
[164/472] Compiling InternalCollectionsUtilities LifetimeOverride.swift
[165/472] Compiling InternalCollectionsUtilities RandomAccessCollection+Offsets.swift
[166/472] Compiling InternalCollectionsUtilities Span+Extras.swift
[167/472] Compiling _NIOBase64 Base64.swift
[168/473] Compiling InternalCollectionsUtilities Integer rank.swift
[169/473] Compiling InternalCollectionsUtilities UInt+first and last set bit.swift
[170/475] Compiling InternalCollectionsUtilities UInt+reversed.swift
[171/475] Compiling InternalCollectionsUtilities String+Padding.swift
[178/475] Compiling NIOConcurrencyHelpers NIOAtomic.swift
[180/475] Compiling InternalCollectionsUtilities UnsafeMutableRawBufferPointer+Extras.swift
[181/475] Compiling InternalCollectionsUtilities UnsafeRawBufferPointer+Extras.swift
[183/475] Compiling InternalCollectionsUtilities _UnsafeBitSet+Index.swift
[184/475] Compiling InternalCollectionsUtilities _UnsafeBitSet+_Word.swift
[185/475] Compiling SwiftASN1 DER.swift
[185/475] Compiling xwing.cc
[189/475] Compiling _NIODataStructures _TinyArray.swift
[190/475] Compiling _NIODataStructures PriorityQueue.swift
[190/475] Wrapping AST for _NIOBase64 for debugging
[190/475] Compiling x_x509a.cc
[196/476] Emitting module SwiftASN1
[198/476] Emitting module NIOConcurrencyHelpers
[203/476] Compiling NIOConcurrencyHelpers NIOLockedValueBox.swift
[204/476] Compiling NIOConcurrencyHelpers NIOLock.swift
[204/476] Compiling x_x509.cc
[206/476] Emitting module _NIODataStructures
[207/476] Compiling _NIODataStructures Heap.swift
[209/513] Compiling ContainersPreview BorrowingSequence+Standard Conformances.swift
[210/513] Compiling ContainersPreview BorrowingSequence+Utilities.swift
[211/513] Compiling ContainersPreview BorrowingSequence.swift
[212/513] Compiling ContainersPreview BidirectionalContainer.swift
[213/513] Compiling ContainersPreview Container+Filter.swift
[213/517] Wrapping AST for InternalCollectionsUtilities for debugging
[215/517] Compiling ContainersPreview BorrowingIteratorProtocol+Map.swift
[216/517] Compiling ContainersPreview BorrowingIteratorProtocol+Reduce.swift
[217/517] Compiling ContainersPreview BorrowingIteratorProtocol+SpanwiseZip.swift
[218/517] Compiling ContainersPreview BorrowingIteratorProtocol.swift
[219/517] Compiling ContainersPreview BorrowingSequence+Algorithms.swift
[219/517] Wrapping AST for _NIODataStructures for debugging
[221/517] Compiling ContainersPreview Container+SpanwiseZip.swift
[222/517] Compiling ContainersPreview Container.swift
[223/517] Compiling ContainersPreview ContainerIterator.swift
[224/517] Compiling ContainersPreview DynamicContainer.swift
[225/517] Compiling ContainersPreview MutableContainer.swift
[226/517] Compiling ContainersPreview Producer+Map.swift
[227/517] Compiling ContainersPreview Producer+Reduce.swift
[228/517] Compiling ContainersPreview Producer.swift
[229/517] Compiling ContainersPreview InputSpan.swift
[230/517] Compiling ContainersPreview MutableRef.swift
[231/517] Compiling ContainersPreview PermutableContainer.swift
[232/517] Compiling ContainersPreview RandomAccessContainer.swift
[233/517] Compiling ContainersPreview RangeExpression2.swift
[234/517] Compiling ContainersPreview RangeReplaceableContainer.swift
[235/517] Compiling ContainersPreview Strideable+Limits.swift
[236/517] Compiling ContainersPreview Drain+Map.swift
[237/517] Compiling ContainersPreview Drain+Reduce.swift
[238/517] Compiling ContainersPreview Drain.swift
[239/517] Compiling ContainersPreview Producer+Collect.swift
[240/517] Compiling ContainersPreview Producer+Filter.swift
[241/517] Compiling NIOConcurrencyHelpers atomics.swift
[242/517] Compiling NIOConcurrencyHelpers NIOThreadPoolWorkAvailable.swift
[243/517] Compiling NIOConcurrencyHelpers lock.swift
[245/518] Compiling ContainersPreview Ref.swift
[246/518] Compiling ContainersPreview Shared.swift
[247/518] Compiling ContainersPreview SpanIterator.swift
[248/518] Compiling ContainersPreview UniqueBox.swift
[251/519] Compiling ContainersPreview OutputSpan+Extras.swift
[252/519] Compiling ContainersPreview TemporaryAllocation.swift
[253/519] Compiling ContainersPreview BorrowingIteratorProtocol+Copy.swift
[254/519] Compiling ContainersPreview BorrowingIteratorProtocol+ElementsEqual.swift
[255/519] Compiling ContainersPreview BorrowingIteratorProtocol+Filter.swift
[256/519] Emitting module ContainersPreview
[258/520] Wrapping AST for SwiftASN1 for debugging
[259/520] Compiling x_spki.cc
[260/520] Wrapping AST for NIOConcurrencyHelpers for debugging
[261/526] Wrapping AST for ContainersPreview for debugging
[262/561] Compiling x_sig.cc
[263/561] Compiling x_req.cc
[265/561] Compiling DequeModule UniqueDeque+Container.swift
[266/561] Compiling DequeModule UniqueDeque+Deprecated.swift
[267/561] Compiling DequeModule UniqueDeque+Descriptions.swift
[268/561] Compiling DequeModule UniqueDeque+Equatable.swift
[269/561] Compiling DequeModule UniqueDeque+Experimental.swift
[269/566] Compiling x_pubkey.cc
[271/566] Compiling DequeModule UniqueDeque+Hashable.swift
[272/566] Compiling DequeModule UniqueDeque+Initializers.swift
[273/566] Compiling DequeModule UniqueDeque+Insertions.swift
[274/566] Compiling DequeModule UniqueDeque+Prepend.swift
[275/566] Compiling DequeModule UniqueDeque+Removals.swift
[276/566] Compiling DequeModule RigidDeque+Equatable.swift
[277/566] Compiling DequeModule RigidDeque+Experimental.swift
[278/566] Compiling DequeModule RigidDeque+Hashable.swift
[279/566] Compiling DequeModule RigidDeque+Initializers.swift
[280/566] Compiling DequeModule RigidDeque+Insertions.swift
[281/566] Compiling DequeModule RigidDeque+Prepend.swift
[282/566] Compiling DequeModule RigidDeque+Removals.swift
[283/566] Compiling DequeModule RigidDeque+Replacements.swift
[284/566] Compiling DequeModule RigidDeque+Testing.swift
[285/566] Compiling DequeModule RigidDeque.swift
[286/566] Compiling DequeModule UniqueDeque+Append.swift
[287/566] Compiling DequeModule UniqueDeque+Consumption.swift
[288/566] Compiling DequeModule _DequeBuffer.swift
[289/566] Compiling DequeModule _DequeBufferHeader.swift
[290/566] Compiling DequeModule RigidDeque+Append.swift
[291/566] Compiling DequeModule RigidDeque+Consumption.swift
[292/566] Compiling DequeModule RigidDeque+Container.swift
[293/566] Compiling DequeModule RigidDeque+Descriptions.swift
[293/566] Compiling x_exten.cc
[294/566] Compiling x_name.cc
[295/566] Compiling x_attrib.cc
[296/566] Compiling x_all.cc
[297/566] Compiling x_algor.cc
[298/566] Compiling x509spki.cc
[300/566] Compiling DequeModule Deque+Codable.swift
[301/566] Compiling DequeModule Deque+Collection.swift
[302/566] Compiling DequeModule Deque+CustomReflectable.swift
[303/566] Compiling DequeModule Deque+Descriptions.swift
[304/566] Compiling DequeModule Deque+Equatable.swift
[305/566] Compiling DequeModule Deque+ExpressibleByArrayLiteral.swift
[305/566] Compiling x_crl.cc
[307/566] Compiling DequeModule Deque+Extras.swift
[308/566] Compiling DequeModule Deque+Hashable.swift
[309/566] Compiling DequeModule Deque+Testing.swift
[310/566] Compiling DequeModule Deque._Storage.swift
[311/566] Compiling DequeModule Deque._UnsafeHandle.swift
[312/566] Compiling DequeModule Deque.swift
[312/566] Compiling x509rset.cc
[313/566] Compiling x509cset.cc
[314/566] Compiling x509name.cc
[315/566] Compiling x509_vfy.cc
[316/566] Compiling x509_vpm.cc
[317/566] Compiling x509_v3.cc
[318/566] Compiling x509_txt.cc
[319/566] Compiling x509_trs.cc
[320/566] Compiling x509_set.cc
[321/566] Compiling x509_obj.cc
[322/566] Compiling x509_req.cc
[323/566] Compiling x509_lu.cc
[325/566] Emitting module DequeModule
[325/566] Compiling x509_ext.cc
[326/566] Compiling x509_def.cc
[327/566] Compiling x509_cmp.cc
[328/566] Compiling x509.cc
[329/566] Compiling x509_d2.cc
[330/566] Compiling x509_att.cc
[331/566] Compiling v3_utl.cc
[333/566] Compiling DequeModule UniqueDeque+Replacements.swift
[334/566] Compiling DequeModule UniqueDeque.swift
[335/566] Compiling DequeModule _DequeSlot.swift
[336/566] Compiling DequeModule _UnsafeDequeHandle.swift
[337/566] Compiling DequeModule _UnsafeDequeSegments.swift
[338/567] Compiling v3_skey.cc
[339/567] Wrapping AST for DequeModule for debugging
[340/567] Compiling v3_purp.cc
[341/567] Compiling v3_prn.cc
[342/567] Compiling v3_pmaps.cc
[343/567] Compiling v3_pcons.cc
[344/567] Compiling v3_ocsp.cc
[345/567] Compiling v3_ncons.cc
[346/567] Compiling v3_lib.cc
[347/567] Compiling v3_int.cc
[348/567] Compiling v3_info.cc
[349/567] Compiling v3_ia5.cc
[350/567] Compiling v3_genn.cc
[350/567] Compiling v3_extku.cc
[352/567] Compiling v3_enum.cc
[353/567] Compiling v3_crld.cc
[354/567] Compiling v3_cpols.cc
[355/567] Compiling v3_conf.cc
[356/567] Compiling v3_bitst.cc
[357/567] Compiling v3_bcons.cc
[358/567] Compiling v3_akeya.cc
[359/567] Compiling v3_alt.cc
[360/567] Compiling v3_akey.cc
[361/567] Compiling t_x509a.cc
[362/567] Compiling t_x509.cc
[363/567] Compiling t_crl.cc
[364/567] Compiling t_req.cc
[365/567] Compiling i2d_pr.cc
[366/567] Compiling rsa_pss.cc
[367/567] Compiling name_print.cc
[368/567] Compiling policy.cc
[369/567] Compiling by_file.cc
[370/567] Compiling algorithm.cc
[371/567] Compiling by_dir.cc
[372/567] Compiling asn1_gen.cc
[373/567] Compiling a_verify.cc
[374/567] Compiling a_sign.cc
[375/567] Compiling voprf.cc
[376/567] Compiling a_digest.cc
[377/567] Compiling trust_token.cc
[378/567] Compiling thread_win.cc
[379/567] Compiling thread_pthread.cc
[380/567] Compiling thread.cc
[381/567] Compiling thread_none.cc
[382/567] Compiling stack.cc
[383/567] Compiling pmbtoken.cc
[384/567] Compiling sha512.cc
[385/567] Compiling siphash.cc
[386/567] Compiling spake2plus.cc
[387/567] Compiling slhdsa.cc
[388/567] Compiling sha256.cc
[389/567] Compiling sha1.cc
[390/567] Compiling rsa_print.cc
[391/567] Compiling rsa_extra.cc
[392/567] Compiling refcount.cc
[393/567] Compiling rsa_crypt.cc
[394/567] Compiling rc4.cc
[395/567] Compiling windows.cc
[396/567] Compiling urandom.cc
[397/567] Compiling trusty.cc
[398/567] Compiling rand.cc
[399/567] Compiling rsa_asn1.cc
[400/567] Compiling ios.cc
[401/567] Compiling passive.cc
[402/567] Compiling poly1305_arm_asm.S
[403/567] Compiling getentropy.cc
[404/567] Compiling forkunsafe.cc
[405/567] Compiling fork_detect.cc
[406/567] Compiling deterministic.cc
[407/567] Compiling poly1305_vec.cc
[408/567] Compiling pool.cc
[409/567] Compiling poly1305_arm.cc
[410/567] Compiling poly1305.cc
[411/567] Compiling pkcs8.cc
[412/567] Compiling pkcs8_x509.cc
[413/567] Compiling p5_pbev2.cc
[414/567] Compiling pkcs7.cc
[415/567] Compiling pkcs7_x509.cc
[416/567] Compiling pem_xaux.cc
[417/567] Compiling pem_x509.cc
[418/567] Compiling pem_pkey.cc
[419/567] Compiling pem_pk8.cc
[420/567] Compiling pem_oth.cc
[421/567] Compiling mlkem.cc
[422/567] Compiling pem_lib.cc
[423/567] Compiling pem_info.cc
[424/567] Compiling obj_xref.cc
[425/567] Compiling pem_all.cc
[426/567] Compiling obj.cc
[427/567] Compiling poly_rq_mul.S
[428/567] Compiling mldsa.cc
[429/567] Compiling mem.cc
[430/567] Compiling fips_shared_support.cc
[431/567] Compiling lhash.cc
[432/567] Compiling md5.cc
[433/567] Compiling hrss.cc
[434/567] Compiling kyber.cc
[435/567] Compiling md4.cc
[436/567] Compiling fuzzer_mode.cc
[437/567] Compiling ex_data.cc
[438/567] Compiling hpke.cc
[439/567] Compiling scrypt.cc
[440/567] Compiling pbkdf.cc
[441/567] Compiling print.cc
[442/567] Compiling sign.cc
[443/567] Compiling p_x25519_asn1.cc
[444/567] Compiling p_x25519.cc
[445/567] Compiling p_rsa_asn1.cc
[446/567] Compiling p_rsa.cc
[447/567] Compiling p_hkdf.cc
[448/567] Compiling p_ed25519_asn1.cc
[449/567] Compiling p_ed25519.cc
[450/567] Compiling p_ec_asn1.cc
[451/567] Compiling p_ec.cc
[452/567] Compiling p_dsa_asn1.cc
[453/567] Compiling p_dh_asn1.cc
[454/567] Compiling p_dh.cc
[455/567] Compiling evp_ctx.cc
[456/567] Compiling evp_asn1.cc
[457/567] Compiling err.cc
[458/567] Compiling evp.cc
[459/567] Compiling engine.cc
[460/567] Compiling ecdsa_p1363.cc
[461/567] Compiling ecdh.cc
[462/567] Compiling ecdsa_asn1.cc
[463/567] Compiling ec_derive.cc
[464/567] Compiling hash_to_curve.cc
[465/567] Compiling dsa.cc
[466/567] Compiling dsa_asn1.cc
[466/567] Compiling bcm.cc
[468/567] Compiling ec_asn1.cc
[469/567] Compiling x25519-asm-arm.S
[470/567] Compiling digest_extra.cc
[471/567] Compiling params.cc
[472/567] Compiling des.cc
[473/567] Compiling dh_asn1.cc
[474/567] Compiling curve25519_64_adx.cc
[475/567] Compiling crypto.cc
[476/567] Compiling spake25519.cc
[477/567] Compiling cpu_intel.cc
[478/567] Compiling cpu_arm_linux.cc
[479/567] Compiling curve25519.cc
[480/567] Compiling cpu_arm_freebsd.cc
[481/567] Compiling cpu_aarch64_win.cc
[482/567] Compiling cpu_aarch64_sysreg.cc
[483/567] Compiling cpu_aarch64_openbsd.cc
[484/567] Compiling cpu_aarch64_linux.cc
[485/567] Compiling cpu_aarch64_fuchsia.cc
[486/567] Compiling cpu_aarch64_apple.cc
[487/567] Compiling conf.cc
[488/567] Compiling tls_cbc.cc
[489/567] Compiling get_cipher.cc
[490/567] Compiling e_tls.cc
[491/567] Compiling e_rc4.cc
[492/567] Compiling e_rc2.cc
[493/567] Compiling cms.cc
[494/567] Compiling e_null.cc
[495/567] Compiling e_des.cc
[496/567] Compiling e_chacha20poly1305.cc
[497/567] Compiling e_aesgcmsiv.cc
[498/567] Compiling e_aeseax.cc
[499/567] Compiling derive_key.cc
[500/567] Compiling e_aesctrhmac.cc
[501/567] Compiling chacha.cc
[502/567] Compiling unicode.cc
[503/567] Compiling sqrt.cc
[504/567] Compiling buf.cc
[505/567] Compiling cbs.cc
[506/567] Compiling cbb.cc
[507/567] Compiling ber.cc
[508/567] Compiling exponentiation.cc
[509/567] Compiling asn1_compat.cc
[510/567] Compiling div.cc
[511/567] Compiling blake2.cc
[512/567] Compiling printf.cc
[513/567] Compiling pair.cc
[514/567] Compiling hexdump.cc
[515/567] Compiling bn_asn1.cc
[516/567] Compiling file.cc
[517/567] Compiling convert.cc
[518/567] Compiling fd.cc
[519/567] Compiling errno.cc
[520/567] Compiling bio_mem.cc
[521/567] Compiling base64.cc
[522/567] Compiling bio.cc
[523/567] Compiling tasn_typ.cc
[524/567] Compiling tasn_utl.cc
[525/567] Compiling tasn_new.cc
[526/567] Compiling tasn_fre.cc
[527/567] Compiling tasn_enc.cc
[528/567] Compiling posix_time.cc
[528/567] Compiling f_string.cc
[530/567] Compiling f_int.cc
[531/567] Compiling tasn_dec.cc
[532/567] Compiling asn_pack.cc
[533/567] Compiling asn1_par.cc
[534/567] Compiling asn1_lib.cc
[535/567] Compiling a_utctm.cc
[536/567] Compiling a_time.cc
[537/567] Compiling a_octet.cc
[538/567] Compiling a_type.cc
[539/567] Compiling a_strnid.cc
[540/567] Compiling a_strex.cc
[541/567] Compiling a_object.cc
[542/567] Compiling a_i2d_fp.cc
[543/567] Compiling a_dup.cc
[544/567] Write sources
[545/567] Compiling a_mbstr.cc
[546/567] Write sources
[547/567] Compiling a_d2i_fp.cc
[548/568] Write sources
[549/587] Compiling a_int.cc
[550/587] Compiling a_gentm.cc
[551/587] Compiling a_bool.cc
[552/587] Compiling a_bitstr.cc
[553/587] Compiling aes.cc
[555/595] Compiling Atomics UnsafeAtomic.swift
[556/595] Compiling Atomics UnsafeAtomicLazyReference.swift
[557/595] Compiling Atomics AtomicMemoryOrderings.swift
[558/595] Compiling Atomics DoubleWord.swift
[559/597] Compiling Atomics ManagedAtomic.swift
[560/597] Compiling Atomics ManagedAtomicLazyReference.swift
[561/597] Compiling Atomics IntegerOperations.swift
[562/597] Compiling Atomics Unmanaged extensions.swift
[563/597] Emitting module ArgumentParserToolInfo
[564/597] Compiling ArgumentParserToolInfo ToolInfo.swift
[565/598] Wrapping AST for ArgumentParserToolInfo for debugging
[567/645] Compiling CryptoBoringWrapper RandomBytes.swift
[568/645] Emitting module ArgumentParser
[569/651] Compiling ArgumentParser ParentCommand.swift
[570/651] Compiling ArgumentParser AsyncParsableCommand.swift
[571/651] Compiling ArgumentParser CommandConfiguration.swift
[572/651] Compiling ArgumentParser CommandGroup.swift
[573/651] Compiling ArgumentParser EnumerableFlag.swift
[574/651] Compiling ArgumentParser ExpressibleByArgument.swift
[575/651] Compiling ArgumentParser ParsableArguments.swift
[576/651] Compiling ArgumentParser Mutex.swift
[577/651] Compiling ArgumentParser Platform.swift
[578/651] Compiling ArgumentParser SequenceExtensions.swift
[579/651] Compiling ArgumentParser StringExtensions.swift
[580/651] Compiling ArgumentParser SwiftExtensions.swift
[581/651] Compiling ArgumentParser Tree.swift
[582/651] Compiling ArgumentParser Flag.swift
[583/651] Compiling ArgumentParser NameSpecification.swift
[584/651] Compiling ArgumentParser ArgumentDecoder.swift
[585/651] Compiling ArgumentParser ArgumentDefinition.swift
[586/651] Compiling ArgumentParser ArgumentSet.swift
[587/651] Emitting module Atomics
[588/651] Compiling ArgumentParser Option.swift
[589/651] Compiling ArgumentParser OptionGroup.swift
[590/651] Compiling ArgumentParser Name.swift
[591/651] Compiling ArgumentParser ArgumentVisibility.swift
[592/651] Compiling ArgumentParser CompletionKind.swift
[593/651] Compiling ArgumentParser Errors.swift
[594/652] Wrapping AST for Atomics for debugging
[597/652] Compiling ArgumentParser Parsed.swift
[598/652] Compiling ArgumentParser ParsedValues.swift
[599/652] Compiling ArgumentParser ParserError.swift
[600/652] Compiling ArgumentParser SplitArguments.swift
[601/652] Compiling ArgumentParser DumpHelpGenerator.swift
[602/716] Compiling CryptoBoringWrapper BoringSSLAEAD.swift
[603/716] Emitting module CryptoBoringWrapper
[604/716] Compiling CryptoBoringWrapper FiniteFieldArithmeticContext.swift
[605/716] Compiling CryptoBoringWrapper EllipticCurvePoint.swift
[606/716] Compiling CryptoBoringWrapper CryptoKitErrors_boring.swift
[607/716] Compiling CryptoBoringWrapper ArbitraryPrecisionInteger.swift
[608/716] Compiling CryptoBoringWrapper EllipticCurve.swift
[610/717] Compiling NIOCore ByteBuffer-aux.swift
[611/717] Compiling NIOCore ByteBuffer-binaryEncodedLengthPrefix.swift
[612/717] Compiling NIOCore ByteBuffer-conversions.swift
[613/717] Compiling NIOCore ByteBuffer-core.swift
[614/717] Compiling NIOCore ByteBuffer-hex.swift
[615/717] Compiling NIOCore ByteBuffer-int.swift
[615/717] Wrapping AST for CryptoBoringWrapper for debugging
[617/717] Compiling NIOCore EventLoopFuture+WithEventLoop.swift
[618/717] Compiling NIOCore EventLoopFuture.swift
[619/717] Compiling NIOCore FileDescriptor.swift
[620/717] Compiling NIOCore FileHandle.swift
[621/717] Compiling NIOCore FileRegion.swift
[622/717] Compiling NIOCore GlobalSingletons.swift
[623/788] Compiling Crypto AES-GCM.swift
[624/788] Compiling Crypto AES-GCM_boring.swift
[625/788] Compiling Crypto ChaChaPoly_boring.swift
[626/788] Compiling Crypto ChaChaPoly.swift
[627/788] Compiling Crypto Cipher.swift
[628/788] Compiling Crypto Nonces.swift
[629/788] Compiling Crypto ASN1.swift
[630/788] Compiling Crypto ObjectIdentifier.swift
[631/788] Compiling Crypto ECDSASignature.swift
[632/788] Compiling Crypto PEMDocument.swift
[633/788] Compiling Crypto HPKE-Errors.swift
[634/788] Compiling Crypto HPKE.swift
[635/788] Compiling Crypto HPKE-Context.swift
[636/788] Compiling Crypto HPKE-KeySchedule.swift
[637/788] Compiling Crypto HPKE-Modes.swift
[638/788] Compiling Crypto Insecure.swift
[639/796] Emitting module Crypto
[640/806] Compiling Crypto Ed25519_boring.swift
[641/806] Compiling Crypto NISTCurvesKeys_boring.swift
[642/806] Compiling Crypto X25519Keys_boring.swift
[643/806] Compiling Crypto Curve25519.swift
[644/806] Compiling Crypto Ed25519Keys.swift
[645/806] Compiling Crypto NISTCurvesKeys.swift
[646/806] Compiling Crypto X25519Keys.swift
[647/806] Compiling Crypto SymmetricKeys.swift
[648/806] Compiling Crypto HMAC.swift
[655/806] Compiling Crypto Insecure_HashFunctions.swift
[656/806] Compiling Crypto KEM.swift
[657/806] Compiling Crypto ECDH_boring.swift
[658/806] Compiling Crypto DH.swift
[659/806] Compiling Crypto PKCS8PrivateKey.swift
[660/806] Compiling Crypto SEC1PrivateKey.swift
[661/806] Compiling Crypto SubjectPublicKeyInfo.swift
[662/806] Compiling Crypto CryptoError_boring.swift
[663/806] Compiling Crypto CryptoKitErrors.swift
[664/806] Compiling Crypto Digest_boring.swift
[665/806] Compiling Crypto Digest.swift
[666/806] Compiling Crypto Digests.swift
[667/806] Compiling Crypto HashFunctions.swift
[668/806] Compiling Crypto HashFunctions_SHA2.swift
[670/806] Compiling Crypto HPKE-AEAD.swift
[671/806] Compiling Crypto HPKE-Ciphersuite.swift
[672/806] Compiling Crypto HPKE-KDF.swift
[673/806] Compiling Crypto HPKE-KexKeyDerivation.swift
[674/806] Compiling Crypto HPKE-LabeledExtract.swift
[675/806] Compiling Crypto HPKE-Utils.swift
[686/806] Compiling NIOCore SingleStepByteToMessageDecoder.swift
[687/806] Compiling NIOCore SocketAddresses.swift
[688/806] Compiling NIOCore SocketOptionProvider.swift
[689/806] Compiling NIOCore SystemCallHelpers.swift
[690/806] Compiling NIOCore TimeAmount+Duration.swift
[691/806] Compiling NIOCore TypeAssistedChannelHandler.swift
[692/806] Compiling NIOCore UniversalBootstrapSupport.swift
[700/806] Compiling Crypto ASN1Any.swift
[701/806] Compiling Crypto ASN1BitString.swift
[702/806] Compiling Crypto ASN1Boolean.swift
[703/807] Wrapping AST for ArgumentParser for debugging
[705/807] Compiling Crypto ASN1Identifier.swift
[706/807] Compiling Crypto ASN1Integer.swift
[707/807] Compiling Crypto ASN1Null.swift
[708/807] Compiling Crypto ASN1OctetString.swift
[709/807] Compiling Crypto ASN1Strings.swift
[710/807] Compiling Crypto ArraySliceBigint.swift
[711/807] Compiling Crypto GeneralizedTime.swift
[716/807] Compiling Crypto DHKEM.swift
[717/807] Compiling Crypto HPKE-KEM-Curve25519.swift
[718/807] Compiling Crypto HPKE-NIST-EC-KEMs.swift
[719/807] Compiling Crypto HPKE-KEM.swift
[720/807] Compiling Crypto ECDH.swift
[721/807] Compiling Crypto HKDF.swift
[722/807] Compiling Crypto AESWrap.swift
[723/807] Compiling Crypto AESWrap_boring.swift
[760/807] Compiling Crypto Ed25519.swift
[762/807] Compiling Crypto Signature.swift
[763/807] Compiling Crypto CryptoKitErrors_boring.swift
[764/807] Compiling Crypto RNG_boring.swift
[765/807] Compiling Crypto SafeCompare_boring.swift
[766/807] Compiling Crypto Zeroization_boring.swift
[767/807] Compiling Crypto PrettyBytes.swift
[768/807] Compiling Crypto SafeCompare.swift
[769/807] Compiling Crypto SecureBytes.swift
[770/807] Compiling Crypto Zeroization.swift
[771/808] Wrapping AST for Crypto for debugging
[773/862] Compiling _CryptoExtras CMAC.swift
[774/862] Compiling _CryptoExtras ARC+API.swift
[775/862] Compiling _CryptoExtras ARC.swift
[776/862] Compiling _CryptoExtras ARCCredential.swift
[777/862] Compiling _CryptoExtras ARCEncoding.swift
[778/862] Compiling _CryptoExtras ARCPrecredential.swift
[779/862] Compiling _CryptoExtras ARCPresentation.swift
[780/862] Compiling _CryptoExtras ARCRequest.swift
[781/862] Compiling _CryptoExtras ARCResponse.swift
[782/862] Compiling _CryptoExtras Error.swift
[783/862] Compiling _CryptoExtras I2OSP.swift
[784/862] Compiling _CryptoExtras IntegerEncoding.swift
[785/862] Compiling _CryptoExtras PEMDocument.swift
[786/862] Compiling _CryptoExtras PrettyBytes.swift
[787/862] Compiling _CryptoExtras SubjectPublicKeyInfo.swift
[788/862] Compiling _CryptoExtras ThreadOps.swift
[789/862] Compiling _CryptoExtras ECToolbox_boring.swift
[790/862] Compiling _CryptoExtras ECToolbox.swift
[791/862] Compiling _CryptoExtras HashToField.swift
[792/862] Compiling _CryptoExtras KDF.swift
[793/862] Compiling _CryptoExtras PBKDF2_boring.swift
[794/862] Compiling _CryptoExtras PBKDF2_commoncrypto.swift
[795/862] Compiling _CryptoExtras PBKDF2.swift
[796/862] Compiling _CryptoExtras Scrypt_boring.swift
[797/862] Compiling _CryptoExtras Scrypt.swift
[798/862] Compiling _CryptoExtras OPRF.swift
[799/862] Compiling _CryptoExtras OPRFClient.swift
[800/862] Compiling _CryptoExtras OPRFServer.swift
[801/862] Compiling _CryptoExtras VOPRF+API.swift
[802/862] Compiling _CryptoExtras VOPRFClient.swift
[803/862] Compiling _CryptoExtras VOPRFServer.swift
[805/862] Compiling _CryptoExtras ARCServer.swift
[806/862] Compiling _CryptoExtras ChaCha20CTR_boring.swift
[807/862] Compiling _CryptoExtras ChaCha20CTR.swift
[808/862] Compiling _CryptoExtras ObjectIdentifier.swift
[809/862] Compiling _CryptoExtras PKCS8DERRepresentation.swift
[810/862] Compiling _CryptoExtras PKCS8PrivateKey.swift
[811/862] Compiling _CryptoExtras RFC8410AlgorithmIdentifier.swift
[812/869] Compiling _CryptoExtras AES_CBC.swift
[813/869] Compiling _CryptoExtras AES_CFB.swift
[814/869] Compiling _CryptoExtras AES_CTR.swift
[815/869] Compiling _CryptoExtras AES_GCM_SIV.swift
[816/869] Compiling _CryptoExtras Block Function.swift
[817/869] Compiling _CryptoExtras AES_CFB_boring.swift
[818/869] Compiling _CryptoExtras AES_CTR_boring.swift
[819/869] Compiling _CryptoExtras AES_GCM_SIV_boring.swift
[820/869] Compiling _CryptoExtras ThreadPosix.swift
/host/spi-builder-workspace/.build/checkouts/swift-crypto/Sources/_CryptoExtras/Util/ThreadSpecific/ThreadSpecific.swift:33:36: error: cannot find type 'ThreadOpsSystem' in scope
 31 |
 32 |     private class Key {
 33 |         private var underlyingKey: ThreadOpsSystem.ThreadSpecificKey
    |                                    `- error: cannot find type 'ThreadOpsSystem' in scope
 34 |
 35 |         internal init(destructor: @escaping ThreadOpsSystem.ThreadSpecificKeyDestructor) {
/host/spi-builder-workspace/.build/checkouts/swift-crypto/Sources/_CryptoExtras/Util/ThreadSpecific/ThreadSpecific.swift:35:45: error: cannot find type 'ThreadOpsSystem' in scope
 33 |         private var underlyingKey: ThreadOpsSystem.ThreadSpecificKey
 34 |
 35 |         internal init(destructor: @escaping ThreadOpsSystem.ThreadSpecificKeyDestructor) {
    |                                             `- error: cannot find type 'ThreadOpsSystem' in scope
 36 |             self.underlyingKey = ThreadOpsSystem.allocateThreadSpecificValue(destructor: destructor)
 37 |         }
/host/spi-builder-workspace/.build/checkouts/swift-crypto/Sources/_CryptoExtras/Util/ThreadSpecific/ThreadSpecific.swift:35:35: error: @escaping attribute only applies to function types
 33 |         private var underlyingKey: ThreadOpsSystem.ThreadSpecificKey
 34 |
 35 |         internal init(destructor: @escaping ThreadOpsSystem.ThreadSpecificKeyDestructor) {
    |                                   `- error: @escaping attribute only applies to function types
 36 |             self.underlyingKey = ThreadOpsSystem.allocateThreadSpecificValue(destructor: destructor)
 37 |         }
/host/spi-builder-workspace/.build/checkouts/swift-crypto/Sources/_CryptoExtras/Util/ThreadSpecific/ThreadSpecific.swift:36:34: error: cannot find 'ThreadOpsSystem' in scope
 34 |
 35 |         internal init(destructor: @escaping ThreadOpsSystem.ThreadSpecificKeyDestructor) {
 36 |             self.underlyingKey = ThreadOpsSystem.allocateThreadSpecificValue(destructor: destructor)
    |                                  `- error: cannot find 'ThreadOpsSystem' in scope
 37 |         }
 38 |
/host/spi-builder-workspace/.build/checkouts/swift-crypto/Sources/_CryptoExtras/Util/ThreadSpecific/ThreadSpecific.swift:40:13: error: cannot find 'ThreadOpsSystem' in scope
 38 |
 39 |         deinit {
 40 |             ThreadOpsSystem.deallocateThreadSpecificValue(self.underlyingKey)
    |             `- error: cannot find 'ThreadOpsSystem' in scope
 41 |         }
 42 |
/host/spi-builder-workspace/.build/checkouts/swift-crypto/Sources/_CryptoExtras/Util/ThreadSpecific/ThreadSpecific.swift:44:13: error: cannot find 'ThreadOpsSystem' in scope
 42 |
 43 |         func get() -> UnsafeMutableRawPointer? {
 44 |             ThreadOpsSystem.getThreadSpecificValue(self.underlyingKey)
    |             `- error: cannot find 'ThreadOpsSystem' in scope
 45 |         }
 46 |
/host/spi-builder-workspace/.build/checkouts/swift-crypto/Sources/_CryptoExtras/Util/ThreadSpecific/ThreadSpecific.swift:48:13: error: cannot find 'ThreadOpsSystem' in scope
 46 |
 47 |         func set(value: UnsafeMutableRawPointer?) {
 48 |             ThreadOpsSystem.setThreadSpecificValue(key: self.underlyingKey, value: value)
    |             `- error: cannot find 'ThreadOpsSystem' in scope
 49 |         }
 50 |     }
[821/869] Compiling _CryptoExtras ThreadSpecific.swift
/host/spi-builder-workspace/.build/checkouts/swift-crypto/Sources/_CryptoExtras/Util/ThreadSpecific/ThreadSpecific.swift:33:36: error: cannot find type 'ThreadOpsSystem' in scope
 31 |
 32 |     private class Key {
 33 |         private var underlyingKey: ThreadOpsSystem.ThreadSpecificKey
    |                                    `- error: cannot find type 'ThreadOpsSystem' in scope
 34 |
 35 |         internal init(destructor: @escaping ThreadOpsSystem.ThreadSpecificKeyDestructor) {
/host/spi-builder-workspace/.build/checkouts/swift-crypto/Sources/_CryptoExtras/Util/ThreadSpecific/ThreadSpecific.swift:35:45: error: cannot find type 'ThreadOpsSystem' in scope
 33 |         private var underlyingKey: ThreadOpsSystem.ThreadSpecificKey
 34 |
 35 |         internal init(destructor: @escaping ThreadOpsSystem.ThreadSpecificKeyDestructor) {
    |                                             `- error: cannot find type 'ThreadOpsSystem' in scope
 36 |             self.underlyingKey = ThreadOpsSystem.allocateThreadSpecificValue(destructor: destructor)
 37 |         }
/host/spi-builder-workspace/.build/checkouts/swift-crypto/Sources/_CryptoExtras/Util/ThreadSpecific/ThreadSpecific.swift:35:35: error: @escaping attribute only applies to function types
 33 |         private var underlyingKey: ThreadOpsSystem.ThreadSpecificKey
 34 |
 35 |         internal init(destructor: @escaping ThreadOpsSystem.ThreadSpecificKeyDestructor) {
    |                                   `- error: @escaping attribute only applies to function types
 36 |             self.underlyingKey = ThreadOpsSystem.allocateThreadSpecificValue(destructor: destructor)
 37 |         }
/host/spi-builder-workspace/.build/checkouts/swift-crypto/Sources/_CryptoExtras/Util/ThreadSpecific/ThreadSpecific.swift:36:34: error: cannot find 'ThreadOpsSystem' in scope
 34 |
 35 |         internal init(destructor: @escaping ThreadOpsSystem.ThreadSpecificKeyDestructor) {
 36 |             self.underlyingKey = ThreadOpsSystem.allocateThreadSpecificValue(destructor: destructor)
    |                                  `- error: cannot find 'ThreadOpsSystem' in scope
 37 |         }
 38 |
/host/spi-builder-workspace/.build/checkouts/swift-crypto/Sources/_CryptoExtras/Util/ThreadSpecific/ThreadSpecific.swift:40:13: error: cannot find 'ThreadOpsSystem' in scope
 38 |
 39 |         deinit {
 40 |             ThreadOpsSystem.deallocateThreadSpecificValue(self.underlyingKey)
    |             `- error: cannot find 'ThreadOpsSystem' in scope
 41 |         }
 42 |
/host/spi-builder-workspace/.build/checkouts/swift-crypto/Sources/_CryptoExtras/Util/ThreadSpecific/ThreadSpecific.swift:44:13: error: cannot find 'ThreadOpsSystem' in scope
 42 |
 43 |         func get() -> UnsafeMutableRawPointer? {
 44 |             ThreadOpsSystem.getThreadSpecificValue(self.underlyingKey)
    |             `- error: cannot find 'ThreadOpsSystem' in scope
 45 |         }
 46 |
/host/spi-builder-workspace/.build/checkouts/swift-crypto/Sources/_CryptoExtras/Util/ThreadSpecific/ThreadSpecific.swift:48:13: error: cannot find 'ThreadOpsSystem' in scope
 46 |
 47 |         func set(value: UnsafeMutableRawPointer?) {
 48 |             ThreadOpsSystem.setThreadSpecificValue(key: self.underlyingKey, value: value)
    |             `- error: cannot find 'ThreadOpsSystem' in scope
 49 |         }
 50 |     }
[822/869] Compiling _CryptoExtras ThreadWindows.swift
/host/spi-builder-workspace/.build/checkouts/swift-crypto/Sources/_CryptoExtras/Util/ThreadSpecific/ThreadSpecific.swift:33:36: error: cannot find type 'ThreadOpsSystem' in scope
 31 |
 32 |     private class Key {
 33 |         private var underlyingKey: ThreadOpsSystem.ThreadSpecificKey
    |                                    `- error: cannot find type 'ThreadOpsSystem' in scope
 34 |
 35 |         internal init(destructor: @escaping ThreadOpsSystem.ThreadSpecificKeyDestructor) {
/host/spi-builder-workspace/.build/checkouts/swift-crypto/Sources/_CryptoExtras/Util/ThreadSpecific/ThreadSpecific.swift:35:45: error: cannot find type 'ThreadOpsSystem' in scope
 33 |         private var underlyingKey: ThreadOpsSystem.ThreadSpecificKey
 34 |
 35 |         internal init(destructor: @escaping ThreadOpsSystem.ThreadSpecificKeyDestructor) {
    |                                             `- error: cannot find type 'ThreadOpsSystem' in scope
 36 |             self.underlyingKey = ThreadOpsSystem.allocateThreadSpecificValue(destructor: destructor)
 37 |         }
/host/spi-builder-workspace/.build/checkouts/swift-crypto/Sources/_CryptoExtras/Util/ThreadSpecific/ThreadSpecific.swift:35:35: error: @escaping attribute only applies to function types
 33 |         private var underlyingKey: ThreadOpsSystem.ThreadSpecificKey
 34 |
 35 |         internal init(destructor: @escaping ThreadOpsSystem.ThreadSpecificKeyDestructor) {
    |                                   `- error: @escaping attribute only applies to function types
 36 |             self.underlyingKey = ThreadOpsSystem.allocateThreadSpecificValue(destructor: destructor)
 37 |         }
/host/spi-builder-workspace/.build/checkouts/swift-crypto/Sources/_CryptoExtras/Util/ThreadSpecific/ThreadSpecific.swift:36:34: error: cannot find 'ThreadOpsSystem' in scope
 34 |
 35 |         internal init(destructor: @escaping ThreadOpsSystem.ThreadSpecificKeyDestructor) {
 36 |             self.underlyingKey = ThreadOpsSystem.allocateThreadSpecificValue(destructor: destructor)
    |                                  `- error: cannot find 'ThreadOpsSystem' in scope
 37 |         }
 38 |
/host/spi-builder-workspace/.build/checkouts/swift-crypto/Sources/_CryptoExtras/Util/ThreadSpecific/ThreadSpecific.swift:40:13: error: cannot find 'ThreadOpsSystem' in scope
 38 |
 39 |         deinit {
 40 |             ThreadOpsSystem.deallocateThreadSpecificValue(self.underlyingKey)
    |             `- error: cannot find 'ThreadOpsSystem' in scope
 41 |         }
 42 |
/host/spi-builder-workspace/.build/checkouts/swift-crypto/Sources/_CryptoExtras/Util/ThreadSpecific/ThreadSpecific.swift:44:13: error: cannot find 'ThreadOpsSystem' in scope
 42 |
 43 |         func get() -> UnsafeMutableRawPointer? {
 44 |             ThreadOpsSystem.getThreadSpecificValue(self.underlyingKey)
    |             `- error: cannot find 'ThreadOpsSystem' in scope
 45 |         }
 46 |
/host/spi-builder-workspace/.build/checkouts/swift-crypto/Sources/_CryptoExtras/Util/ThreadSpecific/ThreadSpecific.swift:48:13: error: cannot find 'ThreadOpsSystem' in scope
 46 |
 47 |         func set(value: UnsafeMutableRawPointer?) {
 48 |             ThreadOpsSystem.setThreadSpecificValue(key: self.underlyingKey, value: value)
    |             `- error: cannot find 'ThreadOpsSystem' in scope
 49 |         }
 50 |     }
[823/869] Compiling _CryptoExtras DLEQ.swift
/host/spi-builder-workspace/.build/checkouts/swift-crypto/Sources/_CryptoExtras/Util/ThreadSpecific/ThreadSpecific.swift:33:36: error: cannot find type 'ThreadOpsSystem' in scope
 31 |
 32 |     private class Key {
 33 |         private var underlyingKey: ThreadOpsSystem.ThreadSpecificKey
    |                                    `- error: cannot find type 'ThreadOpsSystem' in scope
 34 |
 35 |         internal init(destructor: @escaping ThreadOpsSystem.ThreadSpecificKeyDestructor) {
/host/spi-builder-workspace/.build/checkouts/swift-crypto/Sources/_CryptoExtras/Util/ThreadSpecific/ThreadSpecific.swift:35:45: error: cannot find type 'ThreadOpsSystem' in scope
 33 |         private var underlyingKey: ThreadOpsSystem.ThreadSpecificKey
 34 |
 35 |         internal init(destructor: @escaping ThreadOpsSystem.ThreadSpecificKeyDestructor) {
    |                                             `- error: cannot find type 'ThreadOpsSystem' in scope
 36 |             self.underlyingKey = ThreadOpsSystem.allocateThreadSpecificValue(destructor: destructor)
 37 |         }
/host/spi-builder-workspace/.build/checkouts/swift-crypto/Sources/_CryptoExtras/Util/ThreadSpecific/ThreadSpecific.swift:35:35: error: @escaping attribute only applies to function types
 33 |         private var underlyingKey: ThreadOpsSystem.ThreadSpecificKey
 34 |
 35 |         internal init(destructor: @escaping ThreadOpsSystem.ThreadSpecificKeyDestructor) {
    |                                   `- error: @escaping attribute only applies to function types
 36 |             self.underlyingKey = ThreadOpsSystem.allocateThreadSpecificValue(destructor: destructor)
 37 |         }
/host/spi-builder-workspace/.build/checkouts/swift-crypto/Sources/_CryptoExtras/Util/ThreadSpecific/ThreadSpecific.swift:36:34: error: cannot find 'ThreadOpsSystem' in scope
 34 |
 35 |         internal init(destructor: @escaping ThreadOpsSystem.ThreadSpecificKeyDestructor) {
 36 |             self.underlyingKey = ThreadOpsSystem.allocateThreadSpecificValue(destructor: destructor)
    |                                  `- error: cannot find 'ThreadOpsSystem' in scope
 37 |         }
 38 |
/host/spi-builder-workspace/.build/checkouts/swift-crypto/Sources/_CryptoExtras/Util/ThreadSpecific/ThreadSpecific.swift:40:13: error: cannot find 'ThreadOpsSystem' in scope
 38 |
 39 |         deinit {
 40 |             ThreadOpsSystem.deallocateThreadSpecificValue(self.underlyingKey)
    |             `- error: cannot find 'ThreadOpsSystem' in scope
 41 |         }
 42 |
/host/spi-builder-workspace/.build/checkouts/swift-crypto/Sources/_CryptoExtras/Util/ThreadSpecific/ThreadSpecific.swift:44:13: error: cannot find 'ThreadOpsSystem' in scope
 42 |
 43 |         func get() -> UnsafeMutableRawPointer? {
 44 |             ThreadOpsSystem.getThreadSpecificValue(self.underlyingKey)
    |             `- error: cannot find 'ThreadOpsSystem' in scope
 45 |         }
 46 |
/host/spi-builder-workspace/.build/checkouts/swift-crypto/Sources/_CryptoExtras/Util/ThreadSpecific/ThreadSpecific.swift:48:13: error: cannot find 'ThreadOpsSystem' in scope
 46 |
 47 |         func set(value: UnsafeMutableRawPointer?) {
 48 |             ThreadOpsSystem.setThreadSpecificValue(key: self.underlyingKey, value: value)
    |             `- error: cannot find 'ThreadOpsSystem' in scope
 49 |         }
 50 |     }
[824/869] Compiling _CryptoExtras Prover.swift
/host/spi-builder-workspace/.build/checkouts/swift-crypto/Sources/_CryptoExtras/Util/ThreadSpecific/ThreadSpecific.swift:33:36: error: cannot find type 'ThreadOpsSystem' in scope
 31 |
 32 |     private class Key {
 33 |         private var underlyingKey: ThreadOpsSystem.ThreadSpecificKey
    |                                    `- error: cannot find type 'ThreadOpsSystem' in scope
 34 |
 35 |         internal init(destructor: @escaping ThreadOpsSystem.ThreadSpecificKeyDestructor) {
/host/spi-builder-workspace/.build/checkouts/swift-crypto/Sources/_CryptoExtras/Util/ThreadSpecific/ThreadSpecific.swift:35:45: error: cannot find type 'ThreadOpsSystem' in scope
 33 |         private var underlyingKey: ThreadOpsSystem.ThreadSpecificKey
 34 |
 35 |         internal init(destructor: @escaping ThreadOpsSystem.ThreadSpecificKeyDestructor) {
    |                                             `- error: cannot find type 'ThreadOpsSystem' in scope
 36 |             self.underlyingKey = ThreadOpsSystem.allocateThreadSpecificValue(destructor: destructor)
 37 |         }
/host/spi-builder-workspace/.build/checkouts/swift-crypto/Sources/_CryptoExtras/Util/ThreadSpecific/ThreadSpecific.swift:35:35: error: @escaping attribute only applies to function types
 33 |         private var underlyingKey: ThreadOpsSystem.ThreadSpecificKey
 34 |
 35 |         internal init(destructor: @escaping ThreadOpsSystem.ThreadSpecificKeyDestructor) {
    |                                   `- error: @escaping attribute only applies to function types
 36 |             self.underlyingKey = ThreadOpsSystem.allocateThreadSpecificValue(destructor: destructor)
 37 |         }
/host/spi-builder-workspace/.build/checkouts/swift-crypto/Sources/_CryptoExtras/Util/ThreadSpecific/ThreadSpecific.swift:36:34: error: cannot find 'ThreadOpsSystem' in scope
 34 |
 35 |         internal init(destructor: @escaping ThreadOpsSystem.ThreadSpecificKeyDestructor) {
 36 |             self.underlyingKey = ThreadOpsSystem.allocateThreadSpecificValue(destructor: destructor)
    |                                  `- error: cannot find 'ThreadOpsSystem' in scope
 37 |         }
 38 |
/host/spi-builder-workspace/.build/checkouts/swift-crypto/Sources/_CryptoExtras/Util/ThreadSpecific/ThreadSpecific.swift:40:13: error: cannot find 'ThreadOpsSystem' in scope
 38 |
 39 |         deinit {
 40 |             ThreadOpsSystem.deallocateThreadSpecificValue(self.underlyingKey)
    |             `- error: cannot find 'ThreadOpsSystem' in scope
 41 |         }
 42 |
/host/spi-builder-workspace/.build/checkouts/swift-crypto/Sources/_CryptoExtras/Util/ThreadSpecific/ThreadSpecific.swift:44:13: error: cannot find 'ThreadOpsSystem' in scope
 42 |
 43 |         func get() -> UnsafeMutableRawPointer? {
 44 |             ThreadOpsSystem.getThreadSpecificValue(self.underlyingKey)
    |             `- error: cannot find 'ThreadOpsSystem' in scope
 45 |         }
 46 |
/host/spi-builder-workspace/.build/checkouts/swift-crypto/Sources/_CryptoExtras/Util/ThreadSpecific/ThreadSpecific.swift:48:13: error: cannot find 'ThreadOpsSystem' in scope
 46 |
 47 |         func set(value: UnsafeMutableRawPointer?) {
 48 |             ThreadOpsSystem.setThreadSpecificValue(key: self.underlyingKey, value: value)
    |             `- error: cannot find 'ThreadOpsSystem' in scope
 49 |         }
 50 |     }
[825/869] Compiling _CryptoExtras Verifier.swift
/host/spi-builder-workspace/.build/checkouts/swift-crypto/Sources/_CryptoExtras/Util/ThreadSpecific/ThreadSpecific.swift:33:36: error: cannot find type 'ThreadOpsSystem' in scope
 31 |
 32 |     private class Key {
 33 |         private var underlyingKey: ThreadOpsSystem.ThreadSpecificKey
    |                                    `- error: cannot find type 'ThreadOpsSystem' in scope
 34 |
 35 |         internal init(destructor: @escaping ThreadOpsSystem.ThreadSpecificKeyDestructor) {
/host/spi-builder-workspace/.build/checkouts/swift-crypto/Sources/_CryptoExtras/Util/ThreadSpecific/ThreadSpecific.swift:35:45: error: cannot find type 'ThreadOpsSystem' in scope
 33 |         private var underlyingKey: ThreadOpsSystem.ThreadSpecificKey
 34 |
 35 |         internal init(destructor: @escaping ThreadOpsSystem.ThreadSpecificKeyDestructor) {
    |                                             `- error: cannot find type 'ThreadOpsSystem' in scope
 36 |             self.underlyingKey = ThreadOpsSystem.allocateThreadSpecificValue(destructor: destructor)
 37 |         }
/host/spi-builder-workspace/.build/checkouts/swift-crypto/Sources/_CryptoExtras/Util/ThreadSpecific/ThreadSpecific.swift:35:35: error: @escaping attribute only applies to function types
 33 |         private var underlyingKey: ThreadOpsSystem.ThreadSpecificKey
 34 |
 35 |         internal init(destructor: @escaping ThreadOpsSystem.ThreadSpecificKeyDestructor) {
    |                                   `- error: @escaping attribute only applies to function types
 36 |             self.underlyingKey = ThreadOpsSystem.allocateThreadSpecificValue(destructor: destructor)
 37 |         }
/host/spi-builder-workspace/.build/checkouts/swift-crypto/Sources/_CryptoExtras/Util/ThreadSpecific/ThreadSpecific.swift:36:34: error: cannot find 'ThreadOpsSystem' in scope
 34 |
 35 |         internal init(destructor: @escaping ThreadOpsSystem.ThreadSpecificKeyDestructor) {
 36 |             self.underlyingKey = ThreadOpsSystem.allocateThreadSpecificValue(destructor: destructor)
    |                                  `- error: cannot find 'ThreadOpsSystem' in scope
 37 |         }
 38 |
/host/spi-builder-workspace/.build/checkouts/swift-crypto/Sources/_CryptoExtras/Util/ThreadSpecific/ThreadSpecific.swift:40:13: error: cannot find 'ThreadOpsSystem' in scope
 38 |
 39 |         deinit {
 40 |             ThreadOpsSystem.deallocateThreadSpecificValue(self.underlyingKey)
    |             `- error: cannot find 'ThreadOpsSystem' in scope
 41 |         }
 42 |
/host/spi-builder-workspace/.build/checkouts/swift-crypto/Sources/_CryptoExtras/Util/ThreadSpecific/ThreadSpecific.swift:44:13: error: cannot find 'ThreadOpsSystem' in scope
 42 |
 43 |         func get() -> UnsafeMutableRawPointer? {
 44 |             ThreadOpsSystem.getThreadSpecificValue(self.underlyingKey)
    |             `- error: cannot find 'ThreadOpsSystem' in scope
 45 |         }
 46 |
/host/spi-builder-workspace/.build/checkouts/swift-crypto/Sources/_CryptoExtras/Util/ThreadSpecific/ThreadSpecific.swift:48:13: error: cannot find 'ThreadOpsSystem' in scope
 46 |
 47 |         func set(value: UnsafeMutableRawPointer?) {
 48 |             ThreadOpsSystem.setThreadSpecificValue(key: self.underlyingKey, value: value)
    |             `- error: cannot find 'ThreadOpsSystem' in scope
 49 |         }
 50 |     }
[826/869] Compiling _CryptoExtras ZKPToolbox.swift
/host/spi-builder-workspace/.build/checkouts/swift-crypto/Sources/_CryptoExtras/Util/ThreadSpecific/ThreadSpecific.swift:33:36: error: cannot find type 'ThreadOpsSystem' in scope
 31 |
 32 |     private class Key {
 33 |         private var underlyingKey: ThreadOpsSystem.ThreadSpecificKey
    |                                    `- error: cannot find type 'ThreadOpsSystem' in scope
 34 |
 35 |         internal init(destructor: @escaping ThreadOpsSystem.ThreadSpecificKeyDestructor) {
/host/spi-builder-workspace/.build/checkouts/swift-crypto/Sources/_CryptoExtras/Util/ThreadSpecific/ThreadSpecific.swift:35:45: error: cannot find type 'ThreadOpsSystem' in scope
 33 |         private var underlyingKey: ThreadOpsSystem.ThreadSpecificKey
 34 |
 35 |         internal init(destructor: @escaping ThreadOpsSystem.ThreadSpecificKeyDestructor) {
    |                                             `- error: cannot find type 'ThreadOpsSystem' in scope
 36 |             self.underlyingKey = ThreadOpsSystem.allocateThreadSpecificValue(destructor: destructor)
 37 |         }
/host/spi-builder-workspace/.build/checkouts/swift-crypto/Sources/_CryptoExtras/Util/ThreadSpecific/ThreadSpecific.swift:35:35: error: @escaping attribute only applies to function types
 33 |         private var underlyingKey: ThreadOpsSystem.ThreadSpecificKey
 34 |
 35 |         internal init(destructor: @escaping ThreadOpsSystem.ThreadSpecificKeyDestructor) {
    |                                   `- error: @escaping attribute only applies to function types
 36 |             self.underlyingKey = ThreadOpsSystem.allocateThreadSpecificValue(destructor: destructor)
 37 |         }
/host/spi-builder-workspace/.build/checkouts/swift-crypto/Sources/_CryptoExtras/Util/ThreadSpecific/ThreadSpecific.swift:36:34: error: cannot find 'ThreadOpsSystem' in scope
 34 |
 35 |         internal init(destructor: @escaping ThreadOpsSystem.ThreadSpecificKeyDestructor) {
 36 |             self.underlyingKey = ThreadOpsSystem.allocateThreadSpecificValue(destructor: destructor)
    |                                  `- error: cannot find 'ThreadOpsSystem' in scope
 37 |         }
 38 |
/host/spi-builder-workspace/.build/checkouts/swift-crypto/Sources/_CryptoExtras/Util/ThreadSpecific/ThreadSpecific.swift:40:13: error: cannot find 'ThreadOpsSystem' in scope
 38 |
 39 |         deinit {
 40 |             ThreadOpsSystem.deallocateThreadSpecificValue(self.underlyingKey)
    |             `- error: cannot find 'ThreadOpsSystem' in scope
 41 |         }
 42 |
/host/spi-builder-workspace/.build/checkouts/swift-crypto/Sources/_CryptoExtras/Util/ThreadSpecific/ThreadSpecific.swift:44:13: error: cannot find 'ThreadOpsSystem' in scope
 42 |
 43 |         func get() -> UnsafeMutableRawPointer? {
 44 |             ThreadOpsSystem.getThreadSpecificValue(self.underlyingKey)
    |             `- error: cannot find 'ThreadOpsSystem' in scope
 45 |         }
 46 |
/host/spi-builder-workspace/.build/checkouts/swift-crypto/Sources/_CryptoExtras/Util/ThreadSpecific/ThreadSpecific.swift:48:13: error: cannot find 'ThreadOpsSystem' in scope
 46 |
 47 |         func set(value: UnsafeMutableRawPointer?) {
 48 |             ThreadOpsSystem.setThreadSpecificValue(key: self.underlyingKey, value: value)
    |             `- error: cannot find 'ThreadOpsSystem' in scope
 49 |         }
 50 |     }
[827/869] Compiling _CryptoExtras RSA+BlindSigning.swift
[828/869] Compiling _CryptoExtras RSA.swift
[829/869] Compiling _CryptoExtras RSA_boring.swift
[830/869] Compiling _CryptoExtras BoringSSLHelpers.swift
[831/869] Compiling _CryptoExtras CryptoKitErrors_boring.swift
[832/869] Compiling _CryptoExtras Data+Extensions.swift
[833/869] Compiling _CryptoExtras DigestType.swift
error: emit-module command failed with exit code 1 (use -v to see invocation)
[842/869] Emitting module _CryptoExtras
/host/spi-builder-workspace/.build/checkouts/swift-crypto/Sources/_CryptoExtras/Util/ThreadSpecific/ThreadSpecific.swift:33:36: error: cannot find type 'ThreadOpsSystem' in scope
 31 |
 32 |     private class Key {
 33 |         private var underlyingKey: ThreadOpsSystem.ThreadSpecificKey
    |                                    `- error: cannot find type 'ThreadOpsSystem' in scope
 34 |
 35 |         internal init(destructor: @escaping ThreadOpsSystem.ThreadSpecificKeyDestructor) {
/host/spi-builder-workspace/.build/checkouts/swift-crypto/Sources/_CryptoExtras/Util/ThreadSpecific/ThreadSpecific.swift:35:45: error: cannot find type 'ThreadOpsSystem' in scope
 33 |         private var underlyingKey: ThreadOpsSystem.ThreadSpecificKey
 34 |
 35 |         internal init(destructor: @escaping ThreadOpsSystem.ThreadSpecificKeyDestructor) {
    |                                             `- error: cannot find type 'ThreadOpsSystem' in scope
 36 |             self.underlyingKey = ThreadOpsSystem.allocateThreadSpecificValue(destructor: destructor)
 37 |         }
/host/spi-builder-workspace/.build/checkouts/swift-crypto/Sources/_CryptoExtras/Util/ThreadSpecific/ThreadSpecific.swift:35:35: error: @escaping attribute only applies to function types
 33 |         private var underlyingKey: ThreadOpsSystem.ThreadSpecificKey
 34 |
 35 |         internal init(destructor: @escaping ThreadOpsSystem.ThreadSpecificKeyDestructor) {
    |                                   `- error: @escaping attribute only applies to function types
 36 |             self.underlyingKey = ThreadOpsSystem.allocateThreadSpecificValue(destructor: destructor)
 37 |         }
BUILD FAILURE 6.2 wasm