Build Information
Failed to build spfk-metadata-base, reference main (b90a0c), with Swift 6.3 for visionOS using Xcode 26.4 on 13 Oct 2026 00:19:50 UTC.
Build Command
env DEVELOPER_DIR=/Applications/Xcode-26.5.0.app xcrun xcodebuild -IDEClonedSourcePackagesDirPathOverride=$PWD/.dependencies -skipMacroValidation -skipPackagePluginValidation -derivedDataPath $PWD/.derivedData build -scheme spfk-metadata-base -destination generic/platform=xrOSBuild Log
SwiftDriverJobDiscovery normal arm64 Compiling NSRect.swift, NSSize.swift, NotificationCenter.swift, Number Normalization.swift (in target 'SPFKBase' from project 'spfk-base')
SwiftDriverJobDiscovery normal arm64 Compiling PhaseTrace.swift, BinTestCase.swift, TestCaseModel.swift, TypeDescribable.swift (in target 'SPFKBase' from project 'spfk-base')
SwiftMergeGeneratedHeaders /Users/admin/builder/spi-builder-workspace/.derivedData/Build/Intermediates.noindex/GeneratedModuleMaps-xros/SPFKBase-Swift.h /Users/admin/builder/spi-builder-workspace/.derivedData/Build/Intermediates.noindex/spfk-base.build/Debug-xros/SPFKBase.build/Objects-normal/arm64/SPFKBase-Swift.h (in target 'SPFKBase' from project 'spfk-base')
cd /Users/admin/builder/spi-builder-workspace/.dependencies/checkouts/spfk-base
builtin-swiftHeaderTool -arch arm64 /Users/admin/builder/spi-builder-workspace/.derivedData/Build/Intermediates.noindex/spfk-base.build/Debug-xros/SPFKBase.build/Objects-normal/arm64/SPFKBase-Swift.h -o /Users/admin/builder/spi-builder-workspace/.derivedData/Build/Intermediates.noindex/GeneratedModuleMaps-xros/SPFKBase-Swift.h
Copy /Users/admin/builder/spi-builder-workspace/.derivedData/Build/Products/Debug-xros/SPFKBase.swiftmodule/arm64-apple-xros.swiftmodule /Users/admin/builder/spi-builder-workspace/.derivedData/Build/Intermediates.noindex/spfk-base.build/Debug-xros/SPFKBase.build/Objects-normal/arm64/SPFKBase.swiftmodule (in target 'SPFKBase' from project 'spfk-base')
cd /Users/admin/builder/spi-builder-workspace/.dependencies/checkouts/spfk-base
builtin-copy -exclude .DS_Store -exclude CVS -exclude .svn -exclude .git -exclude .hg -resolve-src-symlinks -rename /Users/admin/builder/spi-builder-workspace/.derivedData/Build/Intermediates.noindex/spfk-base.build/Debug-xros/SPFKBase.build/Objects-normal/arm64/SPFKBase.swiftmodule /Users/admin/builder/spi-builder-workspace/.derivedData/Build/Products/Debug-xros/SPFKBase.swiftmodule/arm64-apple-xros.swiftmodule
Copy /Users/admin/builder/spi-builder-workspace/.derivedData/Build/Products/Debug-xros/SPFKBase.swiftmodule/arm64-apple-xros.swiftdoc /Users/admin/builder/spi-builder-workspace/.derivedData/Build/Intermediates.noindex/spfk-base.build/Debug-xros/SPFKBase.build/Objects-normal/arm64/SPFKBase.swiftdoc (in target 'SPFKBase' from project 'spfk-base')
cd /Users/admin/builder/spi-builder-workspace/.dependencies/checkouts/spfk-base
builtin-copy -exclude .DS_Store -exclude CVS -exclude .svn -exclude .git -exclude .hg -resolve-src-symlinks -rename /Users/admin/builder/spi-builder-workspace/.derivedData/Build/Intermediates.noindex/spfk-base.build/Debug-xros/SPFKBase.build/Objects-normal/arm64/SPFKBase.swiftdoc /Users/admin/builder/spi-builder-workspace/.derivedData/Build/Products/Debug-xros/SPFKBase.swiftmodule/arm64-apple-xros.swiftdoc
Copy /Users/admin/builder/spi-builder-workspace/.derivedData/Build/Products/Debug-xros/SPFKBase.swiftmodule/arm64-apple-xros.abi.json /Users/admin/builder/spi-builder-workspace/.derivedData/Build/Intermediates.noindex/spfk-base.build/Debug-xros/SPFKBase.build/Objects-normal/arm64/SPFKBase.abi.json (in target 'SPFKBase' from project 'spfk-base')
cd /Users/admin/builder/spi-builder-workspace/.dependencies/checkouts/spfk-base
builtin-copy -exclude .DS_Store -exclude CVS -exclude .svn -exclude .git -exclude .hg -resolve-src-symlinks -rename /Users/admin/builder/spi-builder-workspace/.derivedData/Build/Intermediates.noindex/spfk-base.build/Debug-xros/SPFKBase.build/Objects-normal/arm64/SPFKBase.abi.json /Users/admin/builder/spi-builder-workspace/.derivedData/Build/Products/Debug-xros/SPFKBase.swiftmodule/arm64-apple-xros.abi.json
Copy /Users/admin/builder/spi-builder-workspace/.derivedData/Build/Products/Debug-xros/SPFKBase.swiftmodule/Project/arm64-apple-xros.swiftsourceinfo /Users/admin/builder/spi-builder-workspace/.derivedData/Build/Intermediates.noindex/spfk-base.build/Debug-xros/SPFKBase.build/Objects-normal/arm64/SPFKBase.swiftsourceinfo (in target 'SPFKBase' from project 'spfk-base')
cd /Users/admin/builder/spi-builder-workspace/.dependencies/checkouts/spfk-base
builtin-copy -exclude .DS_Store -exclude CVS -exclude .svn -exclude .git -exclude .hg -resolve-src-symlinks -rename /Users/admin/builder/spi-builder-workspace/.derivedData/Build/Intermediates.noindex/spfk-base.build/Debug-xros/SPFKBase.build/Objects-normal/arm64/SPFKBase.swiftsourceinfo /Users/admin/builder/spi-builder-workspace/.derivedData/Build/Products/Debug-xros/SPFKBase.swiftmodule/Project/arm64-apple-xros.swiftsourceinfo
GenerateStringSymbols /Users/admin/builder/spi-builder-workspace/.derivedData/Build/Intermediates.noindex/spfk-video.build/Debug-xros/SPFKVideo.build/DerivedSources/GeneratedStringSymbols_Localizable.swift /Users/admin/builder/spi-builder-workspace/.dependencies/checkouts/spfk-video/Sources/SPFKVideo/Resources/Localizable.xcstrings (in target 'SPFKVideo' from project 'spfk-video')
cd /Users/admin/builder/spi-builder-workspace/.dependencies/checkouts/spfk-video
/Applications/Xcode-26.5.0.app/Contents/Developer/usr/bin/xcstringstool generate-symbols --language swift --output-directory /Users/admin/builder/spi-builder-workspace/.derivedData/Build/Intermediates.noindex/spfk-video.build/Debug-xros/SPFKVideo.build/DerivedSources /Users/admin/builder/spi-builder-workspace/.dependencies/checkouts/spfk-video/Sources/SPFKVideo/Resources/Localizable.xcstrings
GenerateStringSymbols /Users/admin/builder/spi-builder-workspace/.derivedData/Build/Intermediates.noindex/spfk-filesystem.build/Debug-xros/SPFKFileSystem.build/DerivedSources/GeneratedStringSymbols_Localizable.swift /Users/admin/builder/spi-builder-workspace/.dependencies/checkouts/spfk-filesystem/Sources/SPFKFileSystem/Resources/Localizable.xcstrings (in target 'SPFKFileSystem' from project 'spfk-filesystem')
cd /Users/admin/builder/spi-builder-workspace/.dependencies/checkouts/spfk-filesystem
/Applications/Xcode-26.5.0.app/Contents/Developer/usr/bin/xcstringstool generate-symbols --language swift --output-directory /Users/admin/builder/spi-builder-workspace/.derivedData/Build/Intermediates.noindex/spfk-filesystem.build/Debug-xros/SPFKFileSystem.build/DerivedSources /Users/admin/builder/spi-builder-workspace/.dependencies/checkouts/spfk-filesystem/Sources/SPFKFileSystem/Resources/Localizable.xcstrings
SwiftDriver SPFKFileSystem normal arm64 com.apple.xcode.tools.swift.compiler (in target 'SPFKFileSystem' from project 'spfk-filesystem')
cd /Users/admin/builder/spi-builder-workspace/.swiftpm/xcode
builtin-SwiftDriver -- /Applications/Xcode-26.5.0.app/Contents/Developer/Toolchains/XcodeDefault.xctoolchain/usr/bin/swiftc -module-name SPFKFileSystem -Onone @/Users/admin/builder/spi-builder-workspace/.derivedData/Build/Intermediates.noindex/spfk-filesystem.build/Debug-xros/SPFKFileSystem.build/Objects-normal/arm64/SPFKFileSystem.SwiftFileList -DSWIFT_PACKAGE -DDEBUG -DSWIFT_MODULE_RESOURCE_BUNDLE_AVAILABLE -Xcc -fmodule-map-file\=/Users/admin/builder/spi-builder-workspace/.derivedData/Build/Intermediates.noindex/GeneratedModuleMaps-xros/SPFKBaseC.modulemap -DXcode -plugin-path /Applications/Xcode-26.5.0.app/Contents/Developer/Toolchains/XcodeDefault.xctoolchain/usr/lib/swift/host/plugins/testing -enable-experimental-feature DebugDescriptionMacro -sdk /Applications/Xcode-26.5.0.app/Contents/Developer/Platforms/XROS.platform/Developer/SDKs/XROS26.5.sdk -target arm64-apple-xros1.0 -g -module-cache-path /Users/admin/builder/spi-builder-workspace/.derivedData/ModuleCache.noindex -Xfrontend -serialize-debugging-options -profile-coverage-mapping -profile-generate -enable-testing -suppress-warnings -index-store-path /Users/admin/builder/spi-builder-workspace/.derivedData/Index.noindex/DataStore -Xcc -D_LIBCPP_HARDENING_MODE\=_LIBCPP_HARDENING_MODE_DEBUG -swift-version 6 -I /Users/admin/builder/spi-builder-workspace/.derivedData/Build/Products/Debug-xros -Isystem /Applications/Xcode-26.5.0.app/Contents/Developer/Platforms/XROS.platform/Developer/usr/lib -F /Users/admin/builder/spi-builder-workspace/.derivedData/Build/Products/Debug-xros/PackageFrameworks -F /Users/admin/builder/spi-builder-workspace/.derivedData/Build/Products/Debug-xros/PackageFrameworks -F /Users/admin/builder/spi-builder-workspace/.derivedData/Build/Products/Debug-xros/PackageFrameworks -F /Users/admin/builder/spi-builder-workspace/.derivedData/Build/Products/Debug-xros/PackageFrameworks -F /Users/admin/builder/spi-builder-workspace/.derivedData/Build/Products/Debug-xros/PackageFrameworks -F /Users/admin/builder/spi-builder-workspace/.derivedData/Build/Products/Debug-xros/PackageFrameworks -F /Users/admin/builder/spi-builder-workspace/.derivedData/Build/Products/Debug-xros/PackageFrameworks -F /Users/admin/builder/spi-builder-workspace/.derivedData/Build/Products/Debug-xros/PackageFrameworks -F /Users/admin/builder/spi-builder-workspace/.derivedData/Build/Products/Debug-xros/PackageFrameworks -F /Users/admin/builder/spi-builder-workspace/.derivedData/Build/Products/Debug-xros/PackageFrameworks -F /Users/admin/builder/spi-builder-workspace/.derivedData/Build/Products/Debug-xros/PackageFrameworks -F /Users/admin/builder/spi-builder-workspace/.derivedData/Build/Products/Debug-xros/PackageFrameworks -F /Users/admin/builder/spi-builder-workspace/.derivedData/Build/Products/Debug-xros/PackageFrameworks -F /Users/admin/builder/spi-builder-workspace/.derivedData/Build/Products/Debug-xros/PackageFrameworks -F /Users/admin/builder/spi-builder-workspace/.derivedData/Build/Products/Debug-xros/PackageFrameworks -F /Users/admin/builder/spi-builder-workspace/.derivedData/Build/Products/Debug-xros/PackageFrameworks -F /Users/admin/builder/spi-builder-workspace/.derivedData/Build/Products/Debug-xros/PackageFrameworks -F /Users/admin/builder/spi-builder-workspace/.derivedData/Build/Products/Debug-xros/PackageFrameworks -F /Users/admin/builder/spi-builder-workspace/.derivedData/Build/Products/Debug-xros/PackageFrameworks -F /Users/admin/builder/spi-builder-workspace/.derivedData/Build/Products/Debug-xros -F /Applications/Xcode-26.5.0.app/Contents/Developer/Platforms/XROS.platform/Developer/Library/Frameworks -F /Applications/Xcode-26.5.0.app/Contents/Developer/Platforms/XROS.platform/Developer/SDKs/XROS26.5.sdk/Developer/Library/Frameworks -emit-localized-strings -emit-localized-strings-path /Users/admin/builder/spi-builder-workspace/.derivedData/Build/Intermediates.noindex/spfk-filesystem.build/Debug-xros/SPFKFileSystem.build/Objects-normal/arm64 -c -j10 -enable-batch-mode -incremental -Xcc -ivfsstatcache -Xcc /Users/admin/builder/spi-builder-workspace/.derivedData/SDKStatCaches.noindex/xros26.5-23O469-688ef53f1462e2c8f657fdc38a81448f73f9c068cd48276448ef291a7ea74bec.sdkstatcache -output-file-map /Users/admin/builder/spi-builder-workspace/.derivedData/Build/Intermediates.noindex/spfk-filesystem.build/Debug-xros/SPFKFileSystem.build/Objects-normal/arm64/SPFKFileSystem-OutputFileMap.json -use-frontend-parseable-output -save-temps -no-color-diagnostics -explicit-module-build -module-cache-path /Users/admin/builder/spi-builder-workspace/.derivedData/Build/Intermediates.noindex/SwiftExplicitPrecompiledModules -clang-scanner-module-cache-path /Users/admin/builder/spi-builder-workspace/.derivedData/ModuleCache.noindex -sdk-module-cache-path /Users/admin/builder/spi-builder-workspace/.derivedData/ModuleCache.noindex -serialize-diagnostics -emit-dependencies -emit-module -emit-module-path /Users/admin/builder/spi-builder-workspace/.derivedData/Build/Intermediates.noindex/spfk-filesystem.build/Debug-xros/SPFKFileSystem.build/Objects-normal/arm64/SPFKFileSystem.swiftmodule -user-module-version 1.11.0 -validate-clang-modules-once -clang-build-session-file /Users/admin/builder/spi-builder-workspace/.derivedData/ModuleCache.noindex/Session.modulevalidation -package-name spfk_filesystem -Xcc -I/Users/admin/builder/spi-builder-workspace/.derivedData/Build/Intermediates.noindex/spfk-filesystem.build/Debug-xros/SPFKFileSystem.build/swift-overrides.hmap -emit-const-values -Xfrontend -const-gather-protocols-file -Xfrontend /Users/admin/builder/spi-builder-workspace/.derivedData/Build/Intermediates.noindex/spfk-filesystem.build/Debug-xros/SPFKFileSystem.build/Objects-normal/arm64/SPFKFileSystem_const_extract_protocols.json -Xcc -I/Users/admin/builder/spi-builder-workspace/.dependencies/checkouts/swift-numerics/Sources/_NumericsShims/include -Xcc -I/Users/admin/builder/spi-builder-workspace/.dependencies/checkouts/spfk-base/Sources/SPFKBaseC/include -Xcc -I/Users/admin/builder/spi-builder-workspace/.derivedData/Build/Products/Debug-xros/include -Xcc -I/Users/admin/builder/spi-builder-workspace/.derivedData/Build/Intermediates.noindex/spfk-filesystem.build/Debug-xros/SPFKFileSystem.build/DerivedSources-normal/arm64 -Xcc -I/Users/admin/builder/spi-builder-workspace/.derivedData/Build/Intermediates.noindex/spfk-filesystem.build/Debug-xros/SPFKFileSystem.build/DerivedSources/arm64 -Xcc -I/Users/admin/builder/spi-builder-workspace/.derivedData/Build/Intermediates.noindex/spfk-filesystem.build/Debug-xros/SPFKFileSystem.build/DerivedSources -Xcc -DSWIFT_PACKAGE -Xcc -DDEBUG\=1 -emit-objc-header -emit-objc-header-path /Users/admin/builder/spi-builder-workspace/.derivedData/Build/Intermediates.noindex/spfk-filesystem.build/Debug-xros/SPFKFileSystem.build/Objects-normal/arm64/SPFKFileSystem-Swift.h -working-directory /Users/admin/builder/spi-builder-workspace/.swiftpm/xcode -experimental-emit-module-separately -disable-cmo
SwiftDriver SPFKVideo normal arm64 com.apple.xcode.tools.swift.compiler (in target 'SPFKVideo' from project 'spfk-video')
cd /Users/admin/builder/spi-builder-workspace/.swiftpm/xcode
builtin-SwiftDriver -- /Applications/Xcode-26.5.0.app/Contents/Developer/Toolchains/XcodeDefault.xctoolchain/usr/bin/swiftc -module-name SPFKVideo -Onone @/Users/admin/builder/spi-builder-workspace/.derivedData/Build/Intermediates.noindex/spfk-video.build/Debug-xros/SPFKVideo.build/Objects-normal/arm64/SPFKVideo.SwiftFileList -DSWIFT_PACKAGE -DDEBUG -DSWIFT_MODULE_RESOURCE_BUNDLE_AVAILABLE -Xcc -fmodule-map-file\=/Users/admin/builder/spi-builder-workspace/.derivedData/Build/Intermediates.noindex/GeneratedModuleMaps-xros/SPFKBaseC.modulemap -DXcode -plugin-path /Applications/Xcode-26.5.0.app/Contents/Developer/Toolchains/XcodeDefault.xctoolchain/usr/lib/swift/host/plugins/testing -enable-experimental-feature DebugDescriptionMacro -sdk /Applications/Xcode-26.5.0.app/Contents/Developer/Platforms/XROS.platform/Developer/SDKs/XROS26.5.sdk -target arm64-apple-xros1.0 -g -module-cache-path /Users/admin/builder/spi-builder-workspace/.derivedData/ModuleCache.noindex -Xfrontend -serialize-debugging-options -profile-coverage-mapping -profile-generate -enable-testing -suppress-warnings -index-store-path /Users/admin/builder/spi-builder-workspace/.derivedData/Index.noindex/DataStore -Xcc -D_LIBCPP_HARDENING_MODE\=_LIBCPP_HARDENING_MODE_DEBUG -swift-version 6 -I /Users/admin/builder/spi-builder-workspace/.derivedData/Build/Products/Debug-xros -Isystem /Applications/Xcode-26.5.0.app/Contents/Developer/Platforms/XROS.platform/Developer/usr/lib -F /Users/admin/builder/spi-builder-workspace/.derivedData/Build/Products/Debug-xros/PackageFrameworks -F /Users/admin/builder/spi-builder-workspace/.derivedData/Build/Products/Debug-xros/PackageFrameworks -F /Users/admin/builder/spi-builder-workspace/.derivedData/Build/Products/Debug-xros/PackageFrameworks -F /Users/admin/builder/spi-builder-workspace/.derivedData/Build/Products/Debug-xros/PackageFrameworks -F /Users/admin/builder/spi-builder-workspace/.derivedData/Build/Products/Debug-xros/PackageFrameworks -F /Users/admin/builder/spi-builder-workspace/.derivedData/Build/Products/Debug-xros/PackageFrameworks -F /Users/admin/builder/spi-builder-workspace/.derivedData/Build/Products/Debug-xros/PackageFrameworks -F /Users/admin/builder/spi-builder-workspace/.derivedData/Build/Products/Debug-xros/PackageFrameworks -F /Users/admin/builder/spi-builder-workspace/.derivedData/Build/Products/Debug-xros/PackageFrameworks -F /Users/admin/builder/spi-builder-workspace/.derivedData/Build/Products/Debug-xros/PackageFrameworks -F /Users/admin/builder/spi-builder-workspace/.derivedData/Build/Products/Debug-xros/PackageFrameworks -F /Users/admin/builder/spi-builder-workspace/.derivedData/Build/Products/Debug-xros/PackageFrameworks -F /Users/admin/builder/spi-builder-workspace/.derivedData/Build/Products/Debug-xros/PackageFrameworks -F /Users/admin/builder/spi-builder-workspace/.derivedData/Build/Products/Debug-xros/PackageFrameworks -F /Users/admin/builder/spi-builder-workspace/.derivedData/Build/Products/Debug-xros/PackageFrameworks -F /Users/admin/builder/spi-builder-workspace/.derivedData/Build/Products/Debug-xros/PackageFrameworks -F /Users/admin/builder/spi-builder-workspace/.derivedData/Build/Products/Debug-xros/PackageFrameworks -F /Users/admin/builder/spi-builder-workspace/.derivedData/Build/Products/Debug-xros/PackageFrameworks -F /Users/admin/builder/spi-builder-workspace/.derivedData/Build/Products/Debug-xros/PackageFrameworks -F /Users/admin/builder/spi-builder-workspace/.derivedData/Build/Products/Debug-xros/PackageFrameworks -F /Users/admin/builder/spi-builder-workspace/.derivedData/Build/Products/Debug-xros/PackageFrameworks -F /Users/admin/builder/spi-builder-workspace/.derivedData/Build/Products/Debug-xros/PackageFrameworks -F /Users/admin/builder/spi-builder-workspace/.derivedData/Build/Products/Debug-xros -F /Applications/Xcode-26.5.0.app/Contents/Developer/Platforms/XROS.platform/Developer/Library/Frameworks -F /Applications/Xcode-26.5.0.app/Contents/Developer/Platforms/XROS.platform/Developer/SDKs/XROS26.5.sdk/Developer/Library/Frameworks -emit-localized-strings -emit-localized-strings-path /Users/admin/builder/spi-builder-workspace/.derivedData/Build/Intermediates.noindex/spfk-video.build/Debug-xros/SPFKVideo.build/Objects-normal/arm64 -c -j10 -enable-batch-mode -incremental -Xcc -ivfsstatcache -Xcc /Users/admin/builder/spi-builder-workspace/.derivedData/SDKStatCaches.noindex/xros26.5-23O469-688ef53f1462e2c8f657fdc38a81448f73f9c068cd48276448ef291a7ea74bec.sdkstatcache -output-file-map /Users/admin/builder/spi-builder-workspace/.derivedData/Build/Intermediates.noindex/spfk-video.build/Debug-xros/SPFKVideo.build/Objects-normal/arm64/SPFKVideo-OutputFileMap.json -use-frontend-parseable-output -save-temps -no-color-diagnostics -explicit-module-build -module-cache-path /Users/admin/builder/spi-builder-workspace/.derivedData/Build/Intermediates.noindex/SwiftExplicitPrecompiledModules -clang-scanner-module-cache-path /Users/admin/builder/spi-builder-workspace/.derivedData/ModuleCache.noindex -sdk-module-cache-path /Users/admin/builder/spi-builder-workspace/.derivedData/ModuleCache.noindex -serialize-diagnostics -emit-dependencies -emit-module -emit-module-path /Users/admin/builder/spi-builder-workspace/.derivedData/Build/Intermediates.noindex/spfk-video.build/Debug-xros/SPFKVideo.build/Objects-normal/arm64/SPFKVideo.swiftmodule -user-module-version 1.14.0 -validate-clang-modules-once -clang-build-session-file /Users/admin/builder/spi-builder-workspace/.derivedData/ModuleCache.noindex/Session.modulevalidation -package-name spfk_video -Xcc -I/Users/admin/builder/spi-builder-workspace/.derivedData/Build/Intermediates.noindex/spfk-video.build/Debug-xros/SPFKVideo.build/swift-overrides.hmap -emit-const-values -Xfrontend -const-gather-protocols-file -Xfrontend /Users/admin/builder/spi-builder-workspace/.derivedData/Build/Intermediates.noindex/spfk-video.build/Debug-xros/SPFKVideo.build/Objects-normal/arm64/SPFKVideo_const_extract_protocols.json -Xcc -I/Users/admin/builder/spi-builder-workspace/.dependencies/checkouts/swift-numerics/Sources/_NumericsShims/include -Xcc -I/Users/admin/builder/spi-builder-workspace/.dependencies/checkouts/spfk-base/Sources/SPFKBaseC/include -Xcc -I/Users/admin/builder/spi-builder-workspace/.derivedData/Build/Products/Debug-xros/include -Xcc -I/Users/admin/builder/spi-builder-workspace/.derivedData/Build/Intermediates.noindex/spfk-video.build/Debug-xros/SPFKVideo.build/DerivedSources-normal/arm64 -Xcc -I/Users/admin/builder/spi-builder-workspace/.derivedData/Build/Intermediates.noindex/spfk-video.build/Debug-xros/SPFKVideo.build/DerivedSources/arm64 -Xcc -I/Users/admin/builder/spi-builder-workspace/.derivedData/Build/Intermediates.noindex/spfk-video.build/Debug-xros/SPFKVideo.build/DerivedSources -Xcc -DSWIFT_PACKAGE -Xcc -DDEBUG\=1 -emit-objc-header -emit-objc-header-path /Users/admin/builder/spi-builder-workspace/.derivedData/Build/Intermediates.noindex/spfk-video.build/Debug-xros/SPFKVideo.build/Objects-normal/arm64/SPFKVideo-Swift.h -working-directory /Users/admin/builder/spi-builder-workspace/.swiftpm/xcode -experimental-emit-module-separately -disable-cmo
SwiftDriverJobDiscovery normal arm64 Compiling AsyncSequence.swift, Bool+Extensions.swift, Collection General.swift, Collection String.swift (in target 'SPFKBase' from project 'spfk-base')
SwiftDriverJobDiscovery normal arm64 Compiling OSVersion.swift, SequentialPCMSource.swift, Serializable+Pasteboard.swift, Serializable.swift, TrimDescription.swift (in target 'SPFKBase' from project 'spfk-base')
SwiftDriverJobDiscovery normal arm64 Compiling FileManager.swift, FloatingPoint.swift, NSError.swift, NSException.swift (in target 'SPFKBase' from project 'spfk-base')
SwiftDriverJobDiscovery normal arm64 Compiling Benchmark.swift, CG Wrappers.swift, DebouncedTask.swift, FloatChannelData.swift, HexColor+ColorName.swift (in target 'SPFKBase' from project 'spfk-base')
SwiftDriverJobDiscovery normal arm64 Compiling String+C.swift, String.swift, Task.swift, URL+Directory.swift (in target 'SPFKBase' from project 'spfk-base')
SwiftDriverJobDiscovery normal arm64 Compiling UnitInterval.swift, ExceptionTrap.swift, Floating Point.swift, FourCharCode.swift (in target 'SPFKBase' from project 'spfk-base')
SwiftDriverJobDiscovery normal arm64 Compiling URL+ResourceValues.swift, URL.swift, BuildConfig.swift, Log.swift (in target 'SPFKBase' from project 'spfk-base')
SwiftDriverJobDiscovery normal arm64 Compiling HexColor+NSColor.swift, HexColor.swift, ParseProgressAccess.swift, ParseStopSignal.swift, MovementDirection.swift (in target 'SPFKBase' from project 'spfk-base')
SwiftDriver\ Compilation SPFKBase normal arm64 com.apple.xcode.tools.swift.compiler (in target 'SPFKBase' from project 'spfk-base')
cd /Users/admin/builder/spi-builder-workspace/.swiftpm/xcode
builtin-Swift-Compilation -- /Applications/Xcode-26.5.0.app/Contents/Developer/Toolchains/XcodeDefault.xctoolchain/usr/bin/swiftc -module-name SPFKBase -Onone @/Users/admin/builder/spi-builder-workspace/.derivedData/Build/Intermediates.noindex/spfk-base.build/Debug-xros/SPFKBase.build/Objects-normal/arm64/SPFKBase.SwiftFileList -DSWIFT_PACKAGE -DDEBUG -DSWIFT_MODULE_RESOURCE_BUNDLE_UNAVAILABLE -Xcc -fmodule-map-file\=/Users/admin/builder/spi-builder-workspace/.derivedData/Build/Intermediates.noindex/GeneratedModuleMaps-xros/SPFKBaseC.modulemap -DXcode -plugin-path /Applications/Xcode-26.5.0.app/Contents/Developer/Toolchains/XcodeDefault.xctoolchain/usr/lib/swift/host/plugins/testing -enable-experimental-feature DebugDescriptionMacro -sdk /Applications/Xcode-26.5.0.app/Contents/Developer/Platforms/XROS.platform/Developer/SDKs/XROS26.5.sdk -target arm64-apple-xros1.0 -g -module-cache-path /Users/admin/builder/spi-builder-workspace/.derivedData/ModuleCache.noindex -Xfrontend -serialize-debugging-options -profile-coverage-mapping -profile-generate -enable-testing -suppress-warnings -index-store-path /Users/admin/builder/spi-builder-workspace/.derivedData/Index.noindex/DataStore -Xcc -D_LIBCPP_HARDENING_MODE\=_LIBCPP_HARDENING_MODE_DEBUG -swift-version 6 -I /Users/admin/builder/spi-builder-workspace/.derivedData/Build/Products/Debug-xros -Isystem /Applications/Xcode-26.5.0.app/Contents/Developer/Platforms/XROS.platform/Developer/usr/lib -F /Users/admin/builder/spi-builder-workspace/.derivedData/Build/Products/Debug-xros/PackageFrameworks -F /Users/admin/builder/spi-builder-workspace/.derivedData/Build/Products/Debug-xros/PackageFrameworks -F /Users/admin/builder/spi-builder-workspace/.derivedData/Build/Products/Debug-xros/PackageFrameworks -F /Users/admin/builder/spi-builder-workspace/.derivedData/Build/Products/Debug-xros/PackageFrameworks -F /Users/admin/builder/spi-builder-workspace/.derivedData/Build/Products/Debug-xros/PackageFrameworks -F /Users/admin/builder/spi-builder-workspace/.derivedData/Build/Products/Debug-xros/PackageFrameworks -F /Users/admin/builder/spi-builder-workspace/.derivedData/Build/Products/Debug-xros/PackageFrameworks -F /Users/admin/builder/spi-builder-workspace/.derivedData/Build/Products/Debug-xros/PackageFrameworks -F /Users/admin/builder/spi-builder-workspace/.derivedData/Build/Products/Debug-xros/PackageFrameworks -F /Users/admin/builder/spi-builder-workspace/.derivedData/Build/Products/Debug-xros/PackageFrameworks -F /Users/admin/builder/spi-builder-workspace/.derivedData/Build/Products/Debug-xros/PackageFrameworks -F /Users/admin/builder/spi-builder-workspace/.derivedData/Build/Products/Debug-xros/PackageFrameworks -F /Users/admin/builder/spi-builder-workspace/.derivedData/Build/Products/Debug-xros/PackageFrameworks -F /Users/admin/builder/spi-builder-workspace/.derivedData/Build/Products/Debug-xros/PackageFrameworks -F /Users/admin/builder/spi-builder-workspace/.derivedData/Build/Products/Debug-xros/PackageFrameworks -F /Users/admin/builder/spi-builder-workspace/.derivedData/Build/Products/Debug-xros/PackageFrameworks -F /Users/admin/builder/spi-builder-workspace/.derivedData/Build/Products/Debug-xros/PackageFrameworks -F /Users/admin/builder/spi-builder-workspace/.derivedData/Build/Products/Debug-xros -F /Applications/Xcode-26.5.0.app/Contents/Developer/Platforms/XROS.platform/Developer/Library/Frameworks -F /Applications/Xcode-26.5.0.app/Contents/Developer/Platforms/XROS.platform/Developer/SDKs/XROS26.5.sdk/Developer/Library/Frameworks -emit-localized-strings -emit-localized-strings-path /Users/admin/builder/spi-builder-workspace/.derivedData/Build/Intermediates.noindex/spfk-base.build/Debug-xros/SPFKBase.build/Objects-normal/arm64 -c -j10 -enable-batch-mode -incremental -Xcc -ivfsstatcache -Xcc /Users/admin/builder/spi-builder-workspace/.derivedData/SDKStatCaches.noindex/xros26.5-23O469-688ef53f1462e2c8f657fdc38a81448f73f9c068cd48276448ef291a7ea74bec.sdkstatcache -output-file-map /Users/admin/builder/spi-builder-workspace/.derivedData/Build/Intermediates.noindex/spfk-base.build/Debug-xros/SPFKBase.build/Objects-normal/arm64/SPFKBase-OutputFileMap.json -use-frontend-parseable-output -save-temps -no-color-diagnostics -explicit-module-build -module-cache-path /Users/admin/builder/spi-builder-workspace/.derivedData/Build/Intermediates.noindex/SwiftExplicitPrecompiledModules -clang-scanner-module-cache-path /Users/admin/builder/spi-builder-workspace/.derivedData/ModuleCache.noindex -sdk-module-cache-path /Users/admin/builder/spi-builder-workspace/.derivedData/ModuleCache.noindex -serialize-diagnostics -emit-dependencies -emit-module -emit-module-path /Users/admin/builder/spi-builder-workspace/.derivedData/Build/Intermediates.noindex/spfk-base.build/Debug-xros/SPFKBase.build/Objects-normal/arm64/SPFKBase.swiftmodule -user-module-version 1.12.0 -validate-clang-modules-once -clang-build-session-file /Users/admin/builder/spi-builder-workspace/.derivedData/ModuleCache.noindex/Session.modulevalidation -package-name spfk_base -Xcc -I/Users/admin/builder/spi-builder-workspace/.derivedData/Build/Intermediates.noindex/spfk-base.build/Debug-xros/SPFKBase.build/swift-overrides.hmap -emit-const-values -Xfrontend -const-gather-protocols-file -Xfrontend /Users/admin/builder/spi-builder-workspace/.derivedData/Build/Intermediates.noindex/spfk-base.build/Debug-xros/SPFKBase.build/Objects-normal/arm64/SPFKBase_const_extract_protocols.json -Xcc -I/Users/admin/builder/spi-builder-workspace/.dependencies/checkouts/swift-numerics/Sources/_NumericsShims/include -Xcc -I/Users/admin/builder/spi-builder-workspace/.dependencies/checkouts/spfk-base/Sources/SPFKBaseC/include -Xcc -I/Users/admin/builder/spi-builder-workspace/.derivedData/Build/Products/Debug-xros/include -Xcc -I/Users/admin/builder/spi-builder-workspace/.derivedData/Build/Intermediates.noindex/spfk-base.build/Debug-xros/SPFKBase.build/DerivedSources-normal/arm64 -Xcc -I/Users/admin/builder/spi-builder-workspace/.derivedData/Build/Intermediates.noindex/spfk-base.build/Debug-xros/SPFKBase.build/DerivedSources/arm64 -Xcc -I/Users/admin/builder/spi-builder-workspace/.derivedData/Build/Intermediates.noindex/spfk-base.build/Debug-xros/SPFKBase.build/DerivedSources -Xcc -DSWIFT_PACKAGE -Xcc -DDEBUG\=1 -emit-objc-header -emit-objc-header-path /Users/admin/builder/spi-builder-workspace/.derivedData/Build/Intermediates.noindex/spfk-base.build/Debug-xros/SPFKBase.build/Objects-normal/arm64/SPFKBase-Swift.h -working-directory /Users/admin/builder/spi-builder-workspace/.swiftpm/xcode -experimental-emit-module-separately -disable-cmo
Ld /Users/admin/builder/spi-builder-workspace/.derivedData/Build/Products/Debug-xros/SPFKBase.o normal (in target 'SPFKBase' from project 'spfk-base')
cd /Users/admin/builder/spi-builder-workspace/.dependencies/checkouts/spfk-base
/Applications/Xcode-26.5.0.app/Contents/Developer/Toolchains/XcodeDefault.xctoolchain/usr/bin/clang -Xlinker -reproducible -target arm64-apple-xros1.0 -r -isysroot /Applications/Xcode-26.5.0.app/Contents/Developer/Platforms/XROS.platform/Developer/SDKs/XROS26.5.sdk -O0 -w -F/Users/admin/builder/spi-builder-workspace/.derivedData/Build/Intermediates.noindex/EagerLinkingTBDs/Debug-xros -F/Users/admin/builder/spi-builder-workspace/.derivedData/Build/Products/Debug-xros/PackageFrameworks -F/Users/admin/builder/spi-builder-workspace/.derivedData/Build/Products/Debug-xros/PackageFrameworks -F/Users/admin/builder/spi-builder-workspace/.derivedData/Build/Products/Debug-xros/PackageFrameworks -F/Users/admin/builder/spi-builder-workspace/.derivedData/Build/Products/Debug-xros/PackageFrameworks -F/Users/admin/builder/spi-builder-workspace/.derivedData/Build/Products/Debug-xros/PackageFrameworks -F/Users/admin/builder/spi-builder-workspace/.derivedData/Build/Products/Debug-xros/PackageFrameworks -F/Users/admin/builder/spi-builder-workspace/.derivedData/Build/Products/Debug-xros/PackageFrameworks -F/Users/admin/builder/spi-builder-workspace/.derivedData/Build/Products/Debug-xros/PackageFrameworks -F/Users/admin/builder/spi-builder-workspace/.derivedData/Build/Products/Debug-xros/PackageFrameworks -F/Users/admin/builder/spi-builder-workspace/.derivedData/Build/Products/Debug-xros/PackageFrameworks -F/Users/admin/builder/spi-builder-workspace/.derivedData/Build/Products/Debug-xros/PackageFrameworks -F/Users/admin/builder/spi-builder-workspace/.derivedData/Build/Products/Debug-xros/PackageFrameworks -F/Users/admin/builder/spi-builder-workspace/.derivedData/Build/Products/Debug-xros/PackageFrameworks -F/Users/admin/builder/spi-builder-workspace/.derivedData/Build/Products/Debug-xros/PackageFrameworks -F/Users/admin/builder/spi-builder-workspace/.derivedData/Build/Products/Debug-xros/PackageFrameworks -F/Users/admin/builder/spi-builder-workspace/.derivedData/Build/Products/Debug-xros/PackageFrameworks -F/Users/admin/builder/spi-builder-workspace/.derivedData/Build/Products/Debug-xros/PackageFrameworks -F/Users/admin/builder/spi-builder-workspace/.derivedData/Build/Products/Debug-xros -iframework /Applications/Xcode-26.5.0.app/Contents/Developer/Platforms/XROS.platform/Developer/Library/Frameworks -iframework /Applications/Xcode-26.5.0.app/Contents/Developer/Platforms/XROS.platform/Developer/SDKs/XROS26.5.sdk/Developer/Library/Frameworks -filelist /Users/admin/builder/spi-builder-workspace/.derivedData/Build/Intermediates.noindex/spfk-base.build/Debug-xros/SPFKBase.build/Objects-normal/arm64/SPFKBase.LinkFileList -nostdlib -Xlinker -object_path_lto -Xlinker /Users/admin/builder/spi-builder-workspace/.derivedData/Build/Intermediates.noindex/spfk-base.build/Debug-xros/SPFKBase.build/Objects-normal/arm64/SPFKBase_lto.o -Xlinker -no_deduplicate -Xlinker -debug_variant -Xlinker -dependency_info -Xlinker /Users/admin/builder/spi-builder-workspace/.derivedData/Build/Intermediates.noindex/spfk-base.build/Debug-xros/SPFKBase.build/Objects-normal/arm64/SPFKBase_dependency_info.dat -fobjc-link-runtime -L/Applications/Xcode-26.5.0.app/Contents/Developer/Toolchains/XcodeDefault.xctoolchain/usr/lib/swift/xros -L/usr/lib/swift -Xlinker -add_ast_path -Xlinker /Users/admin/builder/spi-builder-workspace/.derivedData/Build/Intermediates.noindex/spfk-base.build/Debug-xros/SPFKBase.build/Objects-normal/arm64/SPFKBase.swiftmodule @/Users/admin/builder/spi-builder-workspace/.derivedData/Build/Intermediates.noindex/spfk-base.build/Debug-xros/SPFKBase.build/Objects-normal/arm64/SPFKBase-linker-args.resp -o /Users/admin/builder/spi-builder-workspace/.derivedData/Build/Products/Debug-xros/SPFKBase.o
ExtractAppIntentsMetadata (in target 'SPFKBase' from project 'spfk-base')
cd /Users/admin/builder/spi-builder-workspace/.dependencies/checkouts/spfk-base
/Applications/Xcode-26.5.0.app/Contents/Developer/Toolchains/XcodeDefault.xctoolchain/usr/bin/appintentsmetadataprocessor --toolchain-dir /var/run/com.apple.security.cryptexd/mnt/com.apple.MobileAsset.MetalToolchain-v17.6.42.0.HaDaEz/Metal.xctoolchain --module-name SPFKBase --sdk-root /Applications/Xcode-26.5.0.app/Contents/Developer/Platforms/XROS.platform/Developer/SDKs/XROS26.5.sdk --xcode-version 17F42 --platform-family xrOS --deployment-target 1.0 --bundle-identifier spfk-base.SPFKBase --output /Users/admin/builder/spi-builder-workspace/.derivedData/Build/Products/Debug-xros/SPFKBase.appintents --target-triple arm64-apple-xros1.0 --binary-file /Users/admin/builder/spi-builder-workspace/.derivedData/Build/Products/Debug-xros/SPFKBase.o --dependency-file /Users/admin/builder/spi-builder-workspace/.derivedData/Build/Intermediates.noindex/spfk-base.build/Debug-xros/SPFKBase.build/Objects-normal/arm64/SPFKBase_dependency_info.dat --stringsdata-file /Users/admin/builder/spi-builder-workspace/.derivedData/Build/Intermediates.noindex/spfk-base.build/Debug-xros/SPFKBase.build/Objects-normal/arm64/ExtractedAppShortcutsMetadata.stringsdata --source-file-list /Users/admin/builder/spi-builder-workspace/.derivedData/Build/Intermediates.noindex/spfk-base.build/Debug-xros/SPFKBase.build/Objects-normal/arm64/SPFKBase.SwiftFileList --metadata-file-list /Users/admin/builder/spi-builder-workspace/.derivedData/Build/Intermediates.noindex/spfk-base.build/Debug-xros/SPFKBase.build/SPFKBase.DependencyMetadataFileList --static-metadata-file-list /Users/admin/builder/spi-builder-workspace/.derivedData/Build/Intermediates.noindex/spfk-base.build/Debug-xros/SPFKBase.build/SPFKBase.DependencyStaticMetadataFileList --swift-const-vals-list /Users/admin/builder/spi-builder-workspace/.derivedData/Build/Intermediates.noindex/spfk-base.build/Debug-xros/SPFKBase.build/Objects-normal/arm64/SPFKBase.SwiftConstValuesFileList --force --compile-time-extraction --deployment-aware-processing --validate-assistant-intents --no-app-shortcuts-localization
2026-10-12 20:19:39.399 appintentsmetadataprocessor[2178:10998] Starting appintentsmetadataprocessor export
2026-10-12 20:19:39.410 appintentsmetadataprocessor[2178:10998] Extracted no relevant App Intents symbols, skipping writing output
RegisterExecutionPolicyException /Users/admin/builder/spi-builder-workspace/.derivedData/Build/Products/Debug-xros/SPFKBase.o (in target 'SPFKBase' from project 'spfk-base')
cd /Users/admin/builder/spi-builder-workspace/.dependencies/checkouts/spfk-base
builtin-RegisterExecutionPolicyException /Users/admin/builder/spi-builder-workspace/.derivedData/Build/Products/Debug-xros/SPFKBase.o
SwiftCompile normal arm64 Compiling\ URL+SecurityScope.swift,\ URL+XAttr.swift,\ FileCommands.swift /Users/admin/builder/spi-builder-workspace/.dependencies/checkouts/spfk-filesystem/Sources/SPFKFileSystem/Extensions/URL+SecurityScope.swift /Users/admin/builder/spi-builder-workspace/.dependencies/checkouts/spfk-filesystem/Sources/SPFKFileSystem/Extensions/URL+XAttr.swift /Users/admin/builder/spi-builder-workspace/.dependencies/checkouts/spfk-filesystem/Sources/SPFKFileSystem/FileSystem/FileCommands.swift (in target 'SPFKFileSystem' from project 'spfk-filesystem')
SwiftCompile normal arm64 /Users/admin/builder/spi-builder-workspace/.dependencies/checkouts/spfk-filesystem/Sources/SPFKFileSystem/Extensions/URL+SecurityScope.swift (in target 'SPFKFileSystem' from project 'spfk-filesystem')
cd /Users/admin/builder/spi-builder-workspace/.swiftpm/xcode
SwiftCompile normal arm64 /Users/admin/builder/spi-builder-workspace/.dependencies/checkouts/spfk-filesystem/Sources/SPFKFileSystem/Extensions/URL+XAttr.swift (in target 'SPFKFileSystem' from project 'spfk-filesystem')
cd /Users/admin/builder/spi-builder-workspace/.swiftpm/xcode
SwiftCompile normal arm64 /Users/admin/builder/spi-builder-workspace/.dependencies/checkouts/spfk-filesystem/Sources/SPFKFileSystem/FileSystem/FileCommands.swift (in target 'SPFKFileSystem' from project 'spfk-filesystem')
cd /Users/admin/builder/spi-builder-workspace/.swiftpm/xcode
SwiftCompile normal arm64 Compiling\ FileConflictScheme.swift,\ FileSystem+Cleanup.swift,\ FileSystem+Enumeration.swift /Users/admin/builder/spi-builder-workspace/.dependencies/checkouts/spfk-filesystem/Sources/SPFKFileSystem/FileSystem/FileConflictScheme.swift /Users/admin/builder/spi-builder-workspace/.dependencies/checkouts/spfk-filesystem/Sources/SPFKFileSystem/FileSystem/FileSystem+Cleanup.swift /Users/admin/builder/spi-builder-workspace/.dependencies/checkouts/spfk-filesystem/Sources/SPFKFileSystem/FileSystem/FileSystem+Enumeration.swift (in target 'SPFKFileSystem' from project 'spfk-filesystem')
SwiftCompile normal arm64 /Users/admin/builder/spi-builder-workspace/.dependencies/checkouts/spfk-filesystem/Sources/SPFKFileSystem/FileSystem/FileConflictScheme.swift (in target 'SPFKFileSystem' from project 'spfk-filesystem')
cd /Users/admin/builder/spi-builder-workspace/.swiftpm/xcode
SwiftCompile normal arm64 /Users/admin/builder/spi-builder-workspace/.dependencies/checkouts/spfk-filesystem/Sources/SPFKFileSystem/FileSystem/FileSystem+Cleanup.swift (in target 'SPFKFileSystem' from project 'spfk-filesystem')
cd /Users/admin/builder/spi-builder-workspace/.swiftpm/xcode
SwiftCompile normal arm64 /Users/admin/builder/spi-builder-workspace/.dependencies/checkouts/spfk-filesystem/Sources/SPFKFileSystem/FileSystem/FileSystem+Enumeration.swift (in target 'SPFKFileSystem' from project 'spfk-filesystem')
cd /Users/admin/builder/spi-builder-workspace/.swiftpm/xcode
SwiftCompile normal arm64 Compiling\ TrashReceipt.swift,\ Localization.swift,\ DirectoryEnumerationObserver.swift /Users/admin/builder/spi-builder-workspace/.dependencies/checkouts/spfk-filesystem/Sources/SPFKFileSystem/FileSystem/TrashReceipt.swift /Users/admin/builder/spi-builder-workspace/.dependencies/checkouts/spfk-filesystem/Sources/SPFKFileSystem/Localization.swift /Users/admin/builder/spi-builder-workspace/.dependencies/checkouts/spfk-filesystem/Sources/SPFKFileSystem/Observation/DirectoryEnumerationObserver.swift (in target 'SPFKFileSystem' from project 'spfk-filesystem')
SwiftCompile normal arm64 /Users/admin/builder/spi-builder-workspace/.dependencies/checkouts/spfk-filesystem/Sources/SPFKFileSystem/FileSystem/TrashReceipt.swift (in target 'SPFKFileSystem' from project 'spfk-filesystem')
cd /Users/admin/builder/spi-builder-workspace/.swiftpm/xcode
SwiftCompile normal arm64 /Users/admin/builder/spi-builder-workspace/.dependencies/checkouts/spfk-filesystem/Sources/SPFKFileSystem/Localization.swift (in target 'SPFKFileSystem' from project 'spfk-filesystem')
cd /Users/admin/builder/spi-builder-workspace/.swiftpm/xcode
SwiftCompile normal arm64 /Users/admin/builder/spi-builder-workspace/.dependencies/checkouts/spfk-filesystem/Sources/SPFKFileSystem/Observation/DirectoryEnumerationObserver.swift (in target 'SPFKFileSystem' from project 'spfk-filesystem')
cd /Users/admin/builder/spi-builder-workspace/.swiftpm/xcode
SwiftCompile normal arm64 Compiling\ DirectoryEnumerationObserverDelegate.swift,\ DirectoryEvent.swift,\ DirectoryObserver.swift /Users/admin/builder/spi-builder-workspace/.dependencies/checkouts/spfk-filesystem/Sources/SPFKFileSystem/Observation/DirectoryEnumerationObserverDelegate.swift /Users/admin/builder/spi-builder-workspace/.dependencies/checkouts/spfk-filesystem/Sources/SPFKFileSystem/Observation/DirectoryEvent.swift /Users/admin/builder/spi-builder-workspace/.dependencies/checkouts/spfk-filesystem/Sources/SPFKFileSystem/Observation/DirectoryObserver.swift (in target 'SPFKFileSystem' from project 'spfk-filesystem')
SwiftCompile normal arm64 /Users/admin/builder/spi-builder-workspace/.dependencies/checkouts/spfk-filesystem/Sources/SPFKFileSystem/Observation/DirectoryEnumerationObserverDelegate.swift (in target 'SPFKFileSystem' from project 'spfk-filesystem')
cd /Users/admin/builder/spi-builder-workspace/.swiftpm/xcode
SwiftCompile normal arm64 /Users/admin/builder/spi-builder-workspace/.dependencies/checkouts/spfk-filesystem/Sources/SPFKFileSystem/Observation/DirectoryEvent.swift (in target 'SPFKFileSystem' from project 'spfk-filesystem')
cd /Users/admin/builder/spi-builder-workspace/.swiftpm/xcode
SwiftCompile normal arm64 /Users/admin/builder/spi-builder-workspace/.dependencies/checkouts/spfk-filesystem/Sources/SPFKFileSystem/Observation/DirectoryObserver.swift (in target 'SPFKFileSystem' from project 'spfk-filesystem')
cd /Users/admin/builder/spi-builder-workspace/.swiftpm/xcode
SwiftCompile normal arm64 Compiling\ FileModificationState.swift,\ ObservationData.swift,\ VolumeObserver.swift /Users/admin/builder/spi-builder-workspace/.dependencies/checkouts/spfk-filesystem/Sources/SPFKFileSystem/Observation/FileModificationState.swift /Users/admin/builder/spi-builder-workspace/.dependencies/checkouts/spfk-filesystem/Sources/SPFKFileSystem/Observation/ObservationData.swift /Users/admin/builder/spi-builder-workspace/.dependencies/checkouts/spfk-filesystem/Sources/SPFKFileSystem/Observation/VolumeObserver.swift (in target 'SPFKFileSystem' from project 'spfk-filesystem')
SwiftCompile normal arm64 /Users/admin/builder/spi-builder-workspace/.dependencies/checkouts/spfk-filesystem/Sources/SPFKFileSystem/Observation/FileModificationState.swift (in target 'SPFKFileSystem' from project 'spfk-filesystem')
cd /Users/admin/builder/spi-builder-workspace/.swiftpm/xcode
SwiftCompile normal arm64 /Users/admin/builder/spi-builder-workspace/.dependencies/checkouts/spfk-filesystem/Sources/SPFKFileSystem/Observation/ObservationData.swift (in target 'SPFKFileSystem' from project 'spfk-filesystem')
cd /Users/admin/builder/spi-builder-workspace/.swiftpm/xcode
SwiftCompile normal arm64 /Users/admin/builder/spi-builder-workspace/.dependencies/checkouts/spfk-filesystem/Sources/SPFKFileSystem/Observation/VolumeObserver.swift (in target 'SPFKFileSystem' from project 'spfk-filesystem')
cd /Users/admin/builder/spi-builder-workspace/.swiftpm/xcode
SwiftCompile normal arm64 Compiling\ FileLockState.swift,\ FinderTagDescription.swift,\ FinderTagGroup+HexColor.swift /Users/admin/builder/spi-builder-workspace/.dependencies/checkouts/spfk-filesystem/Sources/SPFKFileSystem/Tags/FileLockState.swift /Users/admin/builder/spi-builder-workspace/.dependencies/checkouts/spfk-filesystem/Sources/SPFKFileSystem/Tags/FinderTagDescription.swift /Users/admin/builder/spi-builder-workspace/.dependencies/checkouts/spfk-filesystem/Sources/SPFKFileSystem/Tags/FinderTagGroup+HexColor.swift (in target 'SPFKFileSystem' from project 'spfk-filesystem')
SwiftCompile normal arm64 /Users/admin/builder/spi-builder-workspace/.dependencies/checkouts/spfk-filesystem/Sources/SPFKFileSystem/Tags/FileLockState.swift (in target 'SPFKFileSystem' from project 'spfk-filesystem')
cd /Users/admin/builder/spi-builder-workspace/.swiftpm/xcode
SwiftCompile normal arm64 /Users/admin/builder/spi-builder-workspace/.dependencies/checkouts/spfk-filesystem/Sources/SPFKFileSystem/Tags/FinderTagDescription.swift (in target 'SPFKFileSystem' from project 'spfk-filesystem')
cd /Users/admin/builder/spi-builder-workspace/.swiftpm/xcode
SwiftCompile normal arm64 /Users/admin/builder/spi-builder-workspace/.dependencies/checkouts/spfk-filesystem/Sources/SPFKFileSystem/Tags/FinderTagGroup+HexColor.swift (in target 'SPFKFileSystem' from project 'spfk-filesystem')
cd /Users/admin/builder/spi-builder-workspace/.swiftpm/xcode
SwiftCompile normal arm64 Compiling\ FinderTagGroup.swift,\ TagColor.swift,\ GeneratedStringSymbols_Localizable.swift /Users/admin/builder/spi-builder-workspace/.dependencies/checkouts/spfk-filesystem/Sources/SPFKFileSystem/Tags/FinderTagGroup.swift /Users/admin/builder/spi-builder-workspace/.dependencies/checkouts/spfk-filesystem/Sources/SPFKFileSystem/Tags/TagColor.swift /Users/admin/builder/spi-builder-workspace/.derivedData/Build/Intermediates.noindex/spfk-filesystem.build/Debug-xros/SPFKFileSystem.build/DerivedSources/GeneratedStringSymbols_Localizable.swift (in target 'SPFKFileSystem' from project 'spfk-filesystem')
SwiftCompile normal arm64 /Users/admin/builder/spi-builder-workspace/.dependencies/checkouts/spfk-filesystem/Sources/SPFKFileSystem/Tags/FinderTagGroup.swift (in target 'SPFKFileSystem' from project 'spfk-filesystem')
cd /Users/admin/builder/spi-builder-workspace/.swiftpm/xcode
SwiftCompile normal arm64 /Users/admin/builder/spi-builder-workspace/.dependencies/checkouts/spfk-filesystem/Sources/SPFKFileSystem/Tags/TagColor.swift (in target 'SPFKFileSystem' from project 'spfk-filesystem')
cd /Users/admin/builder/spi-builder-workspace/.swiftpm/xcode
SwiftCompile normal arm64 /Users/admin/builder/spi-builder-workspace/.derivedData/Build/Intermediates.noindex/spfk-filesystem.build/Debug-xros/SPFKFileSystem.build/DerivedSources/GeneratedStringSymbols_Localizable.swift (in target 'SPFKFileSystem' from project 'spfk-filesystem')
cd /Users/admin/builder/spi-builder-workspace/.swiftpm/xcode
SwiftCompile normal arm64 Compiling\ FileSystem+Identity.swift,\ FileSystem+Volume.swift,\ FileSystem.swift /Users/admin/builder/spi-builder-workspace/.dependencies/checkouts/spfk-filesystem/Sources/SPFKFileSystem/FileSystem/FileSystem+Identity.swift /Users/admin/builder/spi-builder-workspace/.dependencies/checkouts/spfk-filesystem/Sources/SPFKFileSystem/FileSystem/FileSystem+Volume.swift /Users/admin/builder/spi-builder-workspace/.dependencies/checkouts/spfk-filesystem/Sources/SPFKFileSystem/FileSystem/FileSystem.swift (in target 'SPFKFileSystem' from project 'spfk-filesystem')
SwiftCompile normal arm64 /Users/admin/builder/spi-builder-workspace/.dependencies/checkouts/spfk-filesystem/Sources/SPFKFileSystem/FileSystem/FileSystem+Identity.swift (in target 'SPFKFileSystem' from project 'spfk-filesystem')
cd /Users/admin/builder/spi-builder-workspace/.swiftpm/xcode
SwiftCompile normal arm64 /Users/admin/builder/spi-builder-workspace/.dependencies/checkouts/spfk-filesystem/Sources/SPFKFileSystem/FileSystem/FileSystem+Volume.swift (in target 'SPFKFileSystem' from project 'spfk-filesystem')
cd /Users/admin/builder/spi-builder-workspace/.swiftpm/xcode
SwiftCompile normal arm64 /Users/admin/builder/spi-builder-workspace/.dependencies/checkouts/spfk-filesystem/Sources/SPFKFileSystem/FileSystem/FileSystem.swift (in target 'SPFKFileSystem' from project 'spfk-filesystem')
cd /Users/admin/builder/spi-builder-workspace/.swiftpm/xcode
SwiftEmitModule normal arm64 Emitting\ module\ for\ SPFKFileSystem (in target 'SPFKFileSystem' from project 'spfk-filesystem')
EmitSwiftModule normal arm64 (in target 'SPFKFileSystem' from project 'spfk-filesystem')
cd /Users/admin/builder/spi-builder-workspace/.swiftpm/xcode
SwiftCompile normal arm64 Compiling\ resource_bundle_accessor.swift,\ URL+FileLock.swift,\ URL+FinderTag.swift /Users/admin/builder/spi-builder-workspace/.derivedData/Build/Intermediates.noindex/spfk-filesystem.build/Debug-xros/SPFKFileSystem.build/DerivedSources/resource_bundle_accessor.swift /Users/admin/builder/spi-builder-workspace/.dependencies/checkouts/spfk-filesystem/Sources/SPFKFileSystem/Extensions/URL+FileLock.swift /Users/admin/builder/spi-builder-workspace/.dependencies/checkouts/spfk-filesystem/Sources/SPFKFileSystem/Extensions/URL+FinderTag.swift (in target 'SPFKFileSystem' from project 'spfk-filesystem')
SwiftCompile normal arm64 /Users/admin/builder/spi-builder-workspace/.derivedData/Build/Intermediates.noindex/spfk-filesystem.build/Debug-xros/SPFKFileSystem.build/DerivedSources/resource_bundle_accessor.swift (in target 'SPFKFileSystem' from project 'spfk-filesystem')
cd /Users/admin/builder/spi-builder-workspace/.swiftpm/xcode
SwiftCompile normal arm64 /Users/admin/builder/spi-builder-workspace/.dependencies/checkouts/spfk-filesystem/Sources/SPFKFileSystem/Extensions/URL+FileLock.swift (in target 'SPFKFileSystem' from project 'spfk-filesystem')
cd /Users/admin/builder/spi-builder-workspace/.swiftpm/xcode
SwiftCompile normal arm64 /Users/admin/builder/spi-builder-workspace/.dependencies/checkouts/spfk-filesystem/Sources/SPFKFileSystem/Extensions/URL+FinderTag.swift (in target 'SPFKFileSystem' from project 'spfk-filesystem')
cd /Users/admin/builder/spi-builder-workspace/.swiftpm/xcode
SwiftExplicitDependencyGeneratePcm arm64 /Users/admin/builder/spi-builder-workspace/.derivedData/ModuleCache.noindex/dnssd-D2IS813JZPX93C6MIESG5DN1N.pcm
SwiftDriverJobDiscovery normal arm64 Compiling FinderTagGroup.swift, TagColor.swift, GeneratedStringSymbols_Localizable.swift (in target 'SPFKFileSystem' from project 'spfk-filesystem')
SwiftExplicitDependencyGeneratePcm arm64 /Users/admin/builder/spi-builder-workspace/.derivedData/ModuleCache.noindex/ARKit-8PRXWLHM0GV3A9C40US3VNPOF.pcm
SwiftExplicitDependencyGeneratePcm arm64 /Users/admin/builder/spi-builder-workspace/.derivedData/ModuleCache.noindex/CoreServices-B5HOJGGXFH4BF7VX9F539UAID.pcm
SwiftDriverJobDiscovery normal arm64 Compiling TrashReceipt.swift, Localization.swift, DirectoryEnumerationObserver.swift (in target 'SPFKFileSystem' from project 'spfk-filesystem')
SwiftExplicitDependencyGeneratePcm arm64 /Users/admin/builder/spi-builder-workspace/.derivedData/ModuleCache.noindex/_LocationEssentials-A6NE7FLNEYKQXU1FX8ZAFGYCG.pcm
SwiftDriverJobDiscovery normal arm64 Compiling URL+SecurityScope.swift, URL+XAttr.swift, FileCommands.swift (in target 'SPFKFileSystem' from project 'spfk-filesystem')
SwiftExplicitDependencyGeneratePcm arm64 /Users/admin/builder/spi-builder-workspace/.derivedData/ModuleCache.noindex/SwiftUI-A51UQCPX31G18E7F5SCRU48WL.pcm
SwiftDriverJobDiscovery normal arm64 Compiling FileLockState.swift, FinderTagDescription.swift, FinderTagGroup+HexColor.swift (in target 'SPFKFileSystem' from project 'spfk-filesystem')
SwiftExplicitDependencyGeneratePcm arm64 /Users/admin/builder/spi-builder-workspace/.derivedData/ModuleCache.noindex/CoreData-6YOMIL1SVAKINPKCBPQPDITTS.pcm
SwiftDriverJobDiscovery normal arm64 Emitting module for SPFKFileSystem (in target 'SPFKFileSystem' from project 'spfk-filesystem')
SwiftDriver\ Compilation\ Requirements SPFKFileSystem normal arm64 com.apple.xcode.tools.swift.compiler (in target 'SPFKFileSystem' from project 'spfk-filesystem')
cd /Users/admin/builder/spi-builder-workspace/.swiftpm/xcode
builtin-Swift-Compilation-Requirements -- /Applications/Xcode-26.5.0.app/Contents/Developer/Toolchains/XcodeDefault.xctoolchain/usr/bin/swiftc -module-name SPFKFileSystem -Onone @/Users/admin/builder/spi-builder-workspace/.derivedData/Build/Intermediates.noindex/spfk-filesystem.build/Debug-xros/SPFKFileSystem.build/Objects-normal/arm64/SPFKFileSystem.SwiftFileList -DSWIFT_PACKAGE -DDEBUG -DSWIFT_MODULE_RESOURCE_BUNDLE_AVAILABLE -Xcc -fmodule-map-file\=/Users/admin/builder/spi-builder-workspace/.derivedData/Build/Intermediates.noindex/GeneratedModuleMaps-xros/SPFKBaseC.modulemap -DXcode -plugin-path /Applications/Xcode-26.5.0.app/Contents/Developer/Toolchains/XcodeDefault.xctoolchain/usr/lib/swift/host/plugins/testing -enable-experimental-feature DebugDescriptionMacro -sdk /Applications/Xcode-26.5.0.app/Contents/Developer/Platforms/XROS.platform/Developer/SDKs/XROS26.5.sdk -target arm64-apple-xros1.0 -g -module-cache-path /Users/admin/builder/spi-builder-workspace/.derivedData/ModuleCache.noindex -Xfrontend -serialize-debugging-options -profile-coverage-mapping -profile-generate -enable-testing -suppress-warnings -index-store-path /Users/admin/builder/spi-builder-workspace/.derivedData/Index.noindex/DataStore -Xcc -D_LIBCPP_HARDENING_MODE\=_LIBCPP_HARDENING_MODE_DEBUG -swift-version 6 -I /Users/admin/builder/spi-builder-workspace/.derivedData/Build/Products/Debug-xros -Isystem /Applications/Xcode-26.5.0.app/Contents/Developer/Platforms/XROS.platform/Developer/usr/lib -F /Users/admin/builder/spi-builder-workspace/.derivedData/Build/Products/Debug-xros/PackageFrameworks -F /Users/admin/builder/spi-builder-workspace/.derivedData/Build/Products/Debug-xros/PackageFrameworks -F /Users/admin/builder/spi-builder-workspace/.derivedData/Build/Products/Debug-xros/PackageFrameworks -F /Users/admin/builder/spi-builder-workspace/.derivedData/Build/Products/Debug-xros/PackageFrameworks -F /Users/admin/builder/spi-builder-workspace/.derivedData/Build/Products/Debug-xros/PackageFrameworks -F /Users/admin/builder/spi-builder-workspace/.derivedData/Build/Products/Debug-xros/PackageFrameworks -F /Users/admin/builder/spi-builder-workspace/.derivedData/Build/Products/Debug-xros/PackageFrameworks -F /Users/admin/builder/spi-builder-workspace/.derivedData/Build/Products/Debug-xros/PackageFrameworks -F /Users/admin/builder/spi-builder-workspace/.derivedData/Build/Products/Debug-xros/PackageFrameworks -F /Users/admin/builder/spi-builder-workspace/.derivedData/Build/Products/Debug-xros/PackageFrameworks -F /Users/admin/builder/spi-builder-workspace/.derivedData/Build/Products/Debug-xros/PackageFrameworks -F /Users/admin/builder/spi-builder-workspace/.derivedData/Build/Products/Debug-xros/PackageFrameworks -F /Users/admin/builder/spi-builder-workspace/.derivedData/Build/Products/Debug-xros/PackageFrameworks -F /Users/admin/builder/spi-builder-workspace/.derivedData/Build/Products/Debug-xros/PackageFrameworks -F /Users/admin/builder/spi-builder-workspace/.derivedData/Build/Products/Debug-xros/PackageFrameworks -F /Users/admin/builder/spi-builder-workspace/.derivedData/Build/Products/Debug-xros/PackageFrameworks -F /Users/admin/builder/spi-builder-workspace/.derivedData/Build/Products/Debug-xros/PackageFrameworks -F /Users/admin/builder/spi-builder-workspace/.derivedData/Build/Products/Debug-xros/PackageFrameworks -F /Users/admin/builder/spi-builder-workspace/.derivedData/Build/Products/Debug-xros/PackageFrameworks -F /Users/admin/builder/spi-builder-workspace/.derivedData/Build/Products/Debug-xros -F /Applications/Xcode-26.5.0.app/Contents/Developer/Platforms/XROS.platform/Developer/Library/Frameworks -F /Applications/Xcode-26.5.0.app/Contents/Developer/Platforms/XROS.platform/Developer/SDKs/XROS26.5.sdk/Developer/Library/Frameworks -emit-localized-strings -emit-localized-strings-path /Users/admin/builder/spi-builder-workspace/.derivedData/Build/Intermediates.noindex/spfk-filesystem.build/Debug-xros/SPFKFileSystem.build/Objects-normal/arm64 -c -j10 -enable-batch-mode -incremental -Xcc -ivfsstatcache -Xcc /Users/admin/builder/spi-builder-workspace/.derivedData/SDKStatCaches.noindex/xros26.5-23O469-688ef53f1462e2c8f657fdc38a81448f73f9c068cd48276448ef291a7ea74bec.sdkstatcache -output-file-map /Users/admin/builder/spi-builder-workspace/.derivedData/Build/Intermediates.noindex/spfk-filesystem.build/Debug-xros/SPFKFileSystem.build/Objects-normal/arm64/SPFKFileSystem-OutputFileMap.json -use-frontend-parseable-output -save-temps -no-color-diagnostics -explicit-module-build -module-cache-path /Users/admin/builder/spi-builder-workspace/.derivedData/Build/Intermediates.noindex/SwiftExplicitPrecompiledModules -clang-scanner-module-cache-path /Users/admin/builder/spi-builder-workspace/.derivedData/ModuleCache.noindex -sdk-module-cache-path /Users/admin/builder/spi-builder-workspace/.derivedData/ModuleCache.noindex -serialize-diagnostics -emit-dependencies -emit-module -emit-module-path /Users/admin/builder/spi-builder-workspace/.derivedData/Build/Intermediates.noindex/spfk-filesystem.build/Debug-xros/SPFKFileSystem.build/Objects-normal/arm64/SPFKFileSystem.swiftmodule -user-module-version 1.11.0 -validate-clang-modules-once -clang-build-session-file /Users/admin/builder/spi-builder-workspace/.derivedData/ModuleCache.noindex/Session.modulevalidation -package-name spfk_filesystem -Xcc -I/Users/admin/builder/spi-builder-workspace/.derivedData/Build/Intermediates.noindex/spfk-filesystem.build/Debug-xros/SPFKFileSystem.build/swift-overrides.hmap -emit-const-values -Xfrontend -const-gather-protocols-file -Xfrontend /Users/admin/builder/spi-builder-workspace/.derivedData/Build/Intermediates.noindex/spfk-filesystem.build/Debug-xros/SPFKFileSystem.build/Objects-normal/arm64/SPFKFileSystem_const_extract_protocols.json -Xcc -I/Users/admin/builder/spi-builder-workspace/.dependencies/checkouts/swift-numerics/Sources/_NumericsShims/include -Xcc -I/Users/admin/builder/spi-builder-workspace/.dependencies/checkouts/spfk-base/Sources/SPFKBaseC/include -Xcc -I/Users/admin/builder/spi-builder-workspace/.derivedData/Build/Products/Debug-xros/include -Xcc -I/Users/admin/builder/spi-builder-workspace/.derivedData/Build/Intermediates.noindex/spfk-filesystem.build/Debug-xros/SPFKFileSystem.build/DerivedSources-normal/arm64 -Xcc -I/Users/admin/builder/spi-builder-workspace/.derivedData/Build/Intermediates.noindex/spfk-filesystem.build/Debug-xros/SPFKFileSystem.build/DerivedSources/arm64 -Xcc -I/Users/admin/builder/spi-builder-workspace/.derivedData/Build/Intermediates.noindex/spfk-filesystem.build/Debug-xros/SPFKFileSystem.build/DerivedSources -Xcc -DSWIFT_PACKAGE -Xcc -DDEBUG\=1 -emit-objc-header -emit-objc-header-path /Users/admin/builder/spi-builder-workspace/.derivedData/Build/Intermediates.noindex/spfk-filesystem.build/Debug-xros/SPFKFileSystem.build/Objects-normal/arm64/SPFKFileSystem-Swift.h -working-directory /Users/admin/builder/spi-builder-workspace/.swiftpm/xcode -experimental-emit-module-separately -disable-cmo
SwiftExplicitDependencyGeneratePcm arm64 /Users/admin/builder/spi-builder-workspace/.derivedData/ModuleCache.noindex/MediaToolbox-84QZ2WT4L2SC0688BHGPRHNML.pcm
SwiftMergeGeneratedHeaders /Users/admin/builder/spi-builder-workspace/.derivedData/Build/Intermediates.noindex/GeneratedModuleMaps-xros/SPFKFileSystem-Swift.h /Users/admin/builder/spi-builder-workspace/.derivedData/Build/Intermediates.noindex/spfk-filesystem.build/Debug-xros/SPFKFileSystem.build/Objects-normal/arm64/SPFKFileSystem-Swift.h (in target 'SPFKFileSystem' from project 'spfk-filesystem')
cd /Users/admin/builder/spi-builder-workspace/.dependencies/checkouts/spfk-filesystem
builtin-swiftHeaderTool -arch arm64 /Users/admin/builder/spi-builder-workspace/.derivedData/Build/Intermediates.noindex/spfk-filesystem.build/Debug-xros/SPFKFileSystem.build/Objects-normal/arm64/SPFKFileSystem-Swift.h -o /Users/admin/builder/spi-builder-workspace/.derivedData/Build/Intermediates.noindex/GeneratedModuleMaps-xros/SPFKFileSystem-Swift.h
SwiftDriverJobDiscovery normal arm64 Compiling FileSystem+Identity.swift, FileSystem+Volume.swift, FileSystem.swift (in target 'SPFKFileSystem' from project 'spfk-filesystem')
Copy /Users/admin/builder/spi-builder-workspace/.derivedData/Build/Products/Debug-xros/SPFKFileSystem.swiftmodule/arm64-apple-xros.swiftmodule /Users/admin/builder/spi-builder-workspace/.derivedData/Build/Intermediates.noindex/spfk-filesystem.build/Debug-xros/SPFKFileSystem.build/Objects-normal/arm64/SPFKFileSystem.swiftmodule (in target 'SPFKFileSystem' from project 'spfk-filesystem')
cd /Users/admin/builder/spi-builder-workspace/.dependencies/checkouts/spfk-filesystem
builtin-copy -exclude .DS_Store -exclude CVS -exclude .svn -exclude .git -exclude .hg -resolve-src-symlinks -rename /Users/admin/builder/spi-builder-workspace/.derivedData/Build/Intermediates.noindex/spfk-filesystem.build/Debug-xros/SPFKFileSystem.build/Objects-normal/arm64/SPFKFileSystem.swiftmodule /Users/admin/builder/spi-builder-workspace/.derivedData/Build/Products/Debug-xros/SPFKFileSystem.swiftmodule/arm64-apple-xros.swiftmodule
Copy /Users/admin/builder/spi-builder-workspace/.derivedData/Build/Products/Debug-xros/SPFKFileSystem.swiftmodule/arm64-apple-xros.swiftdoc /Users/admin/builder/spi-builder-workspace/.derivedData/Build/Intermediates.noindex/spfk-filesystem.build/Debug-xros/SPFKFileSystem.build/Objects-normal/arm64/SPFKFileSystem.swiftdoc (in target 'SPFKFileSystem' from project 'spfk-filesystem')
cd /Users/admin/builder/spi-builder-workspace/.dependencies/checkouts/spfk-filesystem
builtin-copy -exclude .DS_Store -exclude CVS -exclude .svn -exclude .git -exclude .hg -resolve-src-symlinks -rename /Users/admin/builder/spi-builder-workspace/.derivedData/Build/Intermediates.noindex/spfk-filesystem.build/Debug-xros/SPFKFileSystem.build/Objects-normal/arm64/SPFKFileSystem.swiftdoc /Users/admin/builder/spi-builder-workspace/.derivedData/Build/Products/Debug-xros/SPFKFileSystem.swiftmodule/arm64-apple-xros.swiftdoc
Copy /Users/admin/builder/spi-builder-workspace/.derivedData/Build/Products/Debug-xros/SPFKFileSystem.swiftmodule/arm64-apple-xros.abi.json /Users/admin/builder/spi-builder-workspace/.derivedData/Build/Intermediates.noindex/spfk-filesystem.build/Debug-xros/SPFKFileSystem.build/Objects-normal/arm64/SPFKFileSystem.abi.json (in target 'SPFKFileSystem' from project 'spfk-filesystem')
cd /Users/admin/builder/spi-builder-workspace/.dependencies/checkouts/spfk-filesystem
builtin-copy -exclude .DS_Store -exclude CVS -exclude .svn -exclude .git -exclude .hg -resolve-src-symlinks -rename /Users/admin/builder/spi-builder-workspace/.derivedData/Build/Intermediates.noindex/spfk-filesystem.build/Debug-xros/SPFKFileSystem.build/Objects-normal/arm64/SPFKFileSystem.abi.json /Users/admin/builder/spi-builder-workspace/.derivedData/Build/Products/Debug-xros/SPFKFileSystem.swiftmodule/arm64-apple-xros.abi.json
Copy /Users/admin/builder/spi-builder-workspace/.derivedData/Build/Products/Debug-xros/SPFKFileSystem.swiftmodule/Project/arm64-apple-xros.swiftsourceinfo /Users/admin/builder/spi-builder-workspace/.derivedData/Build/Intermediates.noindex/spfk-filesystem.build/Debug-xros/SPFKFileSystem.build/Objects-normal/arm64/SPFKFileSystem.swiftsourceinfo (in target 'SPFKFileSystem' from project 'spfk-filesystem')
cd /Users/admin/builder/spi-builder-workspace/.dependencies/checkouts/spfk-filesystem
builtin-copy -exclude .DS_Store -exclude CVS -exclude .svn -exclude .git -exclude .hg -resolve-src-symlinks -rename /Users/admin/builder/spi-builder-workspace/.derivedData/Build/Intermediates.noindex/spfk-filesystem.build/Debug-xros/SPFKFileSystem.build/Objects-normal/arm64/SPFKFileSystem.swiftsourceinfo /Users/admin/builder/spi-builder-workspace/.derivedData/Build/Products/Debug-xros/SPFKFileSystem.swiftmodule/Project/arm64-apple-xros.swiftsourceinfo
SwiftExplicitDependencyGeneratePcm arm64 /Users/admin/builder/spi-builder-workspace/.derivedData/ModuleCache.noindex/GameController-5REN9YS9NXJECFV7DDVVSZ7OF.pcm
SwiftExplicitDependencyGeneratePcm arm64 /Users/admin/builder/spi-builder-workspace/.derivedData/ModuleCache.noindex/Network-JGKGNOK91L7MURQTXWHEOI1J.pcm
SwiftExplicitDependencyGeneratePcm arm64 /Users/admin/builder/spi-builder-workspace/.derivedData/ModuleCache.noindex/CoreLocation-DI7A6EDZR4FXX7INPT96FK3G1.pcm
SwiftDriverJobDiscovery normal arm64 Compiling FileModificationState.swift, ObservationData.swift, VolumeObserver.swift (in target 'SPFKFileSystem' from project 'spfk-filesystem')
SwiftCompile normal arm64 Compiling\ DirectoryObserverDelegate.swift,\ FSEventsDirectoryObserver.swift,\ FileModificationObserver.swift /Users/admin/builder/spi-builder-workspace/.dependencies/checkouts/spfk-filesystem/Sources/SPFKFileSystem/Observation/DirectoryObserverDelegate.swift /Users/admin/builder/spi-builder-workspace/.dependencies/checkouts/spfk-filesystem/Sources/SPFKFileSystem/Observation/FSEventsDirectoryObserver.swift /Users/admin/builder/spi-builder-workspace/.dependencies/checkouts/spfk-filesystem/Sources/SPFKFileSystem/Observation/FileModificationObserver.swift (in target 'SPFKFileSystem' from project 'spfk-filesystem')
SwiftCompile normal arm64 /Users/admin/builder/spi-builder-workspace/.dependencies/checkouts/spfk-filesystem/Sources/SPFKFileSystem/Observation/DirectoryObserverDelegate.swift (in target 'SPFKFileSystem' from project 'spfk-filesystem')
cd /Users/admin/builder/spi-builder-workspace/.swiftpm/xcode
SwiftCompile normal arm64 /Users/admin/builder/spi-builder-workspace/.dependencies/checkouts/spfk-filesystem/Sources/SPFKFileSystem/Observation/FSEventsDirectoryObserver.swift (in target 'SPFKFileSystem' from project 'spfk-filesystem')
cd /Users/admin/builder/spi-builder-workspace/.swiftpm/xcode
SwiftCompile normal arm64 /Users/admin/builder/spi-builder-workspace/.dependencies/checkouts/spfk-filesystem/Sources/SPFKFileSystem/Observation/FileModificationObserver.swift (in target 'SPFKFileSystem' from project 'spfk-filesystem')
cd /Users/admin/builder/spi-builder-workspace/.swiftpm/xcode
SwiftDriver SPFKImage normal arm64 com.apple.xcode.tools.swift.compiler (in target 'SPFKImage' from project 'spfk-image')
cd /Users/admin/builder/spi-builder-workspace/.swiftpm/xcode
builtin-SwiftDriver -- /Applications/Xcode-26.5.0.app/Contents/Developer/Toolchains/XcodeDefault.xctoolchain/usr/bin/swiftc -module-name SPFKImage -Onone @/Users/admin/builder/spi-builder-workspace/.derivedData/Build/Intermediates.noindex/spfk-image.build/Debug-xros/SPFKImage.build/Objects-normal/arm64/SPFKImage.SwiftFileList -DSWIFT_PACKAGE -DDEBUG -DSWIFT_MODULE_RESOURCE_BUNDLE_UNAVAILABLE -Xcc -fmodule-map-file\=/Users/admin/builder/spi-builder-workspace/.derivedData/Build/Intermediates.noindex/GeneratedModuleMaps-xros/SPFKBaseC.modulemap -DXcode -plugin-path /Applications/Xcode-26.5.0.app/Contents/Developer/Toolchains/XcodeDefault.xctoolchain/usr/lib/swift/host/plugins/testing -enable-experimental-feature DebugDescriptionMacro -sdk /Applications/Xcode-26.5.0.app/Contents/Developer/Platforms/XROS.platform/Developer/SDKs/XROS26.5.sdk -target arm64-apple-xros1.0 -g -module-cache-path /Users/admin/builder/spi-builder-workspace/.derivedData/ModuleCache.noindex -Xfrontend -serialize-debugging-options -profile-coverage-mapping -profile-generate -enable-testing -suppress-warnings -index-store-path /Users/admin/builder/spi-builder-workspace/.derivedData/Index.noindex/DataStore -Xcc -D_LIBCPP_HARDENING_MODE\=_LIBCPP_HARDENING_MODE_DEBUG -swift-version 6 -I /Users/admin/builder/spi-builder-workspace/.derivedData/Build/Products/Debug-xros -Isystem /Applications/Xcode-26.5.0.app/Contents/Developer/Platforms/XROS.platform/Developer/usr/lib -F /Users/admin/builder/spi-builder-workspace/.derivedData/Build/Products/Debug-xros/PackageFrameworks -F /Users/admin/builder/spi-builder-workspace/.derivedData/Build/Products/Debug-xros/PackageFrameworks -F /Users/admin/builder/spi-builder-workspace/.derivedData/Build/Products/Debug-xros/PackageFrameworks -F /Users/admin/builder/spi-builder-workspace/.derivedData/Build/Products/Debug-xros/PackageFrameworks -F /Users/admin/builder/spi-builder-workspace/.derivedData/Build/Products/Debug-xros/PackageFrameworks -F /Users/admin/builder/spi-builder-workspace/.derivedData/Build/Products/Debug-xros/PackageFrameworks -F /Users/admin/builder/spi-builder-workspace/.derivedData/Build/Products/Debug-xros/PackageFrameworks -F /Users/admin/builder/spi-builder-workspace/.derivedData/Build/Products/Debug-xros/PackageFrameworks -F /Users/admin/builder/spi-builder-workspace/.derivedData/Build/Products/Debug-xros/PackageFrameworks -F /Users/admin/builder/spi-builder-workspace/.derivedData/Build/Products/Debug-xros/PackageFrameworks -F /Users/admin/builder/spi-builder-workspace/.derivedData/Build/Products/Debug-xros/PackageFrameworks -F /Users/admin/builder/spi-builder-workspace/.derivedData/Build/Products/Debug-xros/PackageFrameworks -F /Users/admin/builder/spi-builder-workspace/.derivedData/Build/Products/Debug-xros/PackageFrameworks -F /Users/admin/builder/spi-builder-workspace/.derivedData/Build/Products/Debug-xros/PackageFrameworks -F /Users/admin/builder/spi-builder-workspace/.derivedData/Build/Products/Debug-xros/PackageFrameworks -F /Users/admin/builder/spi-builder-workspace/.derivedData/Build/Products/Debug-xros/PackageFrameworks -F /Users/admin/builder/spi-builder-workspace/.derivedData/Build/Products/Debug-xros/PackageFrameworks -F /Users/admin/builder/spi-builder-workspace/.derivedData/Build/Products/Debug-xros/PackageFrameworks -F /Users/admin/builder/spi-builder-workspace/.derivedData/Build/Products/Debug-xros/PackageFrameworks -F /Users/admin/builder/spi-builder-workspace/.derivedData/Build/Products/Debug-xros/PackageFrameworks -F /Users/admin/builder/spi-builder-workspace/.derivedData/Build/Products/Debug-xros -F /Applications/Xcode-26.5.0.app/Contents/Developer/Platforms/XROS.platform/Developer/Library/Frameworks -F /Applications/Xcode-26.5.0.app/Contents/Developer/Platforms/XROS.platform/Developer/SDKs/XROS26.5.sdk/Developer/Library/Frameworks -c -j10 -enable-batch-mode -incremental -Xcc -ivfsstatcache -Xcc /Users/admin/builder/spi-builder-workspace/.derivedData/SDKStatCaches.noindex/xros26.5-23O469-688ef53f1462e2c8f657fdc38a81448f73f9c068cd48276448ef291a7ea74bec.sdkstatcache -output-file-map /Users/admin/builder/spi-builder-workspace/.derivedData/Build/Intermediates.noindex/spfk-image.build/Debug-xros/SPFKImage.build/Objects-normal/arm64/SPFKImage-OutputFileMap.json -use-frontend-parseable-output -save-temps -no-color-diagnostics -explicit-module-build -module-cache-path /Users/admin/builder/spi-builder-workspace/.derivedData/Build/Intermediates.noindex/SwiftExplicitPrecompiledModules -clang-scanner-module-cache-path /Users/admin/builder/spi-builder-workspace/.derivedData/ModuleCache.noindex -sdk-module-cache-path /Users/admin/builder/spi-builder-workspace/.derivedData/ModuleCache.noindex -serialize-diagnostics -emit-dependencies -emit-module -emit-module-path /Users/admin/builder/spi-builder-workspace/.derivedData/Build/Intermediates.noindex/spfk-image.build/Debug-xros/SPFKImage.build/Objects-normal/arm64/SPFKImage.swiftmodule -user-module-version 0.3.1 -validate-clang-modules-once -clang-build-session-file /Users/admin/builder/spi-builder-workspace/.derivedData/ModuleCache.noindex/Session.modulevalidation -package-name spfk_image -Xcc -I/Users/admin/builder/spi-builder-workspace/.derivedData/Build/Intermediates.noindex/spfk-image.build/Debug-xros/SPFKImage.build/swift-overrides.hmap -emit-const-values -Xfrontend -const-gather-protocols-file -Xfrontend /Users/admin/builder/spi-builder-workspace/.derivedData/Build/Intermediates.noindex/spfk-image.build/Debug-xros/SPFKImage.build/Objects-normal/arm64/SPFKImage_const_extract_protocols.json -Xcc -I/Users/admin/builder/spi-builder-workspace/.dependencies/checkouts/swift-numerics/Sources/_NumericsShims/include -Xcc -I/Users/admin/builder/spi-builder-workspace/.dependencies/checkouts/spfk-base/Sources/SPFKBaseC/include -Xcc -I/Users/admin/builder/spi-builder-workspace/.derivedData/Build/Products/Debug-xros/include -Xcc -I/Users/admin/builder/spi-builder-workspace/.derivedData/Build/Intermediates.noindex/spfk-image.build/Debug-xros/SPFKImage.build/DerivedSources-normal/arm64 -Xcc -I/Users/admin/builder/spi-builder-workspace/.derivedData/Build/Intermediates.noindex/spfk-image.build/Debug-xros/SPFKImage.build/DerivedSources/arm64 -Xcc -I/Users/admin/builder/spi-builder-workspace/.derivedData/Build/Intermediates.noindex/spfk-image.build/Debug-xros/SPFKImage.build/DerivedSources -Xcc -DSWIFT_PACKAGE -Xcc -DDEBUG\=1 -emit-objc-header -emit-objc-header-path /Users/admin/builder/spi-builder-workspace/.derivedData/Build/Intermediates.noindex/spfk-image.build/Debug-xros/SPFKImage.build/Objects-normal/arm64/SPFKImage-Swift.h -working-directory /Users/admin/builder/spi-builder-workspace/.swiftpm/xcode -experimental-emit-module-separately -disable-cmo
SwiftDriverJobDiscovery normal arm64 Compiling resource_bundle_accessor.swift, URL+FileLock.swift, URL+FinderTag.swift (in target 'SPFKFileSystem' from project 'spfk-filesystem')
GenerateStringSymbols /Users/admin/builder/spi-builder-workspace/.derivedData/Build/Intermediates.noindex/spfk-audio-base.build/Debug-xros/SPFKAudioBase.build/DerivedSources/GeneratedStringSymbols_Localizable.swift /Users/admin/builder/spi-builder-workspace/.dependencies/checkouts/spfk-audio-base/Sources/SPFKAudioBase/Resources/Localizable.xcstrings (in target 'SPFKAudioBase' from project 'spfk-audio-base')
cd /Users/admin/builder/spi-builder-workspace/.dependencies/checkouts/spfk-audio-base
/Applications/Xcode-26.5.0.app/Contents/Developer/usr/bin/xcstringstool generate-symbols --language swift --output-directory /Users/admin/builder/spi-builder-workspace/.derivedData/Build/Intermediates.noindex/spfk-audio-base.build/Debug-xros/SPFKAudioBase.build/DerivedSources /Users/admin/builder/spi-builder-workspace/.dependencies/checkouts/spfk-audio-base/Sources/SPFKAudioBase/Resources/Localizable.xcstrings
SwiftDriver SPFKAudioBase normal arm64 com.apple.xcode.tools.swift.compiler (in target 'SPFKAudioBase' from project 'spfk-audio-base')
cd /Users/admin/builder/spi-builder-workspace/.swiftpm/xcode
builtin-SwiftDriver -- /Applications/Xcode-26.5.0.app/Contents/Developer/Toolchains/XcodeDefault.xctoolchain/usr/bin/swiftc -module-name SPFKAudioBase -Onone @/Users/admin/builder/spi-builder-workspace/.derivedData/Build/Intermediates.noindex/spfk-audio-base.build/Debug-xros/SPFKAudioBase.build/Objects-normal/arm64/SPFKAudioBase.SwiftFileList -DSWIFT_PACKAGE -DDEBUG -DSWIFT_MODULE_RESOURCE_BUNDLE_AVAILABLE -Xcc -fmodule-map-file\=/Users/admin/builder/spi-builder-workspace/.derivedData/Build/Intermediates.noindex/GeneratedModuleMaps-xros/SPFKBaseC.modulemap -DXcode -plugin-path /Applications/Xcode-26.5.0.app/Contents/Developer/Toolchains/XcodeDefault.xctoolchain/usr/lib/swift/host/plugins/testing -enable-experimental-feature DebugDescriptionMacro -sdk /Applications/Xcode-26.5.0.app/Contents/Developer/Platforms/XROS.platform/Developer/SDKs/XROS26.5.sdk -target arm64-apple-xros1.0 -g -module-cache-path /Users/admin/builder/spi-builder-workspace/.derivedData/ModuleCache.noindex -Xfrontend -serialize-debugging-options -profile-coverage-mapping -profile-generate -enable-testing -suppress-warnings -index-store-path /Users/admin/builder/spi-builder-workspace/.derivedData/Index.noindex/DataStore -Xcc -D_LIBCPP_HARDENING_MODE\=_LIBCPP_HARDENING_MODE_DEBUG -swift-version 6 -I /Users/admin/builder/spi-builder-workspace/.derivedData/Build/Products/Debug-xros -Isystem /Applications/Xcode-26.5.0.app/Contents/Developer/Platforms/XROS.platform/Developer/usr/lib -F /Users/admin/builder/spi-builder-workspace/.derivedData/Build/Products/Debug-xros/PackageFrameworks -F /Users/admin/builder/spi-builder-workspace/.derivedData/Build/Products/Debug-xros/PackageFrameworks -F /Users/admin/builder/spi-builder-workspace/.derivedData/Build/Products/Debug-xros/PackageFrameworks -F /Users/admin/builder/spi-builder-workspace/.derivedData/Build/Products/Debug-xros/PackageFrameworks -F /Users/admin/builder/spi-builder-workspace/.derivedData/Build/Products/Debug-xros/PackageFrameworks -F /Users/admin/builder/spi-builder-workspace/.derivedData/Build/Products/Debug-xros/PackageFrameworks -F /Users/admin/builder/spi-builder-workspace/.derivedData/Build/Products/Debug-xros/PackageFrameworks -F /Users/admin/builder/spi-builder-workspace/.derivedData/Build/Products/Debug-xros/PackageFrameworks -F /Users/admin/builder/spi-builder-workspace/.derivedData/Build/Products/Debug-xros/PackageFrameworks -F /Users/admin/builder/spi-builder-workspace/.derivedData/Build/Products/Debug-xros/PackageFrameworks -F /Users/admin/builder/spi-builder-workspace/.derivedData/Build/Products/Debug-xros/PackageFrameworks -F /Users/admin/builder/spi-builder-workspace/.derivedData/Build/Products/Debug-xros/PackageFrameworks -F /Users/admin/builder/spi-builder-workspace/.derivedData/Build/Products/Debug-xros/PackageFrameworks -F /Users/admin/builder/spi-builder-workspace/.derivedData/Build/Products/Debug-xros/PackageFrameworks -F /Users/admin/builder/spi-builder-workspace/.derivedData/Build/Products/Debug-xros/PackageFrameworks -F /Users/admin/builder/spi-builder-workspace/.derivedData/Build/Products/Debug-xros/PackageFrameworks -F /Users/admin/builder/spi-builder-workspace/.derivedData/Build/Products/Debug-xros/PackageFrameworks -F /Users/admin/builder/spi-builder-workspace/.derivedData/Build/Products/Debug-xros/PackageFrameworks -F /Users/admin/builder/spi-builder-workspace/.derivedData/Build/Products/Debug-xros/PackageFrameworks -F /Users/admin/builder/spi-builder-workspace/.derivedData/Build/Products/Debug-xros/PackageFrameworks -F /Users/admin/builder/spi-builder-workspace/.derivedData/Build/Products/Debug-xros -F /Applications/Xcode-26.5.0.app/Contents/Developer/Platforms/XROS.platform/Developer/Library/Frameworks -F /Applications/Xcode-26.5.0.app/Contents/Developer/Platforms/XROS.platform/Developer/SDKs/XROS26.5.sdk/Developer/Library/Frameworks -emit-localized-strings -emit-localized-strings-path /Users/admin/builder/spi-builder-workspace/.derivedData/Build/Intermediates.noindex/spfk-audio-base.build/Debug-xros/SPFKAudioBase.build/Objects-normal/arm64 -c -j10 -enable-batch-mode -incremental -Xcc -ivfsstatcache -Xcc /Users/admin/builder/spi-builder-workspace/.derivedData/SDKStatCaches.noindex/xros26.5-23O469-688ef53f1462e2c8f657fdc38a81448f73f9c068cd48276448ef291a7ea74bec.sdkstatcache -output-file-map /Users/admin/builder/spi-builder-workspace/.derivedData/Build/Intermediates.noindex/spfk-audio-base.build/Debug-xros/SPFKAudioBase.build/Objects-normal/arm64/SPFKAudioBase-OutputFileMap.json -use-frontend-parseable-output -save-temps -no-color-diagnostics -explicit-module-build -module-cache-path /Users/admin/builder/spi-builder-workspace/.derivedData/Build/Intermediates.noindex/SwiftExplicitPrecompiledModules -clang-scanner-module-cache-path /Users/admin/builder/spi-builder-workspace/.derivedData/ModuleCache.noindex -sdk-module-cache-path /Users/admin/builder/spi-builder-workspace/.derivedData/ModuleCache.noindex -serialize-diagnostics -emit-dependencies -emit-module -emit-module-path /Users/admin/builder/spi-builder-workspace/.derivedData/Build/Intermediates.noindex/spfk-audio-base.build/Debug-xros/SPFKAudioBase.build/Objects-normal/arm64/SPFKAudioBase.swiftmodule -user-module-version 1.18.0 -validate-clang-modules-once -clang-build-session-file /Users/admin/builder/spi-builder-workspace/.derivedData/ModuleCache.noindex/Session.modulevalidation -package-name spfk_audio_base -Xcc -I/Users/admin/builder/spi-builder-workspace/.derivedData/Build/Intermediates.noindex/spfk-audio-base.build/Debug-xros/SPFKAudioBase.build/swift-overrides.hmap -emit-const-values -Xfrontend -const-gather-protocols-file -Xfrontend /Users/admin/builder/spi-builder-workspace/.derivedData/Build/Intermediates.noindex/spfk-audio-base.build/Debug-xros/SPFKAudioBase.build/Objects-normal/arm64/SPFKAudioBase_const_extract_protocols.json -Xcc -I/Users/admin/builder/spi-builder-workspace/.dependencies/checkouts/swift-numerics/Sources/_NumericsShims/include -Xcc -I/Users/admin/builder/spi-builder-workspace/.dependencies/checkouts/spfk-base/Sources/SPFKBaseC/include -Xcc -I/Users/admin/builder/spi-builder-workspace/.derivedData/Build/Products/Debug-xros/include -Xcc -I/Users/admin/builder/spi-builder-workspace/.derivedData/Build/Intermediates.noindex/spfk-audio-base.build/Debug-xros/SPFKAudioBase.build/DerivedSources-normal/arm64 -Xcc -I/Users/admin/builder/spi-builder-workspace/.derivedData/Build/Intermediates.noindex/spfk-audio-base.build/Debug-xros/SPFKAudioBase.build/DerivedSources/arm64 -Xcc -I/Users/admin/builder/spi-builder-workspace/.derivedData/Build/Intermediates.noindex/spfk-audio-base.build/Debug-xros/SPFKAudioBase.build/DerivedSources -Xcc -DSWIFT_PACKAGE -Xcc -DDEBUG\=1 -emit-objc-header -emit-objc-header-path /Users/admin/builder/spi-builder-workspace/.derivedData/Build/Intermediates.noindex/spfk-audio-base.build/Debug-xros/SPFKAudioBase.build/Objects-normal/arm64/SPFKAudioBase-Swift.h -working-directory /Users/admin/builder/spi-builder-workspace/.swiftpm/xcode -experimental-emit-module-separately -disable-cmo
SwiftExplicitDependencyGeneratePcm arm64 /Users/admin/builder/spi-builder-workspace/.derivedData/ModuleCache.noindex/CoreMotion-F1KNF70IFJMA84LS1R29EA127.pcm
SwiftExplicitDependencyGeneratePcm arm64 /Users/admin/builder/spi-builder-workspace/.derivedData/ModuleCache.noindex/AVRouting-2W1CTMV4KL0JMGEE377CRJHAK.pcm
SwiftDriverJobDiscovery normal arm64 Compiling DirectoryEnumerationObserverDelegate.swift, DirectoryEvent.swift, DirectoryObserver.swift (in target 'SPFKFileSystem' from project 'spfk-filesystem')
SwiftDriverJobDiscovery normal arm64 Compiling FileConflictScheme.swift, FileSystem+Cleanup.swift, FileSystem+Enumeration.swift (in target 'SPFKFileSystem' from project 'spfk-filesystem')
SwiftDriverJobDiscovery normal arm64 Compiling DirectoryObserverDelegate.swift, FSEventsDirectoryObserver.swift, FileModificationObserver.swift (in target 'SPFKFileSystem' from project 'spfk-filesystem')
SwiftDriver\ Compilation SPFKFileSystem normal arm64 com.apple.xcode.tools.swift.compiler (in target 'SPFKFileSystem' from project 'spfk-filesystem')
cd /Users/admin/builder/spi-builder-workspace/.swiftpm/xcode
builtin-Swift-Compilation -- /Applications/Xcode-26.5.0.app/Contents/Developer/Toolchains/XcodeDefault.xctoolchain/usr/bin/swiftc -module-name SPFKFileSystem -Onone @/Users/admin/builder/spi-builder-workspace/.derivedData/Build/Intermediates.noindex/spfk-filesystem.build/Debug-xros/SPFKFileSystem.build/Objects-normal/arm64/SPFKFileSystem.SwiftFileList -DSWIFT_PACKAGE -DDEBUG -DSWIFT_MODULE_RESOURCE_BUNDLE_AVAILABLE -Xcc -fmodule-map-file\=/Users/admin/builder/spi-builder-workspace/.derivedData/Build/Intermediates.noindex/GeneratedModuleMaps-xros/SPFKBaseC.modulemap -DXcode -plugin-path /Applications/Xcode-26.5.0.app/Contents/Developer/Toolchains/XcodeDefault.xctoolchain/usr/lib/swift/host/plugins/testing -enable-experimental-feature DebugDescriptionMacro -sdk /Applications/Xcode-26.5.0.app/Contents/Developer/Platforms/XROS.platform/Developer/SDKs/XROS26.5.sdk -target arm64-apple-xros1.0 -g -module-cache-path /Users/admin/builder/spi-builder-workspace/.derivedData/ModuleCache.noindex -Xfrontend -serialize-debugging-options -profile-coverage-mapping -profile-generate -enable-testing -suppress-warnings -index-store-path /Users/admin/builder/spi-builder-workspace/.derivedData/Index.noindex/DataStore -Xcc -D_LIBCPP_HARDENING_MODE\=_LIBCPP_HARDENING_MODE_DEBUG -swift-version 6 -I /Users/admin/builder/spi-builder-workspace/.derivedData/Build/Products/Debug-xros -Isystem /Applications/Xcode-26.5.0.app/Contents/Developer/Platforms/XROS.platform/Developer/usr/lib -F /Users/admin/builder/spi-builder-workspace/.derivedData/Build/Products/Debug-xros/PackageFrameworks -F /Users/admin/builder/spi-builder-workspace/.derivedData/Build/Products/Debug-xros/PackageFrameworks -F /Users/admin/builder/spi-builder-workspace/.derivedData/Build/Products/Debug-xros/PackageFrameworks -F /Users/admin/builder/spi-builder-workspace/.derivedData/Build/Products/Debug-xros/PackageFrameworks -F /Users/admin/builder/spi-builder-workspace/.derivedData/Build/Products/Debug-xros/PackageFrameworks -F /Users/admin/builder/spi-builder-workspace/.derivedData/Build/Products/Debug-xros/PackageFrameworks -F /Users/admin/builder/spi-builder-workspace/.derivedData/Build/Products/Debug-xros/PackageFrameworks -F /Users/admin/builder/spi-builder-workspace/.derivedData/Build/Products/Debug-xros/PackageFrameworks -F /Users/admin/builder/spi-builder-workspace/.derivedData/Build/Products/Debug-xros/PackageFrameworks -F /Users/admin/builder/spi-builder-workspace/.derivedData/Build/Products/Debug-xros/PackageFrameworks -F /Users/admin/builder/spi-builder-workspace/.derivedData/Build/Products/Debug-xros/PackageFrameworks -F /Users/admin/builder/spi-builder-workspace/.derivedData/Build/Products/Debug-xros/PackageFrameworks -F /Users/admin/builder/spi-builder-workspace/.derivedData/Build/Products/Debug-xros/PackageFrameworks -F /Users/admin/builder/spi-builder-workspace/.derivedData/Build/Products/Debug-xros/PackageFrameworks -F /Users/admin/builder/spi-builder-workspace/.derivedData/Build/Products/Debug-xros/PackageFrameworks -F /Users/admin/builder/spi-builder-workspace/.derivedData/Build/Products/Debug-xros/PackageFrameworks -F /Users/admin/builder/spi-builder-workspace/.derivedData/Build/Products/Debug-xros/PackageFrameworks -F /Users/admin/builder/spi-builder-workspace/.derivedData/Build/Products/Debug-xros/PackageFrameworks -F /Users/admin/builder/spi-builder-workspace/.derivedData/Build/Products/Debug-xros/PackageFrameworks -F /Users/admin/builder/spi-builder-workspace/.derivedData/Build/Products/Debug-xros -F /Applications/Xcode-26.5.0.app/Contents/Developer/Platforms/XROS.platform/Developer/Library/Frameworks -F /Applications/Xcode-26.5.0.app/Contents/Developer/Platforms/XROS.platform/Developer/SDKs/XROS26.5.sdk/Developer/Library/Frameworks -emit-localized-strings -emit-localized-strings-path /Users/admin/builder/spi-builder-workspace/.derivedData/Build/Intermediates.noindex/spfk-filesystem.build/Debug-xros/SPFKFileSystem.build/Objects-normal/arm64 -c -j10 -enable-batch-mode -incremental -Xcc -ivfsstatcache -Xcc /Users/admin/builder/spi-builder-workspace/.derivedData/SDKStatCaches.noindex/xros26.5-23O469-688ef53f1462e2c8f657fdc38a81448f73f9c068cd48276448ef291a7ea74bec.sdkstatcache -output-file-map /Users/admin/builder/spi-builder-workspace/.derivedData/Build/Intermediates.noindex/spfk-filesystem.build/Debug-xros/SPFKFileSystem.build/Objects-normal/arm64/SPFKFileSystem-OutputFileMap.json -use-frontend-parseable-output -save-temps -no-color-diagnostics -explicit-module-build -module-cache-path /Users/admin/builder/spi-builder-workspace/.derivedData/Build/Intermediates.noindex/SwiftExplicitPrecompiledModules -clang-scanner-module-cache-path /Users/admin/builder/spi-builder-workspace/.derivedData/ModuleCache.noindex -sdk-module-cache-path /Users/admin/builder/spi-builder-workspace/.derivedData/ModuleCache.noindex -serialize-diagnostics -emit-dependencies -emit-module -emit-module-path /Users/admin/builder/spi-builder-workspace/.derivedData/Build/Intermediates.noindex/spfk-filesystem.build/Debug-xros/SPFKFileSystem.build/Objects-normal/arm64/SPFKFileSystem.swiftmodule -user-module-version 1.11.0 -validate-clang-modules-once -clang-build-session-file /Users/admin/builder/spi-builder-workspace/.derivedData/ModuleCache.noindex/Session.modulevalidation -package-name spfk_filesystem -Xcc -I/Users/admin/builder/spi-builder-workspace/.derivedData/Build/Intermediates.noindex/spfk-filesystem.build/Debug-xros/SPFKFileSystem.build/swift-overrides.hmap -emit-const-values -Xfrontend -const-gather-protocols-file -Xfrontend /Users/admin/builder/spi-builder-workspace/.derivedData/Build/Intermediates.noindex/spfk-filesystem.build/Debug-xros/SPFKFileSystem.build/Objects-normal/arm64/SPFKFileSystem_const_extract_protocols.json -Xcc -I/Users/admin/builder/spi-builder-workspace/.dependencies/checkouts/swift-numerics/Sources/_NumericsShims/include -Xcc -I/Users/admin/builder/spi-builder-workspace/.dependencies/checkouts/spfk-base/Sources/SPFKBaseC/include -Xcc -I/Users/admin/builder/spi-builder-workspace/.derivedData/Build/Products/Debug-xros/include -Xcc -I/Users/admin/builder/spi-builder-workspace/.derivedData/Build/Intermediates.noindex/spfk-filesystem.build/Debug-xros/SPFKFileSystem.build/DerivedSources-normal/arm64 -Xcc -I/Users/admin/builder/spi-builder-workspace/.derivedData/Build/Intermediates.noindex/spfk-filesystem.build/Debug-xros/SPFKFileSystem.build/DerivedSources/arm64 -Xcc -I/Users/admin/builder/spi-builder-workspace/.derivedData/Build/Intermediates.noindex/spfk-filesystem.build/Debug-xros/SPFKFileSystem.build/DerivedSources -Xcc -DSWIFT_PACKAGE -Xcc -DDEBUG\=1 -emit-objc-header -emit-objc-header-path /Users/admin/builder/spi-builder-workspace/.derivedData/Build/Intermediates.noindex/spfk-filesystem.build/Debug-xros/SPFKFileSystem.build/Objects-normal/arm64/SPFKFileSystem-Swift.h -working-directory /Users/admin/builder/spi-builder-workspace/.swiftpm/xcode -experimental-emit-module-separately -disable-cmo
Ld /Users/admin/builder/spi-builder-workspace/.derivedData/Build/Products/Debug-xros/SPFKFileSystem.o normal (in target 'SPFKFileSystem' from project 'spfk-filesystem')
cd /Users/admin/builder/spi-builder-workspace/.dependencies/checkouts/spfk-filesystem
/Applications/Xcode-26.5.0.app/Contents/Developer/Toolchains/XcodeDefault.xctoolchain/usr/bin/clang -Xlinker -reproducible -target arm64-apple-xros1.0 -r -isysroot /Applications/Xcode-26.5.0.app/Contents/Developer/Platforms/XROS.platform/Developer/SDKs/XROS26.5.sdk -O0 -w -F/Users/admin/builder/spi-builder-workspace/.derivedData/Build/Intermediates.noindex/EagerLinkingTBDs/Debug-xros -F/Users/admin/builder/spi-builder-workspace/.derivedData/Build/Products/Debug-xros/PackageFrameworks -F/Users/admin/builder/spi-builder-workspace/.derivedData/Build/Products/Debug-xros/PackageFrameworks -F/Users/admin/builder/spi-builder-workspace/.derivedData/Build/Products/Debug-xros/PackageFrameworks -F/Users/admin/builder/spi-builder-workspace/.derivedData/Build/Products/Debug-xros/PackageFrameworks -F/Users/admin/builder/spi-builder-workspace/.derivedData/Build/Products/Debug-xros/PackageFrameworks -F/Users/admin/builder/spi-builder-workspace/.derivedData/Build/Products/Debug-xros/PackageFrameworks -F/Users/admin/builder/spi-builder-workspace/.derivedData/Build/Products/Debug-xros/PackageFrameworks -F/Users/admin/builder/spi-builder-workspace/.derivedData/Build/Products/Debug-xros/PackageFrameworks -F/Users/admin/builder/spi-builder-workspace/.derivedData/Build/Products/Debug-xros/PackageFrameworks -F/Users/admin/builder/spi-builder-workspace/.derivedData/Build/Products/Debug-xros/PackageFrameworks -F/Users/admin/builder/spi-builder-workspace/.derivedData/Build/Products/Debug-xros/PackageFrameworks -F/Users/admin/builder/spi-builder-workspace/.derivedData/Build/Products/Debug-xros/PackageFrameworks -F/Users/admin/builder/spi-builder-workspace/.derivedData/Build/Products/Debug-xros/PackageFrameworks -F/Users/admin/builder/spi-builder-workspace/.derivedData/Build/Products/Debug-xros/PackageFrameworks -F/Users/admin/builder/spi-builder-workspace/.derivedData/Build/Products/Debug-xros/PackageFrameworks -F/Users/admin/builder/spi-builder-workspace/.derivedData/Build/Products/Debug-xros/PackageFrameworks -F/Users/admin/builder/spi-builder-workspace/.derivedData/Build/Products/Debug-xros/PackageFrameworks -F/Users/admin/builder/spi-builder-workspace/.derivedData/Build/Products/Debug-xros/PackageFrameworks -F/Users/admin/builder/spi-builder-workspace/.derivedData/Build/Products/Debug-xros/PackageFrameworks -F/Users/admin/builder/spi-builder-workspace/.derivedData/Build/Products/Debug-xros -iframework /Applications/Xcode-26.5.0.app/Contents/Developer/Platforms/XROS.platform/Developer/Library/Frameworks -iframework /Applications/Xcode-26.5.0.app/Contents/Developer/Platforms/XROS.platform/Developer/SDKs/XROS26.5.sdk/Developer/Library/Frameworks -filelist /Users/admin/builder/spi-builder-workspace/.derivedData/Build/Intermediates.noindex/spfk-filesystem.build/Debug-xros/SPFKFileSystem.build/Objects-normal/arm64/SPFKFileSystem.LinkFileList -nostdlib -Xlinker -object_path_lto -Xlinker /Users/admin/builder/spi-builder-workspace/.derivedData/Build/Intermediates.noindex/spfk-filesystem.build/Debug-xros/SPFKFileSystem.build/Objects-normal/arm64/SPFKFileSystem_lto.o -Xlinker -no_deduplicate -Xlinker -debug_variant -Xlinker -dependency_info -Xlinker /Users/admin/builder/spi-builder-workspace/.derivedData/Build/Intermediates.noindex/spfk-filesystem.build/Debug-xros/SPFKFileSystem.build/Objects-normal/arm64/SPFKFileSystem_dependency_info.dat -fobjc-link-runtime -L/Applications/Xcode-26.5.0.app/Contents/Developer/Toolchains/XcodeDefault.xctoolchain/usr/lib/swift/xros -L/usr/lib/swift -Xlinker -add_ast_path -Xlinker /Users/admin/builder/spi-builder-workspace/.derivedData/Build/Intermediates.noindex/spfk-filesystem.build/Debug-xros/SPFKFileSystem.build/Objects-normal/arm64/SPFKFileSystem.swiftmodule @/Users/admin/builder/spi-builder-workspace/.derivedData/Build/Intermediates.noindex/spfk-filesystem.build/Debug-xros/SPFKFileSystem.build/Objects-normal/arm64/SPFKFileSystem-linker-args.resp -o /Users/admin/builder/spi-builder-workspace/.derivedData/Build/Products/Debug-xros/SPFKFileSystem.o
SwiftExplicitDependencyGeneratePcm arm64 /Users/admin/builder/spi-builder-workspace/.derivedData/ModuleCache.noindex/AVFoundation-57N2QYXW57IVZEUWMHPWBSFZ6.pcm
ExtractAppIntentsMetadata (in target 'SPFKFileSystem' from project 'spfk-filesystem')
cd /Users/admin/builder/spi-builder-workspace/.dependencies/checkouts/spfk-filesystem
/Applications/Xcode-26.5.0.app/Contents/Developer/Toolchains/XcodeDefault.xctoolchain/usr/bin/appintentsmetadataprocessor --toolchain-dir /var/run/com.apple.security.cryptexd/mnt/com.apple.MobileAsset.MetalToolchain-v17.6.42.0.HaDaEz/Metal.xctoolchain --module-name SPFKFileSystem --sdk-root /Applications/Xcode-26.5.0.app/Contents/Developer/Platforms/XROS.platform/Developer/SDKs/XROS26.5.sdk --xcode-version 17F42 --platform-family xrOS --deployment-target 1.0 --bundle-identifier spfk-filesystem.SPFKFileSystem --output /Users/admin/builder/spi-builder-workspace/.derivedData/Build/Products/Debug-xros/SPFKFileSystem.appintents --target-triple arm64-apple-xros1.0 --binary-file /Users/admin/builder/spi-builder-workspace/.derivedData/Build/Products/Debug-xros/SPFKFileSystem.o --dependency-file /Users/admin/builder/spi-builder-workspace/.derivedData/Build/Intermediates.noindex/spfk-filesystem.build/Debug-xros/SPFKFileSystem.build/Objects-normal/arm64/SPFKFileSystem_dependency_info.dat --stringsdata-file /Users/admin/builder/spi-builder-workspace/.derivedData/Build/Intermediates.noindex/spfk-filesystem.build/Debug-xros/SPFKFileSystem.build/Objects-normal/arm64/ExtractedAppShortcutsMetadata.stringsdata --source-file-list /Users/admin/builder/spi-builder-workspace/.derivedData/Build/Intermediates.noindex/spfk-filesystem.build/Debug-xros/SPFKFileSystem.build/Objects-normal/arm64/SPFKFileSystem.SwiftFileList --metadata-file-list /Users/admin/builder/spi-builder-workspace/.derivedData/Build/Intermediates.noindex/spfk-filesystem.build/Debug-xros/SPFKFileSystem.build/SPFKFileSystem.DependencyMetadataFileList --static-metadata-file-list /Users/admin/builder/spi-builder-workspace/.derivedData/Build/Intermediates.noindex/spfk-filesystem.build/Debug-xros/SPFKFileSystem.build/SPFKFileSystem.DependencyStaticMetadataFileList --swift-const-vals-list /Users/admin/builder/spi-builder-workspace/.derivedData/Build/Intermediates.noindex/spfk-filesystem.build/Debug-xros/SPFKFileSystem.build/Objects-normal/arm64/SPFKFileSystem.SwiftConstValuesFileList --force --compile-time-extraction --deployment-aware-processing --validate-assistant-intents --no-app-shortcuts-localization
2026-10-12 20:19:40.260 appintentsmetadataprocessor[2218:11208] Starting appintentsmetadataprocessor export
2026-10-12 20:19:40.270 appintentsmetadataprocessor[2218:11208] Extracted no relevant App Intents symbols, skipping writing output
RegisterExecutionPolicyException /Users/admin/builder/spi-builder-workspace/.derivedData/Build/Products/Debug-xros/SPFKFileSystem.o (in target 'SPFKFileSystem' from project 'spfk-filesystem')
cd /Users/admin/builder/spi-builder-workspace/.dependencies/checkouts/spfk-filesystem
builtin-RegisterExecutionPolicyException /Users/admin/builder/spi-builder-workspace/.derivedData/Build/Products/Debug-xros/SPFKFileSystem.o
SwiftEmitModule normal arm64 Emitting\ module\ for\ SPFKVideo (in target 'SPFKVideo' from project 'spfk-video')
EmitSwiftModule normal arm64 (in target 'SPFKVideo' from project 'spfk-video')
cd /Users/admin/builder/spi-builder-workspace/.swiftpm/xcode
SwiftCompile normal arm64 Compiling\ AVPlayerSeekCoalescer.swift,\ FrameSeekFilter.swift,\ PlaybackSpeed.swift /Users/admin/builder/spi-builder-workspace/.dependencies/checkouts/spfk-video/Sources/SPFKVideo/Playback/AVPlayerSeekCoalescer.swift /Users/admin/builder/spi-builder-workspace/.dependencies/checkouts/spfk-video/Sources/SPFKVideo/Playback/FrameSeekFilter.swift /Users/admin/builder/spi-builder-workspace/.dependencies/checkouts/spfk-video/Sources/SPFKVideo/Playback/PlaybackSpeed.swift (in target 'SPFKVideo' from project 'spfk-video')
SwiftCompile normal arm64 /Users/admin/builder/spi-builder-workspace/.dependencies/checkouts/spfk-video/Sources/SPFKVideo/Playback/AVPlayerSeekCoalescer.swift (in target 'SPFKVideo' from project 'spfk-video')
cd /Users/admin/builder/spi-builder-workspace/.swiftpm/xcode
SwiftCompile normal arm64 /Users/admin/builder/spi-builder-workspace/.dependencies/checkouts/spfk-video/Sources/SPFKVideo/Playback/FrameSeekFilter.swift (in target 'SPFKVideo' from project 'spfk-video')
cd /Users/admin/builder/spi-builder-workspace/.swiftpm/xcode
SwiftCompile normal arm64 /Users/admin/builder/spi-builder-workspace/.dependencies/checkouts/spfk-video/Sources/SPFKVideo/Playback/PlaybackSpeed.swift (in target 'SPFKVideo' from project 'spfk-video')
cd /Users/admin/builder/spi-builder-workspace/.swiftpm/xcode
SwiftCompile normal arm64 Compiling\ VideoFrameExtractionError.swift,\ VideoFrameExtractor.swift /Users/admin/builder/spi-builder-workspace/.dependencies/checkouts/spfk-video/Sources/SPFKVideo/VideoFrameExtractionError.swift /Users/admin/builder/spi-builder-workspace/.dependencies/checkouts/spfk-video/Sources/SPFKVideo/VideoFrameExtractor.swift (in target 'SPFKVideo' from project 'spfk-video')
SwiftCompile normal arm64 /Users/admin/builder/spi-builder-workspace/.dependencies/checkouts/spfk-video/Sources/SPFKVideo/VideoFrameExtractionError.swift (in target 'SPFKVideo' from project 'spfk-video')
cd /Users/admin/builder/spi-builder-workspace/.swiftpm/xcode
SwiftCompile normal arm64 /Users/admin/builder/spi-builder-workspace/.dependencies/checkouts/spfk-video/Sources/SPFKVideo/VideoFrameExtractor.swift (in target 'SPFKVideo' from project 'spfk-video')
cd /Users/admin/builder/spi-builder-workspace/.swiftpm/xcode
SwiftCompile normal arm64 Compiling\ VideoFrameDataStore.swift,\ VideoFrameDataStoreAccess.swift,\ VideoFrameDataStoreError.swift /Users/admin/builder/spi-builder-workspace/.dependencies/checkouts/spfk-video/Sources/SPFKVideo/FrameStore/VideoFrameDataStore.swift /Users/admin/builder/spi-builder-workspace/.dependencies/checkouts/spfk-video/Sources/SPFKVideo/FrameStore/VideoFrameDataStoreAccess.swift /Users/admin/builder/spi-builder-workspace/.dependencies/checkouts/spfk-video/Sources/SPFKVideo/FrameStore/VideoFrameDataStoreError.swift (in target 'SPFKVideo' from project 'spfk-video')
SwiftCompile normal arm64 /Users/admin/builder/spi-builder-workspace/.dependencies/checkouts/spfk-video/Sources/SPFKVideo/FrameStore/VideoFrameDataStore.swift (in target 'SPFKVideo' from project 'spfk-video')
cd /Users/admin/builder/spi-builder-workspace/.swiftpm/xcode
SwiftCompile normal arm64 /Users/admin/builder/spi-builder-workspace/.dependencies/checkouts/spfk-video/Sources/SPFKVideo/FrameStore/VideoFrameDataStoreAccess.swift (in target 'SPFKVideo' from project 'spfk-video')
cd /Users/admin/builder/spi-builder-workspace/.swiftpm/xcode
SwiftCompile normal arm64 /Users/admin/builder/spi-builder-workspace/.dependencies/checkouts/spfk-video/Sources/SPFKVideo/FrameStore/VideoFrameDataStoreError.swift (in target 'SPFKVideo' from project 'spfk-video')
cd /Users/admin/builder/spi-builder-workspace/.swiftpm/xcode
SwiftCompile normal arm64 Compiling\ VideoTransport.swift,\ ProVideoFormats.swift,\ ProtectedContentReader.swift /Users/admin/builder/spi-builder-workspace/.dependencies/checkouts/spfk-video/Sources/SPFKVideo/Playback/VideoTransport.swift /Users/admin/builder/spi-builder-workspace/.dependencies/checkouts/spfk-video/Sources/SPFKVideo/ProVideoFormats.swift /Users/admin/builder/spi-builder-workspace/.dependencies/checkouts/spfk-video/Sources/SPFKVideo/ProtectedContentReader.swift (in target 'SPFKVideo' from project 'spfk-video')
SwiftCompile normal arm64 /Users/admin/builder/spi-builder-workspace/.dependencies/checkouts/spfk-video/Sources/SPFKVideo/Playback/VideoTransport.swift (in target 'SPFKVideo' from project 'spfk-video')
cd /Users/admin/builder/spi-builder-workspace/.swiftpm/xcode
SwiftCompile normal arm64 /Users/admin/builder/spi-builder-workspace/.dependencies/checkouts/spfk-video/Sources/SPFKVideo/ProVideoFormats.swift (in target 'SPFKVideo' from project 'spfk-video')
cd /Users/admin/builder/spi-builder-workspace/.swiftpm/xcode
SwiftCompile normal arm64 /Users/admin/builder/spi-builder-workspace/.dependencies/checkouts/spfk-video/Sources/SPFKVideo/ProtectedContentReader.swift (in target 'SPFKVideo' from project 'spfk-video')
cd /Users/admin/builder/spi-builder-workspace/.swiftpm/xcode
SwiftCompile normal arm64 Compiling\ QuickTimeUserData.swift,\ VideoEditError.swift,\ VideoEditRenderer.swift /Users/admin/builder/spi-builder-workspace/.dependencies/checkouts/spfk-video/Sources/SPFKVideo/QuickTimeUserData.swift /Users/admin/builder/spi-builder-workspace/.dependencies/checkouts/spfk-video/Sources/SPFKVideo/VideoEditError.swift /Users/admin/builder/spi-builder-workspace/.dependencies/checkouts/spfk-video/Sources/SPFKVideo/VideoEditRenderer.swift (in target 'SPFKVideo' from project 'spfk-video')
SwiftCompile normal arm64 /Users/admin/builder/spi-builder-workspace/.dependencies/checkouts/spfk-video/Sources/SPFKVideo/QuickTimeUserData.swift (in target 'SPFKVideo' from project 'spfk-video')
cd /Users/admin/builder/spi-builder-workspace/.swiftpm/xcode
SwiftCompile normal arm64 /Users/admin/builder/spi-builder-workspace/.dependencies/checkouts/spfk-video/Sources/SPFKVideo/VideoEditError.swift (in target 'SPFKVideo' from project 'spfk-video')
cd /Users/admin/builder/spi-builder-workspace/.swiftpm/xcode
SwiftCompile normal arm64 /Users/admin/builder/spi-builder-workspace/.dependencies/checkouts/spfk-video/Sources/SPFKVideo/VideoEditRenderer.swift (in target 'SPFKVideo' from project 'spfk-video')
cd /Users/admin/builder/spi-builder-workspace/.swiftpm/xcode
SwiftCompile normal arm64 Compiling\ VideoTechnicalProperties.swift,\ VideoTrackProperties.swift /Users/admin/builder/spi-builder-workspace/.dependencies/checkouts/spfk-video/Sources/SPFKVideo/VideoTechnicalProperties.swift /Users/admin/builder/spi-builder-workspace/.dependencies/checkouts/spfk-video/Sources/SPFKVideo/VideoTrackProperties.swift (in target 'SPFKVideo' from project 'spfk-video')
SwiftCompile normal arm64 /Users/admin/builder/spi-builder-workspace/.dependencies/checkouts/spfk-video/Sources/SPFKVideo/VideoTechnicalProperties.swift (in target 'SPFKVideo' from project 'spfk-video')
cd /Users/admin/builder/spi-builder-workspace/.swiftpm/xcode
SwiftCompile normal arm64 /Users/admin/builder/spi-builder-workspace/.dependencies/checkouts/spfk-video/Sources/SPFKVideo/VideoTrackProperties.swift (in target 'SPFKVideo' from project 'spfk-video')
cd /Users/admin/builder/spi-builder-workspace/.swiftpm/xcode
SwiftCompile normal arm64 Compiling\ resource_bundle_accessor.swift,\ AVAsset+StartTimecode.swift,\ AudioTrackDescription.swift /Users/admin/builder/spi-builder-workspace/.derivedData/Build/Intermediates.noindex/spfk-video.build/Debug-xros/SPFKVideo.build/DerivedSources/resource_bundle_accessor.swift /Users/admin/builder/spi-builder-workspace/.dependencies/checkouts/spfk-video/Sources/SPFKVideo/AVAsset+StartTimecode.swift /Users/admin/builder/spi-builder-workspace/.dependencies/checkouts/spfk-video/Sources/SPFKVideo/AudioTrackDescription.swift (in target 'SPFKVideo' from project 'spfk-video')
Failed frontend command:
/Applications/Xcode-26.5.0.app/Contents/Developer/Toolchains/XcodeDefault.xctoolchain/usr/bin/swift-frontend -frontend -c -primary-file /Users/admin/builder/spi-builder-workspace/.derivedData/Build/Intermediates.noindex/spfk-video.build/Debug-xros/SPFKVideo.build/DerivedSources/resource_bundle_accessor.swift -primary-file /Users/admin/builder/spi-builder-workspace/.dependencies/checkouts/spfk-video/Sources/SPFKVideo/AVAsset+StartTimecode.swift -primary-file /Users/admin/builder/spi-builder-workspace/.dependencies/checkouts/spfk-video/Sources/SPFKVideo/AudioTrackDescription.swift /Users/admin/builder/spi-builder-workspace/.dependencies/checkouts/spfk-video/Sources/SPFKVideo/AudioTrackFormat.swift /Users/admin/builder/spi-builder-workspace/.dependencies/checkouts/spfk-video/Sources/SPFKVideo/AudioTrackReader.swift /Users/admin/builder/spi-builder-workspace/.dependencies/checkouts/spfk-video/Sources/SPFKVideo/FrameStore/VideoFrameCodec.swift /Users/admin/builder/spi-builder-workspace/.dependencies/checkouts/spfk-video/Sources/SPFKVideo/FrameStore/VideoFrameDataStore.swift /Users/admin/builder/spi-builder-workspace/.dependencies/checkouts/spfk-video/Sources/SPFKVideo/FrameStore/VideoFrameDataStoreAccess.swift /Users/admin/builder/spi-builder-workspace/.dependencies/checkouts/spfk-video/Sources/SPFKVideo/FrameStore/VideoFrameDataStoreError.swift /Users/admin/builder/spi-builder-workspace/.dependencies/checkouts/spfk-video/Sources/SPFKVideo/FrameStore/VideoFrameTier.swift /Users/admin/builder/spi-builder-workspace/.dependencies/checkouts/spfk-video/Sources/SPFKVideo/Localization.swift /Users/admin/builder/spi-builder-workspace/.dependencies/checkouts/spfk-video/Sources/SPFKVideo/MXFMetadata.swift /Users/admin/builder/spi-builder-workspace/.dependencies/checkouts/spfk-video/Sources/SPFKVideo/Playback/AVPlayerSeekCoalescer.swift /Users/admin/builder/spi-builder-workspace/.dependencies/checkouts/spfk-video/Sources/SPFKVideo/Playback/FrameSeekFilter.swift /Users/admin/builder/spi-builder-workspace/.dependencies/checkouts/spfk-video/Sources/SPFKVideo/Playback/PlaybackSpeed.swift /Users/admin/builder/spi-builder-workspace/.dependencies/checkouts/spfk-video/Sources/SPFKVideo/Playback/VideoTransport.swift /Users/admin/builder/spi-builder-workspace/.dependencies/checkouts/spfk-video/Sources/SPFKVideo/ProVideoFormats.swift /Users/admin/builder/spi-builder-workspace/.dependencies/checkouts/spfk-video/Sources/SPFKVideo/ProtectedContentReader.swift /Users/admin/builder/spi-builder-workspace/.dependencies/checkouts/spfk-video/Sources/SPFKVideo/QuickTimeUserData.swift /Users/admin/builder/spi-builder-workspace/.dependencies/checkouts/spfk-video/Sources/SPFKVideo/VideoEditError.swift /Users/admin/builder/spi-builder-workspace/.dependencies/checkouts/spfk-video/Sources/SPFKVideo/VideoEditRenderer.swift /Users/admin/builder/spi-builder-workspace/.dependencies/checkouts/spfk-video/Sources/SPFKVideo/VideoFrameExtractionError.swift /Users/admin/builder/spi-builder-workspace/.dependencies/checkouts/spfk-video/Sources/SPFKVideo/VideoFrameExtractor.swift /Users/admin/builder/spi-builder-workspace/.dependencies/checkouts/spfk-video/Sources/SPFKVideo/VideoTechnicalProperties.swift /Users/admin/builder/spi-builder-workspace/.dependencies/checkouts/spfk-video/Sources/SPFKVideo/VideoTrackProperties.swift /Users/admin/builder/spi-builder-workspace/.dependencies/checkouts/spfk-video/Sources/SPFKVideo/VideoTrackReader.swift /Users/admin/builder/spi-builder-workspace/.derivedData/Build/Intermediates.noindex/spfk-video.build/Debug-xros/SPFKVideo.build/DerivedSources/GeneratedStringSymbols_Localizable.swift -supplementary-output-file-map /Users/admin/builder/spi-builder-workspace/.derivedData/Build/Intermediates.noindex/spfk-video.build/Debug-xros/SPFKVideo.build/Objects-normal/arm64/supplementaryOutputs-126 -emit-localized-strings -emit-localized-strings-path /Users/admin/builder/spi-builder-workspace/.derivedData/Build/Intermediates.noindex/spfk-video.build/Debug-xros/SPFKVideo.build/Objects-normal/arm64 -target arm64-apple-xros1.0 -load-resolved-plugin /Applications/Xcode-26.5.0.app/Contents/Developer/Platforms/XROS.platform/Developer/usr/lib/swift/host/plugins/libFoundationMacros.dylib\#/Applications/Xcode-26.5.0.app/Contents/Developer/Platforms/XROS.platform/Developer/usr/bin/swift-plugin-server\#FoundationMacros -load-resolved-plugin /Applications/Xcode-26.5.0.app/Contents/Developer/Platforms/XROS.platform/Developer/usr/lib/swift/host/plugins/libObservationMacros.dylib\#/Applications/Xcode-26.5.0.app/Contents/Developer/Platforms/XROS.platform/Developer/usr/bin/swift-plugin-server\#ObservationMacros -load-resolved-plugin /Applications/Xcode-26.5.0.app/Contents/Developer/Platforms/XROS.platform/Developer/usr/lib/swift/host/plugins/libPreviewsMacros.dylib\#/Applications/Xcode-26.5.0.app/Contents/Developer/Platforms/XROS.platform/Developer/usr/bin/swift-plugin-server\#PreviewsMacros -load-resolved-plugin /Applications/Xcode-26.5.0.app/Contents/Developer/Platforms/XROS.platform/Developer/usr/lib/swift/host/plugins/libSwiftMacros.dylib\#/Applications/Xcode-26.5.0.app/Contents/Developer/Platforms/XROS.platform/Developer/usr/bin/swift-plugin-server\#SwiftMacros -load-resolved-plugin /Applications/Xcode-26.5.0.app/Contents/Developer/Platforms/XROS.platform/Developer/usr/lib/swift/host/plugins/libSwiftUIMacros.dylib\#/Applications/Xcode-26.5.0.app/Contents/Developer/Platforms/XROS.platform/Developer/usr/bin/swift-plugin-server\#SwiftUIMacros -disable-implicit-swift-modules -Xcc -fno-implicit-modules -Xcc -fno-implicit-module-maps -explicit-swift-module-map-file /Users/admin/builder/spi-builder-workspace/.derivedData/Build/Intermediates.noindex/spfk-video.build/Debug-xros/SPFKVideo.build/Objects-normal/arm64/SPFKVideo-dependencies-1.json -debug-module-path /Users/admin/builder/spi-builder-workspace/.derivedData/Build/Intermediates.noindex/spfk-video.build/Debug-xros/SPFKVideo.build/Objects-normal/arm64/SPFKVideo.swiftmodule -Xllvm -aarch64-use-tbi -enable-objc-interop -stack-check -sdk /Applications/Xcode-26.5.0.app/Contents/Developer/Platforms/XROS.platform/Developer/SDKs/XROS26.5.sdk -I /Users/admin/builder/spi-builder-workspace/.derivedData/Build/Products/Debug-xros -Isystem /Applications/Xcode-26.5.0.app/Contents/Developer/Platforms/XROS.platform/Developer/usr/lib -F /Users/admin/builder/spi-builder-workspace/.derivedData/Build/Products/Debug-xros/PackageFrameworks -F /Users/admin/builder/spi-builder-workspace/.derivedData/Build/Products/Debug-xros/PackageFrameworks -F /Users/admin/builder/spi-builder-workspace/.derivedData/Build/Products/Debug-xros/PackageFrameworks -F /Users/admin/builder/spi-builder-workspace/.derivedData/Build/Products/Debug-xros/PackageFrameworks -F /Users/admin/builder/spi-builder-workspace/.derivedData/Build/Products/Debug-xros/PackageFrameworks -F /Users/admin/builder/spi-builder-workspace/.derivedData/Build/Products/Debug-xros/PackageFrameworks -F /Users/admin/builder/spi-builder-workspace/.derivedData/Build/Products/Debug-xros/PackageFrameworks -F /Users/admin/builder/spi-builder-workspace/.derivedData/Build/Products/Debug-xros/PackageFrameworks -F /Users/admin/builder/spi-builder-workspace/.derivedData/Build/Products/Debug-xros/PackageFrameworks -F /Users/admin/builder/spi-builder-workspace/.derivedData/Build/Products/Debug-xros/PackageFrameworks -F /Users/admin/builder/spi-builder-workspace/.derivedData/Build/Products/Debug-xros/PackageFrameworks -F /Users/admin/builder/spi-builder-workspace/.derivedData/Build/Products/Debug-xros/PackageFrameworks -F /Users/admin/builder/spi-builder-workspace/.derivedData/Build/Products/Debug-xros/PackageFrameworks -F /Users/admin/builder/spi-builder-workspace/.derivedData/Build/Products/Debug-xros/PackageFrameworks -F /Users/admin/builder/spi-builder-workspace/.derivedData/Build/Products/Debug-xros/PackageFrameworks -F /Users/admin/builder/spi-builder-workspace/.derivedData/Build/Products/Debug-xros/PackageFrameworks -F /Users/admin/builder/spi-builder-workspace/.derivedData/Build/Products/Debug-xros/PackageFrameworks -F /Users/admin/builder/spi-builder-workspace/.derivedData/Build/Products/Debug-xros/PackageFrameworks -F /Users/admin/builder/spi-builder-workspace/.derivedData/Build/Products/Debug-xros/PackageFrameworks -F /Users/admin/builder/spi-builder-workspace/.derivedData/Build/Products/Debug-xros/PackageFrameworks -F /Users/admin/builder/spi-builder-workspace/.derivedData/Build/Products/Debug-xros/PackageFrameworks -F /Users/admin/builder/spi-builder-workspace/.derivedData/Build/Products/Debug-xros/PackageFrameworks -F /Users/admin/builder/spi-builder-workspace/.derivedData/Build/Products/Debug-xros -F /Applications/Xcode-26.5.0.app/Contents/Developer/Platforms/XROS.platform/Developer/Library/Frameworks -F /Applications/Xcode-26.5.0.app/Contents/Developer/Platforms/XROS.platform/Developer/SDKs/XROS26.5.sdk/Developer/Library/Frameworks -no-color-diagnostics -Xcc -fno-color-diagnostics -enable-testing -g -debug-info-format\=dwarf -dwarf-version\=4 -module-cache-path /Users/admin/builder/spi-builder-workspace/.derivedData/Build/Intermediates.noindex/SwiftExplicitPrecompiledModules -suppress-warnings -profile-generate -profile-coverage-mapping -swift-version 6 -Onone -D SWIFT_PACKAGE -D DEBUG -D SWIFT_MODULE_RESOURCE_BUNDLE_AVAILABLE -D Xcode -serialize-debugging-options -const-gather-protocols-file /Users/admin/builder/spi-builder-workspace/.derivedData/Build/Intermediates.noindex/spfk-video.build/Debug-xros/SPFKVideo.build/Objects-normal/arm64/SPFKVideo_const_extract_protocols.json -enable-experimental-feature DebugDescriptionMacro -empty-abi-descriptor -user-module-version 1.14.0 -validate-clang-modules-once -clang-build-session-file /Users/admin/builder/spi-builder-workspace/.derivedData/ModuleCache.noindex/Session.modulevalidation -Xcc -working-directory -Xcc /Users/admin/builder/spi-builder-workspace/.swiftpm/xcode -enable-anonymous-context-mangled-names -file-compilation-dir /Users/admin/builder/spi-builder-workspace/.swiftpm/xcode -Xcc -fmodule-map-file\=/Users/admin/builder/spi-builder-workspace/.derivedData/Build/Intermediates.noindex/GeneratedModuleMaps-xros/SPFKBaseC.modulemap -Xcc -D_LIBCPP_HARDENING_MODE\=_LIBCPP_HARDENING_MODE_DEBUG -Xcc -ivfsstatcache -Xcc /Users/admin/builder/spi-builder-workspace/.derivedData/SDKStatCaches.noindex/xros26.5-23O469-688ef53f1462e2c8f657fdc38a81448f73f9c068cd48276448ef291a7ea74bec.sdkstatcache -Xcc -I/Users/admin/builder/spi-builder-workspace/.derivedData/Build/Intermediates.noindex/spfk-video.build/Debug-xros/SPFKVideo.build/swift-overrides.hmap -Xcc -I/Users/admin/builder/spi-builder-workspace/.dependencies/checkouts/swift-numerics/Sources/_NumericsShims/include -Xcc -I/Users/admin/builder/spi-builder-workspace/.dependencies/checkouts/spfk-base/Sources/SPFKBaseC/include -Xcc -I/Users/admin/builder/spi-builder-workspace/.derivedData/Build/Products/Debug-xros/include -Xcc -I/Users/admin/builder/spi-builder-workspace/.derivedData/Build/Intermediates.noindex/spfk-video.build/Debug-xros/SPFKVideo.build/DerivedSources-normal/arm64 -Xcc -I/Users/admin/builder/spi-builder-workspace/.derivedData/Build/Intermediates.noindex/spfk-video.build/Debug-xros/SPFKVideo.build/DerivedSources/arm64 -Xcc -I/Users/admin/builder/spi-builder-workspace/.derivedData/Build/Intermediates.noindex/spfk-video.build/Debug-xros/SPFKVideo.build/DerivedSources -Xcc -DSWIFT_PACKAGE -Xcc -DDEBUG\=1 -no-auto-bridging-header-chaining -module-name SPFKVideo -package-name spfk_video -frontend-parseable-output -disable-clang-spi -clang-target arm64-apple-xros26.5 -target-sdk-version 26.5 -target-sdk-name xros26.5 -in-process-plugin-server-path /Applications/Xcode-26.5.0.app/Contents/Developer/Toolchains/XcodeDefault.xctoolchain/usr/lib/swift/host/libSwiftInProcPluginServer.dylib -o /Users/admin/builder/spi-builder-workspace/.derivedData/Build/Intermediates.noindex/spfk-video.build/Debug-xros/SPFKVideo.build/Objects-normal/arm64/resource_bundle_accessor.o -o /Users/admin/builder/spi-builder-workspace/.derivedData/Build/Intermediates.noindex/spfk-video.build/Debug-xros/SPFKVideo.build/Objects-normal/arm64/AVAsset+StartTimecode.o -o /Users/admin/builder/spi-builder-workspace/.derivedData/Build/Intermediates.noindex/spfk-video.build/Debug-xros/SPFKVideo.build/Objects-normal/arm64/AudioTrackDescription.o -index-unit-output-path /spfk-video.build/Debug-xros/SPFKVideo.build/Objects-normal/arm64/resource_bundle_accessor.o -index-unit-output-path /spfk-video.build/Debug-xros/SPFKVideo.build/Objects-normal/arm64/AVAsset+StartTimecode.o -index-unit-output-path /spfk-video.build/Debug-xros/SPFKVideo.build/Objects-normal/arm64/AudioTrackDescription.o -index-store-path /Users/admin/builder/spi-builder-workspace/.derivedData/Index.noindex/DataStore -index-system-modules
SwiftCompile normal arm64 /Users/admin/builder/spi-builder-workspace/.derivedData/Build/Intermediates.noindex/spfk-video.build/Debug-xros/SPFKVideo.build/DerivedSources/resource_bundle_accessor.swift (in target 'SPFKVideo' from project 'spfk-video')
cd /Users/admin/builder/spi-builder-workspace/.swiftpm/xcode
SwiftCompile normal arm64 /Users/admin/builder/spi-builder-workspace/.dependencies/checkouts/spfk-video/Sources/SPFKVideo/AVAsset+StartTimecode.swift (in target 'SPFKVideo' from project 'spfk-video')
cd /Users/admin/builder/spi-builder-workspace/.swiftpm/xcode
/Users/admin/builder/spi-builder-workspace/.dependencies/checkouts/spfk-video/Sources/SPFKVideo/AVAsset+StartTimecode.swift:15:87: error: cannot find 'timecodeFrameRate' in scope
let rate: TimecodeFrameRate = if let frameRate { frameRate } else { try await timecodeFrameRate() }
^~~~~~~~~~~~~~~~~
SwiftCompile normal arm64 /Users/admin/builder/spi-builder-workspace/.dependencies/checkouts/spfk-video/Sources/SPFKVideo/AudioTrackDescription.swift (in target 'SPFKVideo' from project 'spfk-video')
cd /Users/admin/builder/spi-builder-workspace/.swiftpm/xcode
SwiftCompile normal arm64 Compiling\ VideoFrameTier.swift,\ Localization.swift,\ MXFMetadata.swift /Users/admin/builder/spi-builder-workspace/.dependencies/checkouts/spfk-video/Sources/SPFKVideo/FrameStore/VideoFrameTier.swift /Users/admin/builder/spi-builder-workspace/.dependencies/checkouts/spfk-video/Sources/SPFKVideo/Localization.swift /Users/admin/builder/spi-builder-workspace/.dependencies/checkouts/spfk-video/Sources/SPFKVideo/MXFMetadata.swift (in target 'SPFKVideo' from project 'spfk-video')
SwiftCompile normal arm64 /Users/admin/builder/spi-builder-workspace/.dependencies/checkouts/spfk-video/Sources/SPFKVideo/FrameStore/VideoFrameTier.swift (in target 'SPFKVideo' from project 'spfk-video')
cd /Users/admin/builder/spi-builder-workspace/.swiftpm/xcode
SwiftCompile normal arm64 /Users/admin/builder/spi-builder-workspace/.dependencies/checkouts/spfk-video/Sources/SPFKVideo/Localization.swift (in target 'SPFKVideo' from project 'spfk-video')
cd /Users/admin/builder/spi-builder-workspace/.swiftpm/xcode
SwiftCompile normal arm64 /Users/admin/builder/spi-builder-workspace/.dependencies/checkouts/spfk-video/Sources/SPFKVideo/MXFMetadata.swift (in target 'SPFKVideo' from project 'spfk-video')
cd /Users/admin/builder/spi-builder-workspace/.swiftpm/xcode
SwiftExplicitDependencyGeneratePcm arm64 /Users/admin/builder/spi-builder-workspace/.derivedData/ModuleCache.noindex/Accelerate-5F480TM2YQ695HPVVA94BWOIF.pcm
SwiftCompile normal arm64 Compiling\ AudioTrackFormat.swift,\ AudioTrackReader.swift,\ VideoFrameCodec.swift /Users/admin/builder/spi-builder-workspace/.dependencies/checkouts/spfk-video/Sources/SPFKVideo/AudioTrackFormat.swift /Users/admin/builder/spi-builder-workspace/.dependencies/checkouts/spfk-video/Sources/SPFKVideo/AudioTrackReader.swift /Users/admin/builder/spi-builder-workspace/.dependencies/checkouts/spfk-video/Sources/SPFKVideo/FrameStore/VideoFrameCodec.swift (in target 'SPFKVideo' from project 'spfk-video')
2026-10-12 20:19:18.149 xcodebuild[1338:6928] [MT] IDERunDestination: Supported platforms for the buildables in the current scheme is empty.
** BUILD FAILED **
The following build commands failed:
SwiftCompile normal arm64 Compiling\ resource_bundle_accessor.swift,\ AVAsset+StartTimecode.swift,\ AudioTrackDescription.swift /Users/admin/builder/spi-builder-workspace/.derivedData/Build/Intermediates.noindex/spfk-video.build/Debug-xros/SPFKVideo.build/DerivedSources/resource_bundle_accessor.swift /Users/admin/builder/spi-builder-workspace/.dependencies/checkouts/spfk-video/Sources/SPFKVideo/AVAsset+StartTimecode.swift /Users/admin/builder/spi-builder-workspace/.dependencies/checkouts/spfk-video/Sources/SPFKVideo/AudioTrackDescription.swift (in target 'SPFKVideo' from project 'spfk-video')
SwiftCompile normal arm64 /Users/admin/builder/spi-builder-workspace/.dependencies/checkouts/spfk-video/Sources/SPFKVideo/AVAsset+StartTimecode.swift (in target 'SPFKVideo' from project 'spfk-video')
Building workspace spi-builder-workspace with scheme spfk-metadata-base
(3 failures)
Command line invocation:
/Applications/Xcode-26.5.0.app/Contents/Developer/usr/bin/xcodebuild -IDEClonedSourcePackagesDirPathOverride=/Users/admin/builder/spi-builder-workspace/.dependencies -resolvePackageDependencies
Resolve Package Graph
Resolved source packages:
XAttr: https://github.com/jozefizso/swift-xattr @ 3.0.1
swift-numerics: https://github.com/apple/swift-numerics @ 1.1.1
spfk-filesystem: https://github.com/ryanfrancesconi/spfk-filesystem @ 1.11.0
spfk-utils: https://github.com/ryanfrancesconi/spfk-utils @ 1.26.0
spfk-metadata-base: /Users/admin/builder/spi-builder-workspace
swift-async-algorithms: https://github.com/apple/swift-async-algorithms @ 1.1.7
swift-collections: https://github.com/apple/swift-collections @ 1.7.3
swift-extensions: https://github.com/orchetect/swift-extensions @ 2.3.2
spfk-audio-base: https://github.com/ryanfrancesconi/spfk-audio-base @ 1.18.0
spfk-video: https://github.com/ryanfrancesconi/spfk-video @ 1.14.0
swift-timecode: https://github.com/orchetect/swift-timecode @ 3.1.4
swift-data-parsing: https://github.com/orchetect/swift-data-parsing @ 0.1.2
spfk-testing: https://github.com/ryanfrancesconi/spfk-testing @ 1.13.0
AEXML: https://github.com/tadija/AEXML @ 4.7.2
spfk-image: https://github.com/ryanfrancesconi/spfk-image @ 0.3.1
spfk-base: https://github.com/ryanfrancesconi/spfk-base @ 1.12.0
resolved source packages: XAttr, swift-numerics, spfk-filesystem, spfk-utils, spfk-metadata-base, swift-async-algorithms, swift-collections, swift-extensions, spfk-audio-base, spfk-video, swift-timecode, swift-data-parsing, spfk-testing, AEXML, spfk-image, spfk-base
2026-10-12 20:19:42.441 xcodebuild[2229:11339] [MT] IDERunDestination: Supported platforms for the buildables in the current scheme is empty.
{
"default_localization" : "en",
"dependencies" : [
{
"identity" : "spfk-audio-base",
"requirement" : {
"range" : [
{
"lower_bound" : "1.6.1",
"upper_bound" : "2.0.0"
}
]
},
"type" : "sourceControl",
"url" : "https://github.com/ryanfrancesconi/spfk-audio-base"
},
{
"identity" : "spfk-image",
"requirement" : {
"range" : [
{
"lower_bound" : "0.1.0",
"upper_bound" : "1.0.0"
}
]
},
"type" : "sourceControl",
"url" : "https://github.com/ryanfrancesconi/spfk-image"
},
{
"identity" : "spfk-utils",
"requirement" : {
"range" : [
{
"lower_bound" : "1.6.1",
"upper_bound" : "2.0.0"
}
]
},
"type" : "sourceControl",
"url" : "https://github.com/ryanfrancesconi/spfk-utils"
},
{
"identity" : "spfk-video",
"requirement" : {
"range" : [
{
"lower_bound" : "1.1.0",
"upper_bound" : "2.0.0"
}
]
},
"type" : "sourceControl",
"url" : "https://github.com/ryanfrancesconi/spfk-video"
},
{
"identity" : "spfk-base",
"requirement" : {
"range" : [
{
"lower_bound" : "1.2.2",
"upper_bound" : "2.0.0"
}
]
},
"type" : "sourceControl",
"url" : "https://github.com/ryanfrancesconi/spfk-base"
},
{
"identity" : "spfk-testing",
"requirement" : {
"range" : [
{
"lower_bound" : "1.1.0",
"upper_bound" : "2.0.0"
}
]
},
"type" : "sourceControl",
"url" : "https://github.com/ryanfrancesconi/spfk-testing"
},
{
"identity" : "swift-timecode",
"requirement" : {
"range" : [
{
"lower_bound" : "3.0.0",
"upper_bound" : "4.0.0"
}
]
},
"type" : "sourceControl",
"url" : "https://github.com/orchetect/swift-timecode"
},
{
"identity" : "aexml",
"requirement" : {
"range" : [
{
"lower_bound" : "4.6.0",
"upper_bound" : "5.0.0"
}
]
},
"type" : "sourceControl",
"url" : "https://github.com/tadija/AEXML"
}
],
"manifest_display_name" : "spfk-metadata-base",
"name" : "spfk-metadata-base",
"path" : "/Users/admin/builder/spi-builder-workspace",
"platforms" : [
{
"name" : "macos",
"version" : "13.0"
},
{
"name" : "ios",
"version" : "16.0"
}
],
"products" : [
{
"name" : "SPFKMetadataBase",
"targets" : [
"SPFKMetadataBase"
],
"type" : {
"library" : [
"automatic"
]
}
}
],
"targets" : [
{
"c99name" : "SPFKMetadataBaseTests",
"module_type" : "SwiftTarget",
"name" : "SPFKMetadataBaseTests",
"path" : "Tests/SPFKMetadataBaseTests",
"product_dependencies" : [
"SPFKImage",
"SPFKBase",
"SPFKTesting",
"SPFKVideo"
],
"sources" : [
"AVMetadataProbeTests.swift",
"ArtworkDescriptionTests.swift",
"Audio File/AudioFormatPropertiesTests.swift",
"Audio File/BEXTAdditionalTests.swift",
"Audio File/MetaAudioFileDescriptionPropertyTests.swift",
"Audio File/MetaAudioFileDescriptionTests.swift",
"Audio File/SampleRateDescriptionTests.swift",
"Audio File/StartTimecodeResolutionTests.swift",
"Definitions/ArtworkDescriptionAdditionalTests.swift",
"Definitions/ArtworkDescriptionStoredPictureTests.swift",
"Definitions/MediaFilePlayabilityTests.swift",
"Definitions/MetadataComponentTests.swift",
"Definitions/MetadataDirtyFlagCodingTests.swift",
"Definitions/MetadataErrorTests.swift",
"Definitions/MetadataReadStatusCodingTests.swift",
"IXML/IXMLMetadataLoudnessTests.swift",
"IXML/IXMLMetadataSourceTests.swift",
"IXML/IXMLMetadataTests.swift",
"IXML/IXMLMetadataWhitespaceTests.swift",
"IXML/IXMLTagDescriptorSearchTests.swift",
"Markers/AudioMarkerDescriptionAdditionalTests.swift",
"Markers/AudioMarkerDescriptionCollectionAdditionalTests.swift",
"Markers/AudioMarkerDescriptionTrimTests.swift",
"Markers/AudioMarkerPasteboardTests.swift",
"Markers/TrimDescriptionMarkersTests.swift",
"StrictDecodingTests.swift",
"TagProperties/FrameKeyTests.swift",
"TagProperties/TagDataAdditionalTests.swift",
"TagProperties/TagDataDivergenceTests.swift",
"TagProperties/TagDataTests.swift",
"TagProperties/TagKeyTests.swift",
"TagProperties/TagPropertiesAVTests.swift",
"TagProperties/TagPropertiesContainerModelTests.swift",
"TagProperties/TagPropertiesNonASCIITests.swift",
"TagProperties/TagPropertiesTests.swift",
"TagProperties/TagValueChangeTests.swift"
],
"target_dependencies" : [
"SPFKMetadataBase"
],
"type" : "test"
},
{
"c99name" : "SPFKMetadataBase",
"module_type" : "SwiftTarget",
"name" : "SPFKMetadataBase",
"path" : "Sources/SPFKMetadataBase",
"product_dependencies" : [
"SPFKAudioBase",
"SPFKImage",
"SPFKUtils",
"SPFKVideo",
"SwiftTimecode",
"AEXML"
],
"product_memberships" : [
"SPFKMetadataBase"
],
"sources" : [
"Definitions/ArtworkDescription.swift",
"Definitions/Audio File/AudioFormatProperties.swift",
"Definitions/Audio File/BEXTDescription+Codable.swift",
"Definitions/Audio File/BEXTDescription+IXML.swift",
"Definitions/Audio File/BEXTDescription+Key.swift",
"Definitions/Audio File/BEXTDescription.swift",
"Definitions/Audio File/IXMLMetadata/IXMLElement.swift",
"Definitions/Audio File/IXMLMetadata/IXMLMetadata+ASWG.swift",
"Definitions/Audio File/IXMLMetadata/IXMLMetadata+Accessors.swift",
"Definitions/Audio File/IXMLMetadata/IXMLMetadata+MetaAudioFileDescription.swift",
"Definitions/Audio File/IXMLMetadata/IXMLMetadata+Track.swift",
"Definitions/Audio File/IXMLMetadata/IXMLMetadata+UCS.swift",
"Definitions/Audio File/IXMLMetadata/IXMLMetadata+User.swift",
"Definitions/Audio File/IXMLMetadata/IXMLMetadata+XML.swift",
"Definitions/Audio File/IXMLMetadata/IXMLMetadata.swift",
"Definitions/Audio File/IXMLMetadata/IXMLTagDescriptor.swift",
"Definitions/Audio File/MetaAudioFileDescription/MetaAudioFileDescription+Properties.swift",
"Definitions/Audio File/MetaAudioFileDescription/MetaAudioFileDescription.swift",
"Definitions/Audio File/StartTimecodeResolution.swift",
"Definitions/Audio File/WaveFileProperties.swift",
"Definitions/EmbeddedArtwork.swift",
"Definitions/MediaFilePlayability.swift",
"Definitions/MetaAudioFileDescription+Storability.swift",
"Definitions/MetadataComponent.swift",
"Definitions/MetadataDirtyFlag.swift",
"Definitions/MetadataError.swift",
"Definitions/MetadataReadStatus.swift",
"Definitions/TagData.swift",
"Definitions/TagPropertiesContainerModel.swift",
"Definitions/TagValueChange.swift",
"Markers/AudioMarkerDescription+Trim.swift",
"Markers/AudioMarkerDescription.swift",
"Markers/AudioMarkerDescriptionCollection.swift",
"Markers/AudioMarkerType.swift",
"TagProperties/ID3FrameKey.swift",
"TagProperties/InfoFrameKey.swift",
"TagProperties/TagFrameKey.swift",
"TagProperties/TagKey+Description.swift",
"TagProperties/TagKey+ID3.swift",
"TagProperties/TagKey+INFO.swift",
"TagProperties/TagKey+Init.swift",
"TagProperties/TagKey+Validation.swift",
"TagProperties/TagKey.swift",
"TagProperties/TagProperties.swift",
"TagProperties/TagPropertiesAV.swift",
"TrimDescription+Markers.swift"
],
"type" : "library"
}
],
"tools_version" : "6.2"
}
{
"workspace" : {
"name" : "spi-builder-workspace",
"schemes" : [
"spfk-metadata-base",
"swift-data-parsing",
"swift-timecode"
]
}
}
2026-10-12 20:19:44.185 xcodebuild[2284:11557] [MT] IDERunDestination: Supported platforms for the buildables in the current scheme is empty.
{
"workspace" : {
"name" : "spi-builder-workspace",
"schemes" : [
"spfk-metadata-base",
"swift-data-parsing",
"swift-timecode"
]
}
}
2026-10-12 20:19:45.687 xcodebuild[2333:11736] [MT] IDERunDestination: Supported platforms for the buildables in the current scheme is empty.
Running build ...
env DEVELOPER_DIR=/Applications/Xcode-26.5.0.app xcrun xcodebuild -IDEClonedSourcePackagesDirPathOverride=$PWD/.dependencies -skipMacroValidation -skipPackagePluginValidation -derivedDataPath $PWD/.derivedData build -scheme spfk-metadata-base -destination generic/platform=xrOS
Command line invocation:
/Applications/Xcode-26.5.0.app/Contents/Developer/usr/bin/xcodebuild -IDEClonedSourcePackagesDirPathOverride=/Users/admin/builder/spi-builder-workspace/.dependencies -skipMacroValidation -skipPackagePluginValidation -derivedDataPath /Users/admin/builder/spi-builder-workspace/.derivedData build -scheme spfk-metadata-base -destination generic/platform=xrOS
Resolve Package Graph
Resolved source packages:
AEXML: https://github.com/tadija/AEXML @ 4.7.2
XAttr: https://github.com/jozefizso/swift-xattr @ 3.0.1
swift-extensions: https://github.com/orchetect/swift-extensions @ 2.3.2
spfk-base: https://github.com/ryanfrancesconi/spfk-base @ 1.12.0
spfk-utils: https://github.com/ryanfrancesconi/spfk-utils @ 1.26.0
spfk-video: https://github.com/ryanfrancesconi/spfk-video @ 1.14.0
spfk-metadata-base: /Users/admin/builder/spi-builder-workspace
spfk-filesystem: https://github.com/ryanfrancesconi/spfk-filesystem @ 1.11.0
swift-data-parsing: https://github.com/orchetect/swift-data-parsing @ 0.1.2
spfk-testing: https://github.com/ryanfrancesconi/spfk-testing @ 1.13.0
swift-async-algorithms: https://github.com/apple/swift-async-algorithms @ 1.1.7
swift-collections: https://github.com/apple/swift-collections @ 1.7.3
spfk-image: https://github.com/ryanfrancesconi/spfk-image @ 0.3.1
spfk-audio-base: https://github.com/ryanfrancesconi/spfk-audio-base @ 1.18.0
swift-numerics: https://github.com/apple/swift-numerics @ 1.1.1
swift-timecode: https://github.com/orchetect/swift-timecode @ 3.1.4
ComputePackagePrebuildTargetDependencyGraph
Prepare packages
CreateBuildRequest
SendProjectDescription
CreateBuildOperation
ComputeTargetDependencyGraph
note: Building targets in dependency order
note: Target dependency graph (51 targets)
Target 'SPFKMetadataBase' in project 'spfk-metadata-base'
➜ Explicit dependency on target 'SPFKMetadataBase' in project 'spfk-metadata-base'
➜ Explicit dependency on target 'SPFKAudioBase' in project 'spfk-audio-base'
➜ Explicit dependency on target 'SPFKImage' in project 'spfk-image'
➜ Explicit dependency on target 'SPFKUtils' in project 'spfk-utils'
➜ Explicit dependency on target 'SPFKVideo' in project 'spfk-video'
➜ Explicit dependency on target 'SwiftTimecode' in project 'swift-timecode'
➜ Explicit dependency on target 'AEXML' in project 'AEXML'
Target 'SPFKMetadataBase' in project 'spfk-metadata-base'
➜ Explicit dependency on target 'SPFKAudioBase' in project 'spfk-audio-base'
➜ Explicit dependency on target 'SPFKImage' in project 'spfk-image'
➜ Explicit dependency on target 'SPFKUtils' in project 'spfk-utils'
➜ Explicit dependency on target 'SPFKVideo' in project 'spfk-video'
➜ Explicit dependency on target 'SwiftTimecode' in project 'swift-timecode'
➜ Explicit dependency on target 'AEXML' in project 'AEXML'
Target 'SPFKVideo' in project 'spfk-video'
➜ Explicit dependency on target 'SPFKVideo' in project 'spfk-video'
➜ Explicit dependency on target 'spfk-video_SPFKVideo' in project 'spfk-video'
➜ Explicit dependency on target 'SPFKBase' in project 'spfk-base'
➜ Explicit dependency on target 'SwiftTimecode' in project 'swift-timecode'
➜ Explicit dependency on target 'OrderedCollections' in project 'swift-collections'
Target 'SPFKVideo' in project 'spfk-video'
➜ Explicit dependency on target 'spfk-video_SPFKVideo' in project 'spfk-video'
➜ Explicit dependency on target 'SPFKBase' in project 'spfk-base'
➜ Explicit dependency on target 'SwiftTimecode' in project 'swift-timecode'
➜ Explicit dependency on target 'OrderedCollections' in project 'swift-collections'
Target 'SwiftTimecode' in project 'swift-timecode'
➜ Explicit dependency on target 'SwiftTimecode' in project 'swift-timecode'
➜ Explicit dependency on target 'SwiftTimecodeCore' in project 'swift-timecode'
➜ Explicit dependency on target 'SwiftTimecodeAV' in project 'swift-timecode'
➜ Explicit dependency on target 'SwiftTimecodeUI' in project 'swift-timecode'
Target 'SwiftTimecode' in project 'swift-timecode'
➜ Explicit dependency on target 'SwiftTimecodeCore' in project 'swift-timecode'
➜ Explicit dependency on target 'SwiftTimecodeAV' in project 'swift-timecode'
➜ Explicit dependency on target 'SwiftTimecodeUI' in project 'swift-timecode'
Target 'SwiftTimecodeUI' in project 'swift-timecode'
➜ Explicit dependency on target 'SwiftTimecodeCore' in project 'swift-timecode'
Target 'SwiftTimecodeAV' in project 'swift-timecode'
➜ Explicit dependency on target 'SwiftTimecodeCore' in project 'swift-timecode'
Target 'SwiftTimecodeCore' in project 'swift-timecode' (no dependencies)
Target 'spfk-video_SPFKVideo' in project 'spfk-video' (no dependencies)
Target 'SPFKUtils' in project 'spfk-utils'
➜ Explicit dependency on target 'SPFKUtils' in project 'spfk-utils'
➜ Explicit dependency on target 'spfk-utils_SPFKUtils' in project 'spfk-utils'
➜ Explicit dependency on target 'SPFKFileSystem' in project 'spfk-filesystem'
➜ Explicit dependency on target 'SPFKImage' in project 'spfk-image'
➜ Explicit dependency on target 'AEXML' in project 'AEXML'
Target 'SPFKUtils' in project 'spfk-utils'
➜ Explicit dependency on target 'spfk-utils_SPFKUtils' in project 'spfk-utils'
➜ Explicit dependency on target 'SPFKFileSystem' in project 'spfk-filesystem'
➜ Explicit dependency on target 'SPFKImage' in project 'spfk-image'
➜ Explicit dependency on target 'AEXML' in project 'AEXML'
Target 'AEXML' in project 'AEXML'
➜ Explicit dependency on target 'AEXML' in project 'AEXML'
Target 'AEXML' in project 'AEXML' (no dependencies)
Target 'spfk-utils_SPFKUtils' in project 'spfk-utils' (no dependencies)
Target 'SPFKImage' in project 'spfk-image'
➜ Explicit dependency on target 'SPFKImage' in project 'spfk-image'
➜ Explicit dependency on target 'SPFKBase' in project 'spfk-base'
➜ Explicit dependency on target 'SPFKFileSystem' in project 'spfk-filesystem'
Target 'SPFKImage' in project 'spfk-image'
➜ Explicit dependency on target 'SPFKBase' in project 'spfk-base'
➜ Explicit dependency on target 'SPFKFileSystem' in project 'spfk-filesystem'
Target 'SPFKAudioBase' in project 'spfk-audio-base'
➜ Explicit dependency on target 'SPFKAudioBase' in project 'spfk-audio-base'
➜ Explicit dependency on target 'spfk-audio-base_SPFKAudioBase' in project 'spfk-audio-base'
➜ Explicit dependency on target 'SPFKBase' in project 'spfk-base'
➜ Explicit dependency on target 'SPFKFileSystem' in project 'spfk-filesystem'
Target 'SPFKAudioBase' in project 'spfk-audio-base'
➜ Explicit dependency on target 'spfk-audio-base_SPFKAudioBase' in project 'spfk-audio-base'
➜ Explicit dependency on target 'SPFKBase' in project 'spfk-base'
➜ Explicit dependency on target 'SPFKFileSystem' in project 'spfk-filesystem'
Target 'SPFKFileSystem' in project 'spfk-filesystem'
➜ Explicit dependency on target 'SPFKFileSystem' in project 'spfk-filesystem'
➜ Explicit dependency on target 'spfk-filesystem_SPFKFileSystem' in project 'spfk-filesystem'
➜ Explicit dependency on target 'SPFKBase' in project 'spfk-base'
➜ Explicit dependency on target 'SwiftExtensions' in project 'swift-extensions'
➜ Explicit dependency on target 'XAttr' in project 'XAttr'
Target 'SPFKFileSystem' in project 'spfk-filesystem'
➜ Explicit dependency on target 'spfk-filesystem_SPFKFileSystem' in project 'spfk-filesystem'
➜ Explicit dependency on target 'SPFKBase' in project 'spfk-base'
➜ Explicit dependency on target 'SwiftExtensions' in project 'swift-extensions'
➜ Explicit dependency on target 'XAttr' in project 'XAttr'
Target 'XAttr' in project 'XAttr'
➜ Explicit dependency on target 'XAttr' in project 'XAttr'
Target 'XAttr' in project 'XAttr' (no dependencies)
Target 'spfk-filesystem_SPFKFileSystem' in project 'spfk-filesystem' (no dependencies)
Target 'SPFKBase' in project 'spfk-base'
➜ Explicit dependency on target 'SPFKBase' in project 'spfk-base'
➜ Explicit dependency on target 'SPFKBaseC' in project 'spfk-base'
➜ Explicit dependency on target 'SwiftExtensions' in project 'swift-extensions'
➜ Explicit dependency on target 'Numerics' in project 'swift-numerics'
➜ Explicit dependency on target 'Collections' in project 'swift-collections'
➜ Explicit dependency on target 'AsyncAlgorithms' in project 'swift-async-algorithms'
Target 'SPFKBase' in project 'spfk-base'
➜ Explicit dependency on target 'SPFKBaseC' in project 'spfk-base'
➜ Explicit dependency on target 'SwiftExtensions' in project 'swift-extensions'
➜ Explicit dependency on target 'Numerics' in project 'swift-numerics'
➜ Explicit dependency on target 'Collections' in project 'swift-collections'
➜ Explicit dependency on target 'AsyncAlgorithms' in project 'swift-async-algorithms'
Target 'AsyncAlgorithms' in project 'swift-async-algorithms'
➜ Explicit dependency on target 'AsyncAlgorithms' in project 'swift-async-algorithms'
➜ Explicit dependency on target 'OrderedCollections' in project 'swift-collections'
➜ Explicit dependency on target 'DequeModule' in project 'swift-collections'
Target 'AsyncAlgorithms' in project 'swift-async-algorithms'
➜ Explicit dependency on target 'OrderedCollections' in project 'swift-collections'
➜ Explicit dependency on target 'DequeModule' in project 'swift-collections'
Target 'DequeModule' in project 'swift-collections'
➜ Explicit dependency on target 'DequeModule' in project 'swift-collections'
➜ Explicit dependency on target 'InternalCollectionsUtilities' in project 'swift-collections'
➜ Explicit dependency on target 'SpanPreview' in project 'swift-collections'
Target 'OrderedCollections' in project 'swift-collections'
➜ Explicit dependency on target 'OrderedCollections' in project 'swift-collections'
➜ Explicit dependency on target 'InternalCollectionsUtilities' in project 'swift-collections'
Target 'Collections' in project 'swift-collections'
➜ Explicit dependency on target 'Collections' in project 'swift-collections'
➜ Explicit dependency on target 'InternalCollectionsUtilities' in project 'swift-collections'
➜ Explicit dependency on target 'BitCollections' in project 'swift-collections'
➜ Explicit dependency on target 'SpanPreview' in project 'swift-collections'
➜ Explicit dependency on target 'DequeModule' in project 'swift-collections'
➜ Explicit dependency on target 'HashTreeCollections' in project 'swift-collections'
➜ Explicit dependency on target 'HeapModule' in project 'swift-collections'
➜ Explicit dependency on target 'OrderedCollections' in project 'swift-collections'
➜ Explicit dependency on target '_RopeModule' in project 'swift-collections'
Target 'Collections' in project 'swift-collections'
➜ Explicit dependency on target 'InternalCollectionsUtilities' in project 'swift-collections'
➜ Explicit dependency on target 'BitCollections' in project 'swift-collections'
➜ Explicit dependency on target 'SpanPreview' in project 'swift-collections'
➜ Explicit dependency on target 'DequeModule' in project 'swift-collections'
➜ Explicit dependency on target 'HashTreeCollections' in project 'swift-collections'
➜ Explicit dependency on target 'HeapModule' in project 'swift-collections'
➜ Explicit dependency on target 'OrderedCollections' in project 'swift-collections'
➜ Explicit dependency on target '_RopeModule' in project 'swift-collections'
Target '_RopeModule' in project 'swift-collections'
➜ Explicit dependency on target 'InternalCollectionsUtilities' in project 'swift-collections'
Target 'OrderedCollections' in project 'swift-collections'
➜ Explicit dependency on target 'InternalCollectionsUtilities' in project 'swift-collections'
Target 'HeapModule' in project 'swift-collections'
➜ Explicit dependency on target 'InternalCollectionsUtilities' in project 'swift-collections'
Target 'HashTreeCollections' in project 'swift-collections'
➜ Explicit dependency on target 'InternalCollectionsUtilities' in project 'swift-collections'
Target 'DequeModule' in project 'swift-collections'
➜ Explicit dependency on target 'InternalCollectionsUtilities' in project 'swift-collections'
➜ Explicit dependency on target 'SpanPreview' in project 'swift-collections'
Target 'SpanPreview' in project 'swift-collections'
➜ Explicit dependency on target 'InternalCollectionsUtilities' in project 'swift-collections'
Target 'BitCollections' in project 'swift-collections'
➜ Explicit dependency on target 'InternalCollectionsUtilities' in project 'swift-collections'
Target 'InternalCollectionsUtilities' in project 'swift-collections' (no dependencies)
Target 'Numerics' in project 'swift-numerics'
➜ Explicit dependency on target 'Numerics' in project 'swift-numerics'
➜ Explicit dependency on target '_NumericsShims' in project 'swift-numerics'
➜ Explicit dependency on target 'RealModule' in project 'swift-numerics'
➜ Explicit dependency on target 'ComplexModule' in project 'swift-numerics'
Target 'Numerics' in project 'swift-numerics'
➜ Explicit dependency on target '_NumericsShims' in project 'swift-numerics'
➜ Explicit dependency on target 'RealModule' in project 'swift-numerics'
➜ Explicit dependency on target 'ComplexModule' in project 'swift-numerics'
Target 'ComplexModule' in project 'swift-numerics'
➜ Explicit dependency on target '_NumericsShims' in project 'swift-numerics'
➜ Explicit dependency on target 'RealModule' in project 'swift-numerics'
Target 'RealModule' in project 'swift-numerics'
➜ Explicit dependency on target '_NumericsShims' in project 'swift-numerics'
Target '_NumericsShims' in project 'swift-numerics' (no dependencies)
Target 'SwiftExtensions' in project 'swift-extensions'
➜ Explicit dependency on target 'SwiftExtensions' in project 'swift-extensions'
➜ Explicit dependency on target 'SwiftDataParsing' in project 'swift-data-parsing'
Target 'SwiftExtensions' in project 'swift-extensions'
➜ Explicit dependency on target 'SwiftDataParsing' in project 'swift-data-parsing'
Target 'SwiftDataParsing' in project 'swift-data-parsing'
➜ Explicit dependency on target 'SwiftDataParsing' in project 'swift-data-parsing'
Target 'SwiftDataParsing' in project 'swift-data-parsing' (no dependencies)
Target 'SPFKBaseC' in project 'spfk-base' (no dependencies)
Target 'spfk-audio-base_SPFKAudioBase' in project 'spfk-audio-base' (no dependencies)
GatherProvisioningInputs
CreateBuildDescription
ClangStatCache /Applications/Xcode-26.5.0.app/Contents/Developer/Toolchains/XcodeDefault.xctoolchain/usr/bin/clang-stat-cache /Applications/Xcode-26.5.0.app/Contents/Developer/Platforms/XROS.platform/Developer/SDKs/XROS26.5.sdk /Users/admin/builder/spi-builder-workspace/.derivedData/SDKStatCaches.noindex/xros26.5-23O469-688ef53f1462e2c8f657fdc38a81448f73f9c068cd48276448ef291a7ea74bec.sdkstatcache
cd /Users/admin/builder/spi-builder-workspace/.swiftpm/xcode
/Applications/Xcode-26.5.0.app/Contents/Developer/Toolchains/XcodeDefault.xctoolchain/usr/bin/clang-stat-cache /Applications/Xcode-26.5.0.app/Contents/Developer/Platforms/XROS.platform/Developer/SDKs/XROS26.5.sdk -o /Users/admin/builder/spi-builder-workspace/.derivedData/SDKStatCaches.noindex/xros26.5-23O469-688ef53f1462e2c8f657fdc38a81448f73f9c068cd48276448ef291a7ea74bec.sdkstatcache
SwiftDriver SPFKAudioBase normal arm64 com.apple.xcode.tools.swift.compiler (in target 'SPFKAudioBase' from project 'spfk-audio-base')
cd /Users/admin/builder/spi-builder-workspace/.swiftpm/xcode
builtin-SwiftDriver -- /Applications/Xcode-26.5.0.app/Contents/Developer/Toolchains/XcodeDefault.xctoolchain/usr/bin/swiftc -module-name SPFKAudioBase -Onone @/Users/admin/builder/spi-builder-workspace/.derivedData/Build/Intermediates.noindex/spfk-audio-base.build/Debug-xros/SPFKAudioBase.build/Objects-normal/arm64/SPFKAudioBase.SwiftFileList -DSWIFT_PACKAGE -DDEBUG -DSWIFT_MODULE_RESOURCE_BUNDLE_AVAILABLE -Xcc -fmodule-map-file\=/Users/admin/builder/spi-builder-workspace/.derivedData/Build/Intermediates.noindex/GeneratedModuleMaps-xros/SPFKBaseC.modulemap -DXcode -plugin-path /Applications/Xcode-26.5.0.app/Contents/Developer/Toolchains/XcodeDefault.xctoolchain/usr/lib/swift/host/plugins/testing -enable-experimental-feature DebugDescriptionMacro -sdk /Applications/Xcode-26.5.0.app/Contents/Developer/Platforms/XROS.platform/Developer/SDKs/XROS26.5.sdk -target arm64-apple-xros1.0 -g -module-cache-path /Users/admin/builder/spi-builder-workspace/.derivedData/ModuleCache.noindex -Xfrontend -serialize-debugging-options -profile-coverage-mapping -profile-generate -enable-testing -suppress-warnings -index-store-path /Users/admin/builder/spi-builder-workspace/.derivedData/Index.noindex/DataStore -Xcc -D_LIBCPP_HARDENING_MODE\=_LIBCPP_HARDENING_MODE_DEBUG -swift-version 6 -I /Users/admin/builder/spi-builder-workspace/.derivedData/Build/Products/Debug-xros -Isystem /Applications/Xcode-26.5.0.app/Contents/Developer/Platforms/XROS.platform/Developer/usr/lib -F /Users/admin/builder/spi-builder-workspace/.derivedData/Build/Products/Debug-xros/PackageFrameworks -F /Users/admin/builder/spi-builder-workspace/.derivedData/Build/Products/Debug-xros/PackageFrameworks -F /Users/admin/builder/spi-builder-workspace/.derivedData/Build/Products/Debug-xros/PackageFrameworks -F /Users/admin/builder/spi-builder-workspace/.derivedData/Build/Products/Debug-xros/PackageFrameworks -F /Users/admin/builder/spi-builder-workspace/.derivedData/Build/Products/Debug-xros/PackageFrameworks -F /Users/admin/builder/spi-builder-workspace/.derivedData/Build/Products/Debug-xros/PackageFrameworks -F /Users/admin/builder/spi-builder-workspace/.derivedData/Build/Products/Debug-xros/PackageFrameworks -F /Users/admin/builder/spi-builder-workspace/.derivedData/Build/Products/Debug-xros/PackageFrameworks -F /Users/admin/builder/spi-builder-workspace/.derivedData/Build/Products/Debug-xros/PackageFrameworks -F /Users/admin/builder/spi-builder-workspace/.derivedData/Build/Products/Debug-xros/PackageFrameworks -F /Users/admin/builder/spi-builder-workspace/.derivedData/Build/Products/Debug-xros/PackageFrameworks -F /Users/admin/builder/spi-builder-workspace/.derivedData/Build/Products/Debug-xros/PackageFrameworks -F /Users/admin/builder/spi-builder-workspace/.derivedData/Build/Products/Debug-xros/PackageFrameworks -F /Users/admin/builder/spi-builder-workspace/.derivedData/Build/Products/Debug-xros/PackageFrameworks -F /Users/admin/builder/spi-builder-workspace/.derivedData/Build/Products/Debug-xros/PackageFrameworks -F /Users/admin/builder/spi-builder-workspace/.derivedData/Build/Products/Debug-xros/PackageFrameworks -F /Users/admin/builder/spi-builder-workspace/.derivedData/Build/Products/Debug-xros/PackageFrameworks -F /Users/admin/builder/spi-builder-workspace/.derivedData/Build/Products/Debug-xros/PackageFrameworks -F /Users/admin/builder/spi-builder-workspace/.derivedData/Build/Products/Debug-xros/PackageFrameworks -F /Users/admin/builder/spi-builder-workspace/.derivedData/Build/Products/Debug-xros/PackageFrameworks -F /Users/admin/builder/spi-builder-workspace/.derivedData/Build/Products/Debug-xros -F /Applications/Xcode-26.5.0.app/Contents/Developer/Platforms/XROS.platform/Developer/Library/Frameworks -F /Applications/Xcode-26.5.0.app/Contents/Developer/Platforms/XROS.platform/Developer/SDKs/XROS26.5.sdk/Developer/Library/Frameworks -emit-localized-strings -emit-localized-strings-path /Users/admin/builder/spi-builder-workspace/.derivedData/Build/Intermediates.noindex/spfk-audio-base.build/Debug-xros/SPFKAudioBase.build/Objects-normal/arm64 -c -j10 -enable-batch-mode -incremental -Xcc -ivfsstatcache -Xcc /Users/admin/builder/spi-builder-workspace/.derivedData/SDKStatCaches.noindex/xros26.5-23O469-688ef53f1462e2c8f657fdc38a81448f73f9c068cd48276448ef291a7ea74bec.sdkstatcache -output-file-map /Users/admin/builder/spi-builder-workspace/.derivedData/Build/Intermediates.noindex/spfk-audio-base.build/Debug-xros/SPFKAudioBase.build/Objects-normal/arm64/SPFKAudioBase-OutputFileMap.json -use-frontend-parseable-output -save-temps -no-color-diagnostics -explicit-module-build -module-cache-path /Users/admin/builder/spi-builder-workspace/.derivedData/Build/Intermediates.noindex/SwiftExplicitPrecompiledModules -clang-scanner-module-cache-path /Users/admin/builder/spi-builder-workspace/.derivedData/ModuleCache.noindex -sdk-module-cache-path /Users/admin/builder/spi-builder-workspace/.derivedData/ModuleCache.noindex -serialize-diagnostics -emit-dependencies -emit-module -emit-module-path /Users/admin/builder/spi-builder-workspace/.derivedData/Build/Intermediates.noindex/spfk-audio-base.build/Debug-xros/SPFKAudioBase.build/Objects-normal/arm64/SPFKAudioBase.swiftmodule -user-module-version 1.18.0 -validate-clang-modules-once -clang-build-session-file /Users/admin/builder/spi-builder-workspace/.derivedData/ModuleCache.noindex/Session.modulevalidation -package-name spfk_audio_base -Xcc -I/Users/admin/builder/spi-builder-workspace/.derivedData/Build/Intermediates.noindex/spfk-audio-base.build/Debug-xros/SPFKAudioBase.build/swift-overrides.hmap -emit-const-values -Xfrontend -const-gather-protocols-file -Xfrontend /Users/admin/builder/spi-builder-workspace/.derivedData/Build/Intermediates.noindex/spfk-audio-base.build/Debug-xros/SPFKAudioBase.build/Objects-normal/arm64/SPFKAudioBase_const_extract_protocols.json -Xcc -I/Users/admin/builder/spi-builder-workspace/.dependencies/checkouts/swift-numerics/Sources/_NumericsShims/include -Xcc -I/Users/admin/builder/spi-builder-workspace/.dependencies/checkouts/spfk-base/Sources/SPFKBaseC/include -Xcc -I/Users/admin/builder/spi-builder-workspace/.derivedData/Build/Products/Debug-xros/include -Xcc -I/Users/admin/builder/spi-builder-workspace/.derivedData/Build/Intermediates.noindex/spfk-audio-base.build/Debug-xros/SPFKAudioBase.build/DerivedSources-normal/arm64 -Xcc -I/Users/admin/builder/spi-builder-workspace/.derivedData/Build/Intermediates.noindex/spfk-audio-base.build/Debug-xros/SPFKAudioBase.build/DerivedSources/arm64 -Xcc -I/Users/admin/builder/spi-builder-workspace/.derivedData/Build/Intermediates.noindex/spfk-audio-base.build/Debug-xros/SPFKAudioBase.build/DerivedSources -Xcc -DSWIFT_PACKAGE -Xcc -DDEBUG\=1 -emit-objc-header -emit-objc-header-path /Users/admin/builder/spi-builder-workspace/.derivedData/Build/Intermediates.noindex/spfk-audio-base.build/Debug-xros/SPFKAudioBase.build/Objects-normal/arm64/SPFKAudioBase-Swift.h -working-directory /Users/admin/builder/spi-builder-workspace/.swiftpm/xcode -experimental-emit-module-separately -disable-cmo
SwiftDriver SPFKVideo normal arm64 com.apple.xcode.tools.swift.compiler (in target 'SPFKVideo' from project 'spfk-video')
cd /Users/admin/builder/spi-builder-workspace/.swiftpm/xcode
builtin-SwiftDriver -- /Applications/Xcode-26.5.0.app/Contents/Developer/Toolchains/XcodeDefault.xctoolchain/usr/bin/swiftc -module-name SPFKVideo -Onone @/Users/admin/builder/spi-builder-workspace/.derivedData/Build/Intermediates.noindex/spfk-video.build/Debug-xros/SPFKVideo.build/Objects-normal/arm64/SPFKVideo.SwiftFileList -DSWIFT_PACKAGE -DDEBUG -DSWIFT_MODULE_RESOURCE_BUNDLE_AVAILABLE -Xcc -fmodule-map-file\=/Users/admin/builder/spi-builder-workspace/.derivedData/Build/Intermediates.noindex/GeneratedModuleMaps-xros/SPFKBaseC.modulemap -DXcode -plugin-path /Applications/Xcode-26.5.0.app/Contents/Developer/Toolchains/XcodeDefault.xctoolchain/usr/lib/swift/host/plugins/testing -enable-experimental-feature DebugDescriptionMacro -sdk /Applications/Xcode-26.5.0.app/Contents/Developer/Platforms/XROS.platform/Developer/SDKs/XROS26.5.sdk -target arm64-apple-xros1.0 -g -module-cache-path /Users/admin/builder/spi-builder-workspace/.derivedData/ModuleCache.noindex -Xfrontend -serialize-debugging-options -profile-coverage-mapping -profile-generate -enable-testing -suppress-warnings -index-store-path /Users/admin/builder/spi-builder-workspace/.derivedData/Index.noindex/DataStore -Xcc -D_LIBCPP_HARDENING_MODE\=_LIBCPP_HARDENING_MODE_DEBUG -swift-version 6 -I /Users/admin/builder/spi-builder-workspace/.derivedData/Build/Products/Debug-xros -Isystem /Applications/Xcode-26.5.0.app/Contents/Developer/Platforms/XROS.platform/Developer/usr/lib -F /Users/admin/builder/spi-builder-workspace/.derivedData/Build/Products/Debug-xros/PackageFrameworks -F /Users/admin/builder/spi-builder-workspace/.derivedData/Build/Products/Debug-xros/PackageFrameworks -F /Users/admin/builder/spi-builder-workspace/.derivedData/Build/Products/Debug-xros/PackageFrameworks -F /Users/admin/builder/spi-builder-workspace/.derivedData/Build/Products/Debug-xros/PackageFrameworks -F /Users/admin/builder/spi-builder-workspace/.derivedData/Build/Products/Debug-xros/PackageFrameworks -F /Users/admin/builder/spi-builder-workspace/.derivedData/Build/Products/Debug-xros/PackageFrameworks -F /Users/admin/builder/spi-builder-workspace/.derivedData/Build/Products/Debug-xros/PackageFrameworks -F /Users/admin/builder/spi-builder-workspace/.derivedData/Build/Products/Debug-xros/PackageFrameworks -F /Users/admin/builder/spi-builder-workspace/.derivedData/Build/Products/Debug-xros/PackageFrameworks -F /Users/admin/builder/spi-builder-workspace/.derivedData/Build/Products/Debug-xros/PackageFrameworks -F /Users/admin/builder/spi-builder-workspace/.derivedData/Build/Products/Debug-xros/PackageFrameworks -F /Users/admin/builder/spi-builder-workspace/.derivedData/Build/Products/Debug-xros/PackageFrameworks -F /Users/admin/builder/spi-builder-workspace/.derivedData/Build/Products/Debug-xros/PackageFrameworks -F /Users/admin/builder/spi-builder-workspace/.derivedData/Build/Products/Debug-xros/PackageFrameworks -F /Users/admin/builder/spi-builder-workspace/.derivedData/Build/Products/Debug-xros/PackageFrameworks -F /Users/admin/builder/spi-builder-workspace/.derivedData/Build/Products/Debug-xros/PackageFrameworks -F /Users/admin/builder/spi-builder-workspace/.derivedData/Build/Products/Debug-xros/PackageFrameworks -F /Users/admin/builder/spi-builder-workspace/.derivedData/Build/Products/Debug-xros/PackageFrameworks -F /Users/admin/builder/spi-builder-workspace/.derivedData/Build/Products/Debug-xros/PackageFrameworks -F /Users/admin/builder/spi-builder-workspace/.derivedData/Build/Products/Debug-xros/PackageFrameworks -F /Users/admin/builder/spi-builder-workspace/.derivedData/Build/Products/Debug-xros/PackageFrameworks -F /Users/admin/builder/spi-builder-workspace/.derivedData/Build/Products/Debug-xros/PackageFrameworks -F /Users/admin/builder/spi-builder-workspace/.derivedData/Build/Products/Debug-xros -F /Applications/Xcode-26.5.0.app/Contents/Developer/Platforms/XROS.platform/Developer/Library/Frameworks -F /Applications/Xcode-26.5.0.app/Contents/Developer/Platforms/XROS.platform/Developer/SDKs/XROS26.5.sdk/Developer/Library/Frameworks -emit-localized-strings -emit-localized-strings-path /Users/admin/builder/spi-builder-workspace/.derivedData/Build/Intermediates.noindex/spfk-video.build/Debug-xros/SPFKVideo.build/Objects-normal/arm64 -c -j10 -enable-batch-mode -incremental -Xcc -ivfsstatcache -Xcc /Users/admin/builder/spi-builder-workspace/.derivedData/SDKStatCaches.noindex/xros26.5-23O469-688ef53f1462e2c8f657fdc38a81448f73f9c068cd48276448ef291a7ea74bec.sdkstatcache -output-file-map /Users/admin/builder/spi-builder-workspace/.derivedData/Build/Intermediates.noindex/spfk-video.build/Debug-xros/SPFKVideo.build/Objects-normal/arm64/SPFKVideo-OutputFileMap.json -use-frontend-parseable-output -save-temps -no-color-diagnostics -explicit-module-build -module-cache-path /Users/admin/builder/spi-builder-workspace/.derivedData/Build/Intermediates.noindex/SwiftExplicitPrecompiledModules -clang-scanner-module-cache-path /Users/admin/builder/spi-builder-workspace/.derivedData/ModuleCache.noindex -sdk-module-cache-path /Users/admin/builder/spi-builder-workspace/.derivedData/ModuleCache.noindex -serialize-diagnostics -emit-dependencies -emit-module -emit-module-path /Users/admin/builder/spi-builder-workspace/.derivedData/Build/Intermediates.noindex/spfk-video.build/Debug-xros/SPFKVideo.build/Objects-normal/arm64/SPFKVideo.swiftmodule -user-module-version 1.14.0 -validate-clang-modules-once -clang-build-session-file /Users/admin/builder/spi-builder-workspace/.derivedData/ModuleCache.noindex/Session.modulevalidation -package-name spfk_video -Xcc -I/Users/admin/builder/spi-builder-workspace/.derivedData/Build/Intermediates.noindex/spfk-video.build/Debug-xros/SPFKVideo.build/swift-overrides.hmap -emit-const-values -Xfrontend -const-gather-protocols-file -Xfrontend /Users/admin/builder/spi-builder-workspace/.derivedData/Build/Intermediates.noindex/spfk-video.build/Debug-xros/SPFKVideo.build/Objects-normal/arm64/SPFKVideo_const_extract_protocols.json -Xcc -I/Users/admin/builder/spi-builder-workspace/.dependencies/checkouts/swift-numerics/Sources/_NumericsShims/include -Xcc -I/Users/admin/builder/spi-builder-workspace/.dependencies/checkouts/spfk-base/Sources/SPFKBaseC/include -Xcc -I/Users/admin/builder/spi-builder-workspace/.derivedData/Build/Products/Debug-xros/include -Xcc -I/Users/admin/builder/spi-builder-workspace/.derivedData/Build/Intermediates.noindex/spfk-video.build/Debug-xros/SPFKVideo.build/DerivedSources-normal/arm64 -Xcc -I/Users/admin/builder/spi-builder-workspace/.derivedData/Build/Intermediates.noindex/spfk-video.build/Debug-xros/SPFKVideo.build/DerivedSources/arm64 -Xcc -I/Users/admin/builder/spi-builder-workspace/.derivedData/Build/Intermediates.noindex/spfk-video.build/Debug-xros/SPFKVideo.build/DerivedSources -Xcc -DSWIFT_PACKAGE -Xcc -DDEBUG\=1 -emit-objc-header -emit-objc-header-path /Users/admin/builder/spi-builder-workspace/.derivedData/Build/Intermediates.noindex/spfk-video.build/Debug-xros/SPFKVideo.build/Objects-normal/arm64/SPFKVideo-Swift.h -working-directory /Users/admin/builder/spi-builder-workspace/.swiftpm/xcode -experimental-emit-module-separately -disable-cmo
SwiftDriver SPFKImage normal arm64 com.apple.xcode.tools.swift.compiler (in target 'SPFKImage' from project 'spfk-image')
cd /Users/admin/builder/spi-builder-workspace/.swiftpm/xcode
builtin-SwiftDriver -- /Applications/Xcode-26.5.0.app/Contents/Developer/Toolchains/XcodeDefault.xctoolchain/usr/bin/swiftc -module-name SPFKImage -Onone @/Users/admin/builder/spi-builder-workspace/.derivedData/Build/Intermediates.noindex/spfk-image.build/Debug-xros/SPFKImage.build/Objects-normal/arm64/SPFKImage.SwiftFileList -DSWIFT_PACKAGE -DDEBUG -DSWIFT_MODULE_RESOURCE_BUNDLE_UNAVAILABLE -Xcc -fmodule-map-file\=/Users/admin/builder/spi-builder-workspace/.derivedData/Build/Intermediates.noindex/GeneratedModuleMaps-xros/SPFKBaseC.modulemap -DXcode -plugin-path /Applications/Xcode-26.5.0.app/Contents/Developer/Toolchains/XcodeDefault.xctoolchain/usr/lib/swift/host/plugins/testing -enable-experimental-feature DebugDescriptionMacro -sdk /Applications/Xcode-26.5.0.app/Contents/Developer/Platforms/XROS.platform/Developer/SDKs/XROS26.5.sdk -target arm64-apple-xros1.0 -g -module-cache-path /Users/admin/builder/spi-builder-workspace/.derivedData/ModuleCache.noindex -Xfrontend -serialize-debugging-options -profile-coverage-mapping -profile-generate -enable-testing -suppress-warnings -index-store-path /Users/admin/builder/spi-builder-workspace/.derivedData/Index.noindex/DataStore -Xcc -D_LIBCPP_HARDENING_MODE\=_LIBCPP_HARDENING_MODE_DEBUG -swift-version 6 -I /Users/admin/builder/spi-builder-workspace/.derivedData/Build/Products/Debug-xros -Isystem /Applications/Xcode-26.5.0.app/Contents/Developer/Platforms/XROS.platform/Developer/usr/lib -F /Users/admin/builder/spi-builder-workspace/.derivedData/Build/Products/Debug-xros/PackageFrameworks -F /Users/admin/builder/spi-builder-workspace/.derivedData/Build/Products/Debug-xros/PackageFrameworks -F /Users/admin/builder/spi-builder-workspace/.derivedData/Build/Products/Debug-xros/PackageFrameworks -F /Users/admin/builder/spi-builder-workspace/.derivedData/Build/Products/Debug-xros/PackageFrameworks -F /Users/admin/builder/spi-builder-workspace/.derivedData/Build/Products/Debug-xros/PackageFrameworks -F /Users/admin/builder/spi-builder-workspace/.derivedData/Build/Products/Debug-xros/PackageFrameworks -F /Users/admin/builder/spi-builder-workspace/.derivedData/Build/Products/Debug-xros/PackageFrameworks -F /Users/admin/builder/spi-builder-workspace/.derivedData/Build/Products/Debug-xros/PackageFrameworks -F /Users/admin/builder/spi-builder-workspace/.derivedData/Build/Products/Debug-xros/PackageFrameworks -F /Users/admin/builder/spi-builder-workspace/.derivedData/Build/Products/Debug-xros/PackageFrameworks -F /Users/admin/builder/spi-builder-workspace/.derivedData/Build/Products/Debug-xros/PackageFrameworks -F /Users/admin/builder/spi-builder-workspace/.derivedData/Build/Products/Debug-xros/PackageFrameworks -F /Users/admin/builder/spi-builder-workspace/.derivedData/Build/Products/Debug-xros/PackageFrameworks -F /Users/admin/builder/spi-builder-workspace/.derivedData/Build/Products/Debug-xros/PackageFrameworks -F /Users/admin/builder/spi-builder-workspace/.derivedData/Build/Products/Debug-xros/PackageFrameworks -F /Users/admin/builder/spi-builder-workspace/.derivedData/Build/Products/Debug-xros/PackageFrameworks -F /Users/admin/builder/spi-builder-workspace/.derivedData/Build/Products/Debug-xros/PackageFrameworks -F /Users/admin/builder/spi-builder-workspace/.derivedData/Build/Products/Debug-xros/PackageFrameworks -F /Users/admin/builder/spi-builder-workspace/.derivedData/Build/Products/Debug-xros/PackageFrameworks -F /Users/admin/builder/spi-builder-workspace/.derivedData/Build/Products/Debug-xros/PackageFrameworks -F /Users/admin/builder/spi-builder-workspace/.derivedData/Build/Products/Debug-xros -F /Applications/Xcode-26.5.0.app/Contents/Developer/Platforms/XROS.platform/Developer/Library/Frameworks -F /Applications/Xcode-26.5.0.app/Contents/Developer/Platforms/XROS.platform/Developer/SDKs/XROS26.5.sdk/Developer/Library/Frameworks -c -j10 -enable-batch-mode -incremental -Xcc -ivfsstatcache -Xcc /Users/admin/builder/spi-builder-workspace/.derivedData/SDKStatCaches.noindex/xros26.5-23O469-688ef53f1462e2c8f657fdc38a81448f73f9c068cd48276448ef291a7ea74bec.sdkstatcache -output-file-map /Users/admin/builder/spi-builder-workspace/.derivedData/Build/Intermediates.noindex/spfk-image.build/Debug-xros/SPFKImage.build/Objects-normal/arm64/SPFKImage-OutputFileMap.json -use-frontend-parseable-output -save-temps -no-color-diagnostics -explicit-module-build -module-cache-path /Users/admin/builder/spi-builder-workspace/.derivedData/Build/Intermediates.noindex/SwiftExplicitPrecompiledModules -clang-scanner-module-cache-path /Users/admin/builder/spi-builder-workspace/.derivedData/ModuleCache.noindex -sdk-module-cache-path /Users/admin/builder/spi-builder-workspace/.derivedData/ModuleCache.noindex -serialize-diagnostics -emit-dependencies -emit-module -emit-module-path /Users/admin/builder/spi-builder-workspace/.derivedData/Build/Intermediates.noindex/spfk-image.build/Debug-xros/SPFKImage.build/Objects-normal/arm64/SPFKImage.swiftmodule -user-module-version 0.3.1 -validate-clang-modules-once -clang-build-session-file /Users/admin/builder/spi-builder-workspace/.derivedData/ModuleCache.noindex/Session.modulevalidation -package-name spfk_image -Xcc -I/Users/admin/builder/spi-builder-workspace/.derivedData/Build/Intermediates.noindex/spfk-image.build/Debug-xros/SPFKImage.build/swift-overrides.hmap -emit-const-values -Xfrontend -const-gather-protocols-file -Xfrontend /Users/admin/builder/spi-builder-workspace/.derivedData/Build/Intermediates.noindex/spfk-image.build/Debug-xros/SPFKImage.build/Objects-normal/arm64/SPFKImage_const_extract_protocols.json -Xcc -I/Users/admin/builder/spi-builder-workspace/.dependencies/checkouts/swift-numerics/Sources/_NumericsShims/include -Xcc -I/Users/admin/builder/spi-builder-workspace/.dependencies/checkouts/spfk-base/Sources/SPFKBaseC/include -Xcc -I/Users/admin/builder/spi-builder-workspace/.derivedData/Build/Products/Debug-xros/include -Xcc -I/Users/admin/builder/spi-builder-workspace/.derivedData/Build/Intermediates.noindex/spfk-image.build/Debug-xros/SPFKImage.build/DerivedSources-normal/arm64 -Xcc -I/Users/admin/builder/spi-builder-workspace/.derivedData/Build/Intermediates.noindex/spfk-image.build/Debug-xros/SPFKImage.build/DerivedSources/arm64 -Xcc -I/Users/admin/builder/spi-builder-workspace/.derivedData/Build/Intermediates.noindex/spfk-image.build/Debug-xros/SPFKImage.build/DerivedSources -Xcc -DSWIFT_PACKAGE -Xcc -DDEBUG\=1 -emit-objc-header -emit-objc-header-path /Users/admin/builder/spi-builder-workspace/.derivedData/Build/Intermediates.noindex/spfk-image.build/Debug-xros/SPFKImage.build/Objects-normal/arm64/SPFKImage-Swift.h -working-directory /Users/admin/builder/spi-builder-workspace/.swiftpm/xcode -experimental-emit-module-separately -disable-cmo
SwiftExplicitDependencyGeneratePcm arm64 /Users/admin/builder/spi-builder-workspace/.derivedData/ModuleCache.noindex/Accelerate-5F480TM2YQ695HPVVA94BWOIF.pcm
SwiftCompile normal arm64 Compiling\ resource_bundle_accessor.swift,\ AVAsset+StartTimecode.swift,\ AudioTrackDescription.swift /Users/admin/builder/spi-builder-workspace/.derivedData/Build/Intermediates.noindex/spfk-video.build/Debug-xros/SPFKVideo.build/DerivedSources/resource_bundle_accessor.swift /Users/admin/builder/spi-builder-workspace/.dependencies/checkouts/spfk-video/Sources/SPFKVideo/AVAsset+StartTimecode.swift /Users/admin/builder/spi-builder-workspace/.dependencies/checkouts/spfk-video/Sources/SPFKVideo/AudioTrackDescription.swift (in target 'SPFKVideo' from project 'spfk-video')
Failed frontend command:
/Applications/Xcode-26.5.0.app/Contents/Developer/Toolchains/XcodeDefault.xctoolchain/usr/bin/swift-frontend -frontend -c -primary-file /Users/admin/builder/spi-builder-workspace/.derivedData/Build/Intermediates.noindex/spfk-video.build/Debug-xros/SPFKVideo.build/DerivedSources/resource_bundle_accessor.swift -primary-file /Users/admin/builder/spi-builder-workspace/.dependencies/checkouts/spfk-video/Sources/SPFKVideo/AVAsset+StartTimecode.swift -primary-file /Users/admin/builder/spi-builder-workspace/.dependencies/checkouts/spfk-video/Sources/SPFKVideo/AudioTrackDescription.swift /Users/admin/builder/spi-builder-workspace/.dependencies/checkouts/spfk-video/Sources/SPFKVideo/AudioTrackFormat.swift /Users/admin/builder/spi-builder-workspace/.dependencies/checkouts/spfk-video/Sources/SPFKVideo/AudioTrackReader.swift /Users/admin/builder/spi-builder-workspace/.dependencies/checkouts/spfk-video/Sources/SPFKVideo/FrameStore/VideoFrameCodec.swift /Users/admin/builder/spi-builder-workspace/.dependencies/checkouts/spfk-video/Sources/SPFKVideo/FrameStore/VideoFrameDataStore.swift /Users/admin/builder/spi-builder-workspace/.dependencies/checkouts/spfk-video/Sources/SPFKVideo/FrameStore/VideoFrameDataStoreAccess.swift /Users/admin/builder/spi-builder-workspace/.dependencies/checkouts/spfk-video/Sources/SPFKVideo/FrameStore/VideoFrameDataStoreError.swift /Users/admin/builder/spi-builder-workspace/.dependencies/checkouts/spfk-video/Sources/SPFKVideo/FrameStore/VideoFrameTier.swift /Users/admin/builder/spi-builder-workspace/.dependencies/checkouts/spfk-video/Sources/SPFKVideo/Localization.swift /Users/admin/builder/spi-builder-workspace/.dependencies/checkouts/spfk-video/Sources/SPFKVideo/MXFMetadata.swift /Users/admin/builder/spi-builder-workspace/.dependencies/checkouts/spfk-video/Sources/SPFKVideo/Playback/AVPlayerSeekCoalescer.swift /Users/admin/builder/spi-builder-workspace/.dependencies/checkouts/spfk-video/Sources/SPFKVideo/Playback/FrameSeekFilter.swift /Users/admin/builder/spi-builder-workspace/.dependencies/checkouts/spfk-video/Sources/SPFKVideo/Playback/PlaybackSpeed.swift /Users/admin/builder/spi-builder-workspace/.dependencies/checkouts/spfk-video/Sources/SPFKVideo/Playback/VideoTransport.swift /Users/admin/builder/spi-builder-workspace/.dependencies/checkouts/spfk-video/Sources/SPFKVideo/ProVideoFormats.swift /Users/admin/builder/spi-builder-workspace/.dependencies/checkouts/spfk-video/Sources/SPFKVideo/ProtectedContentReader.swift /Users/admin/builder/spi-builder-workspace/.dependencies/checkouts/spfk-video/Sources/SPFKVideo/QuickTimeUserData.swift /Users/admin/builder/spi-builder-workspace/.dependencies/checkouts/spfk-video/Sources/SPFKVideo/VideoEditError.swift /Users/admin/builder/spi-builder-workspace/.dependencies/checkouts/spfk-video/Sources/SPFKVideo/VideoEditRenderer.swift /Users/admin/builder/spi-builder-workspace/.dependencies/checkouts/spfk-video/Sources/SPFKVideo/VideoFrameExtractionError.swift /Users/admin/builder/spi-builder-workspace/.dependencies/checkouts/spfk-video/Sources/SPFKVideo/VideoFrameExtractor.swift /Users/admin/builder/spi-builder-workspace/.dependencies/checkouts/spfk-video/Sources/SPFKVideo/VideoTechnicalProperties.swift /Users/admin/builder/spi-builder-workspace/.dependencies/checkouts/spfk-video/Sources/SPFKVideo/VideoTrackProperties.swift /Users/admin/builder/spi-builder-workspace/.dependencies/checkouts/spfk-video/Sources/SPFKVideo/VideoTrackReader.swift /Users/admin/builder/spi-builder-workspace/.derivedData/Build/Intermediates.noindex/spfk-video.build/Debug-xros/SPFKVideo.build/DerivedSources/GeneratedStringSymbols_Localizable.swift -supplementary-output-file-map /Users/admin/builder/spi-builder-workspace/.derivedData/Build/Intermediates.noindex/spfk-video.build/Debug-xros/SPFKVideo.build/Objects-normal/arm64/supplementaryOutputs-3 -emit-localized-strings -emit-localized-strings-path /Users/admin/builder/spi-builder-workspace/.derivedData/Build/Intermediates.noindex/spfk-video.build/Debug-xros/SPFKVideo.build/Objects-normal/arm64 -target arm64-apple-xros1.0 -load-resolved-plugin /Applications/Xcode-26.5.0.app/Contents/Developer/Platforms/XROS.platform/Developer/usr/lib/swift/host/plugins/libFoundationMacros.dylib\#/Applications/Xcode-26.5.0.app/Contents/Developer/Platforms/XROS.platform/Developer/usr/bin/swift-plugin-server\#FoundationMacros -load-resolved-plugin /Applications/Xcode-26.5.0.app/Contents/Developer/Platforms/XROS.platform/Developer/usr/lib/swift/host/plugins/libObservationMacros.dylib\#/Applications/Xcode-26.5.0.app/Contents/Developer/Platforms/XROS.platform/Developer/usr/bin/swift-plugin-server\#ObservationMacros -load-resolved-plugin /Applications/Xcode-26.5.0.app/Contents/Developer/Platforms/XROS.platform/Developer/usr/lib/swift/host/plugins/libPreviewsMacros.dylib\#/Applications/Xcode-26.5.0.app/Contents/Developer/Platforms/XROS.platform/Developer/usr/bin/swift-plugin-server\#PreviewsMacros -load-resolved-plugin /Applications/Xcode-26.5.0.app/Contents/Developer/Platforms/XROS.platform/Developer/usr/lib/swift/host/plugins/libSwiftMacros.dylib\#/Applications/Xcode-26.5.0.app/Contents/Developer/Platforms/XROS.platform/Developer/usr/bin/swift-plugin-server\#SwiftMacros -load-resolved-plugin /Applications/Xcode-26.5.0.app/Contents/Developer/Platforms/XROS.platform/Developer/usr/lib/swift/host/plugins/libSwiftUIMacros.dylib\#/Applications/Xcode-26.5.0.app/Contents/Developer/Platforms/XROS.platform/Developer/usr/bin/swift-plugin-server\#SwiftUIMacros -disable-implicit-swift-modules -Xcc -fno-implicit-modules -Xcc -fno-implicit-module-maps -explicit-swift-module-map-file /Users/admin/builder/spi-builder-workspace/.derivedData/Build/Intermediates.noindex/spfk-video.build/Debug-xros/SPFKVideo.build/Objects-normal/arm64/SPFKVideo-dependencies-1.json -debug-module-path /Users/admin/builder/spi-builder-workspace/.derivedData/Build/Intermediates.noindex/spfk-video.build/Debug-xros/SPFKVideo.build/Objects-normal/arm64/SPFKVideo.swiftmodule -Xllvm -aarch64-use-tbi -enable-objc-interop -stack-check -sdk /Applications/Xcode-26.5.0.app/Contents/Developer/Platforms/XROS.platform/Developer/SDKs/XROS26.5.sdk -I /Users/admin/builder/spi-builder-workspace/.derivedData/Build/Products/Debug-xros -Isystem /Applications/Xcode-26.5.0.app/Contents/Developer/Platforms/XROS.platform/Developer/usr/lib -F /Users/admin/builder/spi-builder-workspace/.derivedData/Build/Products/Debug-xros/PackageFrameworks -F /Users/admin/builder/spi-builder-workspace/.derivedData/Build/Products/Debug-xros/PackageFrameworks -F /Users/admin/builder/spi-builder-workspace/.derivedData/Build/Products/Debug-xros/PackageFrameworks -F /Users/admin/builder/spi-builder-workspace/.derivedData/Build/Products/Debug-xros/PackageFrameworks -F /Users/admin/builder/spi-builder-workspace/.derivedData/Build/Products/Debug-xros/PackageFrameworks -F /Users/admin/builder/spi-builder-workspace/.derivedData/Build/Products/Debug-xros/PackageFrameworks -F /Users/admin/builder/spi-builder-workspace/.derivedData/Build/Products/Debug-xros/PackageFrameworks -F /Users/admin/builder/spi-builder-workspace/.derivedData/Build/Products/Debug-xros/PackageFrameworks -F /Users/admin/builder/spi-builder-workspace/.derivedData/Build/Products/Debug-xros/PackageFrameworks -F /Users/admin/builder/spi-builder-workspace/.derivedData/Build/Products/Debug-xros/PackageFrameworks -F /Users/admin/builder/spi-builder-workspace/.derivedData/Build/Products/Debug-xros/PackageFrameworks -F /Users/admin/builder/spi-builder-workspace/.derivedData/Build/Products/Debug-xros/PackageFrameworks -F /Users/admin/builder/spi-builder-workspace/.derivedData/Build/Products/Debug-xros/PackageFrameworks -F /Users/admin/builder/spi-builder-workspace/.derivedData/Build/Products/Debug-xros/PackageFrameworks -F /Users/admin/builder/spi-builder-workspace/.derivedData/Build/Products/Debug-xros/PackageFrameworks -F /Users/admin/builder/spi-builder-workspace/.derivedData/Build/Products/Debug-xros/PackageFrameworks -F /Users/admin/builder/spi-builder-workspace/.derivedData/Build/Products/Debug-xros/PackageFrameworks -F /Users/admin/builder/spi-builder-workspace/.derivedData/Build/Products/Debug-xros/PackageFrameworks -F /Users/admin/builder/spi-builder-workspace/.derivedData/Build/Products/Debug-xros/PackageFrameworks -F /Users/admin/builder/spi-builder-workspace/.derivedData/Build/Products/Debug-xros/PackageFrameworks -F /Users/admin/builder/spi-builder-workspace/.derivedData/Build/Products/Debug-xros/PackageFrameworks -F /Users/admin/builder/spi-builder-workspace/.derivedData/Build/Products/Debug-xros/PackageFrameworks -F /Users/admin/builder/spi-builder-workspace/.derivedData/Build/Products/Debug-xros -F /Applications/Xcode-26.5.0.app/Contents/Developer/Platforms/XROS.platform/Developer/Library/Frameworks -F /Applications/Xcode-26.5.0.app/Contents/Developer/Platforms/XROS.platform/Developer/SDKs/XROS26.5.sdk/Developer/Library/Frameworks -no-color-diagnostics -Xcc -fno-color-diagnostics -enable-testing -g -debug-info-format\=dwarf -dwarf-version\=4 -module-cache-path /Users/admin/builder/spi-builder-workspace/.derivedData/Build/Intermediates.noindex/SwiftExplicitPrecompiledModules -suppress-warnings -profile-generate -profile-coverage-mapping -swift-version 6 -Onone -D SWIFT_PACKAGE -D DEBUG -D SWIFT_MODULE_RESOURCE_BUNDLE_AVAILABLE -D Xcode -serialize-debugging-options -const-gather-protocols-file /Users/admin/builder/spi-builder-workspace/.derivedData/Build/Intermediates.noindex/spfk-video.build/Debug-xros/SPFKVideo.build/Objects-normal/arm64/SPFKVideo_const_extract_protocols.json -enable-experimental-feature DebugDescriptionMacro -empty-abi-descriptor -user-module-version 1.14.0 -validate-clang-modules-once -clang-build-session-file /Users/admin/builder/spi-builder-workspace/.derivedData/ModuleCache.noindex/Session.modulevalidation -Xcc -working-directory -Xcc /Users/admin/builder/spi-builder-workspace/.swiftpm/xcode -enable-anonymous-context-mangled-names -file-compilation-dir /Users/admin/builder/spi-builder-workspace/.swiftpm/xcode -Xcc -fmodule-map-file\=/Users/admin/builder/spi-builder-workspace/.derivedData/Build/Intermediates.noindex/GeneratedModuleMaps-xros/SPFKBaseC.modulemap -Xcc -D_LIBCPP_HARDENING_MODE\=_LIBCPP_HARDENING_MODE_DEBUG -Xcc -ivfsstatcache -Xcc /Users/admin/builder/spi-builder-workspace/.derivedData/SDKStatCaches.noindex/xros26.5-23O469-688ef53f1462e2c8f657fdc38a81448f73f9c068cd48276448ef291a7ea74bec.sdkstatcache -Xcc -I/Users/admin/builder/spi-builder-workspace/.derivedData/Build/Intermediates.noindex/spfk-video.build/Debug-xros/SPFKVideo.build/swift-overrides.hmap -Xcc -I/Users/admin/builder/spi-builder-workspace/.dependencies/checkouts/swift-numerics/Sources/_NumericsShims/include -Xcc -I/Users/admin/builder/spi-builder-workspace/.dependencies/checkouts/spfk-base/Sources/SPFKBaseC/include -Xcc -I/Users/admin/builder/spi-builder-workspace/.derivedData/Build/Products/Debug-xros/include -Xcc -I/Users/admin/builder/spi-builder-workspace/.derivedData/Build/Intermediates.noindex/spfk-video.build/Debug-xros/SPFKVideo.build/DerivedSources-normal/arm64 -Xcc -I/Users/admin/builder/spi-builder-workspace/.derivedData/Build/Intermediates.noindex/spfk-video.build/Debug-xros/SPFKVideo.build/DerivedSources/arm64 -Xcc -I/Users/admin/builder/spi-builder-workspace/.derivedData/Build/Intermediates.noindex/spfk-video.build/Debug-xros/SPFKVideo.build/DerivedSources -Xcc -DSWIFT_PACKAGE -Xcc -DDEBUG\=1 -no-auto-bridging-header-chaining -module-name SPFKVideo -package-name spfk_video -frontend-parseable-output -disable-clang-spi -clang-target arm64-apple-xros26.5 -target-sdk-version 26.5 -target-sdk-name xros26.5 -in-process-plugin-server-path /Applications/Xcode-26.5.0.app/Contents/Developer/Toolchains/XcodeDefault.xctoolchain/usr/lib/swift/host/libSwiftInProcPluginServer.dylib -o /Users/admin/builder/spi-builder-workspace/.derivedData/Build/Intermediates.noindex/spfk-video.build/Debug-xros/SPFKVideo.build/Objects-normal/arm64/resource_bundle_accessor.o -o /Users/admin/builder/spi-builder-workspace/.derivedData/Build/Intermediates.noindex/spfk-video.build/Debug-xros/SPFKVideo.build/Objects-normal/arm64/AVAsset+StartTimecode.o -o /Users/admin/builder/spi-builder-workspace/.derivedData/Build/Intermediates.noindex/spfk-video.build/Debug-xros/SPFKVideo.build/Objects-normal/arm64/AudioTrackDescription.o -index-unit-output-path /spfk-video.build/Debug-xros/SPFKVideo.build/Objects-normal/arm64/resource_bundle_accessor.o -index-unit-output-path /spfk-video.build/Debug-xros/SPFKVideo.build/Objects-normal/arm64/AVAsset+StartTimecode.o -index-unit-output-path /spfk-video.build/Debug-xros/SPFKVideo.build/Objects-normal/arm64/AudioTrackDescription.o -index-store-path /Users/admin/builder/spi-builder-workspace/.derivedData/Index.noindex/DataStore -index-system-modules
SwiftCompile normal arm64 /Users/admin/builder/spi-builder-workspace/.derivedData/Build/Intermediates.noindex/spfk-video.build/Debug-xros/SPFKVideo.build/DerivedSources/resource_bundle_accessor.swift (in target 'SPFKVideo' from project 'spfk-video')
cd /Users/admin/builder/spi-builder-workspace/.swiftpm/xcode
SwiftCompile normal arm64 /Users/admin/builder/spi-builder-workspace/.dependencies/checkouts/spfk-video/Sources/SPFKVideo/AVAsset+StartTimecode.swift (in target 'SPFKVideo' from project 'spfk-video')
cd /Users/admin/builder/spi-builder-workspace/.swiftpm/xcode
/Users/admin/builder/spi-builder-workspace/.dependencies/checkouts/spfk-video/Sources/SPFKVideo/AVAsset+StartTimecode.swift:15:87: error: cannot find 'timecodeFrameRate' in scope
let rate: TimecodeFrameRate = if let frameRate { frameRate } else { try await timecodeFrameRate() }
^~~~~~~~~~~~~~~~~
SwiftCompile normal arm64 /Users/admin/builder/spi-builder-workspace/.dependencies/checkouts/spfk-video/Sources/SPFKVideo/AudioTrackDescription.swift (in target 'SPFKVideo' from project 'spfk-video')
cd /Users/admin/builder/spi-builder-workspace/.swiftpm/xcode
SwiftCompile normal arm64 Compiling\ AudioTrackFormat.swift,\ AudioTrackReader.swift,\ VideoFrameCodec.swift /Users/admin/builder/spi-builder-workspace/.dependencies/checkouts/spfk-video/Sources/SPFKVideo/AudioTrackFormat.swift /Users/admin/builder/spi-builder-workspace/.dependencies/checkouts/spfk-video/Sources/SPFKVideo/AudioTrackReader.swift /Users/admin/builder/spi-builder-workspace/.dependencies/checkouts/spfk-video/Sources/SPFKVideo/FrameStore/VideoFrameCodec.swift (in target 'SPFKVideo' from project 'spfk-video')
SwiftCompile normal arm64 /Users/admin/builder/spi-builder-workspace/.dependencies/checkouts/spfk-video/Sources/SPFKVideo/AudioTrackFormat.swift (in target 'SPFKVideo' from project 'spfk-video')
cd /Users/admin/builder/spi-builder-workspace/.swiftpm/xcode
SwiftCompile normal arm64 /Users/admin/builder/spi-builder-workspace/.dependencies/checkouts/spfk-video/Sources/SPFKVideo/AudioTrackReader.swift (in target 'SPFKVideo' from project 'spfk-video')
cd /Users/admin/builder/spi-builder-workspace/.swiftpm/xcode
SwiftCompile normal arm64 /Users/admin/builder/spi-builder-workspace/.dependencies/checkouts/spfk-video/Sources/SPFKVideo/FrameStore/VideoFrameCodec.swift (in target 'SPFKVideo' from project 'spfk-video')
cd /Users/admin/builder/spi-builder-workspace/.swiftpm/xcode
SwiftCompile normal arm64 Compiling\ AVPlayerSeekCoalescer.swift,\ FrameSeekFilter.swift,\ PlaybackSpeed.swift /Users/admin/builder/spi-builder-workspace/.dependencies/checkouts/spfk-video/Sources/SPFKVideo/Playback/AVPlayerSeekCoalescer.swift /Users/admin/builder/spi-builder-workspace/.dependencies/checkouts/spfk-video/Sources/SPFKVideo/Playback/FrameSeekFilter.swift /Users/admin/builder/spi-builder-workspace/.dependencies/checkouts/spfk-video/Sources/SPFKVideo/Playback/PlaybackSpeed.swift (in target 'SPFKVideo' from project 'spfk-video')
SwiftCompile normal arm64 /Users/admin/builder/spi-builder-workspace/.dependencies/checkouts/spfk-video/Sources/SPFKVideo/Playback/AVPlayerSeekCoalescer.swift (in target 'SPFKVideo' from project 'spfk-video')
cd /Users/admin/builder/spi-builder-workspace/.swiftpm/xcode
SwiftCompile normal arm64 /Users/admin/builder/spi-builder-workspace/.dependencies/checkouts/spfk-video/Sources/SPFKVideo/Playback/FrameSeekFilter.swift (in target 'SPFKVideo' from project 'spfk-video')
cd /Users/admin/builder/spi-builder-workspace/.swiftpm/xcode
SwiftCompile normal arm64 /Users/admin/builder/spi-builder-workspace/.dependencies/checkouts/spfk-video/Sources/SPFKVideo/Playback/PlaybackSpeed.swift (in target 'SPFKVideo' from project 'spfk-video')
cd /Users/admin/builder/spi-builder-workspace/.swiftpm/xcode
SwiftCompile normal arm64 Compiling\ QuickTimeUserData.swift,\ VideoEditError.swift,\ VideoEditRenderer.swift /Users/admin/builder/spi-builder-workspace/.dependencies/checkouts/spfk-video/Sources/SPFKVideo/QuickTimeUserData.swift /Users/admin/builder/spi-builder-workspace/.dependencies/checkouts/spfk-video/Sources/SPFKVideo/VideoEditError.swift /Users/admin/builder/spi-builder-workspace/.dependencies/checkouts/spfk-video/Sources/SPFKVideo/VideoEditRenderer.swift (in target 'SPFKVideo' from project 'spfk-video')
SwiftCompile normal arm64 /Users/admin/builder/spi-builder-workspace/.dependencies/checkouts/spfk-video/Sources/SPFKVideo/QuickTimeUserData.swift (in target 'SPFKVideo' from project 'spfk-video')
cd /Users/admin/builder/spi-builder-workspace/.swiftpm/xcode
SwiftCompile normal arm64 /Users/admin/builder/spi-builder-workspace/.dependencies/checkouts/spfk-video/Sources/SPFKVideo/VideoEditError.swift (in target 'SPFKVideo' from project 'spfk-video')
cd /Users/admin/builder/spi-builder-workspace/.swiftpm/xcode
SwiftCompile normal arm64 /Users/admin/builder/spi-builder-workspace/.dependencies/checkouts/spfk-video/Sources/SPFKVideo/VideoEditRenderer.swift (in target 'SPFKVideo' from project 'spfk-video')
cd /Users/admin/builder/spi-builder-workspace/.swiftpm/xcode
SwiftCompile normal arm64 Compiling\ VideoTransport.swift,\ ProVideoFormats.swift,\ ProtectedContentReader.swift /Users/admin/builder/spi-builder-workspace/.dependencies/checkouts/spfk-video/Sources/SPFKVideo/Playback/VideoTransport.swift /Users/admin/builder/spi-builder-workspace/.dependencies/checkouts/spfk-video/Sources/SPFKVideo/ProVideoFormats.swift /Users/admin/builder/spi-builder-workspace/.dependencies/checkouts/spfk-video/Sources/SPFKVideo/ProtectedContentReader.swift (in target 'SPFKVideo' from project 'spfk-video')
SwiftCompile normal arm64 /Users/admin/builder/spi-builder-workspace/.dependencies/checkouts/spfk-video/Sources/SPFKVideo/Playback/VideoTransport.swift (in target 'SPFKVideo' from project 'spfk-video')
cd /Users/admin/builder/spi-builder-workspace/.swiftpm/xcode
SwiftCompile normal arm64 /Users/admin/builder/spi-builder-workspace/.dependencies/checkouts/spfk-video/Sources/SPFKVideo/ProVideoFormats.swift (in target 'SPFKVideo' from project 'spfk-video')
cd /Users/admin/builder/spi-builder-workspace/.swiftpm/xcode
SwiftCompile normal arm64 /Users/admin/builder/spi-builder-workspace/.dependencies/checkouts/spfk-video/Sources/SPFKVideo/ProtectedContentReader.swift (in target 'SPFKVideo' from project 'spfk-video')
cd /Users/admin/builder/spi-builder-workspace/.swiftpm/xcode
SwiftEmitModule normal arm64 Emitting\ module\ for\ SPFKVideo (in target 'SPFKVideo' from project 'spfk-video')
EmitSwiftModule normal arm64 (in target 'SPFKVideo' from project 'spfk-video')
cd /Users/admin/builder/spi-builder-workspace/.swiftpm/xcode
SwiftCompile normal arm64 Compiling\ VideoTrackReader.swift,\ GeneratedStringSymbols_Localizable.swift /Users/admin/builder/spi-builder-workspace/.dependencies/checkouts/spfk-video/Sources/SPFKVideo/VideoTrackReader.swift /Users/admin/builder/spi-builder-workspace/.derivedData/Build/Intermediates.noindex/spfk-video.build/Debug-xros/SPFKVideo.build/DerivedSources/GeneratedStringSymbols_Localizable.swift (in target 'SPFKVideo' from project 'spfk-video')
SwiftCompile normal arm64 /Users/admin/builder/spi-builder-workspace/.dependencies/checkouts/spfk-video/Sources/SPFKVideo/VideoTrackReader.swift (in target 'SPFKVideo' from project 'spfk-video')
cd /Users/admin/builder/spi-builder-workspace/.swiftpm/xcode
SwiftCompile normal arm64 /Users/admin/builder/spi-builder-workspace/.derivedData/Build/Intermediates.noindex/spfk-video.build/Debug-xros/SPFKVideo.build/DerivedSources/GeneratedStringSymbols_Localizable.swift (in target 'SPFKVideo' from project 'spfk-video')
cd /Users/admin/builder/spi-builder-workspace/.swiftpm/xcode
SwiftCompile normal arm64 Compiling\ VideoFrameDataStore.swift,\ VideoFrameDataStoreAccess.swift,\ VideoFrameDataStoreError.swift /Users/admin/builder/spi-builder-workspace/.dependencies/checkouts/spfk-video/Sources/SPFKVideo/FrameStore/VideoFrameDataStore.swift /Users/admin/builder/spi-builder-workspace/.dependencies/checkouts/spfk-video/Sources/SPFKVideo/FrameStore/VideoFrameDataStoreAccess.swift /Users/admin/builder/spi-builder-workspace/.dependencies/checkouts/spfk-video/Sources/SPFKVideo/FrameStore/VideoFrameDataStoreError.swift (in target 'SPFKVideo' from project 'spfk-video')
SwiftCompile normal arm64 /Users/admin/builder/spi-builder-workspace/.dependencies/checkouts/spfk-video/Sources/SPFKVideo/FrameStore/VideoFrameDataStore.swift (in target 'SPFKVideo' from project 'spfk-video')
cd /Users/admin/builder/spi-builder-workspace/.swiftpm/xcode
SwiftCompile normal arm64 /Users/admin/builder/spi-builder-workspace/.dependencies/checkouts/spfk-video/Sources/SPFKVideo/FrameStore/VideoFrameDataStoreAccess.swift (in target 'SPFKVideo' from project 'spfk-video')
cd /Users/admin/builder/spi-builder-workspace/.swiftpm/xcode
SwiftCompile normal arm64 /Users/admin/builder/spi-builder-workspace/.dependencies/checkouts/spfk-video/Sources/SPFKVideo/FrameStore/VideoFrameDataStoreError.swift (in target 'SPFKVideo' from project 'spfk-video')
cd /Users/admin/builder/spi-builder-workspace/.swiftpm/xcode
SwiftCompile normal arm64 Compiling\ VideoFrameExtractionError.swift,\ VideoFrameExtractor.swift /Users/admin/builder/spi-builder-workspace/.dependencies/checkouts/spfk-video/Sources/SPFKVideo/VideoFrameExtractionError.swift /Users/admin/builder/spi-builder-workspace/.dependencies/checkouts/spfk-video/Sources/SPFKVideo/VideoFrameExtractor.swift (in target 'SPFKVideo' from project 'spfk-video')
SwiftCompile normal arm64 /Users/admin/builder/spi-builder-workspace/.dependencies/checkouts/spfk-video/Sources/SPFKVideo/VideoFrameExtractionError.swift (in target 'SPFKVideo' from project 'spfk-video')
cd /Users/admin/builder/spi-builder-workspace/.swiftpm/xcode
SwiftCompile normal arm64 /Users/admin/builder/spi-builder-workspace/.dependencies/checkouts/spfk-video/Sources/SPFKVideo/VideoFrameExtractor.swift (in target 'SPFKVideo' from project 'spfk-video')
cd /Users/admin/builder/spi-builder-workspace/.swiftpm/xcode
SwiftCompile normal arm64 Compiling\ VideoTechnicalProperties.swift,\ VideoTrackProperties.swift /Users/admin/builder/spi-builder-workspace/.dependencies/checkouts/spfk-video/Sources/SPFKVideo/VideoTechnicalProperties.swift /Users/admin/builder/spi-builder-workspace/.dependencies/checkouts/spfk-video/Sources/SPFKVideo/VideoTrackProperties.swift (in target 'SPFKVideo' from project 'spfk-video')
2026-10-12 20:19:47.174 xcodebuild[2381:11915] [MT] IDERunDestination: Supported platforms for the buildables in the current scheme is empty.
** BUILD FAILED **
The following build commands failed:
SwiftCompile normal arm64 Compiling\ resource_bundle_accessor.swift,\ AVAsset+StartTimecode.swift,\ AudioTrackDescription.swift /Users/admin/builder/spi-builder-workspace/.derivedData/Build/Intermediates.noindex/spfk-video.build/Debug-xros/SPFKVideo.build/DerivedSources/resource_bundle_accessor.swift /Users/admin/builder/spi-builder-workspace/.dependencies/checkouts/spfk-video/Sources/SPFKVideo/AVAsset+StartTimecode.swift /Users/admin/builder/spi-builder-workspace/.dependencies/checkouts/spfk-video/Sources/SPFKVideo/AudioTrackDescription.swift (in target 'SPFKVideo' from project 'spfk-video')
SwiftCompile normal arm64 /Users/admin/builder/spi-builder-workspace/.dependencies/checkouts/spfk-video/Sources/SPFKVideo/AVAsset+StartTimecode.swift (in target 'SPFKVideo' from project 'spfk-video')
Building workspace spi-builder-workspace with scheme spfk-metadata-base
(3 failures)
BUILD FAILURE 6.3 visionOS