Build Information
Failed to build FazeKit, reference 3.0.3 (cfd772), with Swift 6.4 for watchOS using Xcode 27.0 on 24 Sep 2026 19:53:15 UTC.
Build Command
env DEVELOPER_DIR=/Applications/Xcode-27.0.0-Release.Candidate.app xcrun xcodebuild -IDEClonedSourcePackagesDirPathOverride=$PWD/.dependencies -skipMacroValidation -skipPackagePluginValidation -derivedDataPath $PWD/.derivedData build -scheme FazeKit -destination generic/platform=watchOSBuild Log
========================================
RunAll
========================================
Builder version: 5.1.0
Interrupt handler set up.
========================================
Checkout
========================================
Clone URL: https://github.com/NextFaze/FazeKit.git
Reference: 3.0.3
Initialized empty Git repository in /Users/admin/builder/spi-builder-workspace/.git/
From https://github.com/NextFaze/FazeKit
* tag 3.0.3 -> FETCH_HEAD
HEAD is now at cfd7724 Update the podspec
Cloned https://github.com/NextFaze/FazeKit.git
Revision (git rev-parse @):
cfd7724d1db4d8bdf263e47104db4690d8108c37
SUCCESS checkout https://github.com/NextFaze/FazeKit.git at 3.0.3
========================================
Build
========================================
Selected platform: watchOS
Swift version: 6.4
Building package at path: $PWD
https://github.com/NextFaze/FazeKit.git
Command line invocation:
/Applications/Xcode-27.0.0-Release.Candidate.app/Contents/Developer/usr/bin/xcodebuild -IDEClonedSourcePackagesDirPathOverride=/Users/admin/builder/spi-builder-workspace/.dependencies -resolvePackageDependencies
resolved source packages:
{
"dependencies" : [
],
"manifest_display_name" : "FazeKit",
"name" : "FazeKit",
"path" : "/Users/admin/builder/spi-builder-workspace",
"platforms" : [
{
"name" : "ios",
"version" : "14.0"
}
],
"products" : [
{
"name" : "FazeKit",
"targets" : [
"FazeKit"
],
"type" : {
"library" : [
"automatic"
]
}
}
],
"targets" : [
{
"c99name" : "FazeKitTests",
"module_type" : "SwiftTarget",
"name" : "FazeKitTests",
"path" : "Tests/FazeKitTests",
"sources" : [
"AnyAdditionsTests.swift",
"CodableAdditionsTests.swift",
"CollectionAdditionsTests.swift",
"DateAdditionsTests.swift",
"DisposableTests.swift",
"EmailTests.swift",
"MulticastTests.swift",
"ProcessInfoAdditionsTests.swift",
"StringAdditionsTests.swift",
"UIViewAdditionsTests.swift"
],
"target_dependencies" : [
"FazeKit"
],
"type" : "test"
},
{
"c99name" : "FazeKit",
"module_type" : "SwiftTarget",
"name" : "FazeKit",
"path" : "Sources/FazeKit",
"product_memberships" : [
"FazeKit"
],
"sources" : [
"Classes/AnyAdditions.swift",
"Classes/CIFilterAdditions.swift",
"Classes/CodableAdditions.swift",
"Classes/CollectionAdditions.swift",
"Classes/DataAdditions.swift",
"Classes/DateAdditions.swift",
"Classes/DateComponentAdditions.swift",
"Classes/Disposable.swift",
"Classes/DrawingAdditions.swift",
"Classes/KeyboardHelper.swift",
"Classes/Multicast.swift",
"Classes/NSAttributedStringAdditions.swift",
"Classes/NSLockAdditions.swift",
"Classes/ProcessInfoAdditions.swift",
"Classes/ResourceUtils.swift",
"Classes/StringAdditions.swift",
"Classes/ThreadSafeHashTable.swift",
"Classes/UIApplicationAdditions.swift",
"Classes/UIColorAdditions.swift",
"Classes/UIDeviceAdditions.swift",
"Classes/UIImageAdditions.swift",
"Classes/UIImageFilterAdditions.swift",
"Classes/UINavigationControllerAdditions.swift",
"Classes/UIResponderAdditions.swift",
"Classes/UIScreenAdditions.swift",
"Classes/UIViewAdditions.swift"
],
"type" : "library"
}
],
"tools_version" : "5.3"
}
{
"project" : {
"configurations" : [
"Debug",
"Release"
],
"name" : "Pods",
"schemes" : [
"FazeKit",
"Pods-FazeKit_Example",
"Pods-FazeKit_Tests"
],
"targets" : [
"FazeKit",
"Pods-FazeKit_Example",
"Pods-FazeKit_Tests"
]
}
}
{
"workspace" : {
"name" : "FazeKit",
"schemes" : [
"FazeKit"
]
}
}
2026-09-24 15:53:06.942 xcodebuild[666:4280] [MT] IDERunDestination: Supported platforms for the buildables in the current scheme is empty.
Running build ...
env DEVELOPER_DIR=/Applications/Xcode-27.0.0-Release.Candidate.app xcrun xcodebuild -IDEClonedSourcePackagesDirPathOverride=$PWD/.dependencies -skipMacroValidation -skipPackagePluginValidation -derivedDataPath $PWD/.derivedData build -scheme FazeKit -destination generic/platform=watchOS
Command line invocation:
/Applications/Xcode-27.0.0-Release.Candidate.app/Contents/Developer/usr/bin/xcodebuild -IDEClonedSourcePackagesDirPathOverride=/Users/admin/builder/spi-builder-workspace/.dependencies -skipMacroValidation -skipPackagePluginValidation -derivedDataPath /Users/admin/builder/spi-builder-workspace/.derivedData build -scheme FazeKit -destination generic/platform=watchOS
Resolve Package Graph
Resolved source packages:
FazeKit: /Users/admin/builder/spi-builder-workspace
ComputePackagePrebuildTargetDependencyGraph
Prepare packages
CreateBuildRequest
SendProjectDescription
CreateBuildOperation
ComputeTargetDependencyGraph
note: Building targets in dependency order
note: Target dependency graph (2 targets)
Target 'FazeKit-product' in project 'FazeKit'
➜ Explicit dependency on target 'FazeKit' in project 'FazeKit'
Target 'FazeKit' in project 'FazeKit' (no dependencies)
GatherProvisioningInputs
CreateBuildDescription
ExecuteExternalTool /Applications/Xcode-27.0.0-Release.Candidate.app/Contents/Developer/Toolchains/XcodeDefault.xctoolchain/usr/bin/clang -v -E -dM -isysroot /Applications/Xcode-27.0.0-Release.Candidate.app/Contents/Developer/Platforms/WatchOS.platform/Developer/SDKs/WatchOS27.0.sdk -x c -c /dev/null
ExecuteExternalTool /Applications/Xcode-27.0.0-Release.Candidate.app/Contents/Developer/Toolchains/XcodeDefault.xctoolchain/usr/bin/swiftc --version
ExecuteExternalTool /Applications/Xcode-27.0.0-Release.Candidate.app/Contents/Developer/Toolchains/XcodeDefault.xctoolchain/usr/bin/ld -version_details
Build description signature: d56d94e5746423f7f4c01eea16bbbb36
Build description path: /Users/admin/builder/spi-builder-workspace/.derivedData/Build/Intermediates.noindex/XCBuildData/d56d94e5746423f7f4c01eea16bbbb36.xcbuilddata
CreateBuildDirectory /Users/admin/builder/spi-builder-workspace/.derivedData/SDKExplicitPrecompiledModules
cd /Users/admin/builder/spi-builder-workspace/.swiftpm/xcode
builtin-create-build-directory /Users/admin/builder/spi-builder-workspace/.derivedData/SDKExplicitPrecompiledModules
CreateBuildDirectory /Users/admin/builder/spi-builder-workspace/.derivedData/CompilationCache.noindex
cd /Users/admin/builder/spi-builder-workspace/.swiftpm/xcode
builtin-create-build-directory /Users/admin/builder/spi-builder-workspace/.derivedData/CompilationCache.noindex
CreateBuildDirectory /Users/admin/builder/spi-builder-workspace/.derivedData/ModuleCache.noindex
cd /Users/admin/builder/spi-builder-workspace/.swiftpm/xcode
builtin-create-build-directory /Users/admin/builder/spi-builder-workspace/.derivedData/ModuleCache.noindex
CreateBuildDirectory /Users/admin/builder/spi-builder-workspace/.derivedData/Build/Intermediates.noindex
cd /Users/admin/builder/spi-builder-workspace/.swiftpm/xcode
builtin-create-build-directory /Users/admin/builder/spi-builder-workspace/.derivedData/Build/Intermediates.noindex
CreateBuildDirectory /Users/admin/builder/spi-builder-workspace/.derivedData/Build/Products
cd /Users/admin/builder/spi-builder-workspace/.swiftpm/xcode
builtin-create-build-directory /Users/admin/builder/spi-builder-workspace/.derivedData/Build/Products
ClangStatCache /Applications/Xcode-27.0.0-Release.Candidate.app/Contents/Developer/Toolchains/XcodeDefault.xctoolchain/usr/bin/clang-stat-cache /Applications/Xcode-27.0.0-Release.Candidate.app/Contents/Developer/Platforms/WatchOS.platform/Developer/SDKs/WatchOS27.0.sdk /Users/admin/builder/spi-builder-workspace/.derivedData/SDKStatCaches.noindex/watchos27.0-24R360-e829b21a6f8c9b70876ba0858053c04477534ef55a1706bf4c1112bbb242f0a2.sdkstatcache
cd /Users/admin/builder/spi-builder-workspace/.swiftpm/xcode
/Applications/Xcode-27.0.0-Release.Candidate.app/Contents/Developer/Toolchains/XcodeDefault.xctoolchain/usr/bin/clang-stat-cache /Applications/Xcode-27.0.0-Release.Candidate.app/Contents/Developer/Platforms/WatchOS.platform/Developer/SDKs/WatchOS27.0.sdk -o /Users/admin/builder/spi-builder-workspace/.derivedData/SDKStatCaches.noindex/watchos27.0-24R360-e829b21a6f8c9b70876ba0858053c04477534ef55a1706bf4c1112bbb242f0a2.sdkstatcache
CreateBuildDirectory /Users/admin/builder/spi-builder-workspace/.derivedData/Build/Intermediates.noindex/SwiftExplicitPrecompiledModules
cd /Users/admin/builder/spi-builder-workspace/.swiftpm/xcode
builtin-create-build-directory /Users/admin/builder/spi-builder-workspace/.derivedData/Build/Intermediates.noindex/SwiftExplicitPrecompiledModules
CreateBuildDirectory /Users/admin/builder/spi-builder-workspace/.derivedData/Build/Intermediates.noindex/PrecompiledHeaders
cd /Users/admin/builder/spi-builder-workspace/.swiftpm/xcode
builtin-create-build-directory /Users/admin/builder/spi-builder-workspace/.derivedData/Build/Intermediates.noindex/PrecompiledHeaders
CreateBuildDirectory /Users/admin/builder/spi-builder-workspace/.derivedData/Build/Intermediates.noindex/ExplicitPrecompiledModules
cd /Users/admin/builder/spi-builder-workspace/.swiftpm/xcode
builtin-create-build-directory /Users/admin/builder/spi-builder-workspace/.derivedData/Build/Intermediates.noindex/ExplicitPrecompiledModules
CreateBuildDirectory /Users/admin/builder/spi-builder-workspace/.derivedData/Build/Intermediates.noindex/EagerLinkingTBDs/Debug-watchos
cd /Users/admin/builder/spi-builder-workspace/.swiftpm/xcode
builtin-create-build-directory /Users/admin/builder/spi-builder-workspace/.derivedData/Build/Intermediates.noindex/EagerLinkingTBDs/Debug-watchos
CreateBuildDirectory /Users/admin/builder/spi-builder-workspace/.derivedData/Build/Products/Debug-watchos
cd /Users/admin/builder/spi-builder-workspace/.swiftpm/xcode
builtin-create-build-directory /Users/admin/builder/spi-builder-workspace/.derivedData/Build/Products/Debug-watchos
CreateBuildDirectory /Users/admin/builder/spi-builder-workspace/.derivedData/Build/Products/Debug-watchos/PackageFrameworks
cd /Users/admin/builder/spi-builder-workspace/.swiftpm/xcode
builtin-create-build-directory /Users/admin/builder/spi-builder-workspace/.derivedData/Build/Products/Debug-watchos/PackageFrameworks
WriteAuxiliaryFile /Users/admin/builder/spi-builder-workspace/.derivedData/Build/Intermediates.noindex/FazeKit.build/Debug-watchos/FazeKit-t.build/Objects-normal/arm64_32/FazeKit-OutputFileMap.json (in target 'FazeKit' from project 'FazeKit')
cd /Users/admin/builder/spi-builder-workspace
write-file /Users/admin/builder/spi-builder-workspace/.derivedData/Build/Intermediates.noindex/FazeKit.build/Debug-watchos/FazeKit-t.build/Objects-normal/arm64_32/FazeKit-OutputFileMap.json
WriteAuxiliaryFile /Users/admin/builder/spi-builder-workspace/.derivedData/Build/Intermediates.noindex/FazeKit.build/Debug-watchos/FazeKit-t.build/Objects-normal/arm64_32/FazeKit_const_extract_protocols.json (in target 'FazeKit' from project 'FazeKit')
cd /Users/admin/builder/spi-builder-workspace
write-file /Users/admin/builder/spi-builder-workspace/.derivedData/Build/Intermediates.noindex/FazeKit.build/Debug-watchos/FazeKit-t.build/Objects-normal/arm64_32/FazeKit_const_extract_protocols.json
WriteAuxiliaryFile /Users/admin/builder/spi-builder-workspace/.derivedData/Build/Intermediates.noindex/FazeKit.build/Debug-watchos/FazeKit-t.build/Objects-normal/arm64/FazeKit.SwiftFileList (in target 'FazeKit' from project 'FazeKit')
cd /Users/admin/builder/spi-builder-workspace
write-file /Users/admin/builder/spi-builder-workspace/.derivedData/Build/Intermediates.noindex/FazeKit.build/Debug-watchos/FazeKit-t.build/Objects-normal/arm64/FazeKit.SwiftFileList
WriteAuxiliaryFile /Users/admin/builder/spi-builder-workspace/.derivedData/Build/Intermediates.noindex/FazeKit.build/Debug-watchos/FazeKit-t.build/Objects-normal/arm64/FazeKit_const_extract_protocols.json (in target 'FazeKit' from project 'FazeKit')
cd /Users/admin/builder/spi-builder-workspace
write-file /Users/admin/builder/spi-builder-workspace/.derivedData/Build/Intermediates.noindex/FazeKit.build/Debug-watchos/FazeKit-t.build/Objects-normal/arm64/FazeKit_const_extract_protocols.json
WriteAuxiliaryFile /Users/admin/builder/spi-builder-workspace/.derivedData/Build/Intermediates.noindex/FazeKit.build/Debug-watchos/FazeKit-t.build/Objects-normal/arm64_32/FazeKit.SwiftFileList (in target 'FazeKit' from project 'FazeKit')
cd /Users/admin/builder/spi-builder-workspace
write-file /Users/admin/builder/spi-builder-workspace/.derivedData/Build/Intermediates.noindex/FazeKit.build/Debug-watchos/FazeKit-t.build/Objects-normal/arm64_32/FazeKit.SwiftFileList
WriteAuxiliaryFile /Users/admin/builder/spi-builder-workspace/.derivedData/Build/Intermediates.noindex/FazeKit.build/Debug-watchos/FazeKit-t.build/Objects-normal/arm64_32/FazeKit.SwiftConstValuesFileList (in target 'FazeKit' from project 'FazeKit')
cd /Users/admin/builder/spi-builder-workspace
write-file /Users/admin/builder/spi-builder-workspace/.derivedData/Build/Intermediates.noindex/FazeKit.build/Debug-watchos/FazeKit-t.build/Objects-normal/arm64_32/FazeKit.SwiftConstValuesFileList
WriteAuxiliaryFile /Users/admin/builder/spi-builder-workspace/.derivedData/Build/Intermediates.noindex/FazeKit.build/Debug-watchos/FazeKit-t.build/Objects-normal/arm64/FazeKit.LinkFileList (in target 'FazeKit' from project 'FazeKit')
cd /Users/admin/builder/spi-builder-workspace
write-file /Users/admin/builder/spi-builder-workspace/.derivedData/Build/Intermediates.noindex/FazeKit.build/Debug-watchos/FazeKit-t.build/Objects-normal/arm64/FazeKit.LinkFileList
WriteAuxiliaryFile /Users/admin/builder/spi-builder-workspace/.derivedData/Build/Intermediates.noindex/FazeKit.build/Debug-watchos/FazeKit-t.build/Objects-normal/arm64_32/FazeKit.LinkFileList (in target 'FazeKit' from project 'FazeKit')
cd /Users/admin/builder/spi-builder-workspace
write-file /Users/admin/builder/spi-builder-workspace/.derivedData/Build/Intermediates.noindex/FazeKit.build/Debug-watchos/FazeKit-t.build/Objects-normal/arm64_32/FazeKit.LinkFileList
WriteAuxiliaryFile /Users/admin/builder/spi-builder-workspace/.derivedData/Build/Intermediates.noindex/FazeKit.build/Debug-watchos/FazeKit-t.build/Objects-normal/arm64/FazeKit-OutputFileMap.json (in target 'FazeKit' from project 'FazeKit')
cd /Users/admin/builder/spi-builder-workspace
write-file /Users/admin/builder/spi-builder-workspace/.derivedData/Build/Intermediates.noindex/FazeKit.build/Debug-watchos/FazeKit-t.build/Objects-normal/arm64/FazeKit-OutputFileMap.json
WriteAuxiliaryFile /Users/admin/builder/spi-builder-workspace/.derivedData/Build/Intermediates.noindex/FazeKit.build/Debug-watchos/FazeKit-t.build/FazeKit.modulemap (in target 'FazeKit' from project 'FazeKit')
cd /Users/admin/builder/spi-builder-workspace
write-file /Users/admin/builder/spi-builder-workspace/.derivedData/Build/Intermediates.noindex/FazeKit.build/Debug-watchos/FazeKit-t.build/FazeKit.modulemap
WriteAuxiliaryFile /Users/admin/builder/spi-builder-workspace/.derivedData/Build/Intermediates.noindex/FazeKit.build/Debug-watchos/FazeKit-t.build/Objects-normal/arm64/FazeKit.SwiftConstValuesFileList (in target 'FazeKit' from project 'FazeKit')
cd /Users/admin/builder/spi-builder-workspace
write-file /Users/admin/builder/spi-builder-workspace/.derivedData/Build/Intermediates.noindex/FazeKit.build/Debug-watchos/FazeKit-t.build/Objects-normal/arm64/FazeKit.SwiftConstValuesFileList
WriteAuxiliaryFile /Users/admin/builder/spi-builder-workspace/.derivedData/Build/Intermediates.noindex/FazeKit.build/Debug-watchos/FazeKit-t.build/FazeKit.DependencyStaticMetadataFileList (in target 'FazeKit' from project 'FazeKit')
cd /Users/admin/builder/spi-builder-workspace
write-file /Users/admin/builder/spi-builder-workspace/.derivedData/Build/Intermediates.noindex/FazeKit.build/Debug-watchos/FazeKit-t.build/FazeKit.DependencyStaticMetadataFileList
WriteAuxiliaryFile /Users/admin/builder/spi-builder-workspace/.derivedData/Build/Intermediates.noindex/FazeKit.build/Debug-watchos/FazeKit-t.build/FazeKit.DependencyMetadataFileList (in target 'FazeKit' from project 'FazeKit')
cd /Users/admin/builder/spi-builder-workspace
write-file /Users/admin/builder/spi-builder-workspace/.derivedData/Build/Intermediates.noindex/FazeKit.build/Debug-watchos/FazeKit-t.build/FazeKit.DependencyMetadataFileList
Copy /Users/admin/builder/spi-builder-workspace/.derivedData/Build/Intermediates.noindex/GeneratedModuleMaps-watchos/FazeKit.modulemap /Users/admin/builder/spi-builder-workspace/.derivedData/Build/Intermediates.noindex/FazeKit.build/Debug-watchos/FazeKit-t.build/FazeKit.modulemap (in target 'FazeKit' from project 'FazeKit')
cd /Users/admin/builder/spi-builder-workspace
builtin-copy -exclude .DS_Store -exclude CVS -exclude .svn -exclude .git -exclude .hg -resolve-src-symlinks /Users/admin/builder/spi-builder-workspace/.derivedData/Build/Intermediates.noindex/FazeKit.build/Debug-watchos/FazeKit-t.build/FazeKit.modulemap /Users/admin/builder/spi-builder-workspace/.derivedData/Build/Intermediates.noindex/GeneratedModuleMaps-watchos
SwiftDriver FazeKit normal arm64 com.apple.xcode.tools.swift.compiler (in target 'FazeKit' from project 'FazeKit')
cd /Users/admin/builder/spi-builder-workspace/.swiftpm/xcode
builtin-SwiftDriver -- /Applications/Xcode-27.0.0-Release.Candidate.app/Contents/Developer/Toolchains/XcodeDefault.xctoolchain/usr/bin/swiftc -parse-as-library -module-name FazeKit -Onone @/Users/admin/builder/spi-builder-workspace/.derivedData/Build/Intermediates.noindex/FazeKit.build/Debug-watchos/FazeKit-t.build/Objects-normal/arm64/FazeKit.SwiftFileList -DSWIFT_PACKAGE -DDEBUG -DSWIFT_MODULE_RESOURCE_BUNDLE_UNAVAILABLE -DXcode -plugin-path /Applications/Xcode-27.0.0-Release.Candidate.app/Contents/Developer/Toolchains/XcodeDefault.xctoolchain/usr/lib/swift/host/plugins/testing -enable-experimental-feature DebugDescriptionMacro -sdk /Applications/Xcode-27.0.0-Release.Candidate.app/Contents/Developer/Platforms/WatchOS.platform/Developer/SDKs/WatchOS27.0.sdk -target arm64-apple-watchos9.0 -g -module-cache-path /Users/admin/builder/spi-builder-workspace/.derivedData/ModuleCache.noindex -Xfrontend -serialize-debugging-options -profile-coverage-mapping -profile-generate -enable-testing -index-store-path /Users/admin/builder/spi-builder-workspace/.derivedData/Index.noindex/DataStore -Xcc -D_LIBCPP_HARDENING_MODE\=_LIBCPP_HARDENING_MODE_DEBUG -swift-version 5 -I /Users/admin/builder/spi-builder-workspace/.derivedData/Build/Products/Debug-watchos -Isystem /Applications/Xcode-27.0.0-Release.Candidate.app/Contents/Developer/Platforms/WatchOS.platform/Developer/usr/lib -F /Users/admin/builder/spi-builder-workspace/.derivedData/Build/Products/Debug-watchos -F /Applications/Xcode-27.0.0-Release.Candidate.app/Contents/Developer/Platforms/WatchOS.platform/Developer/Library/Frameworks -F /Applications/Xcode-27.0.0-Release.Candidate.app/Contents/Developer/Platforms/WatchOS.platform/Developer/SDKs/WatchOS27.0.sdk/Developer/Library/Frameworks -c -j10 -enable-batch-mode -incremental -Xcc -ivfsstatcache -Xcc /Users/admin/builder/spi-builder-workspace/.derivedData/SDKStatCaches.noindex/watchos27.0-24R360-e829b21a6f8c9b70876ba0858053c04477534ef55a1706bf4c1112bbb242f0a2.sdkstatcache -output-file-map /Users/admin/builder/spi-builder-workspace/.derivedData/Build/Intermediates.noindex/FazeKit.build/Debug-watchos/FazeKit-t.build/Objects-normal/arm64/FazeKit-OutputFileMap.json -save-temps -no-color-diagnostics -explicit-module-build -module-cache-path /Users/admin/builder/spi-builder-workspace/.derivedData/Build/Intermediates.noindex/SwiftExplicitPrecompiledModules -clang-scanner-module-cache-path /Users/admin/builder/spi-builder-workspace/.derivedData/ModuleCache.noindex -sdk-module-cache-path /Users/admin/builder/spi-builder-workspace/.derivedData/SDKExplicitPrecompiledModules -emit-dependencies -emit-module -emit-module-path /Users/admin/builder/spi-builder-workspace/.derivedData/Build/Intermediates.noindex/FazeKit.build/Debug-watchos/FazeKit-t.build/Objects-normal/arm64/FazeKit.swiftmodule -serialize-diagnostics -dependency-scan-serialize-diagnostics-path /Users/admin/builder/spi-builder-workspace/.derivedData/Build/Intermediates.noindex/FazeKit.build/Debug-watchos/FazeKit-t.build/Objects-normal/arm64/FazeKit-dependency-scan.dia -validate-clang-modules-once -clang-build-session-file /Users/admin/builder/spi-builder-workspace/.derivedData/ModuleCache.noindex/Session.modulevalidation -Xcc -fmodules-prune-interval\=86400 -Xcc -fmodules-prune-after\=345600 -emit-const-values -const-gather-protocols-list /Users/admin/builder/spi-builder-workspace/.derivedData/Build/Intermediates.noindex/FazeKit.build/Debug-watchos/FazeKit-t.build/Objects-normal/arm64/FazeKit_const_extract_protocols.json -Xcc -I/Users/admin/builder/spi-builder-workspace/.derivedData/Build/Products/Debug-watchos/include -Xcc -I/Users/admin/builder/spi-builder-workspace/.derivedData/Build/Intermediates.noindex/FazeKit.build/Debug-watchos/FazeKit-t.build/DerivedSources-normal/arm64 -Xcc -I/Users/admin/builder/spi-builder-workspace/.derivedData/Build/Intermediates.noindex/FazeKit.build/Debug-watchos/FazeKit-t.build/DerivedSources/arm64 -Xcc -I/Users/admin/builder/spi-builder-workspace/.derivedData/Build/Intermediates.noindex/FazeKit.build/Debug-watchos/FazeKit-t.build/DerivedSources -Xcc -DSWIFT_PACKAGE -Xcc -DDEBUG\=1 -emit-objc-header -emit-objc-header-path /Users/admin/builder/spi-builder-workspace/.derivedData/Build/Intermediates.noindex/FazeKit.build/Debug-watchos/FazeKit-t.build/Objects-normal/arm64/FazeKit-Swift.h -working-directory /Users/admin/builder/spi-builder-workspace/.swiftpm/xcode -experimental-emit-module-separately -disable-cmo
/Users/admin/builder/spi-builder-workspace/Sources/FazeKit/Classes/CIFilterAdditions.swift:9:8: error: Unable to resolve module dependency: 'CoreImage' (in target 'FazeKit' from project 'FazeKit')
note: A dependency of main module 'FazeKit'
/Users/admin/builder/spi-builder-workspace/Sources/FazeKit/Classes/UIImageFilterAdditions.swift:24:8: note: Also imported here
/Users/admin/builder/spi-builder-workspace/Sources/FazeKit/Classes/CIFilterAdditions.swift:9:8: note: A dependency of main module 'FazeKit'
import CoreImage
^ (in target 'FazeKit' from project 'FazeKit')
/Users/admin/builder/spi-builder-workspace/Sources/FazeKit/Classes/UIImageFilterAdditions.swift:24:8: note: Also imported here
import CoreImage
^ (in target 'FazeKit' from project 'FazeKit')
SwiftDriver FazeKit normal arm64_32 com.apple.xcode.tools.swift.compiler (in target 'FazeKit' from project 'FazeKit')
cd /Users/admin/builder/spi-builder-workspace/.swiftpm/xcode
builtin-SwiftDriver -- /Applications/Xcode-27.0.0-Release.Candidate.app/Contents/Developer/Toolchains/XcodeDefault.xctoolchain/usr/bin/swiftc -parse-as-library -module-name FazeKit -Onone @/Users/admin/builder/spi-builder-workspace/.derivedData/Build/Intermediates.noindex/FazeKit.build/Debug-watchos/FazeKit-t.build/Objects-normal/arm64_32/FazeKit.SwiftFileList -DSWIFT_PACKAGE -DDEBUG -DSWIFT_MODULE_RESOURCE_BUNDLE_UNAVAILABLE -DXcode -plugin-path /Applications/Xcode-27.0.0-Release.Candidate.app/Contents/Developer/Toolchains/XcodeDefault.xctoolchain/usr/lib/swift/host/plugins/testing -enable-experimental-feature DebugDescriptionMacro -sdk /Applications/Xcode-27.0.0-Release.Candidate.app/Contents/Developer/Platforms/WatchOS.platform/Developer/SDKs/WatchOS27.0.sdk -target arm64_32-apple-watchos9.0 -g -module-cache-path /Users/admin/builder/spi-builder-workspace/.derivedData/ModuleCache.noindex -Xfrontend -serialize-debugging-options -profile-coverage-mapping -profile-generate -enable-testing -index-store-path /Users/admin/builder/spi-builder-workspace/.derivedData/Index.noindex/DataStore -Xcc -D_LIBCPP_HARDENING_MODE\=_LIBCPP_HARDENING_MODE_DEBUG -swift-version 5 -I /Users/admin/builder/spi-builder-workspace/.derivedData/Build/Products/Debug-watchos -Isystem /Applications/Xcode-27.0.0-Release.Candidate.app/Contents/Developer/Platforms/WatchOS.platform/Developer/usr/lib -F /Users/admin/builder/spi-builder-workspace/.derivedData/Build/Products/Debug-watchos -F /Applications/Xcode-27.0.0-Release.Candidate.app/Contents/Developer/Platforms/WatchOS.platform/Developer/Library/Frameworks -F /Applications/Xcode-27.0.0-Release.Candidate.app/Contents/Developer/Platforms/WatchOS.platform/Developer/SDKs/WatchOS27.0.sdk/Developer/Library/Frameworks -c -j10 -enable-batch-mode -incremental -Xcc -ivfsstatcache -Xcc /Users/admin/builder/spi-builder-workspace/.derivedData/SDKStatCaches.noindex/watchos27.0-24R360-e829b21a6f8c9b70876ba0858053c04477534ef55a1706bf4c1112bbb242f0a2.sdkstatcache -output-file-map /Users/admin/builder/spi-builder-workspace/.derivedData/Build/Intermediates.noindex/FazeKit.build/Debug-watchos/FazeKit-t.build/Objects-normal/arm64_32/FazeKit-OutputFileMap.json -save-temps -no-color-diagnostics -explicit-module-build -module-cache-path /Users/admin/builder/spi-builder-workspace/.derivedData/Build/Intermediates.noindex/SwiftExplicitPrecompiledModules -clang-scanner-module-cache-path /Users/admin/builder/spi-builder-workspace/.derivedData/ModuleCache.noindex -sdk-module-cache-path /Users/admin/builder/spi-builder-workspace/.derivedData/SDKExplicitPrecompiledModules -emit-dependencies -emit-module -emit-module-path /Users/admin/builder/spi-builder-workspace/.derivedData/Build/Intermediates.noindex/FazeKit.build/Debug-watchos/FazeKit-t.build/Objects-normal/arm64_32/FazeKit.swiftmodule -serialize-diagnostics -dependency-scan-serialize-diagnostics-path /Users/admin/builder/spi-builder-workspace/.derivedData/Build/Intermediates.noindex/FazeKit.build/Debug-watchos/FazeKit-t.build/Objects-normal/arm64_32/FazeKit-dependency-scan.dia -validate-clang-modules-once -clang-build-session-file /Users/admin/builder/spi-builder-workspace/.derivedData/ModuleCache.noindex/Session.modulevalidation -Xcc -fmodules-prune-interval\=86400 -Xcc -fmodules-prune-after\=345600 -emit-const-values -const-gather-protocols-list /Users/admin/builder/spi-builder-workspace/.derivedData/Build/Intermediates.noindex/FazeKit.build/Debug-watchos/FazeKit-t.build/Objects-normal/arm64_32/FazeKit_const_extract_protocols.json -Xcc -I/Users/admin/builder/spi-builder-workspace/.derivedData/Build/Products/Debug-watchos/include -Xcc -I/Users/admin/builder/spi-builder-workspace/.derivedData/Build/Intermediates.noindex/FazeKit.build/Debug-watchos/FazeKit-t.build/DerivedSources-normal/arm64_32 -Xcc -I/Users/admin/builder/spi-builder-workspace/.derivedData/Build/Intermediates.noindex/FazeKit.build/Debug-watchos/FazeKit-t.build/DerivedSources/arm64_32 -Xcc -I/Users/admin/builder/spi-builder-workspace/.derivedData/Build/Intermediates.noindex/FazeKit.build/Debug-watchos/FazeKit-t.build/DerivedSources -Xcc -DSWIFT_PACKAGE -Xcc -DDEBUG\=1 -emit-objc-header -emit-objc-header-path /Users/admin/builder/spi-builder-workspace/.derivedData/Build/Intermediates.noindex/FazeKit.build/Debug-watchos/FazeKit-t.build/Objects-normal/arm64_32/FazeKit-Swift.h -working-directory /Users/admin/builder/spi-builder-workspace/.swiftpm/xcode -experimental-emit-module-separately -disable-cmo
/Users/admin/builder/spi-builder-workspace/Sources/FazeKit/Classes/CIFilterAdditions.swift:9:8: error: Unable to resolve module dependency: 'CoreImage' (in target 'FazeKit' from project 'FazeKit')
note: A dependency of main module 'FazeKit'
/Users/admin/builder/spi-builder-workspace/Sources/FazeKit/Classes/UIImageFilterAdditions.swift:24:8: note: Also imported here
/Users/admin/builder/spi-builder-workspace/Sources/FazeKit/Classes/CIFilterAdditions.swift:9:8: note: A dependency of main module 'FazeKit'
import CoreImage
^ (in target 'FazeKit' from project 'FazeKit')
/Users/admin/builder/spi-builder-workspace/Sources/FazeKit/Classes/UIImageFilterAdditions.swift:24:8: note: Also imported here
import CoreImage
^ (in target 'FazeKit' from project 'FazeKit')
PruneExplicitPrecompiledModules /Users/admin/builder/spi-builder-workspace/.derivedData/SDKExplicitPrecompiledModules
PruneExplicitPrecompiledModules /Users/admin/builder/spi-builder-workspace/.derivedData/Build/Intermediates.noindex/SwiftExplicitPrecompiledModules
PruneExplicitPrecompiledModules /Users/admin/builder/spi-builder-workspace/.derivedData/Build/Intermediates.noindex/ExplicitPrecompiledModules
2026-09-24 15:53:08.619 xcodebuild[675:4450] [MT] IDERunDestination: Supported platforms for the buildables in the current scheme is empty.
** BUILD FAILED **
The following build commands failed:
SwiftDriver FazeKit normal arm64 com.apple.xcode.tools.swift.compiler (in target 'FazeKit' from project 'FazeKit')
SwiftDriver FazeKit normal arm64_32 com.apple.xcode.tools.swift.compiler (in target 'FazeKit' from project 'FazeKit')
Building workspace FazeKit with scheme FazeKit
(3 failures)
Command line invocation:
/Applications/Xcode-27.0.0-Release.Candidate.app/Contents/Developer/usr/bin/xcodebuild -IDEClonedSourcePackagesDirPathOverride=/Users/admin/builder/spi-builder-workspace/.dependencies -resolvePackageDependencies
Resolve Package Graph
Resolved source packages:
FazeKit: /Users/admin/builder/spi-builder-workspace
resolved source packages: FazeKit
2026-09-24 15:53:12.429 xcodebuild[690:4716] [MT] IDERunDestination: Supported platforms for the buildables in the current scheme is empty.
{
"dependencies" : [
],
"manifest_display_name" : "FazeKit",
"name" : "FazeKit",
"path" : "/Users/admin/builder/spi-builder-workspace",
"platforms" : [
{
"name" : "ios",
"version" : "14.0"
}
],
"products" : [
{
"name" : "FazeKit",
"targets" : [
"FazeKit"
],
"type" : {
"library" : [
"automatic"
]
}
}
],
"targets" : [
{
"c99name" : "FazeKitTests",
"module_type" : "SwiftTarget",
"name" : "FazeKitTests",
"path" : "Tests/FazeKitTests",
"sources" : [
"AnyAdditionsTests.swift",
"CodableAdditionsTests.swift",
"CollectionAdditionsTests.swift",
"DateAdditionsTests.swift",
"DisposableTests.swift",
"EmailTests.swift",
"MulticastTests.swift",
"ProcessInfoAdditionsTests.swift",
"StringAdditionsTests.swift",
"UIViewAdditionsTests.swift"
],
"target_dependencies" : [
"FazeKit"
],
"type" : "test"
},
{
"c99name" : "FazeKit",
"module_type" : "SwiftTarget",
"name" : "FazeKit",
"path" : "Sources/FazeKit",
"product_memberships" : [
"FazeKit"
],
"sources" : [
"Classes/AnyAdditions.swift",
"Classes/CIFilterAdditions.swift",
"Classes/CodableAdditions.swift",
"Classes/CollectionAdditions.swift",
"Classes/DataAdditions.swift",
"Classes/DateAdditions.swift",
"Classes/DateComponentAdditions.swift",
"Classes/Disposable.swift",
"Classes/DrawingAdditions.swift",
"Classes/KeyboardHelper.swift",
"Classes/Multicast.swift",
"Classes/NSAttributedStringAdditions.swift",
"Classes/NSLockAdditions.swift",
"Classes/ProcessInfoAdditions.swift",
"Classes/ResourceUtils.swift",
"Classes/StringAdditions.swift",
"Classes/ThreadSafeHashTable.swift",
"Classes/UIApplicationAdditions.swift",
"Classes/UIColorAdditions.swift",
"Classes/UIDeviceAdditions.swift",
"Classes/UIImageAdditions.swift",
"Classes/UIImageFilterAdditions.swift",
"Classes/UINavigationControllerAdditions.swift",
"Classes/UIResponderAdditions.swift",
"Classes/UIScreenAdditions.swift",
"Classes/UIViewAdditions.swift"
],
"type" : "library"
}
],
"tools_version" : "5.3"
}
{
"workspace" : {
"name" : "FazeKit",
"schemes" : [
"FazeKit"
]
}
}
2026-09-24 15:53:13.657 xcodebuild[698:4774] [MT] IDERunDestination: Supported platforms for the buildables in the current scheme is empty.
Running build ...
env DEVELOPER_DIR=/Applications/Xcode-27.0.0-Release.Candidate.app xcrun xcodebuild -IDEClonedSourcePackagesDirPathOverride=$PWD/.dependencies -skipMacroValidation -skipPackagePluginValidation -derivedDataPath $PWD/.derivedData build -scheme FazeKit -destination generic/platform=watchOS
Command line invocation:
/Applications/Xcode-27.0.0-Release.Candidate.app/Contents/Developer/usr/bin/xcodebuild -IDEClonedSourcePackagesDirPathOverride=/Users/admin/builder/spi-builder-workspace/.dependencies -skipMacroValidation -skipPackagePluginValidation -derivedDataPath /Users/admin/builder/spi-builder-workspace/.derivedData build -scheme FazeKit -destination generic/platform=watchOS
Resolve Package Graph
Resolved source packages:
FazeKit: /Users/admin/builder/spi-builder-workspace
ComputePackagePrebuildTargetDependencyGraph
Prepare packages
CreateBuildRequest
SendProjectDescription
CreateBuildOperation
ComputeTargetDependencyGraph
note: Building targets in dependency order
note: Target dependency graph (2 targets)
Target 'FazeKit-product' in project 'FazeKit'
➜ Explicit dependency on target 'FazeKit' in project 'FazeKit'
Target 'FazeKit' in project 'FazeKit' (no dependencies)
GatherProvisioningInputs
CreateBuildDescription
ClangStatCache /Applications/Xcode-27.0.0-Release.Candidate.app/Contents/Developer/Toolchains/XcodeDefault.xctoolchain/usr/bin/clang-stat-cache /Applications/Xcode-27.0.0-Release.Candidate.app/Contents/Developer/Platforms/WatchOS.platform/Developer/SDKs/WatchOS27.0.sdk /Users/admin/builder/spi-builder-workspace/.derivedData/SDKStatCaches.noindex/watchos27.0-24R360-e829b21a6f8c9b70876ba0858053c04477534ef55a1706bf4c1112bbb242f0a2.sdkstatcache
cd /Users/admin/builder/spi-builder-workspace/.swiftpm/xcode
/Applications/Xcode-27.0.0-Release.Candidate.app/Contents/Developer/Toolchains/XcodeDefault.xctoolchain/usr/bin/clang-stat-cache /Applications/Xcode-27.0.0-Release.Candidate.app/Contents/Developer/Platforms/WatchOS.platform/Developer/SDKs/WatchOS27.0.sdk -o /Users/admin/builder/spi-builder-workspace/.derivedData/SDKStatCaches.noindex/watchos27.0-24R360-e829b21a6f8c9b70876ba0858053c04477534ef55a1706bf4c1112bbb242f0a2.sdkstatcache
SwiftDriver FazeKit normal arm64 com.apple.xcode.tools.swift.compiler (in target 'FazeKit' from project 'FazeKit')
cd /Users/admin/builder/spi-builder-workspace/.swiftpm/xcode
builtin-SwiftDriver -- /Applications/Xcode-27.0.0-Release.Candidate.app/Contents/Developer/Toolchains/XcodeDefault.xctoolchain/usr/bin/swiftc -parse-as-library -module-name FazeKit -Onone @/Users/admin/builder/spi-builder-workspace/.derivedData/Build/Intermediates.noindex/FazeKit.build/Debug-watchos/FazeKit-t.build/Objects-normal/arm64/FazeKit.SwiftFileList -DSWIFT_PACKAGE -DDEBUG -DSWIFT_MODULE_RESOURCE_BUNDLE_UNAVAILABLE -DXcode -plugin-path /Applications/Xcode-27.0.0-Release.Candidate.app/Contents/Developer/Toolchains/XcodeDefault.xctoolchain/usr/lib/swift/host/plugins/testing -enable-experimental-feature DebugDescriptionMacro -sdk /Applications/Xcode-27.0.0-Release.Candidate.app/Contents/Developer/Platforms/WatchOS.platform/Developer/SDKs/WatchOS27.0.sdk -target arm64-apple-watchos9.0 -g -module-cache-path /Users/admin/builder/spi-builder-workspace/.derivedData/ModuleCache.noindex -Xfrontend -serialize-debugging-options -profile-coverage-mapping -profile-generate -enable-testing -index-store-path /Users/admin/builder/spi-builder-workspace/.derivedData/Index.noindex/DataStore -Xcc -D_LIBCPP_HARDENING_MODE\=_LIBCPP_HARDENING_MODE_DEBUG -swift-version 5 -I /Users/admin/builder/spi-builder-workspace/.derivedData/Build/Products/Debug-watchos -Isystem /Applications/Xcode-27.0.0-Release.Candidate.app/Contents/Developer/Platforms/WatchOS.platform/Developer/usr/lib -F /Users/admin/builder/spi-builder-workspace/.derivedData/Build/Products/Debug-watchos -F /Applications/Xcode-27.0.0-Release.Candidate.app/Contents/Developer/Platforms/WatchOS.platform/Developer/Library/Frameworks -F /Applications/Xcode-27.0.0-Release.Candidate.app/Contents/Developer/Platforms/WatchOS.platform/Developer/SDKs/WatchOS27.0.sdk/Developer/Library/Frameworks -c -j10 -enable-batch-mode -incremental -Xcc -ivfsstatcache -Xcc /Users/admin/builder/spi-builder-workspace/.derivedData/SDKStatCaches.noindex/watchos27.0-24R360-e829b21a6f8c9b70876ba0858053c04477534ef55a1706bf4c1112bbb242f0a2.sdkstatcache -output-file-map /Users/admin/builder/spi-builder-workspace/.derivedData/Build/Intermediates.noindex/FazeKit.build/Debug-watchos/FazeKit-t.build/Objects-normal/arm64/FazeKit-OutputFileMap.json -save-temps -no-color-diagnostics -explicit-module-build -module-cache-path /Users/admin/builder/spi-builder-workspace/.derivedData/Build/Intermediates.noindex/SwiftExplicitPrecompiledModules -clang-scanner-module-cache-path /Users/admin/builder/spi-builder-workspace/.derivedData/ModuleCache.noindex -sdk-module-cache-path /Users/admin/builder/spi-builder-workspace/.derivedData/SDKExplicitPrecompiledModules -emit-dependencies -emit-module -emit-module-path /Users/admin/builder/spi-builder-workspace/.derivedData/Build/Intermediates.noindex/FazeKit.build/Debug-watchos/FazeKit-t.build/Objects-normal/arm64/FazeKit.swiftmodule -serialize-diagnostics -dependency-scan-serialize-diagnostics-path /Users/admin/builder/spi-builder-workspace/.derivedData/Build/Intermediates.noindex/FazeKit.build/Debug-watchos/FazeKit-t.build/Objects-normal/arm64/FazeKit-dependency-scan.dia -validate-clang-modules-once -clang-build-session-file /Users/admin/builder/spi-builder-workspace/.derivedData/ModuleCache.noindex/Session.modulevalidation -Xcc -fmodules-prune-interval\=86400 -Xcc -fmodules-prune-after\=345600 -emit-const-values -const-gather-protocols-list /Users/admin/builder/spi-builder-workspace/.derivedData/Build/Intermediates.noindex/FazeKit.build/Debug-watchos/FazeKit-t.build/Objects-normal/arm64/FazeKit_const_extract_protocols.json -Xcc -I/Users/admin/builder/spi-builder-workspace/.derivedData/Build/Products/Debug-watchos/include -Xcc -I/Users/admin/builder/spi-builder-workspace/.derivedData/Build/Intermediates.noindex/FazeKit.build/Debug-watchos/FazeKit-t.build/DerivedSources-normal/arm64 -Xcc -I/Users/admin/builder/spi-builder-workspace/.derivedData/Build/Intermediates.noindex/FazeKit.build/Debug-watchos/FazeKit-t.build/DerivedSources/arm64 -Xcc -I/Users/admin/builder/spi-builder-workspace/.derivedData/Build/Intermediates.noindex/FazeKit.build/Debug-watchos/FazeKit-t.build/DerivedSources -Xcc -DSWIFT_PACKAGE -Xcc -DDEBUG\=1 -emit-objc-header -emit-objc-header-path /Users/admin/builder/spi-builder-workspace/.derivedData/Build/Intermediates.noindex/FazeKit.build/Debug-watchos/FazeKit-t.build/Objects-normal/arm64/FazeKit-Swift.h -working-directory /Users/admin/builder/spi-builder-workspace/.swiftpm/xcode -experimental-emit-module-separately -disable-cmo
/Users/admin/builder/spi-builder-workspace/Sources/FazeKit/Classes/CIFilterAdditions.swift:9:8: error: Unable to resolve module dependency: 'CoreImage' (in target 'FazeKit' from project 'FazeKit')
note: A dependency of main module 'FazeKit'
/Users/admin/builder/spi-builder-workspace/Sources/FazeKit/Classes/UIImageFilterAdditions.swift:24:8: note: Also imported here
/Users/admin/builder/spi-builder-workspace/Sources/FazeKit/Classes/CIFilterAdditions.swift:9:8: note: A dependency of main module 'FazeKit'
import CoreImage
^ (in target 'FazeKit' from project 'FazeKit')
/Users/admin/builder/spi-builder-workspace/Sources/FazeKit/Classes/UIImageFilterAdditions.swift:24:8: note: Also imported here
import CoreImage
^ (in target 'FazeKit' from project 'FazeKit')
SwiftDriver FazeKit normal arm64_32 com.apple.xcode.tools.swift.compiler (in target 'FazeKit' from project 'FazeKit')
cd /Users/admin/builder/spi-builder-workspace/.swiftpm/xcode
builtin-SwiftDriver -- /Applications/Xcode-27.0.0-Release.Candidate.app/Contents/Developer/Toolchains/XcodeDefault.xctoolchain/usr/bin/swiftc -parse-as-library -module-name FazeKit -Onone @/Users/admin/builder/spi-builder-workspace/.derivedData/Build/Intermediates.noindex/FazeKit.build/Debug-watchos/FazeKit-t.build/Objects-normal/arm64_32/FazeKit.SwiftFileList -DSWIFT_PACKAGE -DDEBUG -DSWIFT_MODULE_RESOURCE_BUNDLE_UNAVAILABLE -DXcode -plugin-path /Applications/Xcode-27.0.0-Release.Candidate.app/Contents/Developer/Toolchains/XcodeDefault.xctoolchain/usr/lib/swift/host/plugins/testing -enable-experimental-feature DebugDescriptionMacro -sdk /Applications/Xcode-27.0.0-Release.Candidate.app/Contents/Developer/Platforms/WatchOS.platform/Developer/SDKs/WatchOS27.0.sdk -target arm64_32-apple-watchos9.0 -g -module-cache-path /Users/admin/builder/spi-builder-workspace/.derivedData/ModuleCache.noindex -Xfrontend -serialize-debugging-options -profile-coverage-mapping -profile-generate -enable-testing -index-store-path /Users/admin/builder/spi-builder-workspace/.derivedData/Index.noindex/DataStore -Xcc -D_LIBCPP_HARDENING_MODE\=_LIBCPP_HARDENING_MODE_DEBUG -swift-version 5 -I /Users/admin/builder/spi-builder-workspace/.derivedData/Build/Products/Debug-watchos -Isystem /Applications/Xcode-27.0.0-Release.Candidate.app/Contents/Developer/Platforms/WatchOS.platform/Developer/usr/lib -F /Users/admin/builder/spi-builder-workspace/.derivedData/Build/Products/Debug-watchos -F /Applications/Xcode-27.0.0-Release.Candidate.app/Contents/Developer/Platforms/WatchOS.platform/Developer/Library/Frameworks -F /Applications/Xcode-27.0.0-Release.Candidate.app/Contents/Developer/Platforms/WatchOS.platform/Developer/SDKs/WatchOS27.0.sdk/Developer/Library/Frameworks -c -j10 -enable-batch-mode -incremental -Xcc -ivfsstatcache -Xcc /Users/admin/builder/spi-builder-workspace/.derivedData/SDKStatCaches.noindex/watchos27.0-24R360-e829b21a6f8c9b70876ba0858053c04477534ef55a1706bf4c1112bbb242f0a2.sdkstatcache -output-file-map /Users/admin/builder/spi-builder-workspace/.derivedData/Build/Intermediates.noindex/FazeKit.build/Debug-watchos/FazeKit-t.build/Objects-normal/arm64_32/FazeKit-OutputFileMap.json -save-temps -no-color-diagnostics -explicit-module-build -module-cache-path /Users/admin/builder/spi-builder-workspace/.derivedData/Build/Intermediates.noindex/SwiftExplicitPrecompiledModules -clang-scanner-module-cache-path /Users/admin/builder/spi-builder-workspace/.derivedData/ModuleCache.noindex -sdk-module-cache-path /Users/admin/builder/spi-builder-workspace/.derivedData/SDKExplicitPrecompiledModules -emit-dependencies -emit-module -emit-module-path /Users/admin/builder/spi-builder-workspace/.derivedData/Build/Intermediates.noindex/FazeKit.build/Debug-watchos/FazeKit-t.build/Objects-normal/arm64_32/FazeKit.swiftmodule -serialize-diagnostics -dependency-scan-serialize-diagnostics-path /Users/admin/builder/spi-builder-workspace/.derivedData/Build/Intermediates.noindex/FazeKit.build/Debug-watchos/FazeKit-t.build/Objects-normal/arm64_32/FazeKit-dependency-scan.dia -validate-clang-modules-once -clang-build-session-file /Users/admin/builder/spi-builder-workspace/.derivedData/ModuleCache.noindex/Session.modulevalidation -Xcc -fmodules-prune-interval\=86400 -Xcc -fmodules-prune-after\=345600 -emit-const-values -const-gather-protocols-list /Users/admin/builder/spi-builder-workspace/.derivedData/Build/Intermediates.noindex/FazeKit.build/Debug-watchos/FazeKit-t.build/Objects-normal/arm64_32/FazeKit_const_extract_protocols.json -Xcc -I/Users/admin/builder/spi-builder-workspace/.derivedData/Build/Products/Debug-watchos/include -Xcc -I/Users/admin/builder/spi-builder-workspace/.derivedData/Build/Intermediates.noindex/FazeKit.build/Debug-watchos/FazeKit-t.build/DerivedSources-normal/arm64_32 -Xcc -I/Users/admin/builder/spi-builder-workspace/.derivedData/Build/Intermediates.noindex/FazeKit.build/Debug-watchos/FazeKit-t.build/DerivedSources/arm64_32 -Xcc -I/Users/admin/builder/spi-builder-workspace/.derivedData/Build/Intermediates.noindex/FazeKit.build/Debug-watchos/FazeKit-t.build/DerivedSources -Xcc -DSWIFT_PACKAGE -Xcc -DDEBUG\=1 -emit-objc-header -emit-objc-header-path /Users/admin/builder/spi-builder-workspace/.derivedData/Build/Intermediates.noindex/FazeKit.build/Debug-watchos/FazeKit-t.build/Objects-normal/arm64_32/FazeKit-Swift.h -working-directory /Users/admin/builder/spi-builder-workspace/.swiftpm/xcode -experimental-emit-module-separately -disable-cmo
/Users/admin/builder/spi-builder-workspace/Sources/FazeKit/Classes/CIFilterAdditions.swift:9:8: error: Unable to resolve module dependency: 'CoreImage' (in target 'FazeKit' from project 'FazeKit')
note: A dependency of main module 'FazeKit'
/Users/admin/builder/spi-builder-workspace/Sources/FazeKit/Classes/UIImageFilterAdditions.swift:24:8: note: Also imported here
/Users/admin/builder/spi-builder-workspace/Sources/FazeKit/Classes/CIFilterAdditions.swift:9:8: note: A dependency of main module 'FazeKit'
import CoreImage
^ (in target 'FazeKit' from project 'FazeKit')
/Users/admin/builder/spi-builder-workspace/Sources/FazeKit/Classes/UIImageFilterAdditions.swift:24:8: note: Also imported here
import CoreImage
^ (in target 'FazeKit' from project 'FazeKit')
PruneExplicitPrecompiledModules /Users/admin/builder/spi-builder-workspace/.derivedData/Build/Intermediates.noindex/SwiftExplicitPrecompiledModules
PruneExplicitPrecompiledModules /Users/admin/builder/spi-builder-workspace/.derivedData/Build/Intermediates.noindex/ExplicitPrecompiledModules
PruneExplicitPrecompiledModules /Users/admin/builder/spi-builder-workspace/.derivedData/SDKExplicitPrecompiledModules
2026-09-24 15:53:14.585 xcodebuild[699:4805] [MT] IDERunDestination: Supported platforms for the buildables in the current scheme is empty.
** BUILD FAILED **
The following build commands failed:
SwiftDriver FazeKit normal arm64 com.apple.xcode.tools.swift.compiler (in target 'FazeKit' from project 'FazeKit')
SwiftDriver FazeKit normal arm64_32 com.apple.xcode.tools.swift.compiler (in target 'FazeKit' from project 'FazeKit')
Building workspace FazeKit with scheme FazeKit
(3 failures)
BUILD FAILURE 6.4 watchOS