The Swift Package Index logo.Swift Package Index

Build Information

Failed to build AsyncImageView, reference master (21914e), with Swift 6.1 for macOS (SPM) on 19 Sep 2026 17:02:13 UTC.

Build Command

env DEVELOPER_DIR=/Applications/Xcode-16.3.0.app xcrun swift build --arch arm64

Build Log

========================================
RunAll
========================================
Builder version: 5.1.0
Interrupt handler set up.
========================================
Checkout
========================================
Clone URL: https://github.com/NachoSoto/AsyncImageView.git
Reference: master
Initialized empty Git repository in /Users/admin/builder/spi-builder-workspace/.git/
From https://github.com/NachoSoto/AsyncImageView
 * branch            master     -> FETCH_HEAD
 * [new branch]      master     -> origin/master
HEAD is now at 21914ea [Fix] Cancel queued image delivery when requests change (#96)
Cloned https://github.com/NachoSoto/AsyncImageView.git
Revision (git rev-parse @):
21914ea7f9a4467178c74a8b09cae60b426dc049
SUCCESS checkout https://github.com/NachoSoto/AsyncImageView.git at master
========================================
Build
========================================
Selected platform:         macosSpm
Swift version:             6.1
Building package at path:  $PWD
https://github.com/NachoSoto/AsyncImageView.git
https://github.com/NachoSoto/AsyncImageView.git
{
  "dependencies" : [
    {
      "identity" : "reactiveswift",
      "requirement" : {
        "range" : [
          {
            "lower_bound" : "7.1.0",
            "upper_bound" : "8.0.0"
          }
        ]
      },
      "type" : "sourceControl",
      "url" : "https://github.com/ReactiveCocoa/ReactiveSwift.git"
    }
  ],
  "manifest_display_name" : "AsyncImageView",
  "name" : "AsyncImageView",
  "path" : "/Users/admin/builder/spi-builder-workspace",
  "platforms" : [
    {
      "name" : "ios",
      "version" : "18.0"
    },
    {
      "name" : "macos",
      "version" : "15.0"
    },
    {
      "name" : "tvos",
      "version" : "18.0"
    },
    {
      "name" : "watchos",
      "version" : "11.0"
    }
  ],
  "products" : [
    {
      "name" : "AsyncImageView",
      "targets" : [
        "AsyncImageView"
      ],
      "type" : {
        "library" : [
          "automatic"
        ]
      }
    }
  ],
  "swift_languages_versions" : [
    "6"
  ],
  "targets" : [
    {
      "c99name" : "AsyncImageViewTests",
      "module_type" : "SwiftTarget",
      "name" : "AsyncImageViewTests",
      "path" : "AsyncImageViewTests",
      "sources" : [
        "AsyncImageCompatibilityTests.swift",
        "AsyncImageDeliveryTests.swift",
        "AsyncImageSchedulerTests.swift",
        "AsyncImageTransitionTests.swift",
        "AsyncImageViewRequestTests.swift",
        "AsyncImageViewTests.swift",
        "AsyncSwiftUIImageViewStateTests.swift",
        "AsyncSwiftUIImageViewTests.swift",
        "CacheRendererTests.swift",
        "CachingTests.swift",
        "DiskCacheImageScaleTests.swift",
        "DisplayScaleTests.swift",
        "Helpers.swift",
        "ImageInflaterRendererTests.swift",
        "MulticastedRendererTests.swift",
        "TestRenderData.swift"
      ],
      "target_dependencies" : [
        "AsyncImageView"
      ],
      "type" : "test"
    },
    {
      "c99name" : "AsyncImageView",
      "module_type" : "SwiftTarget",
      "name" : "AsyncImageView",
      "path" : "AsyncImageView",
      "product_dependencies" : [
        "ReactiveSwift"
      ],
      "product_memberships" : [
        "AsyncImageView"
      ],
      "sources" : [
        "AsyncImageLoader.swift",
        "AsyncImageView.swift",
        "AsyncSwiftUIImageView.swift",
        "Caching.swift",
        "Extensions.swift",
        "ImageTransition.swift",
        "Renderers/AnyRenderer.swift",
        "Renderers/CacheRenderer.swift",
        "Renderers/ContextRenderer.swift",
        "Renderers/EmptyRenderer.swift",
        "Renderers/ErrorIgnoringRenderer.swift",
        "Renderers/FallbackRenderer.swift",
        "Renderers/ImageInflaterRenderer.swift",
        "Renderers/ImageProcessingRenderer.swift",
        "Renderers/LocalImageRenderer.swift",
        "Renderers/MulticastedRenderer.swift",
        "Renderers/RemoteImageRenderer.swift",
        "Renderers/RemoteOrLocalImageRenderer.swift",
        "Renderers/Renderer.swift",
        "Renderers/SimpleImageProcessingRenderer.swift",
        "Renderers/ViewRenderer.swift",
        "SynchronousUIScheduler.swift"
      ],
      "type" : "library"
    }
  ],
  "tools_version" : "6.0"
}
Running build ...
env DEVELOPER_DIR=/Applications/Xcode-16.3.0.app xcrun swift build --arch arm64 -Xswiftc -Xfrontend -Xswiftc -stats-output-dir -Xswiftc -Xfrontend -Xswiftc .stats
Building for debugging...
[0/3] Write sources
[2/3] Write swift-version-2F0A5646E1D333AE.txt
[4/50] Emitting module ReactiveSwift
[5/55] Compiling ReactiveSwift Observer.swift
[6/55] Compiling ReactiveSwift Operators.swift
[7/55] Compiling ReactiveSwift Reduce.swift
[8/55] Compiling ReactiveSwift ScanMap.swift
[9/55] Compiling ReactiveSwift SkipFirst.swift
[10/55] Compiling ReactiveSwift SkipRepeats.swift
[11/55] Compiling ReactiveSwift SkipWhile.swift
[12/55] Compiling ReactiveSwift TakeFirst.swift
[13/55] Compiling ReactiveSwift TakeLast.swift
[14/55] Compiling ReactiveSwift TakeUntil.swift
[15/55] Compiling ReactiveSwift Collect.swift
[16/55] Compiling ReactiveSwift CollectEvery.swift
[17/55] Compiling ReactiveSwift CombinePrevious.swift
[18/55] Compiling ReactiveSwift CompactMap.swift
[19/55] Compiling ReactiveSwift Debounce.swift
[20/55] Compiling ReactiveSwift TakeWhile.swift
[21/55] Compiling ReactiveSwift Throttle.swift
[22/55] Compiling ReactiveSwift UnaryAsyncOperator.swift
[23/55] Compiling ReactiveSwift UniqueValues.swift
[24/55] Compiling ReactiveSwift Optional.swift
[25/55] Compiling ReactiveSwift Delay.swift
[26/55] Compiling ReactiveSwift Dematerialize.swift
[27/55] Compiling ReactiveSwift DematerializeResults.swift
[28/55] Compiling ReactiveSwift Filter.swift
[29/55] Compiling ReactiveSwift LazyMap.swift
[30/55] Compiling ReactiveSwift Map.swift
[31/55] Compiling ReactiveSwift MapError.swift
[32/55] Compiling ReactiveSwift Materialize.swift
[33/55] Compiling ReactiveSwift MaterializeAsResult.swift
[34/55] Compiling ReactiveSwift ObserveOn.swift
[35/55] Compiling ReactiveSwift Property.swift
[36/55] Compiling ReactiveSwift Reactive.swift
[37/55] Compiling ReactiveSwift ResultExtensions.swift
[38/55] Compiling ReactiveSwift Scheduler.swift
[39/55] Compiling ReactiveSwift Signal.Observer.swift
[40/55] Compiling ReactiveSwift EventLogger.swift
[41/55] Compiling ReactiveSwift Flatten.swift
[42/55] Compiling ReactiveSwift FoundationExtensions.swift
[43/55] Compiling ReactiveSwift Lifetime.swift
[44/55] Compiling ReactiveSwift AttemptMap.swift
[45/55] Compiling ReactiveSwift Action.swift
[46/55] Compiling ReactiveSwift Atomic.swift
[47/55] Compiling ReactiveSwift Bag.swift
[48/55] Compiling ReactiveSwift Deprecations+Removals.swift
[49/55] Compiling ReactiveSwift Disposable.swift
[50/55] Compiling ReactiveSwift Event.swift
[51/55] Compiling ReactiveSwift Signal.swift
[52/55] Compiling ReactiveSwift SignalProducer.swift
[53/55] Compiling ReactiveSwift UnidirectionalBinding.swift
[54/55] Compiling ReactiveSwift UninhabitedTypeGuards.swift
[55/55] Compiling ReactiveSwift ValidatingProperty.swift
error: emit-module command failed with exit code 1 (use -v to see invocation)
[56/76] Emitting module AsyncImageView
/Users/admin/builder/spi-builder-workspace/AsyncImageView/AsyncImageView.swift:9:8: error: no such module 'UIKit'
  7 | //
  8 |
  9 | import UIKit
    |        `- error: no such module 'UIKit'
 10 | import Combine
 11 |
[57/78] Compiling AsyncImageView LocalImageRenderer.swift
/Users/admin/builder/spi-builder-workspace/AsyncImageView/AsyncImageView.swift:9:8: error: no such module 'UIKit'
  7 | //
  8 |
  9 | import UIKit
    |        `- error: no such module 'UIKit'
 10 | import Combine
 11 |
[58/78] Compiling AsyncImageView MulticastedRenderer.swift
/Users/admin/builder/spi-builder-workspace/AsyncImageView/AsyncImageView.swift:9:8: error: no such module 'UIKit'
  7 | //
  8 |
  9 | import UIKit
    |        `- error: no such module 'UIKit'
 10 | import Combine
 11 |
[59/78] Compiling AsyncImageView ViewRenderer.swift
/Users/admin/builder/spi-builder-workspace/AsyncImageView/AsyncImageView.swift:9:8: error: no such module 'UIKit'
  7 | //
  8 |
  9 | import UIKit
    |        `- error: no such module 'UIKit'
 10 | import Combine
 11 |
[60/78] Compiling AsyncImageView SynchronousUIScheduler.swift
/Users/admin/builder/spi-builder-workspace/AsyncImageView/AsyncImageView.swift:9:8: error: no such module 'UIKit'
  7 | //
  8 |
  9 | import UIKit
    |        `- error: no such module 'UIKit'
 10 | import Combine
 11 |
[61/78] Compiling AsyncImageView ImageInflaterRenderer.swift
/Users/admin/builder/spi-builder-workspace/AsyncImageView/AsyncImageView.swift:9:8: error: no such module 'UIKit'
  7 | //
  8 |
  9 | import UIKit
    |        `- error: no such module 'UIKit'
 10 | import Combine
 11 |
[62/78] Compiling AsyncImageView ImageProcessingRenderer.swift
/Users/admin/builder/spi-builder-workspace/AsyncImageView/AsyncImageView.swift:9:8: error: no such module 'UIKit'
  7 | //
  8 |
  9 | import UIKit
    |        `- error: no such module 'UIKit'
 10 | import Combine
 11 |
[63/78] Compiling AsyncImageView ErrorIgnoringRenderer.swift
/Users/admin/builder/spi-builder-workspace/AsyncImageView/AsyncImageView.swift:9:8: error: no such module 'UIKit'
  7 | //
  8 |
  9 | import UIKit
    |        `- error: no such module 'UIKit'
 10 | import Combine
 11 |
[64/78] Compiling AsyncImageView FallbackRenderer.swift
/Users/admin/builder/spi-builder-workspace/AsyncImageView/AsyncImageView.swift:9:8: error: no such module 'UIKit'
  7 | //
  8 |
  9 | import UIKit
    |        `- error: no such module 'UIKit'
 10 | import Combine
 11 |
[65/78] Compiling AsyncImageView Renderer.swift
/Users/admin/builder/spi-builder-workspace/AsyncImageView/AsyncImageView.swift:9:8: error: no such module 'UIKit'
  7 | //
  8 |
  9 | import UIKit
    |        `- error: no such module 'UIKit'
 10 | import Combine
 11 |
[66/78] Compiling AsyncImageView SimpleImageProcessingRenderer.swift
/Users/admin/builder/spi-builder-workspace/AsyncImageView/AsyncImageView.swift:9:8: error: no such module 'UIKit'
  7 | //
  8 |
  9 | import UIKit
    |        `- error: no such module 'UIKit'
 10 | import Combine
 11 |
[67/78] Compiling AsyncImageView ContextRenderer.swift
/Users/admin/builder/spi-builder-workspace/AsyncImageView/AsyncImageView.swift:9:8: error: no such module 'UIKit'
  7 | //
  8 |
  9 | import UIKit
    |        `- error: no such module 'UIKit'
 10 | import Combine
 11 |
[68/78] Compiling AsyncImageView EmptyRenderer.swift
/Users/admin/builder/spi-builder-workspace/AsyncImageView/AsyncImageView.swift:9:8: error: no such module 'UIKit'
  7 | //
  8 |
  9 | import UIKit
    |        `- error: no such module 'UIKit'
 10 | import Combine
 11 |
[69/78] Compiling AsyncImageView AnyRenderer.swift
/Users/admin/builder/spi-builder-workspace/AsyncImageView/AsyncImageView.swift:9:8: error: no such module 'UIKit'
  7 | //
  8 |
  9 | import UIKit
    |        `- error: no such module 'UIKit'
 10 | import Combine
 11 |
[70/78] Compiling AsyncImageView CacheRenderer.swift
/Users/admin/builder/spi-builder-workspace/AsyncImageView/AsyncImageView.swift:9:8: error: no such module 'UIKit'
  7 | //
  8 |
  9 | import UIKit
    |        `- error: no such module 'UIKit'
 10 | import Combine
 11 |
[71/78] Compiling AsyncImageView Caching.swift
/Users/admin/builder/spi-builder-workspace/AsyncImageView/AsyncImageView.swift:9:8: error: no such module 'UIKit'
  7 | //
  8 |
  9 | import UIKit
    |        `- error: no such module 'UIKit'
 10 | import Combine
 11 |
[72/78] Compiling AsyncImageView Extensions.swift
/Users/admin/builder/spi-builder-workspace/AsyncImageView/AsyncImageView.swift:9:8: error: no such module 'UIKit'
  7 | //
  8 |
  9 | import UIKit
    |        `- error: no such module 'UIKit'
 10 | import Combine
 11 |
[73/78] Compiling AsyncImageView ImageTransition.swift
/Users/admin/builder/spi-builder-workspace/AsyncImageView/AsyncImageView.swift:9:8: error: no such module 'UIKit'
  7 | //
  8 |
  9 | import UIKit
    |        `- error: no such module 'UIKit'
 10 | import Combine
 11 |
[74/78] Compiling AsyncImageView RemoteImageRenderer.swift
/Users/admin/builder/spi-builder-workspace/AsyncImageView/AsyncImageView.swift:9:8: error: no such module 'UIKit'
  7 | //
  8 |
  9 | import UIKit
    |        `- error: no such module 'UIKit'
 10 | import Combine
 11 |
[75/78] Compiling AsyncImageView RemoteOrLocalImageRenderer.swift
/Users/admin/builder/spi-builder-workspace/AsyncImageView/AsyncImageView.swift:9:8: error: no such module 'UIKit'
  7 | //
  8 |
  9 | import UIKit
    |        `- error: no such module 'UIKit'
 10 | import Combine
 11 |
[76/78] Compiling AsyncImageView AsyncImageLoader.swift
/Users/admin/builder/spi-builder-workspace/AsyncImageView/AsyncImageView.swift:9:8: error: no such module 'UIKit'
  7 | //
  8 |
  9 | import UIKit
    |        `- error: no such module 'UIKit'
 10 | import Combine
 11 |
[77/78] Compiling AsyncImageView AsyncImageView.swift
/Users/admin/builder/spi-builder-workspace/AsyncImageView/AsyncImageView.swift:9:8: error: no such module 'UIKit'
  7 | //
  8 |
  9 | import UIKit
    |        `- error: no such module 'UIKit'
 10 | import Combine
 11 |
[78/78] Compiling AsyncImageView AsyncSwiftUIImageView.swift
/Users/admin/builder/spi-builder-workspace/AsyncImageView/AsyncImageView.swift:9:8: error: no such module 'UIKit'
  7 | //
  8 |
  9 | import UIKit
    |        `- error: no such module 'UIKit'
 10 | import Combine
 11 |
Fetching https://github.com/ReactiveCocoa/ReactiveSwift.git
[1/52500] Fetching reactiveswift
Fetched https://github.com/ReactiveCocoa/ReactiveSwift.git from cache (4.37s)
Computing version for https://github.com/ReactiveCocoa/ReactiveSwift.git
Computed https://github.com/ReactiveCocoa/ReactiveSwift.git at 7.2.1 (7.54s)
Creating working copy for https://github.com/ReactiveCocoa/ReactiveSwift.git
Working copy of https://github.com/ReactiveCocoa/ReactiveSwift.git resolved at 7.2.1
Running build ...
env DEVELOPER_DIR=/Applications/Xcode-16.3.0.app xcrun swift build --arch arm64
[0/1] Planning build
Building for debugging...
[0/1] Write swift-version-2F0A5646E1D333AE.txt
[2/48] Compiling ReactiveSwift SkipRepeats.swift
[3/48] Compiling ReactiveSwift SkipWhile.swift
[4/48] Compiling ReactiveSwift TakeFirst.swift
[5/48] Compiling ReactiveSwift TakeLast.swift
[6/48] Compiling ReactiveSwift TakeUntil.swift
[7/48] Compiling ReactiveSwift Map.swift
[8/48] Compiling ReactiveSwift MapError.swift
[9/48] Compiling ReactiveSwift Materialize.swift
[10/48] Compiling ReactiveSwift MaterializeAsResult.swift
[11/48] Compiling ReactiveSwift ObserveOn.swift
[12/53] Compiling ReactiveSwift Observer.swift
[13/53] Compiling ReactiveSwift Operators.swift
[14/53] Compiling ReactiveSwift Reduce.swift
[15/53] Compiling ReactiveSwift ScanMap.swift
[16/53] Compiling ReactiveSwift SkipFirst.swift
[17/53] Compiling ReactiveSwift Delay.swift
[18/53] Compiling ReactiveSwift Dematerialize.swift
[19/53] Compiling ReactiveSwift DematerializeResults.swift
[20/53] Compiling ReactiveSwift Filter.swift
[21/53] Compiling ReactiveSwift LazyMap.swift
[22/53] Compiling ReactiveSwift TakeWhile.swift
[23/53] Compiling ReactiveSwift Throttle.swift
[24/53] Compiling ReactiveSwift UnaryAsyncOperator.swift
[25/53] Compiling ReactiveSwift UniqueValues.swift
[26/53] Compiling ReactiveSwift Optional.swift
[27/53] Compiling ReactiveSwift Collect.swift
[28/53] Compiling ReactiveSwift CollectEvery.swift
[29/53] Compiling ReactiveSwift CombinePrevious.swift
[30/53] Compiling ReactiveSwift CompactMap.swift
[31/53] Compiling ReactiveSwift Debounce.swift
[32/53] Emitting module ReactiveSwift
[33/53] Compiling ReactiveSwift Action.swift
[34/53] Compiling ReactiveSwift Atomic.swift
[35/53] Compiling ReactiveSwift Bag.swift
[36/53] Compiling ReactiveSwift Deprecations+Removals.swift
[37/53] Compiling ReactiveSwift Disposable.swift
[38/53] Compiling ReactiveSwift Event.swift
[39/53] Compiling ReactiveSwift EventLogger.swift
[40/53] Compiling ReactiveSwift Flatten.swift
[41/53] Compiling ReactiveSwift FoundationExtensions.swift
[42/53] Compiling ReactiveSwift Lifetime.swift
[43/53] Compiling ReactiveSwift AttemptMap.swift
[44/53] Compiling ReactiveSwift Property.swift
[45/53] Compiling ReactiveSwift Reactive.swift
[46/53] Compiling ReactiveSwift ResultExtensions.swift
[47/53] Compiling ReactiveSwift Scheduler.swift
[48/53] Compiling ReactiveSwift Signal.Observer.swift
[49/53] Compiling ReactiveSwift Signal.swift
[50/53] Compiling ReactiveSwift SignalProducer.swift
[51/53] Compiling ReactiveSwift UnidirectionalBinding.swift
[52/53] Compiling ReactiveSwift UninhabitedTypeGuards.swift
[53/53] Compiling ReactiveSwift ValidatingProperty.swift
error: emit-module command failed with exit code 1 (use -v to see invocation)
[54/74] Emitting module AsyncImageView
/Users/admin/builder/spi-builder-workspace/AsyncImageView/AsyncImageView.swift:9:8: error: no such module 'UIKit'
  7 | //
  8 |
  9 | import UIKit
    |        `- error: no such module 'UIKit'
 10 | import Combine
 11 |
[55/76] Compiling AsyncImageView Renderer.swift
/Users/admin/builder/spi-builder-workspace/AsyncImageView/AsyncImageView.swift:9:8: error: no such module 'UIKit'
  7 | //
  8 |
  9 | import UIKit
    |        `- error: no such module 'UIKit'
 10 | import Combine
 11 |
[56/76] Compiling AsyncImageView SimpleImageProcessingRenderer.swift
/Users/admin/builder/spi-builder-workspace/AsyncImageView/AsyncImageView.swift:9:8: error: no such module 'UIKit'
  7 | //
  8 |
  9 | import UIKit
    |        `- error: no such module 'UIKit'
 10 | import Combine
 11 |
[57/76] Compiling AsyncImageView ErrorIgnoringRenderer.swift
/Users/admin/builder/spi-builder-workspace/AsyncImageView/AsyncImageView.swift:9:8: error: no such module 'UIKit'
  7 | //
  8 |
  9 | import UIKit
    |        `- error: no such module 'UIKit'
 10 | import Combine
 11 |
[58/76] Compiling AsyncImageView FallbackRenderer.swift
/Users/admin/builder/spi-builder-workspace/AsyncImageView/AsyncImageView.swift:9:8: error: no such module 'UIKit'
  7 | //
  8 |
  9 | import UIKit
    |        `- error: no such module 'UIKit'
 10 | import Combine
 11 |
[59/76] Compiling AsyncImageView AnyRenderer.swift
/Users/admin/builder/spi-builder-workspace/AsyncImageView/AsyncImageView.swift:9:8: error: no such module 'UIKit'
  7 | //
  8 |
  9 | import UIKit
    |        `- error: no such module 'UIKit'
 10 | import Combine
 11 |
[60/76] Compiling AsyncImageView CacheRenderer.swift
/Users/admin/builder/spi-builder-workspace/AsyncImageView/AsyncImageView.swift:9:8: error: no such module 'UIKit'
  7 | //
  8 |
  9 | import UIKit
    |        `- error: no such module 'UIKit'
 10 | import Combine
 11 |
[61/76] Compiling AsyncImageView ViewRenderer.swift
/Users/admin/builder/spi-builder-workspace/AsyncImageView/AsyncImageView.swift:9:8: error: no such module 'UIKit'
  7 | //
  8 |
  9 | import UIKit
    |        `- error: no such module 'UIKit'
 10 | import Combine
 11 |
[62/76] Compiling AsyncImageView SynchronousUIScheduler.swift
/Users/admin/builder/spi-builder-workspace/AsyncImageView/AsyncImageView.swift:9:8: error: no such module 'UIKit'
  7 | //
  8 |
  9 | import UIKit
    |        `- error: no such module 'UIKit'
 10 | import Combine
 11 |
[63/76] Compiling AsyncImageView ImageInflaterRenderer.swift
/Users/admin/builder/spi-builder-workspace/AsyncImageView/AsyncImageView.swift:9:8: error: no such module 'UIKit'
  7 | //
  8 |
  9 | import UIKit
    |        `- error: no such module 'UIKit'
 10 | import Combine
 11 |
[64/76] Compiling AsyncImageView ImageProcessingRenderer.swift
/Users/admin/builder/spi-builder-workspace/AsyncImageView/AsyncImageView.swift:9:8: error: no such module 'UIKit'
  7 | //
  8 |
  9 | import UIKit
    |        `- error: no such module 'UIKit'
 10 | import Combine
 11 |
[65/76] Compiling AsyncImageView ContextRenderer.swift
/Users/admin/builder/spi-builder-workspace/AsyncImageView/AsyncImageView.swift:9:8: error: no such module 'UIKit'
  7 | //
  8 |
  9 | import UIKit
    |        `- error: no such module 'UIKit'
 10 | import Combine
 11 |
[66/76] Compiling AsyncImageView EmptyRenderer.swift
/Users/admin/builder/spi-builder-workspace/AsyncImageView/AsyncImageView.swift:9:8: error: no such module 'UIKit'
  7 | //
  8 |
  9 | import UIKit
    |        `- error: no such module 'UIKit'
 10 | import Combine
 11 |
[67/76] Compiling AsyncImageView RemoteImageRenderer.swift
/Users/admin/builder/spi-builder-workspace/AsyncImageView/AsyncImageView.swift:9:8: error: no such module 'UIKit'
  7 | //
  8 |
  9 | import UIKit
    |        `- error: no such module 'UIKit'
 10 | import Combine
 11 |
[68/76] Compiling AsyncImageView RemoteOrLocalImageRenderer.swift
/Users/admin/builder/spi-builder-workspace/AsyncImageView/AsyncImageView.swift:9:8: error: no such module 'UIKit'
  7 | //
  8 |
  9 | import UIKit
    |        `- error: no such module 'UIKit'
 10 | import Combine
 11 |
[69/76] Compiling AsyncImageView Caching.swift
/Users/admin/builder/spi-builder-workspace/AsyncImageView/AsyncImageView.swift:9:8: error: no such module 'UIKit'
  7 | //
  8 |
  9 | import UIKit
    |        `- error: no such module 'UIKit'
 10 | import Combine
 11 |
[70/76] Compiling AsyncImageView Extensions.swift
/Users/admin/builder/spi-builder-workspace/AsyncImageView/AsyncImageView.swift:9:8: error: no such module 'UIKit'
  7 | //
  8 |
  9 | import UIKit
    |        `- error: no such module 'UIKit'
 10 | import Combine
 11 |
[71/76] Compiling AsyncImageView ImageTransition.swift
/Users/admin/builder/spi-builder-workspace/AsyncImageView/AsyncImageView.swift:9:8: error: no such module 'UIKit'
  7 | //
  8 |
  9 | import UIKit
    |        `- error: no such module 'UIKit'
 10 | import Combine
 11 |
[72/76] Compiling AsyncImageView LocalImageRenderer.swift
/Users/admin/builder/spi-builder-workspace/AsyncImageView/AsyncImageView.swift:9:8: error: no such module 'UIKit'
  7 | //
  8 |
  9 | import UIKit
    |        `- error: no such module 'UIKit'
 10 | import Combine
 11 |
[73/76] Compiling AsyncImageView MulticastedRenderer.swift
/Users/admin/builder/spi-builder-workspace/AsyncImageView/AsyncImageView.swift:9:8: error: no such module 'UIKit'
  7 | //
  8 |
  9 | import UIKit
    |        `- error: no such module 'UIKit'
 10 | import Combine
 11 |
[74/76] Compiling AsyncImageView AsyncImageLoader.swift
/Users/admin/builder/spi-builder-workspace/AsyncImageView/AsyncImageView.swift:9:8: error: no such module 'UIKit'
  7 | //
  8 |
  9 | import UIKit
    |        `- error: no such module 'UIKit'
 10 | import Combine
 11 |
[75/76] Compiling AsyncImageView AsyncImageView.swift
/Users/admin/builder/spi-builder-workspace/AsyncImageView/AsyncImageView.swift:9:8: error: no such module 'UIKit'
  7 | //
  8 |
  9 | import UIKit
    |        `- error: no such module 'UIKit'
 10 | import Combine
 11 |
[76/76] Compiling AsyncImageView AsyncSwiftUIImageView.swift
/Users/admin/builder/spi-builder-workspace/AsyncImageView/AsyncImageView.swift:9:8: error: no such module 'UIKit'
  7 | //
  8 |
  9 | import UIKit
    |        `- error: no such module 'UIKit'
 10 | import Combine
 11 |
BUILD FAILURE 6.1 macosSpm