Build Information
Failed to build iOSAlertLibrary, reference v1.0.0 (a77e0c), with Swift 6.4 for macOS (Xcode) using Xcode 27.0 on 21 Sep 2026 15:40:26 UTC.
Build Command
env DEVELOPER_DIR=/Applications/Xcode-27.0.0-Release.Candidate.app xcrun xcodebuild -IDEClonedSourcePackagesDirPathOverride=$PWD/.dependencies -skipMacroValidation -skipPackagePluginValidation -derivedDataPath $PWD/.derivedData build -scheme iOSAlertLibrary -destination platform=macOS,arch=arm64Build Log
========================================
RunAll
========================================
Builder version: 5.1.0
Interrupt handler set up.
========================================
Checkout
========================================
Clone URL: https://github.com/MickeyRU/AlertsLibrary.git
Reference: v1.0.0
Initialized empty Git repository in /Users/admin/builder/spi-builder-workspace/.git/
From https://github.com/MickeyRU/AlertsLibrary
* tag v1.0.0 -> FETCH_HEAD
HEAD is now at a77e0cd Merge pull request #2 from Archichil/main
Cloned https://github.com/MickeyRU/AlertsLibrary.git
Revision (git rev-parse @):
a77e0cd56a67a2a788d1bf716b9a2598b60cf5c6
SUCCESS checkout https://github.com/MickeyRU/AlertsLibrary.git at v1.0.0
========================================
Build
========================================
Selected platform: macosXcodebuild
Swift version: 6.4
Building package at path: $PWD
https://github.com/MickeyRU/AlertsLibrary.git
Command line invocation:
/Applications/Xcode-27.0.0-Release.Candidate.app/Contents/Developer/usr/bin/xcodebuild -IDEClonedSourcePackagesDirPathOverride=/Users/admin/builder/spi-builder-workspace/.dependencies -resolvePackageDependencies
Resolve Package Graph
Fetching from https://github.com/pointfreeco/swift-snapshot-testing
Fetching from https://github.com/pointfreeco/swift-custom-dump
Fetching from https://github.com/swiftlang/swift-syntax
Fetching from https://github.com/pointfreeco/swift-issue-reporting
Creating working copy of package ‘swift-issue-reporting’
Checking out 2.1.0 of package ‘swift-issue-reporting’
Creating working copy of package ‘swift-syntax’
Checking out 604.0.0 of package ‘swift-syntax’
Creating working copy of package ‘swift-custom-dump’
Checking out 1.7.3 of package ‘swift-custom-dump’
Creating working copy of package ‘swift-snapshot-testing’
Checking out 1.19.5 of package ‘swift-snapshot-testing’
Resolve Package Graph
Resolved source packages:
swift-syntax: https://github.com/swiftlang/swift-syntax @ 604.0.0
iOSAlertLibrary: /Users/admin/builder/spi-builder-workspace
swift-custom-dump: https://github.com/pointfreeco/swift-custom-dump @ 1.7.3
swift-snapshot-testing: https://github.com/pointfreeco/swift-snapshot-testing @ 1.19.5
swift-issue-reporting: https://github.com/pointfreeco/swift-issue-reporting @ 2.1.0
resolved source packages: swift-syntax, iOSAlertLibrary, swift-custom-dump, swift-snapshot-testing, swift-issue-reporting
2026-09-21 11:39:31.615 xcodebuild[525:3013] [MT] IDERunDestination: Supported platforms for the buildables in the current scheme is empty.
{
"dependencies" : [
{
"identity" : "swift-snapshot-testing",
"requirement" : {
"range" : [
{
"lower_bound" : "1.17.6",
"upper_bound" : "2.0.0"
}
]
},
"type" : "sourceControl",
"url" : "https://github.com/pointfreeco/swift-snapshot-testing"
}
],
"manifest_display_name" : "iOSAlertLibrary",
"name" : "iOSAlertLibrary",
"path" : "/Users/admin/builder/spi-builder-workspace",
"platforms" : [
{
"name" : "ios",
"version" : "16.0"
}
],
"products" : [
{
"name" : "iOSAlertLibrary",
"targets" : [
"iOSAlertLibrary"
],
"type" : {
"library" : [
"automatic"
]
}
}
],
"targets" : [
{
"c99name" : "iOSAlertLibraryTests",
"module_type" : "SwiftTarget",
"name" : "iOSAlertLibraryTests",
"path" : "Tests/iOSAlertLibraryTests",
"product_dependencies" : [
"SnapshotTesting"
],
"sources" : [
"AlertViewTests.swift",
"InformationAlertViewTests.swift",
"ToastViewTests.swift"
],
"target_dependencies" : [
"iOSAlertLibrary"
],
"type" : "test"
},
{
"c99name" : "iOSAlertLibrary",
"module_type" : "SwiftTarget",
"name" : "iOSAlertLibrary",
"path" : "Sources/iOSAlertLibrary",
"product_memberships" : [
"iOSAlertLibrary"
],
"sources" : [
"Animations/Animations/AnimationPreset.swift",
"Animations/Extensions/View + Extension.swift",
"Animations/Models/AnimationConfig.swift",
"Animations/Models/AnimationType.swift",
"Animations/Protocols/AnimationPresetProtocol.swift",
"Core/Containers/BasicContainerView.swift",
"Core/Containers/ViewModels/BasicContainerViewModel.swift",
"Core/Enums/AlertGestureConfigEnum.swift",
"Core/Enums/AlertPositionEnum.swift",
"Core/Managers/AlertPresentationManager.swift",
"Core/Managers/OverlayWindowManager.swift",
"Core/Models/ContainerConfig.swift",
"Core/Protocols/ContainerViewProtocol.swift",
"Core/Utils/DynamicUIHostingController.swift",
"Core/Utils/GestureProcessor.swift",
"Core/Utils/PassThroughWindow.swift",
"Core/Utils/StatusBarBasedController.swift",
"Extensions/UIView + extensions.swift",
"NotificationsUI/Enums/AlertType.swift",
"NotificationsUI/Enums/ToastStyle.swift",
"NotificationsUI/Models/AlertButtonConfig.swift",
"NotificationsUI/Models/AlertConfig.swift",
"NotificationsUI/Models/DynamicIslandAlertConfig.swift",
"NotificationsUI/Models/ExpandedToastConfig.swift",
"NotificationsUI/Models/InformationAlertConfig.swift",
"NotificationsUI/Models/ToastConfig.swift",
"NotificationsUI/Providers/AlertButtonColorProvider.swift",
"NotificationsUI/Providers/AlertColorProvider.swift",
"NotificationsUI/Providers/DynamicIslandAlertColorProvider.swift",
"NotificationsUI/Providers/InformationAlertColorProvider.swift",
"NotificationsUI/Views/AlertButton.swift",
"NotificationsUI/Views/AlertView.swift",
"NotificationsUI/Views/DismissButton.swift",
"NotificationsUI/Views/DynamicIslandAlertView.swift",
"NotificationsUI/Views/InformationAlertView.swift",
"NotificationsUI/Views/Toasts/CollapsedToastView.swift",
"NotificationsUI/Views/Toasts/ExpandedToastView.swift",
"NotificationsUI/Views/Toasts/ToastView.swift",
"iOSAlertLibrary.swift"
],
"type" : "library"
}
],
"tools_version" : "6.0"
}
{
"workspace" : {
"name" : "iOSAlertLibrary",
"schemes" : [
"iOSAlertLibrary"
]
}
}
2026-09-21 11:40:06.481 xcodebuild[835:5016] [MT] IDERunDestination: Supported platforms for the buildables in the current scheme is empty.
Running build ...
env DEVELOPER_DIR=/Applications/Xcode-27.0.0-Release.Candidate.app xcrun xcodebuild -IDEClonedSourcePackagesDirPathOverride=$PWD/.dependencies -skipMacroValidation -skipPackagePluginValidation -derivedDataPath $PWD/.derivedData build -scheme iOSAlertLibrary -destination platform=macOS,arch=arm64
Command line invocation:
/Applications/Xcode-27.0.0-Release.Candidate.app/Contents/Developer/usr/bin/xcodebuild -IDEClonedSourcePackagesDirPathOverride=/Users/admin/builder/spi-builder-workspace/.dependencies -skipMacroValidation -skipPackagePluginValidation -derivedDataPath /Users/admin/builder/spi-builder-workspace/.derivedData build -scheme iOSAlertLibrary -destination platform=macOS,arch=arm64
Resolve Package Graph
Resolve Package Graph
Resolved source packages:
iOSAlertLibrary: /Users/admin/builder/spi-builder-workspace
swift-syntax: https://github.com/swiftlang/swift-syntax @ 604.0.0
swift-custom-dump: https://github.com/pointfreeco/swift-custom-dump @ 1.7.3
swift-issue-reporting: https://github.com/pointfreeco/swift-issue-reporting @ 2.1.0
swift-snapshot-testing: https://github.com/pointfreeco/swift-snapshot-testing @ 1.19.5
ComputePackagePrebuildTargetDependencyGraph
Prepare packages
CreateBuildRequest
SendProjectDescription
CreateBuildOperation
ComputeTargetDependencyGraph
note: Building targets in dependency order
note: Target dependency graph (2 targets)
Target 'iOSAlertLibrary-product' in project 'iOSAlertLibrary'
➜ Explicit dependency on target 'iOSAlertLibrary' in project 'iOSAlertLibrary'
Target 'iOSAlertLibrary' in project 'iOSAlertLibrary' (no dependencies)
GatherProvisioningInputs
CreateBuildDescription
ExecuteExternalTool /Applications/Xcode-27.0.0-Release.Candidate.app/Contents/Developer/Toolchains/XcodeDefault.xctoolchain/usr/bin/clang -v -E -dM -isysroot /Applications/Xcode-27.0.0-Release.Candidate.app/Contents/Developer/Platforms/MacOSX.platform/Developer/SDKs/MacOSX27.0.sdk -x c -c /dev/null
ExecuteExternalTool /Applications/Xcode-27.0.0-Release.Candidate.app/Contents/Developer/Toolchains/XcodeDefault.xctoolchain/usr/bin/swiftc --version
ExecuteExternalTool /Applications/Xcode-27.0.0-Release.Candidate.app/Contents/Developer/Toolchains/XcodeDefault.xctoolchain/usr/bin/ld -version_details
ReadFileContents /Applications/Xcode-27.0.0-Release.Candidate.app/Contents/Developer/Toolchains/XcodeDefault.xctoolchain/usr/share/docc/features.json
Build description signature: a94b2ad4282b1455ca8fbd8be94415fa
Build description path: /Users/admin/builder/spi-builder-workspace/.derivedData/Build/Intermediates.noindex/XCBuildData/a94b2ad4282b1455ca8fbd8be94415fa.xcbuilddata
CreateBuildDirectory /Users/admin/builder/spi-builder-workspace/.derivedData/SDKExplicitPrecompiledModules
cd /Users/admin/builder/spi-builder-workspace/.swiftpm/xcode
builtin-create-build-directory /Users/admin/builder/spi-builder-workspace/.derivedData/SDKExplicitPrecompiledModules
CreateBuildDirectory /Users/admin/builder/spi-builder-workspace/.derivedData/ModuleCache.noindex
cd /Users/admin/builder/spi-builder-workspace/.swiftpm/xcode
builtin-create-build-directory /Users/admin/builder/spi-builder-workspace/.derivedData/ModuleCache.noindex
CreateBuildDirectory /Users/admin/builder/spi-builder-workspace/.derivedData/CompilationCache.noindex
cd /Users/admin/builder/spi-builder-workspace/.swiftpm/xcode
builtin-create-build-directory /Users/admin/builder/spi-builder-workspace/.derivedData/CompilationCache.noindex
ClangStatCache /Applications/Xcode-27.0.0-Release.Candidate.app/Contents/Developer/Toolchains/XcodeDefault.xctoolchain/usr/bin/clang-stat-cache /Applications/Xcode-27.0.0-Release.Candidate.app/Contents/Developer/Platforms/MacOSX.platform/Developer/SDKs/MacOSX27.0.sdk /Users/admin/builder/spi-builder-workspace/.derivedData/SDKStatCaches.noindex/macosx27.0-26A425-e829b21a6f8c9b70876ba0858053c0446a22442a12e9d48fe1a705f55a1adfc4.sdkstatcache
cd /Users/admin/builder/spi-builder-workspace/.swiftpm/xcode
/Applications/Xcode-27.0.0-Release.Candidate.app/Contents/Developer/Toolchains/XcodeDefault.xctoolchain/usr/bin/clang-stat-cache /Applications/Xcode-27.0.0-Release.Candidate.app/Contents/Developer/Platforms/MacOSX.platform/Developer/SDKs/MacOSX27.0.sdk -o /Users/admin/builder/spi-builder-workspace/.derivedData/SDKStatCaches.noindex/macosx27.0-26A425-e829b21a6f8c9b70876ba0858053c0446a22442a12e9d48fe1a705f55a1adfc4.sdkstatcache
CreateBuildDirectory /Users/admin/builder/spi-builder-workspace/.derivedData/Build/Intermediates.noindex
cd /Users/admin/builder/spi-builder-workspace/.swiftpm/xcode
builtin-create-build-directory /Users/admin/builder/spi-builder-workspace/.derivedData/Build/Intermediates.noindex
CreateBuildDirectory /Users/admin/builder/spi-builder-workspace/.derivedData/Build/Products
cd /Users/admin/builder/spi-builder-workspace/.swiftpm/xcode
builtin-create-build-directory /Users/admin/builder/spi-builder-workspace/.derivedData/Build/Products
CreateBuildDirectory /Users/admin/builder/spi-builder-workspace/.derivedData/Build/Intermediates.noindex/SwiftExplicitPrecompiledModules
cd /Users/admin/builder/spi-builder-workspace/.swiftpm/xcode
builtin-create-build-directory /Users/admin/builder/spi-builder-workspace/.derivedData/Build/Intermediates.noindex/SwiftExplicitPrecompiledModules
CreateBuildDirectory /Users/admin/builder/spi-builder-workspace/.derivedData/Build/Intermediates.noindex/ExplicitPrecompiledModules
cd /Users/admin/builder/spi-builder-workspace/.swiftpm/xcode
builtin-create-build-directory /Users/admin/builder/spi-builder-workspace/.derivedData/Build/Intermediates.noindex/ExplicitPrecompiledModules
CreateBuildDirectory /Users/admin/builder/spi-builder-workspace/.derivedData/Build/Intermediates.noindex/PrecompiledHeaders
cd /Users/admin/builder/spi-builder-workspace/.swiftpm/xcode
builtin-create-build-directory /Users/admin/builder/spi-builder-workspace/.derivedData/Build/Intermediates.noindex/PrecompiledHeaders
CreateBuildDirectory /Users/admin/builder/spi-builder-workspace/.derivedData/Build/Intermediates.noindex/EagerLinkingTBDs/Debug
cd /Users/admin/builder/spi-builder-workspace/.swiftpm/xcode
builtin-create-build-directory /Users/admin/builder/spi-builder-workspace/.derivedData/Build/Intermediates.noindex/EagerLinkingTBDs/Debug
CreateBuildDirectory /Users/admin/builder/spi-builder-workspace/.derivedData/Build/Products/Debug
cd /Users/admin/builder/spi-builder-workspace/.swiftpm/xcode
builtin-create-build-directory /Users/admin/builder/spi-builder-workspace/.derivedData/Build/Products/Debug
CreateBuildDirectory /Users/admin/builder/spi-builder-workspace/.derivedData/Build/Products/Debug/PackageFrameworks
cd /Users/admin/builder/spi-builder-workspace/.swiftpm/xcode
builtin-create-build-directory /Users/admin/builder/spi-builder-workspace/.derivedData/Build/Products/Debug/PackageFrameworks
WriteAuxiliaryFile /Users/admin/builder/spi-builder-workspace/.derivedData/Build/Intermediates.noindex/iOSAlertLibrary.build/Debug/iOSAlertLibrary-t.build/iOSAlertLibrary.modulemap (in target 'iOSAlertLibrary' from project 'iOSAlertLibrary')
cd /Users/admin/builder/spi-builder-workspace
write-file /Users/admin/builder/spi-builder-workspace/.derivedData/Build/Intermediates.noindex/iOSAlertLibrary.build/Debug/iOSAlertLibrary-t.build/iOSAlertLibrary.modulemap
WriteAuxiliaryFile /Users/admin/builder/spi-builder-workspace/.derivedData/Build/Intermediates.noindex/iOSAlertLibrary.build/Debug/iOSAlertLibrary-t.build/iOSAlertLibrary.DependencyMetadataFileList (in target 'iOSAlertLibrary' from project 'iOSAlertLibrary')
cd /Users/admin/builder/spi-builder-workspace
write-file /Users/admin/builder/spi-builder-workspace/.derivedData/Build/Intermediates.noindex/iOSAlertLibrary.build/Debug/iOSAlertLibrary-t.build/iOSAlertLibrary.DependencyMetadataFileList
WriteAuxiliaryFile /Users/admin/builder/spi-builder-workspace/.derivedData/Build/Intermediates.noindex/iOSAlertLibrary.build/Debug/iOSAlertLibrary-t.build/iOSAlertLibrary.DependencyStaticMetadataFileList (in target 'iOSAlertLibrary' from project 'iOSAlertLibrary')
cd /Users/admin/builder/spi-builder-workspace
write-file /Users/admin/builder/spi-builder-workspace/.derivedData/Build/Intermediates.noindex/iOSAlertLibrary.build/Debug/iOSAlertLibrary-t.build/iOSAlertLibrary.DependencyStaticMetadataFileList
WriteAuxiliaryFile /Users/admin/builder/spi-builder-workspace/.derivedData/Build/Intermediates.noindex/iOSAlertLibrary.build/Debug/iOSAlertLibrary-t.build/Objects-normal/arm64/iOSAlertLibrary_const_extract_protocols.json (in target 'iOSAlertLibrary' from project 'iOSAlertLibrary')
cd /Users/admin/builder/spi-builder-workspace
write-file /Users/admin/builder/spi-builder-workspace/.derivedData/Build/Intermediates.noindex/iOSAlertLibrary.build/Debug/iOSAlertLibrary-t.build/Objects-normal/arm64/iOSAlertLibrary_const_extract_protocols.json
WriteAuxiliaryFile /Users/admin/builder/spi-builder-workspace/.derivedData/Build/Intermediates.noindex/iOSAlertLibrary.build/Debug/iOSAlertLibrary-t.build/Objects-normal/arm64/iOSAlertLibrary.LinkFileList (in target 'iOSAlertLibrary' from project 'iOSAlertLibrary')
cd /Users/admin/builder/spi-builder-workspace
write-file /Users/admin/builder/spi-builder-workspace/.derivedData/Build/Intermediates.noindex/iOSAlertLibrary.build/Debug/iOSAlertLibrary-t.build/Objects-normal/arm64/iOSAlertLibrary.LinkFileList
WriteAuxiliaryFile /Users/admin/builder/spi-builder-workspace/.derivedData/Build/Intermediates.noindex/iOSAlertLibrary.build/Debug/iOSAlertLibrary-t.build/Objects-normal/arm64/iOSAlertLibrary-OutputFileMap.json (in target 'iOSAlertLibrary' from project 'iOSAlertLibrary')
cd /Users/admin/builder/spi-builder-workspace
write-file /Users/admin/builder/spi-builder-workspace/.derivedData/Build/Intermediates.noindex/iOSAlertLibrary.build/Debug/iOSAlertLibrary-t.build/Objects-normal/arm64/iOSAlertLibrary-OutputFileMap.json
WriteAuxiliaryFile /Users/admin/builder/spi-builder-workspace/.derivedData/Build/Intermediates.noindex/iOSAlertLibrary.build/Debug/iOSAlertLibrary-t.build/Objects-normal/arm64/iOSAlertLibrary.SwiftFileList (in target 'iOSAlertLibrary' from project 'iOSAlertLibrary')
cd /Users/admin/builder/spi-builder-workspace
write-file /Users/admin/builder/spi-builder-workspace/.derivedData/Build/Intermediates.noindex/iOSAlertLibrary.build/Debug/iOSAlertLibrary-t.build/Objects-normal/arm64/iOSAlertLibrary.SwiftFileList
WriteAuxiliaryFile /Users/admin/builder/spi-builder-workspace/.derivedData/Build/Intermediates.noindex/iOSAlertLibrary.build/Debug/iOSAlertLibrary-t.build/Objects-normal/arm64/iOSAlertLibrary.SwiftConstValuesFileList (in target 'iOSAlertLibrary' from project 'iOSAlertLibrary')
cd /Users/admin/builder/spi-builder-workspace
write-file /Users/admin/builder/spi-builder-workspace/.derivedData/Build/Intermediates.noindex/iOSAlertLibrary.build/Debug/iOSAlertLibrary-t.build/Objects-normal/arm64/iOSAlertLibrary.SwiftConstValuesFileList
Copy /Users/admin/builder/spi-builder-workspace/.derivedData/Build/Intermediates.noindex/GeneratedModuleMaps/iOSAlertLibrary.modulemap /Users/admin/builder/spi-builder-workspace/.derivedData/Build/Intermediates.noindex/iOSAlertLibrary.build/Debug/iOSAlertLibrary-t.build/iOSAlertLibrary.modulemap (in target 'iOSAlertLibrary' from project 'iOSAlertLibrary')
cd /Users/admin/builder/spi-builder-workspace
builtin-copy -exclude .DS_Store -exclude CVS -exclude .svn -exclude .git -exclude .hg -resolve-src-symlinks /Users/admin/builder/spi-builder-workspace/.derivedData/Build/Intermediates.noindex/iOSAlertLibrary.build/Debug/iOSAlertLibrary-t.build/iOSAlertLibrary.modulemap /Users/admin/builder/spi-builder-workspace/.derivedData/Build/Intermediates.noindex/GeneratedModuleMaps
SwiftDriver iOSAlertLibrary normal arm64 com.apple.xcode.tools.swift.compiler (in target 'iOSAlertLibrary' from project 'iOSAlertLibrary')
cd /Users/admin/builder/spi-builder-workspace/.swiftpm/xcode
builtin-SwiftDriver -- /Applications/Xcode-27.0.0-Release.Candidate.app/Contents/Developer/Toolchains/XcodeDefault.xctoolchain/usr/bin/swiftc -parse-as-library -module-name iOSAlertLibrary -Onone @/Users/admin/builder/spi-builder-workspace/.derivedData/Build/Intermediates.noindex/iOSAlertLibrary.build/Debug/iOSAlertLibrary-t.build/Objects-normal/arm64/iOSAlertLibrary.SwiftFileList -DSWIFT_PACKAGE -DDEBUG -DSWIFT_MODULE_RESOURCE_BUNDLE_UNAVAILABLE -DXcode -plugin-path /Applications/Xcode-27.0.0-Release.Candidate.app/Contents/Developer/Toolchains/XcodeDefault.xctoolchain/usr/lib/swift/host/plugins/testing -enable-experimental-feature DebugDescriptionMacro -sdk /Applications/Xcode-27.0.0-Release.Candidate.app/Contents/Developer/Platforms/MacOSX.platform/Developer/SDKs/MacOSX27.0.sdk -target arm64-apple-macos12.0 -g -module-cache-path /Users/admin/builder/spi-builder-workspace/.derivedData/ModuleCache.noindex -Xfrontend -serialize-debugging-options -profile-coverage-mapping -profile-generate -enable-testing -index-store-path /Users/admin/builder/spi-builder-workspace/.derivedData/Index.noindex/DataStore -Xcc -D_LIBCPP_HARDENING_MODE\=_LIBCPP_HARDENING_MODE_DEBUG -swift-version 6 -I /Users/admin/builder/spi-builder-workspace/.derivedData/Build/Products/Debug -Isystem /Applications/Xcode-27.0.0-Release.Candidate.app/Contents/Developer/Platforms/MacOSX.platform/Developer/usr/lib -F /Users/admin/builder/spi-builder-workspace/.derivedData/Build/Products/Debug -F /Applications/Xcode-27.0.0-Release.Candidate.app/Contents/Developer/Platforms/MacOSX.platform/Developer/Library/Frameworks -c -j10 -enable-batch-mode -incremental -Xcc -ivfsstatcache -Xcc /Users/admin/builder/spi-builder-workspace/.derivedData/SDKStatCaches.noindex/macosx27.0-26A425-e829b21a6f8c9b70876ba0858053c0446a22442a12e9d48fe1a705f55a1adfc4.sdkstatcache -output-file-map /Users/admin/builder/spi-builder-workspace/.derivedData/Build/Intermediates.noindex/iOSAlertLibrary.build/Debug/iOSAlertLibrary-t.build/Objects-normal/arm64/iOSAlertLibrary-OutputFileMap.json -save-temps -no-color-diagnostics -explicit-module-build -module-cache-path /Users/admin/builder/spi-builder-workspace/.derivedData/Build/Intermediates.noindex/SwiftExplicitPrecompiledModules -clang-scanner-module-cache-path /Users/admin/builder/spi-builder-workspace/.derivedData/ModuleCache.noindex -sdk-module-cache-path /Users/admin/builder/spi-builder-workspace/.derivedData/SDKExplicitPrecompiledModules -emit-dependencies -emit-module -emit-module-path /Users/admin/builder/spi-builder-workspace/.derivedData/Build/Intermediates.noindex/iOSAlertLibrary.build/Debug/iOSAlertLibrary-t.build/Objects-normal/arm64/iOSAlertLibrary.swiftmodule -serialize-diagnostics -dependency-scan-serialize-diagnostics-path /Users/admin/builder/spi-builder-workspace/.derivedData/Build/Intermediates.noindex/iOSAlertLibrary.build/Debug/iOSAlertLibrary-t.build/Objects-normal/arm64/iOSAlertLibrary-dependency-scan.dia -validate-clang-modules-once -clang-build-session-file /Users/admin/builder/spi-builder-workspace/.derivedData/ModuleCache.noindex/Session.modulevalidation -Xcc -fmodules-prune-interval\=86400 -Xcc -fmodules-prune-after\=345600 -package-name spi_builder_workspace -emit-const-values -const-gather-protocols-list /Users/admin/builder/spi-builder-workspace/.derivedData/Build/Intermediates.noindex/iOSAlertLibrary.build/Debug/iOSAlertLibrary-t.build/Objects-normal/arm64/iOSAlertLibrary_const_extract_protocols.json -Xcc -I/Users/admin/builder/spi-builder-workspace/.derivedData/Build/Products/Debug/include -Xcc -I/Users/admin/builder/spi-builder-workspace/.derivedData/Build/Intermediates.noindex/iOSAlertLibrary.build/Debug/iOSAlertLibrary-t.build/DerivedSources-normal/arm64 -Xcc -I/Users/admin/builder/spi-builder-workspace/.derivedData/Build/Intermediates.noindex/iOSAlertLibrary.build/Debug/iOSAlertLibrary-t.build/DerivedSources/arm64 -Xcc -I/Users/admin/builder/spi-builder-workspace/.derivedData/Build/Intermediates.noindex/iOSAlertLibrary.build/Debug/iOSAlertLibrary-t.build/DerivedSources -Xcc -DSWIFT_PACKAGE -Xcc -DDEBUG\=1 -emit-objc-header -emit-objc-header-path /Users/admin/builder/spi-builder-workspace/.derivedData/Build/Intermediates.noindex/iOSAlertLibrary.build/Debug/iOSAlertLibrary-t.build/Objects-normal/arm64/iOSAlertLibrary-Swift.h -working-directory /Users/admin/builder/spi-builder-workspace/.swiftpm/xcode -experimental-emit-module-separately -disable-cmo
/Users/admin/builder/spi-builder-workspace/Sources/iOSAlertLibrary/Core/Enums/AlertPositionEnum.swift:1:8: error: Unable to resolve module dependency: 'UIKit' (in target 'iOSAlertLibrary' from project 'iOSAlertLibrary')
note: A dependency of main module 'iOSAlertLibrary'
/Users/admin/builder/spi-builder-workspace/Sources/iOSAlertLibrary/Core/Managers/OverlayWindowManager.swift:1:8: note: Also imported here
/Users/admin/builder/spi-builder-workspace/Sources/iOSAlertLibrary/Core/Utils/PassThroughWindow.swift:1:8: note: Also imported here
/Users/admin/builder/spi-builder-workspace/Sources/iOSAlertLibrary/Core/Utils/StatusBarBasedController.swift:1:8: note: Also imported here
/Users/admin/builder/spi-builder-workspace/Sources/iOSAlertLibrary/Extensions/UIView + extensions.swift:1:8: note: Also imported here
/Users/admin/builder/spi-builder-workspace/Sources/iOSAlertLibrary/Core/Enums/AlertPositionEnum.swift:1:8: note: A dependency of main module 'iOSAlertLibrary'
import UIKit
^ (in target 'iOSAlertLibrary' from project 'iOSAlertLibrary')
/Users/admin/builder/spi-builder-workspace/Sources/iOSAlertLibrary/Core/Managers/OverlayWindowManager.swift:1:8: note: Also imported here
import UIKit
^ (in target 'iOSAlertLibrary' from project 'iOSAlertLibrary')
/Users/admin/builder/spi-builder-workspace/Sources/iOSAlertLibrary/Core/Utils/PassThroughWindow.swift:1:8: note: Also imported here
import UIKit
^ (in target 'iOSAlertLibrary' from project 'iOSAlertLibrary')
/Users/admin/builder/spi-builder-workspace/Sources/iOSAlertLibrary/Core/Utils/StatusBarBasedController.swift:1:8: note: Also imported here
import UIKit
^ (in target 'iOSAlertLibrary' from project 'iOSAlertLibrary')
/Users/admin/builder/spi-builder-workspace/Sources/iOSAlertLibrary/Extensions/UIView + extensions.swift:1:8: note: Also imported here
import UIKit
^ (in target 'iOSAlertLibrary' from project 'iOSAlertLibrary')
PruneExplicitPrecompiledModules /Users/admin/builder/spi-builder-workspace/.derivedData/Build/Intermediates.noindex/SwiftExplicitPrecompiledModules
PruneExplicitPrecompiledModules /Users/admin/builder/spi-builder-workspace/.derivedData/SDKExplicitPrecompiledModules
PruneExplicitPrecompiledModules /Users/admin/builder/spi-builder-workspace/.derivedData/Build/Intermediates.noindex/ExplicitPrecompiledModules
2026-09-21 11:40:12.190 xcodebuild[837:5070] [MT] IDERunDestination: Supported platforms for the buildables in the current scheme is empty.
--- xcodebuild: WARNING: Using the first of multiple matching destinations:
{ platform:macOS, arch:arm64, id:37fa180f24d1b47dbda8474995a1a736e073a049, name:My Mac }
{ platform:macOS, arch:arm64, variant:Mac Catalyst, id:37fa180f24d1b47dbda8474995a1a736e073a049, name:My Mac }
{ platform:macOS, arch:arm64, variant:DriverKit, id:37fa180f24d1b47dbda8474995a1a736e073a049, name:My Mac }
{ platform:macOS, arch:arm64, variant:Designed for [iPad,iPhone], id:37fa180f24d1b47dbda8474995a1a736e073a049, name:My Mac }
** BUILD FAILED **
The following build commands failed:
SwiftDriver iOSAlertLibrary normal arm64 com.apple.xcode.tools.swift.compiler (in target 'iOSAlertLibrary' from project 'iOSAlertLibrary')
Building workspace iOSAlertLibrary with scheme iOSAlertLibrary
(2 failures)
Command line invocation:
/Applications/Xcode-27.0.0-Release.Candidate.app/Contents/Developer/usr/bin/xcodebuild -IDEClonedSourcePackagesDirPathOverride=/Users/admin/builder/spi-builder-workspace/.dependencies -resolvePackageDependencies
Resolve Package Graph
Resolved source packages:
swift-snapshot-testing: https://github.com/pointfreeco/swift-snapshot-testing @ 1.19.5
iOSAlertLibrary: /Users/admin/builder/spi-builder-workspace
swift-custom-dump: https://github.com/pointfreeco/swift-custom-dump @ 1.7.3
swift-syntax: https://github.com/swiftlang/swift-syntax @ 604.0.0
swift-issue-reporting: https://github.com/pointfreeco/swift-issue-reporting @ 2.1.0
resolved source packages: swift-snapshot-testing, iOSAlertLibrary, swift-custom-dump, swift-syntax, swift-issue-reporting
2026-09-21 11:40:19.446 xcodebuild[885:5481] [MT] IDERunDestination: Supported platforms for the buildables in the current scheme is empty.
{
"dependencies" : [
{
"identity" : "swift-snapshot-testing",
"requirement" : {
"range" : [
{
"lower_bound" : "1.17.6",
"upper_bound" : "2.0.0"
}
]
},
"type" : "sourceControl",
"url" : "https://github.com/pointfreeco/swift-snapshot-testing"
}
],
"manifest_display_name" : "iOSAlertLibrary",
"name" : "iOSAlertLibrary",
"path" : "/Users/admin/builder/spi-builder-workspace",
"platforms" : [
{
"name" : "ios",
"version" : "16.0"
}
],
"products" : [
{
"name" : "iOSAlertLibrary",
"targets" : [
"iOSAlertLibrary"
],
"type" : {
"library" : [
"automatic"
]
}
}
],
"targets" : [
{
"c99name" : "iOSAlertLibraryTests",
"module_type" : "SwiftTarget",
"name" : "iOSAlertLibraryTests",
"path" : "Tests/iOSAlertLibraryTests",
"product_dependencies" : [
"SnapshotTesting"
],
"sources" : [
"AlertViewTests.swift",
"InformationAlertViewTests.swift",
"ToastViewTests.swift"
],
"target_dependencies" : [
"iOSAlertLibrary"
],
"type" : "test"
},
{
"c99name" : "iOSAlertLibrary",
"module_type" : "SwiftTarget",
"name" : "iOSAlertLibrary",
"path" : "Sources/iOSAlertLibrary",
"product_memberships" : [
"iOSAlertLibrary"
],
"sources" : [
"Animations/Animations/AnimationPreset.swift",
"Animations/Extensions/View + Extension.swift",
"Animations/Models/AnimationConfig.swift",
"Animations/Models/AnimationType.swift",
"Animations/Protocols/AnimationPresetProtocol.swift",
"Core/Containers/BasicContainerView.swift",
"Core/Containers/ViewModels/BasicContainerViewModel.swift",
"Core/Enums/AlertGestureConfigEnum.swift",
"Core/Enums/AlertPositionEnum.swift",
"Core/Managers/AlertPresentationManager.swift",
"Core/Managers/OverlayWindowManager.swift",
"Core/Models/ContainerConfig.swift",
"Core/Protocols/ContainerViewProtocol.swift",
"Core/Utils/DynamicUIHostingController.swift",
"Core/Utils/GestureProcessor.swift",
"Core/Utils/PassThroughWindow.swift",
"Core/Utils/StatusBarBasedController.swift",
"Extensions/UIView + extensions.swift",
"NotificationsUI/Enums/AlertType.swift",
"NotificationsUI/Enums/ToastStyle.swift",
"NotificationsUI/Models/AlertButtonConfig.swift",
"NotificationsUI/Models/AlertConfig.swift",
"NotificationsUI/Models/DynamicIslandAlertConfig.swift",
"NotificationsUI/Models/ExpandedToastConfig.swift",
"NotificationsUI/Models/InformationAlertConfig.swift",
"NotificationsUI/Models/ToastConfig.swift",
"NotificationsUI/Providers/AlertButtonColorProvider.swift",
"NotificationsUI/Providers/AlertColorProvider.swift",
"NotificationsUI/Providers/DynamicIslandAlertColorProvider.swift",
"NotificationsUI/Providers/InformationAlertColorProvider.swift",
"NotificationsUI/Views/AlertButton.swift",
"NotificationsUI/Views/AlertView.swift",
"NotificationsUI/Views/DismissButton.swift",
"NotificationsUI/Views/DynamicIslandAlertView.swift",
"NotificationsUI/Views/InformationAlertView.swift",
"NotificationsUI/Views/Toasts/CollapsedToastView.swift",
"NotificationsUI/Views/Toasts/ExpandedToastView.swift",
"NotificationsUI/Views/Toasts/ToastView.swift",
"iOSAlertLibrary.swift"
],
"type" : "library"
}
],
"tools_version" : "6.0"
}
{
"workspace" : {
"name" : "iOSAlertLibrary",
"schemes" : [
"iOSAlertLibrary"
]
}
}
2026-09-21 11:40:22.554 xcodebuild[894:5548] [MT] IDERunDestination: Supported platforms for the buildables in the current scheme is empty.
Running build ...
env DEVELOPER_DIR=/Applications/Xcode-27.0.0-Release.Candidate.app xcrun xcodebuild -IDEClonedSourcePackagesDirPathOverride=$PWD/.dependencies -skipMacroValidation -skipPackagePluginValidation -derivedDataPath $PWD/.derivedData build -scheme iOSAlertLibrary -destination platform=macOS,arch=arm64
Command line invocation:
/Applications/Xcode-27.0.0-Release.Candidate.app/Contents/Developer/usr/bin/xcodebuild -IDEClonedSourcePackagesDirPathOverride=/Users/admin/builder/spi-builder-workspace/.dependencies -skipMacroValidation -skipPackagePluginValidation -derivedDataPath /Users/admin/builder/spi-builder-workspace/.derivedData build -scheme iOSAlertLibrary -destination platform=macOS,arch=arm64
Resolve Package Graph
Resolved source packages:
swift-syntax: https://github.com/swiftlang/swift-syntax @ 604.0.0
iOSAlertLibrary: /Users/admin/builder/spi-builder-workspace
swift-issue-reporting: https://github.com/pointfreeco/swift-issue-reporting @ 2.1.0
swift-snapshot-testing: https://github.com/pointfreeco/swift-snapshot-testing @ 1.19.5
swift-custom-dump: https://github.com/pointfreeco/swift-custom-dump @ 1.7.3
ComputePackagePrebuildTargetDependencyGraph
Prepare packages
CreateBuildRequest
SendProjectDescription
CreateBuildOperation
ComputeTargetDependencyGraph
note: Building targets in dependency order
note: Target dependency graph (2 targets)
Target 'iOSAlertLibrary-product' in project 'iOSAlertLibrary'
➜ Explicit dependency on target 'iOSAlertLibrary' in project 'iOSAlertLibrary'
Target 'iOSAlertLibrary' in project 'iOSAlertLibrary' (no dependencies)
GatherProvisioningInputs
CreateBuildDescription
ClangStatCache /Applications/Xcode-27.0.0-Release.Candidate.app/Contents/Developer/Toolchains/XcodeDefault.xctoolchain/usr/bin/clang-stat-cache /Applications/Xcode-27.0.0-Release.Candidate.app/Contents/Developer/Platforms/MacOSX.platform/Developer/SDKs/MacOSX27.0.sdk /Users/admin/builder/spi-builder-workspace/.derivedData/SDKStatCaches.noindex/macosx27.0-26A425-e829b21a6f8c9b70876ba0858053c0446a22442a12e9d48fe1a705f55a1adfc4.sdkstatcache
cd /Users/admin/builder/spi-builder-workspace/.swiftpm/xcode
/Applications/Xcode-27.0.0-Release.Candidate.app/Contents/Developer/Toolchains/XcodeDefault.xctoolchain/usr/bin/clang-stat-cache /Applications/Xcode-27.0.0-Release.Candidate.app/Contents/Developer/Platforms/MacOSX.platform/Developer/SDKs/MacOSX27.0.sdk -o /Users/admin/builder/spi-builder-workspace/.derivedData/SDKStatCaches.noindex/macosx27.0-26A425-e829b21a6f8c9b70876ba0858053c0446a22442a12e9d48fe1a705f55a1adfc4.sdkstatcache
SwiftDriver iOSAlertLibrary normal arm64 com.apple.xcode.tools.swift.compiler (in target 'iOSAlertLibrary' from project 'iOSAlertLibrary')
cd /Users/admin/builder/spi-builder-workspace/.swiftpm/xcode
builtin-SwiftDriver -- /Applications/Xcode-27.0.0-Release.Candidate.app/Contents/Developer/Toolchains/XcodeDefault.xctoolchain/usr/bin/swiftc -parse-as-library -module-name iOSAlertLibrary -Onone @/Users/admin/builder/spi-builder-workspace/.derivedData/Build/Intermediates.noindex/iOSAlertLibrary.build/Debug/iOSAlertLibrary-t.build/Objects-normal/arm64/iOSAlertLibrary.SwiftFileList -DSWIFT_PACKAGE -DDEBUG -DSWIFT_MODULE_RESOURCE_BUNDLE_UNAVAILABLE -DXcode -plugin-path /Applications/Xcode-27.0.0-Release.Candidate.app/Contents/Developer/Toolchains/XcodeDefault.xctoolchain/usr/lib/swift/host/plugins/testing -enable-experimental-feature DebugDescriptionMacro -sdk /Applications/Xcode-27.0.0-Release.Candidate.app/Contents/Developer/Platforms/MacOSX.platform/Developer/SDKs/MacOSX27.0.sdk -target arm64-apple-macos12.0 -g -module-cache-path /Users/admin/builder/spi-builder-workspace/.derivedData/ModuleCache.noindex -Xfrontend -serialize-debugging-options -profile-coverage-mapping -profile-generate -enable-testing -index-store-path /Users/admin/builder/spi-builder-workspace/.derivedData/Index.noindex/DataStore -Xcc -D_LIBCPP_HARDENING_MODE\=_LIBCPP_HARDENING_MODE_DEBUG -swift-version 6 -I /Users/admin/builder/spi-builder-workspace/.derivedData/Build/Products/Debug -Isystem /Applications/Xcode-27.0.0-Release.Candidate.app/Contents/Developer/Platforms/MacOSX.platform/Developer/usr/lib -F /Users/admin/builder/spi-builder-workspace/.derivedData/Build/Products/Debug -F /Applications/Xcode-27.0.0-Release.Candidate.app/Contents/Developer/Platforms/MacOSX.platform/Developer/Library/Frameworks -c -j10 -enable-batch-mode -incremental -Xcc -ivfsstatcache -Xcc /Users/admin/builder/spi-builder-workspace/.derivedData/SDKStatCaches.noindex/macosx27.0-26A425-e829b21a6f8c9b70876ba0858053c0446a22442a12e9d48fe1a705f55a1adfc4.sdkstatcache -output-file-map /Users/admin/builder/spi-builder-workspace/.derivedData/Build/Intermediates.noindex/iOSAlertLibrary.build/Debug/iOSAlertLibrary-t.build/Objects-normal/arm64/iOSAlertLibrary-OutputFileMap.json -save-temps -no-color-diagnostics -explicit-module-build -module-cache-path /Users/admin/builder/spi-builder-workspace/.derivedData/Build/Intermediates.noindex/SwiftExplicitPrecompiledModules -clang-scanner-module-cache-path /Users/admin/builder/spi-builder-workspace/.derivedData/ModuleCache.noindex -sdk-module-cache-path /Users/admin/builder/spi-builder-workspace/.derivedData/SDKExplicitPrecompiledModules -emit-dependencies -emit-module -emit-module-path /Users/admin/builder/spi-builder-workspace/.derivedData/Build/Intermediates.noindex/iOSAlertLibrary.build/Debug/iOSAlertLibrary-t.build/Objects-normal/arm64/iOSAlertLibrary.swiftmodule -serialize-diagnostics -dependency-scan-serialize-diagnostics-path /Users/admin/builder/spi-builder-workspace/.derivedData/Build/Intermediates.noindex/iOSAlertLibrary.build/Debug/iOSAlertLibrary-t.build/Objects-normal/arm64/iOSAlertLibrary-dependency-scan.dia -validate-clang-modules-once -clang-build-session-file /Users/admin/builder/spi-builder-workspace/.derivedData/ModuleCache.noindex/Session.modulevalidation -Xcc -fmodules-prune-interval\=86400 -Xcc -fmodules-prune-after\=345600 -package-name spi_builder_workspace -emit-const-values -const-gather-protocols-list /Users/admin/builder/spi-builder-workspace/.derivedData/Build/Intermediates.noindex/iOSAlertLibrary.build/Debug/iOSAlertLibrary-t.build/Objects-normal/arm64/iOSAlertLibrary_const_extract_protocols.json -Xcc -I/Users/admin/builder/spi-builder-workspace/.derivedData/Build/Products/Debug/include -Xcc -I/Users/admin/builder/spi-builder-workspace/.derivedData/Build/Intermediates.noindex/iOSAlertLibrary.build/Debug/iOSAlertLibrary-t.build/DerivedSources-normal/arm64 -Xcc -I/Users/admin/builder/spi-builder-workspace/.derivedData/Build/Intermediates.noindex/iOSAlertLibrary.build/Debug/iOSAlertLibrary-t.build/DerivedSources/arm64 -Xcc -I/Users/admin/builder/spi-builder-workspace/.derivedData/Build/Intermediates.noindex/iOSAlertLibrary.build/Debug/iOSAlertLibrary-t.build/DerivedSources -Xcc -DSWIFT_PACKAGE -Xcc -DDEBUG\=1 -emit-objc-header -emit-objc-header-path /Users/admin/builder/spi-builder-workspace/.derivedData/Build/Intermediates.noindex/iOSAlertLibrary.build/Debug/iOSAlertLibrary-t.build/Objects-normal/arm64/iOSAlertLibrary-Swift.h -working-directory /Users/admin/builder/spi-builder-workspace/.swiftpm/xcode -experimental-emit-module-separately -disable-cmo
/Users/admin/builder/spi-builder-workspace/Sources/iOSAlertLibrary/Core/Enums/AlertPositionEnum.swift:1:8: error: Unable to resolve module dependency: 'UIKit' (in target 'iOSAlertLibrary' from project 'iOSAlertLibrary')
note: A dependency of main module 'iOSAlertLibrary'
/Users/admin/builder/spi-builder-workspace/Sources/iOSAlertLibrary/Core/Managers/OverlayWindowManager.swift:1:8: note: Also imported here
/Users/admin/builder/spi-builder-workspace/Sources/iOSAlertLibrary/Core/Utils/PassThroughWindow.swift:1:8: note: Also imported here
/Users/admin/builder/spi-builder-workspace/Sources/iOSAlertLibrary/Core/Utils/StatusBarBasedController.swift:1:8: note: Also imported here
/Users/admin/builder/spi-builder-workspace/Sources/iOSAlertLibrary/Extensions/UIView + extensions.swift:1:8: note: Also imported here
/Users/admin/builder/spi-builder-workspace/Sources/iOSAlertLibrary/Core/Enums/AlertPositionEnum.swift:1:8: note: A dependency of main module 'iOSAlertLibrary'
import UIKit
^ (in target 'iOSAlertLibrary' from project 'iOSAlertLibrary')
/Users/admin/builder/spi-builder-workspace/Sources/iOSAlertLibrary/Core/Managers/OverlayWindowManager.swift:1:8: note: Also imported here
import UIKit
^ (in target 'iOSAlertLibrary' from project 'iOSAlertLibrary')
/Users/admin/builder/spi-builder-workspace/Sources/iOSAlertLibrary/Core/Utils/PassThroughWindow.swift:1:8: note: Also imported here
import UIKit
^ (in target 'iOSAlertLibrary' from project 'iOSAlertLibrary')
/Users/admin/builder/spi-builder-workspace/Sources/iOSAlertLibrary/Core/Utils/StatusBarBasedController.swift:1:8: note: Also imported here
import UIKit
^ (in target 'iOSAlertLibrary' from project 'iOSAlertLibrary')
/Users/admin/builder/spi-builder-workspace/Sources/iOSAlertLibrary/Extensions/UIView + extensions.swift:1:8: note: Also imported here
import UIKit
^ (in target 'iOSAlertLibrary' from project 'iOSAlertLibrary')
PruneExplicitPrecompiledModules /Users/admin/builder/spi-builder-workspace/.derivedData/Build/Intermediates.noindex/SwiftExplicitPrecompiledModules
PruneExplicitPrecompiledModules /Users/admin/builder/spi-builder-workspace/.derivedData/SDKExplicitPrecompiledModules
PruneExplicitPrecompiledModules /Users/admin/builder/spi-builder-workspace/.derivedData/Build/Intermediates.noindex/ExplicitPrecompiledModules
2026-09-21 11:40:25.455 xcodebuild[896:5580] [MT] IDERunDestination: Supported platforms for the buildables in the current scheme is empty.
--- xcodebuild: WARNING: Using the first of multiple matching destinations:
{ platform:macOS, arch:arm64, id:37fa180f24d1b47dbda8474995a1a736e073a049, name:My Mac }
{ platform:macOS, arch:arm64, variant:Mac Catalyst, id:37fa180f24d1b47dbda8474995a1a736e073a049, name:My Mac }
{ platform:macOS, arch:arm64, variant:DriverKit, id:37fa180f24d1b47dbda8474995a1a736e073a049, name:My Mac }
{ platform:macOS, arch:arm64, variant:Designed for [iPad,iPhone], id:37fa180f24d1b47dbda8474995a1a736e073a049, name:My Mac }
** BUILD FAILED **
The following build commands failed:
SwiftDriver iOSAlertLibrary normal arm64 com.apple.xcode.tools.swift.compiler (in target 'iOSAlertLibrary' from project 'iOSAlertLibrary')
Building workspace iOSAlertLibrary with scheme iOSAlertLibrary
(2 failures)
BUILD FAILURE 6.4 macosXcodebuild