Build Information
Failed to build IOSSecuritySuite, reference 2.3.0 (7436ae), with Swift 6.2 for macOS (SPM) on 12 Aug 2026 18:45:43 UTC.
Build Command
env DEVELOPER_DIR=/Applications/Xcode-26.3.0.app xcrun swift build --arch arm64Build Log
========================================
RunAll
========================================
Builder version: undefined version: run 'make version' to update
Interrupt handler set up.
========================================
Checkout
========================================
Clone URL: https://github.com/securing/IOSSecuritySuite.git
Reference: 2.3.0
Initialized empty Git repository in /Users/admin/builder/spi-builder-workspace/.git/
From https://github.com/securing/IOSSecuritySuite
* tag 2.3.0 -> FETCH_HEAD
HEAD is now at 7436aea Update IOSSecuritySuite.swift
Cloned https://github.com/securing/IOSSecuritySuite.git
Revision (git rev-parse @):
7436aea705a6c7ad6013edaaeaf051667cdd4beb
SUCCESS checkout https://github.com/securing/IOSSecuritySuite.git at 2.3.0
========================================
Build
========================================
Selected platform: macosSpm
Swift version: 6.2
Building package at path: $PWD
https://github.com/securing/IOSSecuritySuite.git
Running build ...
env DEVELOPER_DIR=/Applications/Xcode-26.3.0.app xcrun swift build --arch arm64
Building for debugging...
[0/3] Write sources
[1/3] Copying PrivacyInfo.xcprivacy
[2/3] Write swift-version--3CB7CFEC50E0D141.txt
[4/17] Compiling IOSSecuritySuite RuntimeHookChecker.swift
/Users/admin/builder/spi-builder-workspace/IOSSecuritySuite/JailbreakChecker.swift:11:8: error: no such module 'UIKit'
9 |
10 | import Foundation
11 | import UIKit
| `- error: no such module 'UIKit'
12 | import Darwin // fork
13 | import MachO // dyld
[5/17] Compiling IOSSecuritySuite ReverseEngineeringToolsChecker.swift
/Users/admin/builder/spi-builder-workspace/IOSSecuritySuite/JailbreakChecker.swift:11:8: error: no such module 'UIKit'
9 |
10 | import Foundation
11 | import UIKit
| `- error: no such module 'UIKit'
12 | import Darwin // fork
13 | import MachO // dyld
error: emit-module command failed with exit code 1 (use -v to see invocation)
[6/18] Emitting module IOSSecuritySuite
/Users/admin/builder/spi-builder-workspace/IOSSecuritySuite/JailbreakChecker.swift:11:8: error: no such module 'UIKit'
9 |
10 | import Foundation
11 | import UIKit
| `- error: no such module 'UIKit'
12 | import Darwin // fork
13 | import MachO // dyld
[7/18] Compiling IOSSecuritySuite MSHookFunctionChecker.swift
/Users/admin/builder/spi-builder-workspace/IOSSecuritySuite/JailbreakChecker.swift:11:8: error: no such module 'UIKit'
9 |
10 | import Foundation
11 | import UIKit
| `- error: no such module 'UIKit'
12 | import Darwin // fork
13 | import MachO // dyld
[8/18] Compiling IOSSecuritySuite ModesChecker.swift
/Users/admin/builder/spi-builder-workspace/IOSSecuritySuite/JailbreakChecker.swift:11:8: error: no such module 'UIKit'
9 |
10 | import Foundation
11 | import UIKit
| `- error: no such module 'UIKit'
12 | import Darwin // fork
13 | import MachO // dyld
[9/18] Compiling IOSSecuritySuite ProxyChecker.swift
/Users/admin/builder/spi-builder-workspace/IOSSecuritySuite/JailbreakChecker.swift:11:8: error: no such module 'UIKit'
9 |
10 | import Foundation
11 | import UIKit
| `- error: no such module 'UIKit'
12 | import Darwin // fork
13 | import MachO // dyld
[10/18] Compiling IOSSecuritySuite FailedChecks.swift
/Users/admin/builder/spi-builder-workspace/IOSSecuritySuite/JailbreakChecker.swift:11:8: error: no such module 'UIKit'
9 |
10 | import Foundation
11 | import UIKit
| `- error: no such module 'UIKit'
12 | import Darwin // fork
13 | import MachO // dyld
[11/18] Compiling IOSSecuritySuite FileChecker.swift
/Users/admin/builder/spi-builder-workspace/IOSSecuritySuite/JailbreakChecker.swift:11:8: error: no such module 'UIKit'
9 |
10 | import Foundation
11 | import UIKit
| `- error: no such module 'UIKit'
12 | import Darwin // fork
13 | import MachO // dyld
[12/18] Compiling IOSSecuritySuite DebuggerChecker.swift
/Users/admin/builder/spi-builder-workspace/IOSSecuritySuite/JailbreakChecker.swift:11:8: error: no such module 'UIKit'
9 |
10 | import Foundation
11 | import UIKit
| `- error: no such module 'UIKit'
12 | import Darwin // fork
13 | import MachO // dyld
[13/18] Compiling IOSSecuritySuite EmulatorChecker.swift
/Users/admin/builder/spi-builder-workspace/IOSSecuritySuite/JailbreakChecker.swift:11:8: error: no such module 'UIKit'
9 |
10 | import Foundation
11 | import UIKit
| `- error: no such module 'UIKit'
12 | import Darwin // fork
13 | import MachO // dyld
[14/18] Compiling IOSSecuritySuite IntegrityChecker.swift
/Users/admin/builder/spi-builder-workspace/IOSSecuritySuite/JailbreakChecker.swift:11:8: error: no such module 'UIKit'
9 |
10 | import Foundation
11 | import UIKit
| `- error: no such module 'UIKit'
12 | import Darwin // fork
13 | import MachO // dyld
[15/18] Compiling IOSSecuritySuite JailbreakChecker.swift
/Users/admin/builder/spi-builder-workspace/IOSSecuritySuite/JailbreakChecker.swift:11:8: error: no such module 'UIKit'
9 |
10 | import Foundation
11 | import UIKit
| `- error: no such module 'UIKit'
12 | import Darwin // fork
13 | import MachO // dyld
[16/18] Compiling IOSSecuritySuite FishHookChecker.swift
/Users/admin/builder/spi-builder-workspace/IOSSecuritySuite/JailbreakChecker.swift:11:8: error: no such module 'UIKit'
9 |
10 | import Foundation
11 | import UIKit
| `- error: no such module 'UIKit'
12 | import Darwin // fork
13 | import MachO // dyld
[17/18] Compiling IOSSecuritySuite IOSSecuritySuite.swift
/Users/admin/builder/spi-builder-workspace/IOSSecuritySuite/JailbreakChecker.swift:11:8: error: no such module 'UIKit'
9 |
10 | import Foundation
11 | import UIKit
| `- error: no such module 'UIKit'
12 | import Darwin // fork
13 | import MachO // dyld
[18/18] Compiling IOSSecuritySuite resource_bundle_accessor.swift
/Users/admin/builder/spi-builder-workspace/IOSSecuritySuite/JailbreakChecker.swift:11:8: error: no such module 'UIKit'
9 |
10 | import Foundation
11 | import UIKit
| `- error: no such module 'UIKit'
12 | import Darwin // fork
13 | import MachO // dyld
BUILD FAILURE 6.2 macosSpm