Build Information
Failed to build SwiftGatoHistoryKit, reference 1.0.0 (92b68d), with Swift 6.2 for Linux on 8 Oct 2026 18:48:49 UTC.
Build Command
bash -c docker run --pull=always --rm -v "checkouts-54344849-0":/host -w "$PWD" -e JAVA_HOME="/root/.sdkman/candidates/java/current" -e SPI_BUILD="1" -e SPI_PROCESSING="1" registry.gitlab.com/saguaro1/spi-images:basic-6.2-latest swift build --triple x86_64-unknown-linux-gnu 2>&1Build Log
========================================
RunAll
========================================
Builder version: 5.1.1
Interrupt handler set up.
========================================
Checkout
========================================
Clone URL: https://github.com/charlieschmidt/SwiftGatoHistoryKit.git
Reference: 1.0.0
Initialized empty Git repository in /host/spi-builder-workspace/.git/
hint: Using 'master' as the name for the initial branch. This default branch name
hint: is subject to change. To configure the initial branch name to use in all
hint: of your new repositories, which will suppress this warning, call:
hint:
hint: git config --global init.defaultBranch <name>
hint:
hint: Names commonly chosen instead of 'master' are 'main', 'trunk' and
hint: 'development'. The just-created branch can be renamed via this command:
hint:
hint: git branch -m <name>
From https://github.com/charlieschmidt/SwiftGatoHistoryKit
* tag 1.0.0 -> FETCH_HEAD
HEAD is now at 92b68d7 Bump version to 1.0.0
Cloned https://github.com/charlieschmidt/SwiftGatoHistoryKit.git
Revision (git rev-parse @):
92b68d71d5e27bb9378436db98401f7700448fb8
SPI manifest file found: $PWD/.spi.yml
SUCCESS checkout https://github.com/charlieschmidt/SwiftGatoHistoryKit.git at 1.0.0
========================================
Build
========================================
Selected platform: linux
Swift version: 6.2
Building package at path: $PWD
https://github.com/charlieschmidt/SwiftGatoHistoryKit.git
Running build ...
bash -c docker run --pull=always --rm -v "checkouts-54344849-0":/host -w "$PWD" -e JAVA_HOME="/root/.sdkman/candidates/java/current" -e SPI_BUILD="1" -e SPI_PROCESSING="1" registry.gitlab.com/saguaro1/spi-images:basic-6.2-latest swift build --triple x86_64-unknown-linux-gnu 2>&1
basic-6.2-latest: Pulling from saguaro1/spi-images
Digest: sha256:24009fa1488c01937630ee3297a7a7a1872c773069724929dff85071fefc3743
Status: Image is up to date for registry.gitlab.com/saguaro1/spi-images:basic-6.2-latest
Fetching https://github.com/PureSwift/TLVCoding
[1/877] Fetching tlvcoding
Fetched https://github.com/PureSwift/TLVCoding from cache (2.42s)
Computing version for https://github.com/PureSwift/TLVCoding
Computed https://github.com/PureSwift/TLVCoding at 3.0.0 (3.32s)
Fetching https://github.com/swiftlang/swift-syntax.git
[1/80381] Fetching swift-syntax
Fetched https://github.com/swiftlang/swift-syntax.git from cache (3.60s)
Computing version for https://github.com/swiftlang/swift-syntax.git
Computed https://github.com/swiftlang/swift-syntax.git at 602.0.0 (4.58s)
Creating working copy for https://github.com/PureSwift/TLVCoding
Working copy of https://github.com/PureSwift/TLVCoding resolved at 3.0.0
Creating working copy for https://github.com/swiftlang/swift-syntax.git
Working copy of https://github.com/swiftlang/swift-syntax.git resolved at 602.0.0
Downloading package prebuilt https://download.swift.org/prebuilts/swift-syntax/602.0.0/swift-6.2.4-RELEASE-MacroSupport-ubuntu_noble_x86_64.tar.gz
Downloaded https://download.swift.org/prebuilts/swift-syntax/602.0.0/swift-6.2.4-RELEASE-MacroSupport-ubuntu_noble_x86_64.tar.gz (0.30s)
Building for debugging...
[0/7] Write sources
[3/7] Write swift-version-24593BA9C3E375BF.txt
[5/11] Compiling TLVCodingMacros Plugin.swift
[6/11] Compiling TLVCodingMacros Error.swift
[7/11] Compiling TLVCodingMacros TLVCodable.swift
[8/11] Emitting module TLVCodingMacros
[9/12] Wrapping AST for TLVCodingMacros for debugging
[10/12] Write Objects.LinkFileList
[11/12] Linking TLVCodingMacros-tool
[13/21] Compiling TLVCoding TLVCodable.swift
[14/22] Compiling TLVCoding TypeCode.swift
[15/22] Emitting module TLVCoding
[16/22] Compiling TLVCoding Data.swift
[17/22] Compiling TLVCoding Foundation.swift
[18/22] Compiling TLVCoding CodingKey.swift
[19/22] Compiling TLVCoding Container.swift
[20/22] Compiling TLVCoding Primitives.swift
[21/22] Compiling TLVCoding Item.swift
[22/22] Compiling TLVCoding Macros.swift
[24/29] Compiling SwiftGatoHistoryKit HistoryEntry.swift
/host/spi-builder-workspace/Sources/SwiftGatoHistoryKit/FakegatoHistoryDrainer.swift:2:8: error: no such module 'os'
1 | import Foundation
2 | import os
| `- error: no such module 'os'
3 |
4 | public enum FakegatoHistoryDrainer {
[25/29] Compiling SwiftGatoHistoryKit FakegatoHistoryDrainer.swift
/host/spi-builder-workspace/Sources/SwiftGatoHistoryKit/FakegatoHistoryDrainer.swift:2:8: error: no such module 'os'
1 | import Foundation
2 | import os
| `- error: no such module 'os'
3 |
4 | public enum FakegatoHistoryDrainer {
[26/29] Compiling SwiftGatoHistoryKit HistoryCursor.swift
/host/spi-builder-workspace/Sources/SwiftGatoHistoryKit/FakegatoHistoryDrainer.swift:2:8: error: no such module 'os'
1 | import Foundation
2 | import os
| `- error: no such module 'os'
3 |
4 | public enum FakegatoHistoryDrainer {
error: emit-module command failed with exit code 1 (use -v to see invocation)
[27/29] Emitting module SwiftGatoHistoryKit
/host/spi-builder-workspace/Sources/SwiftGatoHistoryKit/FakegatoHistoryDrainer.swift:2:8: error: no such module 'os'
1 | import Foundation
2 | import os
| `- error: no such module 'os'
3 |
4 | public enum FakegatoHistoryDrainer {
[28/29] Compiling SwiftGatoHistoryKit FakegatoHistoryDecoder.swift
/host/spi-builder-workspace/Sources/SwiftGatoHistoryKit/FakegatoHistoryDrainer.swift:2:8: error: no such module 'os'
1 | import Foundation
2 | import os
| `- error: no such module 'os'
3 |
4 | public enum FakegatoHistoryDrainer {
[29/29] Compiling SwiftGatoHistoryKit CharacteristicIdentifiers.swift
/host/spi-builder-workspace/Sources/SwiftGatoHistoryKit/FakegatoHistoryDrainer.swift:2:8: error: no such module 'os'
1 | import Foundation
2 | import os
| `- error: no such module 'os'
3 |
4 | public enum FakegatoHistoryDrainer {
BUILD FAILURE 6.2 linux