Build Information
Failed to build ShortcutRecorder, reference master (c86ce0), with Swift 6.4 for iOS using Xcode 27.0 on 18 Sep 2026 14:57:08 UTC.
Build Command
env DEVELOPER_DIR=/Applications/Xcode-27.0.0-Release.Candidate.app xcrun xcodebuild -IDEClonedSourcePackagesDirPathOverride=$PWD/.dependencies -skipMacroValidation -skipPackagePluginValidation -derivedDataPath $PWD/.derivedData build -scheme ShortcutRecorder -destination generic/platform=iOSBuild Log
========================================
RunAll
========================================
Builder version: 5.1.0
Interrupt handler set up.
========================================
Checkout
========================================
Clone URL: https://github.com/Kentzo/ShortcutRecorder.git
Reference: master
Initialized empty Git repository in /Users/admin/builder/spi-builder-workspace/.git/
From https://github.com/Kentzo/ShortcutRecorder
* branch master -> FETCH_HEAD
* [new branch] master -> origin/master
HEAD is now at c86ce0f Merge branch 'develop'
Cloned https://github.com/Kentzo/ShortcutRecorder.git
Revision (git rev-parse @):
c86ce0f9be5353ba998966121c7631602a9a36f7
SUCCESS checkout https://github.com/Kentzo/ShortcutRecorder.git at master
========================================
Build
========================================
Selected platform: iOS
Swift version: 6.4
Building package at path: $PWD
https://github.com/Kentzo/ShortcutRecorder.git
Command line invocation:
/Applications/Xcode-27.0.0-Release.Candidate.app/Contents/Developer/usr/bin/xcodebuild -IDEClonedSourcePackagesDirPathOverride=/Users/admin/builder/spi-builder-workspace/.dependencies -resolvePackageDependencies
resolved source packages:
{
"default_localization" : "en",
"dependencies" : [
],
"manifest_display_name" : "ShortcutRecorder",
"name" : "ShortcutRecorder",
"path" : "/Users/admin/builder/spi-builder-workspace",
"platforms" : [
{
"name" : "macos",
"version" : "10.11"
}
],
"products" : [
{
"name" : "ShortcutRecorder",
"targets" : [
"ShortcutRecorder"
],
"type" : {
"library" : [
"automatic"
]
}
}
],
"targets" : [
{
"c99name" : "ShortcutRecorderTests",
"module_type" : "SwiftTarget",
"name" : "ShortcutRecorderTests",
"path" : "Tests/ShortcutRecorderTests",
"sources" : [
"SRCommonTests.swift",
"SRKeyBindingTransformerTests.swift",
"SRKeyCodeTransformerTests.swift",
"SRKeyEquivalentModifierMaskTransformerTests.swift",
"SRKeyEquivalentTransformerTests.swift",
"SRModifierFlagsTransformerTests.swift",
"SRRecorderControlStylingTests.swift",
"SRRecorderControlTests.swift",
"SRShortcutActionTests.swift",
"SRShortcutControllerTests.swift",
"SRShortcutFormatterTests.swift",
"SRShortcutTests.swift",
"SRValidatorTests.swift",
"Utility.swift"
],
"target_dependencies" : [
"ShortcutRecorder"
],
"type" : "test"
},
{
"c99name" : "ShortcutRecorder",
"module_type" : "ClangTarget",
"name" : "ShortcutRecorder",
"path" : "Sources/ShortcutRecorder",
"product_memberships" : [
"ShortcutRecorder"
],
"resources" : [
{
"path" : "/Users/admin/builder/spi-builder-workspace/Sources/ShortcutRecorder/Resources/Images.xcassets",
"rule" : {
"process" : {
}
}
},
{
"path" : "/Users/admin/builder/spi-builder-workspace/Sources/ShortcutRecorder/Resources/ca.lproj/ShortcutRecorder.strings",
"rule" : {
"process" : {
"localization" : "ca"
}
}
},
{
"path" : "/Users/admin/builder/spi-builder-workspace/Sources/ShortcutRecorder/Resources/cs.lproj/ShortcutRecorder.strings",
"rule" : {
"process" : {
"localization" : "cs"
}
}
},
{
"path" : "/Users/admin/builder/spi-builder-workspace/Sources/ShortcutRecorder/Resources/de.lproj/ShortcutRecorder.strings",
"rule" : {
"process" : {
"localization" : "de"
}
}
},
{
"path" : "/Users/admin/builder/spi-builder-workspace/Sources/ShortcutRecorder/Resources/el.lproj/ShortcutRecorder.strings",
"rule" : {
"process" : {
"localization" : "el"
}
}
},
{
"path" : "/Users/admin/builder/spi-builder-workspace/Sources/ShortcutRecorder/Resources/en.lproj/ShortcutRecorder.strings",
"rule" : {
"process" : {
"localization" : "en"
}
}
},
{
"path" : "/Users/admin/builder/spi-builder-workspace/Sources/ShortcutRecorder/Resources/es.lproj/ShortcutRecorder.strings",
"rule" : {
"process" : {
"localization" : "es"
}
}
},
{
"path" : "/Users/admin/builder/spi-builder-workspace/Sources/ShortcutRecorder/Resources/fr.lproj/ShortcutRecorder.strings",
"rule" : {
"process" : {
"localization" : "fr"
}
}
},
{
"path" : "/Users/admin/builder/spi-builder-workspace/Sources/ShortcutRecorder/Resources/it.lproj/ShortcutRecorder.strings",
"rule" : {
"process" : {
"localization" : "it"
}
}
},
{
"path" : "/Users/admin/builder/spi-builder-workspace/Sources/ShortcutRecorder/Resources/ja.lproj/ShortcutRecorder.strings",
"rule" : {
"process" : {
"localization" : "ja"
}
}
},
{
"path" : "/Users/admin/builder/spi-builder-workspace/Sources/ShortcutRecorder/Resources/ko.lproj/ShortcutRecorder.strings",
"rule" : {
"process" : {
"localization" : "ko"
}
}
},
{
"path" : "/Users/admin/builder/spi-builder-workspace/Sources/ShortcutRecorder/Resources/nb.lproj/ShortcutRecorder.strings",
"rule" : {
"process" : {
"localization" : "nb"
}
}
},
{
"path" : "/Users/admin/builder/spi-builder-workspace/Sources/ShortcutRecorder/Resources/nl.lproj/ShortcutRecorder.strings",
"rule" : {
"process" : {
"localization" : "nl"
}
}
},
{
"path" : "/Users/admin/builder/spi-builder-workspace/Sources/ShortcutRecorder/Resources/pl.lproj/ShortcutRecorder.strings",
"rule" : {
"process" : {
"localization" : "pl"
}
}
},
{
"path" : "/Users/admin/builder/spi-builder-workspace/Sources/ShortcutRecorder/Resources/pt-BR.lproj/ShortcutRecorder.strings",
"rule" : {
"process" : {
"localization" : "pt-br"
}
}
},
{
"path" : "/Users/admin/builder/spi-builder-workspace/Sources/ShortcutRecorder/Resources/pt.lproj/ShortcutRecorder.strings",
"rule" : {
"process" : {
"localization" : "pt"
}
}
},
{
"path" : "/Users/admin/builder/spi-builder-workspace/Sources/ShortcutRecorder/Resources/ro.lproj/ShortcutRecorder.strings",
"rule" : {
"process" : {
"localization" : "ro"
}
}
},
{
"path" : "/Users/admin/builder/spi-builder-workspace/Sources/ShortcutRecorder/Resources/ru.lproj/ShortcutRecorder.strings",
"rule" : {
"process" : {
"localization" : "ru"
}
}
},
{
"path" : "/Users/admin/builder/spi-builder-workspace/Sources/ShortcutRecorder/Resources/sk.lproj/ShortcutRecorder.strings",
"rule" : {
"process" : {
"localization" : "sk"
}
}
},
{
"path" : "/Users/admin/builder/spi-builder-workspace/Sources/ShortcutRecorder/Resources/sv.lproj/ShortcutRecorder.strings",
"rule" : {
"process" : {
"localization" : "sv"
}
}
},
{
"path" : "/Users/admin/builder/spi-builder-workspace/Sources/ShortcutRecorder/Resources/th.lproj/ShortcutRecorder.strings",
"rule" : {
"process" : {
"localization" : "th"
}
}
},
{
"path" : "/Users/admin/builder/spi-builder-workspace/Sources/ShortcutRecorder/Resources/zh-Hans.lproj/ShortcutRecorder.strings",
"rule" : {
"process" : {
"localization" : "zh-hans"
}
}
},
{
"path" : "/Users/admin/builder/spi-builder-workspace/Sources/ShortcutRecorder/Resources/zh-Hant.lproj/ShortcutRecorder.strings",
"rule" : {
"process" : {
"localization" : "zh-hant"
}
}
}
],
"sources" : [
"SRCommon.m",
"SRKeyBindingTransformer.m",
"SRKeyCodeTransformer.m",
"SRKeyEquivalentModifierMaskTransformer.m",
"SRKeyEquivalentTransformer.m",
"SRModifierFlagsTransformer.m",
"SRRecorderControl.m",
"SRRecorderControlStyle.m",
"SRShortcut.m",
"SRShortcutAction.m",
"SRShortcutController.m",
"SRShortcutFormatter.m",
"SRShortcutValidator.m"
],
"type" : "library"
}
],
"tools_version" : "5.3"
}
{
"project" : {
"configurations" : [
"Debug",
"Release"
],
"name" : "ShortcutRecorder",
"schemes" : [
"Inspector",
"ShortcutRecorder.framework"
],
"targets" : [
"Inspector",
"ShortcutRecorder.framework",
"Unit Tests"
]
}
}
{
"workspace" : {
"name" : "ShortcutRecorder",
"schemes" : [
"ShortcutRecorder"
]
}
}
2026-09-18 10:56:59.424 xcodebuild[668:4227] [MT] IDERunDestination: Supported platforms for the buildables in the current scheme is empty.
Running build ...
env DEVELOPER_DIR=/Applications/Xcode-27.0.0-Release.Candidate.app xcrun xcodebuild -IDEClonedSourcePackagesDirPathOverride=$PWD/.dependencies -skipMacroValidation -skipPackagePluginValidation -derivedDataPath $PWD/.derivedData build -scheme ShortcutRecorder -destination generic/platform=iOS
Command line invocation:
/Applications/Xcode-27.0.0-Release.Candidate.app/Contents/Developer/usr/bin/xcodebuild -IDEClonedSourcePackagesDirPathOverride=/Users/admin/builder/spi-builder-workspace/.dependencies -skipMacroValidation -skipPackagePluginValidation -derivedDataPath /Users/admin/builder/spi-builder-workspace/.derivedData build -scheme ShortcutRecorder -destination generic/platform=iOS
Resolve Package Graph
Resolved source packages:
ShortcutRecorder: /Users/admin/builder/spi-builder-workspace
ComputePackagePrebuildTargetDependencyGraph
Prepare packages
CreateBuildRequest
SendProjectDescription
CreateBuildOperation
ComputeTargetDependencyGraph
note: Building targets in dependency order
note: Target dependency graph (3 targets)
Target 'ShortcutRecorder-product' in project 'ShortcutRecorder'
➜ Explicit dependency on target 'ShortcutRecorder' in project 'ShortcutRecorder'
➜ Explicit dependency on target 'ShortcutRecorder_ShortcutRecorder' in project 'ShortcutRecorder'
Target 'ShortcutRecorder' in project 'ShortcutRecorder'
➜ Explicit dependency on target 'ShortcutRecorder_ShortcutRecorder' in project 'ShortcutRecorder'
Target 'ShortcutRecorder_ShortcutRecorder' in project 'ShortcutRecorder' (no dependencies)
GatherProvisioningInputs
CreateBuildDescription
ExecuteExternalTool /Applications/Xcode-27.0.0-Release.Candidate.app/Contents/Developer/Toolchains/XcodeDefault.xctoolchain/usr/bin/clang -v -E -dM -isysroot /Applications/Xcode-27.0.0-Release.Candidate.app/Contents/Developer/Platforms/iPhoneOS.platform/Developer/SDKs/iPhoneOS27.0.sdk -x c -c /dev/null
ExecuteExternalTool /Applications/Xcode-27.0.0-Release.Candidate.app/Contents/Developer/Toolchains/XcodeDefault.xctoolchain/usr/bin/clang -v -E -dM -arch arm64 -isysroot /Applications/Xcode-27.0.0-Release.Candidate.app/Contents/Developer/Platforms/iPhoneOS.platform/Developer/SDKs/iPhoneOS27.0.sdk -x objective-c -c /dev/null
ExecuteExternalTool /Applications/Xcode-27.0.0-Release.Candidate.app/Contents/Developer/usr/bin/actool --version --output-format xml1
ExecuteExternalTool /Applications/Xcode-27.0.0-Release.Candidate.app/Contents/Developer/Toolchains/XcodeDefault.xctoolchain/usr/bin/clang -v -E -dM -arch arm64 -isysroot /Applications/Xcode-27.0.0-Release.Candidate.app/Contents/Developer/Platforms/iPhoneOS.platform/Developer/SDKs/iPhoneOS27.0.sdk -x c -c /dev/null
ExecuteExternalTool /Applications/Xcode-27.0.0-Release.Candidate.app/Contents/Developer/Toolchains/XcodeDefault.xctoolchain/usr/bin/ld -version_details
Build description signature: 12f95571a8bb4a8767054d847cfcd6ab
Build description path: /Users/admin/builder/spi-builder-workspace/.derivedData/Build/Intermediates.noindex/XCBuildData/12f95571a8bb4a8767054d847cfcd6ab.xcbuilddata
CreateBuildDirectory /Users/admin/builder/spi-builder-workspace/.derivedData/SDKExplicitPrecompiledModules
cd /Users/admin/builder/spi-builder-workspace/.swiftpm/xcode
builtin-create-build-directory /Users/admin/builder/spi-builder-workspace/.derivedData/SDKExplicitPrecompiledModules
CreateBuildDirectory /Users/admin/builder/spi-builder-workspace/.derivedData/CompilationCache.noindex
cd /Users/admin/builder/spi-builder-workspace/.swiftpm/xcode
builtin-create-build-directory /Users/admin/builder/spi-builder-workspace/.derivedData/CompilationCache.noindex
CreateBuildDirectory /Users/admin/builder/spi-builder-workspace/.derivedData/Build/Products
cd /Users/admin/builder/spi-builder-workspace/.swiftpm/xcode
builtin-create-build-directory /Users/admin/builder/spi-builder-workspace/.derivedData/Build/Products
CreateBuildDirectory /Users/admin/builder/spi-builder-workspace/.derivedData/ModuleCache.noindex
cd /Users/admin/builder/spi-builder-workspace/.swiftpm/xcode
builtin-create-build-directory /Users/admin/builder/spi-builder-workspace/.derivedData/ModuleCache.noindex
CreateBuildDirectory /Users/admin/builder/spi-builder-workspace/.derivedData/Build/Intermediates.noindex
cd /Users/admin/builder/spi-builder-workspace/.swiftpm/xcode
builtin-create-build-directory /Users/admin/builder/spi-builder-workspace/.derivedData/Build/Intermediates.noindex
ClangStatCache /Applications/Xcode-27.0.0-Release.Candidate.app/Contents/Developer/Toolchains/XcodeDefault.xctoolchain/usr/bin/clang-stat-cache /Applications/Xcode-27.0.0-Release.Candidate.app/Contents/Developer/Platforms/iPhoneOS.platform/Developer/SDKs/iPhoneOS27.0.sdk /Users/admin/builder/spi-builder-workspace/.derivedData/SDKStatCaches.noindex/iphoneos27.0-24A430-e829b21a6f8c9b70876ba0858053c04440ceaa042ed91876912b2eeea4e3aa14.sdkstatcache
cd /Users/admin/builder/spi-builder-workspace/.swiftpm/xcode
/Applications/Xcode-27.0.0-Release.Candidate.app/Contents/Developer/Toolchains/XcodeDefault.xctoolchain/usr/bin/clang-stat-cache /Applications/Xcode-27.0.0-Release.Candidate.app/Contents/Developer/Platforms/iPhoneOS.platform/Developer/SDKs/iPhoneOS27.0.sdk -o /Users/admin/builder/spi-builder-workspace/.derivedData/SDKStatCaches.noindex/iphoneos27.0-24A430-e829b21a6f8c9b70876ba0858053c04440ceaa042ed91876912b2eeea4e3aa14.sdkstatcache
CreateBuildDirectory /Users/admin/builder/spi-builder-workspace/.derivedData/Build/Intermediates.noindex/PrecompiledHeaders
cd /Users/admin/builder/spi-builder-workspace/.swiftpm/xcode
builtin-create-build-directory /Users/admin/builder/spi-builder-workspace/.derivedData/Build/Intermediates.noindex/PrecompiledHeaders
CreateBuildDirectory /Users/admin/builder/spi-builder-workspace/.derivedData/Build/Intermediates.noindex/ExplicitPrecompiledModules
cd /Users/admin/builder/spi-builder-workspace/.swiftpm/xcode
builtin-create-build-directory /Users/admin/builder/spi-builder-workspace/.derivedData/Build/Intermediates.noindex/ExplicitPrecompiledModules
CreateBuildDirectory /Users/admin/builder/spi-builder-workspace/.derivedData/Build/Intermediates.noindex/SwiftExplicitPrecompiledModules
cd /Users/admin/builder/spi-builder-workspace/.swiftpm/xcode
builtin-create-build-directory /Users/admin/builder/spi-builder-workspace/.derivedData/Build/Intermediates.noindex/SwiftExplicitPrecompiledModules
CreateBuildDirectory /Users/admin/builder/spi-builder-workspace/.derivedData/Build/Intermediates.noindex/EagerLinkingTBDs/Debug-iphoneos
cd /Users/admin/builder/spi-builder-workspace/.swiftpm/xcode
builtin-create-build-directory /Users/admin/builder/spi-builder-workspace/.derivedData/Build/Intermediates.noindex/EagerLinkingTBDs/Debug-iphoneos
CreateBuildDirectory /Users/admin/builder/spi-builder-workspace/.derivedData/Build/Products/Debug-iphoneos
cd /Users/admin/builder/spi-builder-workspace/.swiftpm/xcode
builtin-create-build-directory /Users/admin/builder/spi-builder-workspace/.derivedData/Build/Products/Debug-iphoneos
CreateBuildDirectory /Users/admin/builder/spi-builder-workspace/.derivedData/Build/Products/Debug-iphoneos/PackageFrameworks
cd /Users/admin/builder/spi-builder-workspace/.swiftpm/xcode
builtin-create-build-directory /Users/admin/builder/spi-builder-workspace/.derivedData/Build/Products/Debug-iphoneos/PackageFrameworks
MkDir /Users/admin/builder/spi-builder-workspace/.derivedData/Build/Products/Debug-iphoneos/ShortcutRecorder_ShortcutRecorder.bundle (in target 'ShortcutRecorder_ShortcutRecorder' from project 'ShortcutRecorder')
cd /Users/admin/builder/spi-builder-workspace
/bin/mkdir -p /Users/admin/builder/spi-builder-workspace/.derivedData/Build/Products/Debug-iphoneos/ShortcutRecorder_ShortcutRecorder.bundle
WriteAuxiliaryFile /Users/admin/builder/spi-builder-workspace/.derivedData/Build/Intermediates.noindex/ShortcutRecorder.build/Debug-iphoneos/ShortcutRecorder-t.build/ShortcutRecorder.DependencyMetadataFileList (in target 'ShortcutRecorder' from project 'ShortcutRecorder')
cd /Users/admin/builder/spi-builder-workspace
write-file /Users/admin/builder/spi-builder-workspace/.derivedData/Build/Intermediates.noindex/ShortcutRecorder.build/Debug-iphoneos/ShortcutRecorder-t.build/ShortcutRecorder.DependencyMetadataFileList
WriteAuxiliaryFile /Users/admin/builder/spi-builder-workspace/.derivedData/Build/Intermediates.noindex/ShortcutRecorder.build/Debug-iphoneos/ShortcutRecorder_ShortcutRecorder-b.build/ShortcutRecorder_ShortcutRecorder.DependencyStaticMetadataFileList (in target 'ShortcutRecorder_ShortcutRecorder' from project 'ShortcutRecorder')
cd /Users/admin/builder/spi-builder-workspace
write-file /Users/admin/builder/spi-builder-workspace/.derivedData/Build/Intermediates.noindex/ShortcutRecorder.build/Debug-iphoneos/ShortcutRecorder_ShortcutRecorder-b.build/ShortcutRecorder_ShortcutRecorder.DependencyStaticMetadataFileList
WriteAuxiliaryFile /Users/admin/builder/spi-builder-workspace/.derivedData/Build/Intermediates.noindex/ShortcutRecorder.build/Debug-iphoneos/ShortcutRecorder-t.build/ShortcutRecorder.modulemap (in target 'ShortcutRecorder' from project 'ShortcutRecorder')
cd /Users/admin/builder/spi-builder-workspace
write-file /Users/admin/builder/spi-builder-workspace/.derivedData/Build/Intermediates.noindex/ShortcutRecorder.build/Debug-iphoneos/ShortcutRecorder-t.build/ShortcutRecorder.modulemap
WriteAuxiliaryFile /Users/admin/builder/spi-builder-workspace/.derivedData/Build/Intermediates.noindex/ShortcutRecorder.build/Debug-iphoneos/ShortcutRecorder_ShortcutRecorder-b.build/empty-ShortcutRecorder_ShortcutRecorder.plist (in target 'ShortcutRecorder_ShortcutRecorder' from project 'ShortcutRecorder')
cd /Users/admin/builder/spi-builder-workspace
write-file /Users/admin/builder/spi-builder-workspace/.derivedData/Build/Intermediates.noindex/ShortcutRecorder.build/Debug-iphoneos/ShortcutRecorder_ShortcutRecorder-b.build/empty-ShortcutRecorder_ShortcutRecorder.plist
WriteAuxiliaryFile /Users/admin/builder/spi-builder-workspace/.derivedData/Build/Intermediates.noindex/ShortcutRecorder.build/Debug-iphoneos/ShortcutRecorder_ShortcutRecorder-b.build/ShortcutRecorder_ShortcutRecorder.DependencyMetadataFileList (in target 'ShortcutRecorder_ShortcutRecorder' from project 'ShortcutRecorder')
cd /Users/admin/builder/spi-builder-workspace
write-file /Users/admin/builder/spi-builder-workspace/.derivedData/Build/Intermediates.noindex/ShortcutRecorder.build/Debug-iphoneos/ShortcutRecorder_ShortcutRecorder-b.build/ShortcutRecorder_ShortcutRecorder.DependencyMetadataFileList
WriteAuxiliaryFile /Users/admin/builder/spi-builder-workspace/.derivedData/Build/Intermediates.noindex/ShortcutRecorder.build/Debug-iphoneos/ShortcutRecorder-t.build/ShortcutRecorder.DependencyStaticMetadataFileList (in target 'ShortcutRecorder' from project 'ShortcutRecorder')
cd /Users/admin/builder/spi-builder-workspace
write-file /Users/admin/builder/spi-builder-workspace/.derivedData/Build/Intermediates.noindex/ShortcutRecorder.build/Debug-iphoneos/ShortcutRecorder-t.build/ShortcutRecorder.DependencyStaticMetadataFileList
WriteAuxiliaryFile /Users/admin/builder/spi-builder-workspace/.derivedData/Build/Intermediates.noindex/ShortcutRecorder.build/Debug-iphoneos/ShortcutRecorder-t.build/DerivedSources/resource_bundle_accessor.m (in target 'ShortcutRecorder' from project 'ShortcutRecorder')
cd /Users/admin/builder/spi-builder-workspace
write-file /Users/admin/builder/spi-builder-workspace/.derivedData/Build/Intermediates.noindex/ShortcutRecorder.build/Debug-iphoneos/ShortcutRecorder-t.build/DerivedSources/resource_bundle_accessor.m
WriteAuxiliaryFile /Users/admin/builder/spi-builder-workspace/.derivedData/Build/Intermediates.noindex/ShortcutRecorder.build/Debug-iphoneos/ShortcutRecorder-t.build/Objects-normal/arm64/ShortcutRecorder.LinkFileList (in target 'ShortcutRecorder' from project 'ShortcutRecorder')
cd /Users/admin/builder/spi-builder-workspace
write-file /Users/admin/builder/spi-builder-workspace/.derivedData/Build/Intermediates.noindex/ShortcutRecorder.build/Debug-iphoneos/ShortcutRecorder-t.build/Objects-normal/arm64/ShortcutRecorder.LinkFileList
WriteAuxiliaryFile /Users/admin/builder/spi-builder-workspace/.derivedData/Build/Intermediates.noindex/ShortcutRecorder.build/Debug-iphoneos/ShortcutRecorder-t.build/Objects-normal/arm64/e6072d4f65d7061329687fe24e3d63a7-common-args.resp (in target 'ShortcutRecorder' from project 'ShortcutRecorder')
cd /Users/admin/builder/spi-builder-workspace
write-file /Users/admin/builder/spi-builder-workspace/.derivedData/Build/Intermediates.noindex/ShortcutRecorder.build/Debug-iphoneos/ShortcutRecorder-t.build/Objects-normal/arm64/e6072d4f65d7061329687fe24e3d63a7-common-args.resp
-fobjc-arc -fmodules -gmodules '-fmodules-cache-path=/Users/admin/builder/spi-builder-workspace/.derivedData/ModuleCache.noindex' '-fmodule-name=ShortcutRecorder' -fpascal-strings -O0 -DSWIFT_PACKAGE '-DDEBUG=1' '-DOBJC_OLD_DISPATCH_PROTOTYPES=1' -g -fprofile-instr-generate -fcoverage-mapping -I/Users/admin/builder/spi-builder-workspace/.derivedData/Build/Products/Debug-iphoneos/include -I/Users/admin/builder/spi-builder-workspace/Sources/ShortcutRecorder/include -I/Users/admin/builder/spi-builder-workspace/.derivedData/Build/Intermediates.noindex/ShortcutRecorder.build/Debug-iphoneos/ShortcutRecorder-t.build/DerivedSources-normal/arm64 -I/Users/admin/builder/spi-builder-workspace/.derivedData/Build/Intermediates.noindex/ShortcutRecorder.build/Debug-iphoneos/ShortcutRecorder-t.build/DerivedSources/arm64 -I/Users/admin/builder/spi-builder-workspace/.derivedData/Build/Intermediates.noindex/ShortcutRecorder.build/Debug-iphoneos/ShortcutRecorder-t.build/DerivedSources -F/Users/admin/builder/spi-builder-workspace/.derivedData/Build/Products/Debug-iphoneos -iframework /Applications/Xcode-27.0.0-Release.Candidate.app/Contents/Developer/Platforms/iPhoneOS.platform/Developer/Library/Frameworks -iframework /Applications/Xcode-27.0.0-Release.Candidate.app/Contents/Developer/Platforms/iPhoneOS.platform/Developer/SDKs/iPhoneOS27.0.sdk/Developer/Library/Frameworks -DXcode
WriteAuxiliaryFile /Users/admin/builder/spi-builder-workspace/.derivedData/Build/Intermediates.noindex/ShortcutRecorder.build/Debug-iphoneos/ShortcutRecorder-t.build/DerivedSources/resource_bundle_accessor.h (in target 'ShortcutRecorder' from project 'ShortcutRecorder')
cd /Users/admin/builder/spi-builder-workspace
write-file /Users/admin/builder/spi-builder-workspace/.derivedData/Build/Intermediates.noindex/ShortcutRecorder.build/Debug-iphoneos/ShortcutRecorder-t.build/DerivedSources/resource_bundle_accessor.h
Copy /Users/admin/builder/spi-builder-workspace/.derivedData/Build/Intermediates.noindex/GeneratedModuleMaps-iphoneos/ShortcutRecorder.modulemap /Users/admin/builder/spi-builder-workspace/.derivedData/Build/Intermediates.noindex/ShortcutRecorder.build/Debug-iphoneos/ShortcutRecorder-t.build/ShortcutRecorder.modulemap (in target 'ShortcutRecorder' from project 'ShortcutRecorder')
cd /Users/admin/builder/spi-builder-workspace
builtin-copy -exclude .DS_Store -exclude CVS -exclude .svn -exclude .git -exclude .hg -resolve-src-symlinks /Users/admin/builder/spi-builder-workspace/.derivedData/Build/Intermediates.noindex/ShortcutRecorder.build/Debug-iphoneos/ShortcutRecorder-t.build/ShortcutRecorder.modulemap /Users/admin/builder/spi-builder-workspace/.derivedData/Build/Intermediates.noindex/GeneratedModuleMaps-iphoneos
MkDir /Users/admin/builder/spi-builder-workspace/.derivedData/Build/Intermediates.noindex/ShortcutRecorder.build/Debug-iphoneos/ShortcutRecorder_ShortcutRecorder-b.build/assetcatalog_output/thinned (in target 'ShortcutRecorder_ShortcutRecorder' from project 'ShortcutRecorder')
cd /Users/admin/builder/spi-builder-workspace
/bin/mkdir -p /Users/admin/builder/spi-builder-workspace/.derivedData/Build/Intermediates.noindex/ShortcutRecorder.build/Debug-iphoneos/ShortcutRecorder_ShortcutRecorder-b.build/assetcatalog_output/thinned
MkDir /Users/admin/builder/spi-builder-workspace/.derivedData/Build/Intermediates.noindex/ShortcutRecorder.build/Debug-iphoneos/ShortcutRecorder_ShortcutRecorder-b.build/assetcatalog_output/unthinned (in target 'ShortcutRecorder_ShortcutRecorder' from project 'ShortcutRecorder')
cd /Users/admin/builder/spi-builder-workspace
/bin/mkdir -p /Users/admin/builder/spi-builder-workspace/.derivedData/Build/Intermediates.noindex/ShortcutRecorder.build/Debug-iphoneos/ShortcutRecorder_ShortcutRecorder-b.build/assetcatalog_output/unthinned
CpResource /Users/admin/builder/spi-builder-workspace/.derivedData/Build/Products/Debug-iphoneos/ShortcutRecorder_ShortcutRecorder.bundle/zh-Hant.lproj/ShortcutRecorder.strings /Users/admin/builder/spi-builder-workspace/Sources/ShortcutRecorder/Resources/zh-Hant.lproj/ShortcutRecorder.strings (in target 'ShortcutRecorder_ShortcutRecorder' from project 'ShortcutRecorder')
cd /Users/admin/builder/spi-builder-workspace
builtin-copy -exclude .DS_Store -exclude CVS -exclude .svn -exclude .git -exclude .hg -resolve-src-symlinks /Users/admin/builder/spi-builder-workspace/Sources/ShortcutRecorder/Resources/zh-Hant.lproj/ShortcutRecorder.strings /Users/admin/builder/spi-builder-workspace/.derivedData/Build/Products/Debug-iphoneos/ShortcutRecorder_ShortcutRecorder.bundle/zh-Hant.lproj
CpResource /Users/admin/builder/spi-builder-workspace/.derivedData/Build/Products/Debug-iphoneos/ShortcutRecorder_ShortcutRecorder.bundle/zh-Hans.lproj/ShortcutRecorder.strings /Users/admin/builder/spi-builder-workspace/Sources/ShortcutRecorder/Resources/zh-Hans.lproj/ShortcutRecorder.strings (in target 'ShortcutRecorder_ShortcutRecorder' from project 'ShortcutRecorder')
cd /Users/admin/builder/spi-builder-workspace
builtin-copy -exclude .DS_Store -exclude CVS -exclude .svn -exclude .git -exclude .hg -resolve-src-symlinks /Users/admin/builder/spi-builder-workspace/Sources/ShortcutRecorder/Resources/zh-Hans.lproj/ShortcutRecorder.strings /Users/admin/builder/spi-builder-workspace/.derivedData/Build/Products/Debug-iphoneos/ShortcutRecorder_ShortcutRecorder.bundle/zh-Hans.lproj
CpResource /Users/admin/builder/spi-builder-workspace/.derivedData/Build/Products/Debug-iphoneos/ShortcutRecorder_ShortcutRecorder.bundle/sk.lproj/ShortcutRecorder.strings /Users/admin/builder/spi-builder-workspace/Sources/ShortcutRecorder/Resources/sk.lproj/ShortcutRecorder.strings (in target 'ShortcutRecorder_ShortcutRecorder' from project 'ShortcutRecorder')
cd /Users/admin/builder/spi-builder-workspace
builtin-copy -exclude .DS_Store -exclude CVS -exclude .svn -exclude .git -exclude .hg -resolve-src-symlinks /Users/admin/builder/spi-builder-workspace/Sources/ShortcutRecorder/Resources/sk.lproj/ShortcutRecorder.strings /Users/admin/builder/spi-builder-workspace/.derivedData/Build/Products/Debug-iphoneos/ShortcutRecorder_ShortcutRecorder.bundle/sk.lproj
CpResource /Users/admin/builder/spi-builder-workspace/.derivedData/Build/Products/Debug-iphoneos/ShortcutRecorder_ShortcutRecorder.bundle/sv.lproj/ShortcutRecorder.strings /Users/admin/builder/spi-builder-workspace/Sources/ShortcutRecorder/Resources/sv.lproj/ShortcutRecorder.strings (in target 'ShortcutRecorder_ShortcutRecorder' from project 'ShortcutRecorder')
cd /Users/admin/builder/spi-builder-workspace
builtin-copy -exclude .DS_Store -exclude CVS -exclude .svn -exclude .git -exclude .hg -resolve-src-symlinks /Users/admin/builder/spi-builder-workspace/Sources/ShortcutRecorder/Resources/sv.lproj/ShortcutRecorder.strings /Users/admin/builder/spi-builder-workspace/.derivedData/Build/Products/Debug-iphoneos/ShortcutRecorder_ShortcutRecorder.bundle/sv.lproj
CpResource /Users/admin/builder/spi-builder-workspace/.derivedData/Build/Products/Debug-iphoneos/ShortcutRecorder_ShortcutRecorder.bundle/th.lproj/ShortcutRecorder.strings /Users/admin/builder/spi-builder-workspace/Sources/ShortcutRecorder/Resources/th.lproj/ShortcutRecorder.strings (in target 'ShortcutRecorder_ShortcutRecorder' from project 'ShortcutRecorder')
cd /Users/admin/builder/spi-builder-workspace
builtin-copy -exclude .DS_Store -exclude CVS -exclude .svn -exclude .git -exclude .hg -resolve-src-symlinks /Users/admin/builder/spi-builder-workspace/Sources/ShortcutRecorder/Resources/th.lproj/ShortcutRecorder.strings /Users/admin/builder/spi-builder-workspace/.derivedData/Build/Products/Debug-iphoneos/ShortcutRecorder_ShortcutRecorder.bundle/th.lproj
CpResource /Users/admin/builder/spi-builder-workspace/.derivedData/Build/Products/Debug-iphoneos/ShortcutRecorder_ShortcutRecorder.bundle/ru.lproj/ShortcutRecorder.strings /Users/admin/builder/spi-builder-workspace/Sources/ShortcutRecorder/Resources/ru.lproj/ShortcutRecorder.strings (in target 'ShortcutRecorder_ShortcutRecorder' from project 'ShortcutRecorder')
cd /Users/admin/builder/spi-builder-workspace
builtin-copy -exclude .DS_Store -exclude CVS -exclude .svn -exclude .git -exclude .hg -resolve-src-symlinks /Users/admin/builder/spi-builder-workspace/Sources/ShortcutRecorder/Resources/ru.lproj/ShortcutRecorder.strings /Users/admin/builder/spi-builder-workspace/.derivedData/Build/Products/Debug-iphoneos/ShortcutRecorder_ShortcutRecorder.bundle/ru.lproj
CpResource /Users/admin/builder/spi-builder-workspace/.derivedData/Build/Products/Debug-iphoneos/ShortcutRecorder_ShortcutRecorder.bundle/ro.lproj/ShortcutRecorder.strings /Users/admin/builder/spi-builder-workspace/Sources/ShortcutRecorder/Resources/ro.lproj/ShortcutRecorder.strings (in target 'ShortcutRecorder_ShortcutRecorder' from project 'ShortcutRecorder')
cd /Users/admin/builder/spi-builder-workspace
builtin-copy -exclude .DS_Store -exclude CVS -exclude .svn -exclude .git -exclude .hg -resolve-src-symlinks /Users/admin/builder/spi-builder-workspace/Sources/ShortcutRecorder/Resources/ro.lproj/ShortcutRecorder.strings /Users/admin/builder/spi-builder-workspace/.derivedData/Build/Products/Debug-iphoneos/ShortcutRecorder_ShortcutRecorder.bundle/ro.lproj
CpResource /Users/admin/builder/spi-builder-workspace/.derivedData/Build/Products/Debug-iphoneos/ShortcutRecorder_ShortcutRecorder.bundle/pt.lproj/ShortcutRecorder.strings /Users/admin/builder/spi-builder-workspace/Sources/ShortcutRecorder/Resources/pt.lproj/ShortcutRecorder.strings (in target 'ShortcutRecorder_ShortcutRecorder' from project 'ShortcutRecorder')
cd /Users/admin/builder/spi-builder-workspace
builtin-copy -exclude .DS_Store -exclude CVS -exclude .svn -exclude .git -exclude .hg -resolve-src-symlinks /Users/admin/builder/spi-builder-workspace/Sources/ShortcutRecorder/Resources/pt.lproj/ShortcutRecorder.strings /Users/admin/builder/spi-builder-workspace/.derivedData/Build/Products/Debug-iphoneos/ShortcutRecorder_ShortcutRecorder.bundle/pt.lproj
CpResource /Users/admin/builder/spi-builder-workspace/.derivedData/Build/Products/Debug-iphoneos/ShortcutRecorder_ShortcutRecorder.bundle/pt-BR.lproj/ShortcutRecorder.strings /Users/admin/builder/spi-builder-workspace/Sources/ShortcutRecorder/Resources/pt-BR.lproj/ShortcutRecorder.strings (in target 'ShortcutRecorder_ShortcutRecorder' from project 'ShortcutRecorder')
cd /Users/admin/builder/spi-builder-workspace
builtin-copy -exclude .DS_Store -exclude CVS -exclude .svn -exclude .git -exclude .hg -resolve-src-symlinks /Users/admin/builder/spi-builder-workspace/Sources/ShortcutRecorder/Resources/pt-BR.lproj/ShortcutRecorder.strings /Users/admin/builder/spi-builder-workspace/.derivedData/Build/Products/Debug-iphoneos/ShortcutRecorder_ShortcutRecorder.bundle/pt-BR.lproj
CpResource /Users/admin/builder/spi-builder-workspace/.derivedData/Build/Products/Debug-iphoneos/ShortcutRecorder_ShortcutRecorder.bundle/pl.lproj/ShortcutRecorder.strings /Users/admin/builder/spi-builder-workspace/Sources/ShortcutRecorder/Resources/pl.lproj/ShortcutRecorder.strings (in target 'ShortcutRecorder_ShortcutRecorder' from project 'ShortcutRecorder')
cd /Users/admin/builder/spi-builder-workspace
builtin-copy -exclude .DS_Store -exclude CVS -exclude .svn -exclude .git -exclude .hg -resolve-src-symlinks /Users/admin/builder/spi-builder-workspace/Sources/ShortcutRecorder/Resources/pl.lproj/ShortcutRecorder.strings /Users/admin/builder/spi-builder-workspace/.derivedData/Build/Products/Debug-iphoneos/ShortcutRecorder_ShortcutRecorder.bundle/pl.lproj
CpResource /Users/admin/builder/spi-builder-workspace/.derivedData/Build/Products/Debug-iphoneos/ShortcutRecorder_ShortcutRecorder.bundle/nl.lproj/ShortcutRecorder.strings /Users/admin/builder/spi-builder-workspace/Sources/ShortcutRecorder/Resources/nl.lproj/ShortcutRecorder.strings (in target 'ShortcutRecorder_ShortcutRecorder' from project 'ShortcutRecorder')
cd /Users/admin/builder/spi-builder-workspace
builtin-copy -exclude .DS_Store -exclude CVS -exclude .svn -exclude .git -exclude .hg -resolve-src-symlinks /Users/admin/builder/spi-builder-workspace/Sources/ShortcutRecorder/Resources/nl.lproj/ShortcutRecorder.strings /Users/admin/builder/spi-builder-workspace/.derivedData/Build/Products/Debug-iphoneos/ShortcutRecorder_ShortcutRecorder.bundle/nl.lproj
CpResource /Users/admin/builder/spi-builder-workspace/.derivedData/Build/Products/Debug-iphoneos/ShortcutRecorder_ShortcutRecorder.bundle/nb.lproj/ShortcutRecorder.strings /Users/admin/builder/spi-builder-workspace/Sources/ShortcutRecorder/Resources/nb.lproj/ShortcutRecorder.strings (in target 'ShortcutRecorder_ShortcutRecorder' from project 'ShortcutRecorder')
cd /Users/admin/builder/spi-builder-workspace
builtin-copy -exclude .DS_Store -exclude CVS -exclude .svn -exclude .git -exclude .hg -resolve-src-symlinks /Users/admin/builder/spi-builder-workspace/Sources/ShortcutRecorder/Resources/nb.lproj/ShortcutRecorder.strings /Users/admin/builder/spi-builder-workspace/.derivedData/Build/Products/Debug-iphoneos/ShortcutRecorder_ShortcutRecorder.bundle/nb.lproj
CpResource /Users/admin/builder/spi-builder-workspace/.derivedData/Build/Products/Debug-iphoneos/ShortcutRecorder_ShortcutRecorder.bundle/ko.lproj/ShortcutRecorder.strings /Users/admin/builder/spi-builder-workspace/Sources/ShortcutRecorder/Resources/ko.lproj/ShortcutRecorder.strings (in target 'ShortcutRecorder_ShortcutRecorder' from project 'ShortcutRecorder')
cd /Users/admin/builder/spi-builder-workspace
builtin-copy -exclude .DS_Store -exclude CVS -exclude .svn -exclude .git -exclude .hg -resolve-src-symlinks /Users/admin/builder/spi-builder-workspace/Sources/ShortcutRecorder/Resources/ko.lproj/ShortcutRecorder.strings /Users/admin/builder/spi-builder-workspace/.derivedData/Build/Products/Debug-iphoneos/ShortcutRecorder_ShortcutRecorder.bundle/ko.lproj
CpResource /Users/admin/builder/spi-builder-workspace/.derivedData/Build/Products/Debug-iphoneos/ShortcutRecorder_ShortcutRecorder.bundle/ja.lproj/ShortcutRecorder.strings /Users/admin/builder/spi-builder-workspace/Sources/ShortcutRecorder/Resources/ja.lproj/ShortcutRecorder.strings (in target 'ShortcutRecorder_ShortcutRecorder' from project 'ShortcutRecorder')
cd /Users/admin/builder/spi-builder-workspace
builtin-copy -exclude .DS_Store -exclude CVS -exclude .svn -exclude .git -exclude .hg -resolve-src-symlinks /Users/admin/builder/spi-builder-workspace/Sources/ShortcutRecorder/Resources/ja.lproj/ShortcutRecorder.strings /Users/admin/builder/spi-builder-workspace/.derivedData/Build/Products/Debug-iphoneos/ShortcutRecorder_ShortcutRecorder.bundle/ja.lproj
CpResource /Users/admin/builder/spi-builder-workspace/.derivedData/Build/Products/Debug-iphoneos/ShortcutRecorder_ShortcutRecorder.bundle/it.lproj/ShortcutRecorder.strings /Users/admin/builder/spi-builder-workspace/Sources/ShortcutRecorder/Resources/it.lproj/ShortcutRecorder.strings (in target 'ShortcutRecorder_ShortcutRecorder' from project 'ShortcutRecorder')
cd /Users/admin/builder/spi-builder-workspace
builtin-copy -exclude .DS_Store -exclude CVS -exclude .svn -exclude .git -exclude .hg -resolve-src-symlinks /Users/admin/builder/spi-builder-workspace/Sources/ShortcutRecorder/Resources/it.lproj/ShortcutRecorder.strings /Users/admin/builder/spi-builder-workspace/.derivedData/Build/Products/Debug-iphoneos/ShortcutRecorder_ShortcutRecorder.bundle/it.lproj
CpResource /Users/admin/builder/spi-builder-workspace/.derivedData/Build/Products/Debug-iphoneos/ShortcutRecorder_ShortcutRecorder.bundle/fr.lproj/ShortcutRecorder.strings /Users/admin/builder/spi-builder-workspace/Sources/ShortcutRecorder/Resources/fr.lproj/ShortcutRecorder.strings (in target 'ShortcutRecorder_ShortcutRecorder' from project 'ShortcutRecorder')
cd /Users/admin/builder/spi-builder-workspace
builtin-copy -exclude .DS_Store -exclude CVS -exclude .svn -exclude .git -exclude .hg -resolve-src-symlinks /Users/admin/builder/spi-builder-workspace/Sources/ShortcutRecorder/Resources/fr.lproj/ShortcutRecorder.strings /Users/admin/builder/spi-builder-workspace/.derivedData/Build/Products/Debug-iphoneos/ShortcutRecorder_ShortcutRecorder.bundle/fr.lproj
CpResource /Users/admin/builder/spi-builder-workspace/.derivedData/Build/Products/Debug-iphoneos/ShortcutRecorder_ShortcutRecorder.bundle/es.lproj/ShortcutRecorder.strings /Users/admin/builder/spi-builder-workspace/Sources/ShortcutRecorder/Resources/es.lproj/ShortcutRecorder.strings (in target 'ShortcutRecorder_ShortcutRecorder' from project 'ShortcutRecorder')
cd /Users/admin/builder/spi-builder-workspace
builtin-copy -exclude .DS_Store -exclude CVS -exclude .svn -exclude .git -exclude .hg -resolve-src-symlinks /Users/admin/builder/spi-builder-workspace/Sources/ShortcutRecorder/Resources/es.lproj/ShortcutRecorder.strings /Users/admin/builder/spi-builder-workspace/.derivedData/Build/Products/Debug-iphoneos/ShortcutRecorder_ShortcutRecorder.bundle/es.lproj
CpResource /Users/admin/builder/spi-builder-workspace/.derivedData/Build/Products/Debug-iphoneos/ShortcutRecorder_ShortcutRecorder.bundle/en.lproj/ShortcutRecorder.strings /Users/admin/builder/spi-builder-workspace/Sources/ShortcutRecorder/Resources/en.lproj/ShortcutRecorder.strings (in target 'ShortcutRecorder_ShortcutRecorder' from project 'ShortcutRecorder')
cd /Users/admin/builder/spi-builder-workspace
builtin-copy -exclude .DS_Store -exclude CVS -exclude .svn -exclude .git -exclude .hg -resolve-src-symlinks /Users/admin/builder/spi-builder-workspace/Sources/ShortcutRecorder/Resources/en.lproj/ShortcutRecorder.strings /Users/admin/builder/spi-builder-workspace/.derivedData/Build/Products/Debug-iphoneos/ShortcutRecorder_ShortcutRecorder.bundle/en.lproj
CpResource /Users/admin/builder/spi-builder-workspace/.derivedData/Build/Products/Debug-iphoneos/ShortcutRecorder_ShortcutRecorder.bundle/el.lproj/ShortcutRecorder.strings /Users/admin/builder/spi-builder-workspace/Sources/ShortcutRecorder/Resources/el.lproj/ShortcutRecorder.strings (in target 'ShortcutRecorder_ShortcutRecorder' from project 'ShortcutRecorder')
cd /Users/admin/builder/spi-builder-workspace
builtin-copy -exclude .DS_Store -exclude CVS -exclude .svn -exclude .git -exclude .hg -resolve-src-symlinks /Users/admin/builder/spi-builder-workspace/Sources/ShortcutRecorder/Resources/el.lproj/ShortcutRecorder.strings /Users/admin/builder/spi-builder-workspace/.derivedData/Build/Products/Debug-iphoneos/ShortcutRecorder_ShortcutRecorder.bundle/el.lproj
CpResource /Users/admin/builder/spi-builder-workspace/.derivedData/Build/Products/Debug-iphoneos/ShortcutRecorder_ShortcutRecorder.bundle/de.lproj/ShortcutRecorder.strings /Users/admin/builder/spi-builder-workspace/Sources/ShortcutRecorder/Resources/de.lproj/ShortcutRecorder.strings (in target 'ShortcutRecorder_ShortcutRecorder' from project 'ShortcutRecorder')
cd /Users/admin/builder/spi-builder-workspace
builtin-copy -exclude .DS_Store -exclude CVS -exclude .svn -exclude .git -exclude .hg -resolve-src-symlinks /Users/admin/builder/spi-builder-workspace/Sources/ShortcutRecorder/Resources/de.lproj/ShortcutRecorder.strings /Users/admin/builder/spi-builder-workspace/.derivedData/Build/Products/Debug-iphoneos/ShortcutRecorder_ShortcutRecorder.bundle/de.lproj
CompileAssetCatalogVariant thinned /Users/admin/builder/spi-builder-workspace/.derivedData/Build/Products/Debug-iphoneos/ShortcutRecorder_ShortcutRecorder.bundle /Users/admin/builder/spi-builder-workspace/Sources/ShortcutRecorder/Resources/Images.xcassets (in target 'ShortcutRecorder_ShortcutRecorder' from project 'ShortcutRecorder')
cd /Users/admin/builder/spi-builder-workspace
/Applications/Xcode-27.0.0-Release.Candidate.app/Contents/Developer/usr/bin/actool /Users/admin/builder/spi-builder-workspace/Sources/ShortcutRecorder/Resources/Images.xcassets --compile /Users/admin/builder/spi-builder-workspace/.derivedData/Build/Intermediates.noindex/ShortcutRecorder.build/Debug-iphoneos/ShortcutRecorder_ShortcutRecorder-b.build/assetcatalog_output/thinned --output-format human-readable-text --notices --warnings --export-dependency-info /Users/admin/builder/spi-builder-workspace/.derivedData/Build/Intermediates.noindex/ShortcutRecorder.build/Debug-iphoneos/ShortcutRecorder_ShortcutRecorder-b.build/assetcatalog_dependencies_thinned --output-partial-info-plist /Users/admin/builder/spi-builder-workspace/.derivedData/Build/Intermediates.noindex/ShortcutRecorder.build/Debug-iphoneos/ShortcutRecorder_ShortcutRecorder-b.build/assetcatalog_generated_info.plist_thinned --compress-pngs --enable-on-demand-resources NO --development-region en --target-device iphone --target-device ipad --minimum-deployment-target 15.0 --platform iphoneos
/* com.apple.actool.compilation-results */
/Users/admin/builder/spi-builder-workspace/.derivedData/Build/Intermediates.noindex/ShortcutRecorder.build/Debug-iphoneos/ShortcutRecorder_ShortcutRecorder-b.build/assetcatalog_generated_info.plist_thinned
/Users/admin/builder/spi-builder-workspace/.derivedData/Build/Intermediates.noindex/ShortcutRecorder.build/Debug-iphoneos/ShortcutRecorder_ShortcutRecorder-b.build/assetcatalog_output/thinned/Assets.car
CpResource /Users/admin/builder/spi-builder-workspace/.derivedData/Build/Products/Debug-iphoneos/ShortcutRecorder_ShortcutRecorder.bundle/cs.lproj/ShortcutRecorder.strings /Users/admin/builder/spi-builder-workspace/Sources/ShortcutRecorder/Resources/cs.lproj/ShortcutRecorder.strings (in target 'ShortcutRecorder_ShortcutRecorder' from project 'ShortcutRecorder')
cd /Users/admin/builder/spi-builder-workspace
builtin-copy -exclude .DS_Store -exclude CVS -exclude .svn -exclude .git -exclude .hg -resolve-src-symlinks /Users/admin/builder/spi-builder-workspace/Sources/ShortcutRecorder/Resources/cs.lproj/ShortcutRecorder.strings /Users/admin/builder/spi-builder-workspace/.derivedData/Build/Products/Debug-iphoneos/ShortcutRecorder_ShortcutRecorder.bundle/cs.lproj
CpResource /Users/admin/builder/spi-builder-workspace/.derivedData/Build/Products/Debug-iphoneos/ShortcutRecorder_ShortcutRecorder.bundle/ca.lproj/ShortcutRecorder.strings /Users/admin/builder/spi-builder-workspace/Sources/ShortcutRecorder/Resources/ca.lproj/ShortcutRecorder.strings (in target 'ShortcutRecorder_ShortcutRecorder' from project 'ShortcutRecorder')
cd /Users/admin/builder/spi-builder-workspace
builtin-copy -exclude .DS_Store -exclude CVS -exclude .svn -exclude .git -exclude .hg -resolve-src-symlinks /Users/admin/builder/spi-builder-workspace/Sources/ShortcutRecorder/Resources/ca.lproj/ShortcutRecorder.strings /Users/admin/builder/spi-builder-workspace/.derivedData/Build/Products/Debug-iphoneos/ShortcutRecorder_ShortcutRecorder.bundle/ca.lproj
GenerateAssetSymbols /Users/admin/builder/spi-builder-workspace/Sources/ShortcutRecorder/Resources/Images.xcassets (in target 'ShortcutRecorder' from project 'ShortcutRecorder')
cd /Users/admin/builder/spi-builder-workspace
/Applications/Xcode-27.0.0-Release.Candidate.app/Contents/Developer/usr/bin/actool /Users/admin/builder/spi-builder-workspace/Sources/ShortcutRecorder/Resources/Images.xcassets --compile /Users/admin/builder/spi-builder-workspace/.derivedData/Build/Products/Debug-iphoneos --output-format human-readable-text --notices --warnings --export-dependency-info /Users/admin/builder/spi-builder-workspace/.derivedData/Build/Intermediates.noindex/ShortcutRecorder.build/Debug-iphoneos/ShortcutRecorder-t.build/assetcatalog_dependencies --output-partial-info-plist /Users/admin/builder/spi-builder-workspace/.derivedData/Build/Intermediates.noindex/ShortcutRecorder.build/Debug-iphoneos/ShortcutRecorder-t.build/assetcatalog_generated_info.plist --compress-pngs --enable-on-demand-resources NO --development-region en --target-device iphone --target-device ipad --minimum-deployment-target 15.0 --platform iphoneos --bundle-identifier spi-builder-workspace.ShortcutRecorder --generate-objc-asset-symbols /Users/admin/builder/spi-builder-workspace/.derivedData/Build/Intermediates.noindex/ShortcutRecorder.build/Debug-iphoneos/ShortcutRecorder-t.build/DerivedSources/GeneratedAssetSymbols.h --generate-asset-symbol-index /Users/admin/builder/spi-builder-workspace/.derivedData/Build/Intermediates.noindex/ShortcutRecorder.build/Debug-iphoneos/ShortcutRecorder-t.build/DerivedSources/GeneratedAssetSymbols-Index.plist
/* com.apple.actool.compilation-results */
/Users/admin/builder/spi-builder-workspace/.derivedData/Build/Intermediates.noindex/ShortcutRecorder.build/Debug-iphoneos/ShortcutRecorder-t.build/DerivedSources/GeneratedAssetSymbols-Index.plist
/Users/admin/builder/spi-builder-workspace/.derivedData/Build/Intermediates.noindex/ShortcutRecorder.build/Debug-iphoneos/ShortcutRecorder-t.build/DerivedSources/GeneratedAssetSymbols.h
LinkAssetCatalog /Users/admin/builder/spi-builder-workspace/Sources/ShortcutRecorder/Resources/Images.xcassets (in target 'ShortcutRecorder_ShortcutRecorder' from project 'ShortcutRecorder')
cd /Users/admin/builder/spi-builder-workspace
builtin-linkAssetCatalog --thinned /Users/admin/builder/spi-builder-workspace/.derivedData/Build/Intermediates.noindex/ShortcutRecorder.build/Debug-iphoneos/ShortcutRecorder_ShortcutRecorder-b.build/assetcatalog_output/thinned --thinned-dependencies /Users/admin/builder/spi-builder-workspace/.derivedData/Build/Intermediates.noindex/ShortcutRecorder.build/Debug-iphoneos/ShortcutRecorder_ShortcutRecorder-b.build/assetcatalog_dependencies_thinned --thinned-info-plist-content /Users/admin/builder/spi-builder-workspace/.derivedData/Build/Intermediates.noindex/ShortcutRecorder.build/Debug-iphoneos/ShortcutRecorder_ShortcutRecorder-b.build/assetcatalog_generated_info.plist_thinned --unthinned /Users/admin/builder/spi-builder-workspace/.derivedData/Build/Intermediates.noindex/ShortcutRecorder.build/Debug-iphoneos/ShortcutRecorder_ShortcutRecorder-b.build/assetcatalog_output/unthinned --unthinned-dependencies /Users/admin/builder/spi-builder-workspace/.derivedData/Build/Intermediates.noindex/ShortcutRecorder.build/Debug-iphoneos/ShortcutRecorder_ShortcutRecorder-b.build/assetcatalog_dependencies_unthinned --unthinned-info-plist-content /Users/admin/builder/spi-builder-workspace/.derivedData/Build/Intermediates.noindex/ShortcutRecorder.build/Debug-iphoneos/ShortcutRecorder_ShortcutRecorder-b.build/assetcatalog_generated_info.plist_unthinned --output /Users/admin/builder/spi-builder-workspace/.derivedData/Build/Products/Debug-iphoneos/ShortcutRecorder_ShortcutRecorder.bundle --plist-output /Users/admin/builder/spi-builder-workspace/.derivedData/Build/Intermediates.noindex/ShortcutRecorder.build/Debug-iphoneos/ShortcutRecorder_ShortcutRecorder-b.build/assetcatalog_generated_info.plist
note: Emplaced /Users/admin/builder/spi-builder-workspace/.derivedData/Build/Products/Debug-iphoneos/ShortcutRecorder_ShortcutRecorder.bundle/Assets.car (in target 'ShortcutRecorder_ShortcutRecorder' from project 'ShortcutRecorder')
ProcessInfoPlistFile /Users/admin/builder/spi-builder-workspace/.derivedData/Build/Products/Debug-iphoneos/ShortcutRecorder_ShortcutRecorder.bundle/Info.plist /Users/admin/builder/spi-builder-workspace/.derivedData/Build/Intermediates.noindex/ShortcutRecorder.build/Debug-iphoneos/ShortcutRecorder_ShortcutRecorder-b.build/empty-ShortcutRecorder_ShortcutRecorder.plist (in target 'ShortcutRecorder_ShortcutRecorder' from project 'ShortcutRecorder')
cd /Users/admin/builder/spi-builder-workspace
builtin-infoPlistUtility /Users/admin/builder/spi-builder-workspace/.derivedData/Build/Intermediates.noindex/ShortcutRecorder.build/Debug-iphoneos/ShortcutRecorder_ShortcutRecorder-b.build/empty-ShortcutRecorder_ShortcutRecorder.plist -producttype com.apple.product-type.bundle -expandbuildsettings -format binary -platform iphoneos -additionalcontentfile /Users/admin/builder/spi-builder-workspace/.derivedData/Build/Intermediates.noindex/ShortcutRecorder.build/Debug-iphoneos/ShortcutRecorder_ShortcutRecorder-b.build/assetcatalog_generated_info.plist -requiredArchitecture arm64 -o /Users/admin/builder/spi-builder-workspace/.derivedData/Build/Products/Debug-iphoneos/ShortcutRecorder_ShortcutRecorder.bundle/Info.plist
RegisterExecutionPolicyException /Users/admin/builder/spi-builder-workspace/.derivedData/Build/Products/Debug-iphoneos/ShortcutRecorder_ShortcutRecorder.bundle (in target 'ShortcutRecorder_ShortcutRecorder' from project 'ShortcutRecorder')
cd /Users/admin/builder/spi-builder-workspace
builtin-RegisterExecutionPolicyException /Users/admin/builder/spi-builder-workspace/.derivedData/Build/Products/Debug-iphoneos/ShortcutRecorder_ShortcutRecorder.bundle
Touch /Users/admin/builder/spi-builder-workspace/.derivedData/Build/Products/Debug-iphoneos/ShortcutRecorder_ShortcutRecorder.bundle (in target 'ShortcutRecorder_ShortcutRecorder' from project 'ShortcutRecorder')
cd /Users/admin/builder/spi-builder-workspace
/usr/bin/touch -c /Users/admin/builder/spi-builder-workspace/.derivedData/Build/Products/Debug-iphoneos/ShortcutRecorder_ShortcutRecorder.bundle
ScanDependencies /Users/admin/builder/spi-builder-workspace/.derivedData/Build/Intermediates.noindex/ShortcutRecorder.build/Debug-iphoneos/ShortcutRecorder-t.build/Objects-normal/arm64/SRShortcutFormatter.o /Users/admin/builder/spi-builder-workspace/Sources/ShortcutRecorder/SRShortcutFormatter.m normal arm64 objective-c com.apple.compilers.llvm.clang.1_0.compiler (in target 'ShortcutRecorder' from project 'ShortcutRecorder')
cd /Users/admin/builder/spi-builder-workspace/.swiftpm/xcode
Using response file: /Users/admin/builder/spi-builder-workspace/.derivedData/Build/Intermediates.noindex/ShortcutRecorder.build/Debug-iphoneos/ShortcutRecorder-t.build/Objects-normal/arm64/e6072d4f65d7061329687fe24e3d63a7-common-args.resp
builtin-ScanDependencies -o /Users/admin/builder/spi-builder-workspace/.derivedData/Build/Intermediates.noindex/ShortcutRecorder.build/Debug-iphoneos/ShortcutRecorder-t.build/Objects-normal/arm64/SRShortcutFormatter.o.scan -- /Applications/Xcode-27.0.0-Release.Candidate.app/Contents/Developer/Toolchains/XcodeDefault.xctoolchain/usr/bin/clang -x objective-c -ivfsstatcache /Users/admin/builder/spi-builder-workspace/.derivedData/SDKStatCaches.noindex/iphoneos27.0-24A430-e829b21a6f8c9b70876ba0858053c04440ceaa042ed91876912b2eeea4e3aa14.sdkstatcache -target arm64-apple-ios15.0 -fmessage-length\=0 -fdiagnostics-show-note-include-stack -fmacro-backtrace-limit\=0 -fno-color-diagnostics -fmodules-prune-interval\=86400 -fmodules-prune-after\=345600 -fbuild-session-file\=/Users/admin/builder/spi-builder-workspace/.derivedData/ModuleCache.noindex/Session.modulevalidation -fmodules-validate-once-per-build-session -Wnon-modular-include-in-framework-module -Werror\=non-modular-include-in-framework-module -Wno-trigraphs -Wno-missing-field-initializers -Wno-missing-prototypes -Wno-return-type -Wno-implicit-atomic-properties -Wno-objc-interface-ivars -Wno-arc-repeated-use-of-weak -Wno-missing-braces -Wparentheses -Wswitch -Wno-unused-function -Wno-unused-label -Wno-unused-parameter -Wno-unused-variable -Wunused-value -Wno-empty-body -Wno-uninitialized -Wno-unknown-pragmas -Wno-shadow -Wno-four-char-constants -Wno-conversion -Wno-constant-conversion -Wno-int-conversion -Wno-bool-conversion -Wno-enum-conversion -Wno-float-conversion -Wno-non-literal-null-conversion -Wno-objc-literal-conversion -Wshorten-64-to-32 -Wpointer-sign -Wno-newline-eof -Wno-selector -Wno-strict-selector-match -Wno-undeclared-selector -Wno-deprecated-implementations -Wno-implicit-fallthrough -isysroot /Applications/Xcode-27.0.0-Release.Candidate.app/Contents/Developer/Platforms/iPhoneOS.platform/Developer/SDKs/iPhoneOS27.0.sdk -fstrict-aliasing -Wprotocol -Wdeprecated-declarations -Wno-sign-conversion -Wno-infinite-recursion -Wno-comma -Wno-block-capture-autoreleasing -Wno-strict-prototypes -Wno-semicolon-before-method-body -index-store-path /Users/admin/builder/spi-builder-workspace/.derivedData/Index.noindex/DataStore @/Users/admin/builder/spi-builder-workspace/.derivedData/Build/Intermediates.noindex/ShortcutRecorder.build/Debug-iphoneos/ShortcutRecorder-t.build/Objects-normal/arm64/e6072d4f65d7061329687fe24e3d63a7-common-args.resp -include /Users/admin/builder/spi-builder-workspace/.derivedData/Build/Intermediates.noindex/ShortcutRecorder.build/Debug-iphoneos/ShortcutRecorder-t.build/DerivedSources/resource_bundle_accessor.h -MMD -MT dependencies -MF /Users/admin/builder/spi-builder-workspace/.derivedData/Build/Intermediates.noindex/ShortcutRecorder.build/Debug-iphoneos/ShortcutRecorder-t.build/Objects-normal/arm64/SRShortcutFormatter.d --serialize-diagnostics /Users/admin/builder/spi-builder-workspace/.derivedData/Build/Intermediates.noindex/ShortcutRecorder.build/Debug-iphoneos/ShortcutRecorder-t.build/Objects-normal/arm64/SRShortcutFormatter.dia -c /Users/admin/builder/spi-builder-workspace/Sources/ShortcutRecorder/SRShortcutFormatter.m -o /Users/admin/builder/spi-builder-workspace/.derivedData/Build/Intermediates.noindex/ShortcutRecorder.build/Debug-iphoneos/ShortcutRecorder-t.build/Objects-normal/arm64/SRShortcutFormatter.o -index-unit-output-path /ShortcutRecorder.build/Debug-iphoneos/ShortcutRecorder-t.build/Objects-normal/arm64/SRShortcutFormatter.o
/Users/admin/builder/spi-builder-workspace/Sources/ShortcutRecorder/include/ShortcutRecorder/SRShortcut.h:6:9: error: 'Cocoa/Cocoa.h' file not found (in target 'ShortcutRecorder' from project 'ShortcutRecorder')
/Users/admin/builder/spi-builder-workspace/Sources/ShortcutRecorder/SRShortcutFormatter.m:6:9: note: in file included from /Users/admin/builder/spi-builder-workspace/Sources/ShortcutRecorder/SRShortcutFormatter.m:6:
ScanDependencies /Users/admin/builder/spi-builder-workspace/.derivedData/Build/Intermediates.noindex/ShortcutRecorder.build/Debug-iphoneos/ShortcutRecorder-t.build/Objects-normal/arm64/SRShortcutValidator.o /Users/admin/builder/spi-builder-workspace/Sources/ShortcutRecorder/SRShortcutValidator.m normal arm64 objective-c com.apple.compilers.llvm.clang.1_0.compiler (in target 'ShortcutRecorder' from project 'ShortcutRecorder')
cd /Users/admin/builder/spi-builder-workspace/.swiftpm/xcode
Using response file: /Users/admin/builder/spi-builder-workspace/.derivedData/Build/Intermediates.noindex/ShortcutRecorder.build/Debug-iphoneos/ShortcutRecorder-t.build/Objects-normal/arm64/e6072d4f65d7061329687fe24e3d63a7-common-args.resp
builtin-ScanDependencies -o /Users/admin/builder/spi-builder-workspace/.derivedData/Build/Intermediates.noindex/ShortcutRecorder.build/Debug-iphoneos/ShortcutRecorder-t.build/Objects-normal/arm64/SRShortcutValidator.o.scan -- /Applications/Xcode-27.0.0-Release.Candidate.app/Contents/Developer/Toolchains/XcodeDefault.xctoolchain/usr/bin/clang -x objective-c -ivfsstatcache /Users/admin/builder/spi-builder-workspace/.derivedData/SDKStatCaches.noindex/iphoneos27.0-24A430-e829b21a6f8c9b70876ba0858053c04440ceaa042ed91876912b2eeea4e3aa14.sdkstatcache -target arm64-apple-ios15.0 -fmessage-length\=0 -fdiagnostics-show-note-include-stack -fmacro-backtrace-limit\=0 -fno-color-diagnostics -fmodules-prune-interval\=86400 -fmodules-prune-after\=345600 -fbuild-session-file\=/Users/admin/builder/spi-builder-workspace/.derivedData/ModuleCache.noindex/Session.modulevalidation -fmodules-validate-once-per-build-session -Wnon-modular-include-in-framework-module -Werror\=non-modular-include-in-framework-module -Wno-trigraphs -Wno-missing-field-initializers -Wno-missing-prototypes -Wno-return-type -Wno-implicit-atomic-properties -Wno-objc-interface-ivars -Wno-arc-repeated-use-of-weak -Wno-missing-braces -Wparentheses -Wswitch -Wno-unused-function -Wno-unused-label -Wno-unused-parameter -Wno-unused-variable -Wunused-value -Wno-empty-body -Wno-uninitialized -Wno-unknown-pragmas -Wno-shadow -Wno-four-char-constants -Wno-conversion -Wno-constant-conversion -Wno-int-conversion -Wno-bool-conversion -Wno-enum-conversion -Wno-float-conversion -Wno-non-literal-null-conversion -Wno-objc-literal-conversion -Wshorten-64-to-32 -Wpointer-sign -Wno-newline-eof -Wno-selector -Wno-strict-selector-match -Wno-undeclared-selector -Wno-deprecated-implementations -Wno-implicit-fallthrough -isysroot /Applications/Xcode-27.0.0-Release.Candidate.app/Contents/Developer/Platforms/iPhoneOS.platform/Developer/SDKs/iPhoneOS27.0.sdk -fstrict-aliasing -Wprotocol -Wdeprecated-declarations -Wno-sign-conversion -Wno-infinite-recursion -Wno-comma -Wno-block-capture-autoreleasing -Wno-strict-prototypes -Wno-semicolon-before-method-body -index-store-path /Users/admin/builder/spi-builder-workspace/.derivedData/Index.noindex/DataStore @/Users/admin/builder/spi-builder-workspace/.derivedData/Build/Intermediates.noindex/ShortcutRecorder.build/Debug-iphoneos/ShortcutRecorder-t.build/Objects-normal/arm64/e6072d4f65d7061329687fe24e3d63a7-common-args.resp -include /Users/admin/builder/spi-builder-workspace/.derivedData/Build/Intermediates.noindex/ShortcutRecorder.build/Debug-iphoneos/ShortcutRecorder-t.build/DerivedSources/resource_bundle_accessor.h -MMD -MT dependencies -MF /Users/admin/builder/spi-builder-workspace/.derivedData/Build/Intermediates.noindex/ShortcutRecorder.build/Debug-iphoneos/ShortcutRecorder-t.build/Objects-normal/arm64/SRShortcutValidator.d --serialize-diagnostics /Users/admin/builder/spi-builder-workspace/.derivedData/Build/Intermediates.noindex/ShortcutRecorder.build/Debug-iphoneos/ShortcutRecorder-t.build/Objects-normal/arm64/SRShortcutValidator.dia -c /Users/admin/builder/spi-builder-workspace/Sources/ShortcutRecorder/SRShortcutValidator.m -o /Users/admin/builder/spi-builder-workspace/.derivedData/Build/Intermediates.noindex/ShortcutRecorder.build/Debug-iphoneos/ShortcutRecorder-t.build/Objects-normal/arm64/SRShortcutValidator.o -index-unit-output-path /ShortcutRecorder.build/Debug-iphoneos/ShortcutRecorder-t.build/Objects-normal/arm64/SRShortcutValidator.o
/Users/admin/builder/spi-builder-workspace/Sources/ShortcutRecorder/include/ShortcutRecorder/SRCommon.h:6:9: error: 'Cocoa/Cocoa.h' file not found (in target 'ShortcutRecorder' from project 'ShortcutRecorder')
/Users/admin/builder/spi-builder-workspace/Sources/ShortcutRecorder/SRShortcutValidator.m:9:9: note: in file included from /Users/admin/builder/spi-builder-workspace/Sources/ShortcutRecorder/SRShortcutValidator.m:9:
ScanDependencies /Users/admin/builder/spi-builder-workspace/.derivedData/Build/Intermediates.noindex/ShortcutRecorder.build/Debug-iphoneos/ShortcutRecorder-t.build/Objects-normal/arm64/SRShortcutController.o /Users/admin/builder/spi-builder-workspace/Sources/ShortcutRecorder/SRShortcutController.m normal arm64 objective-c com.apple.compilers.llvm.clang.1_0.compiler (in target 'ShortcutRecorder' from project 'ShortcutRecorder')
cd /Users/admin/builder/spi-builder-workspace/.swiftpm/xcode
Using response file: /Users/admin/builder/spi-builder-workspace/.derivedData/Build/Intermediates.noindex/ShortcutRecorder.build/Debug-iphoneos/ShortcutRecorder-t.build/Objects-normal/arm64/e6072d4f65d7061329687fe24e3d63a7-common-args.resp
builtin-ScanDependencies -o /Users/admin/builder/spi-builder-workspace/.derivedData/Build/Intermediates.noindex/ShortcutRecorder.build/Debug-iphoneos/ShortcutRecorder-t.build/Objects-normal/arm64/SRShortcutController.o.scan -- /Applications/Xcode-27.0.0-Release.Candidate.app/Contents/Developer/Toolchains/XcodeDefault.xctoolchain/usr/bin/clang -x objective-c -ivfsstatcache /Users/admin/builder/spi-builder-workspace/.derivedData/SDKStatCaches.noindex/iphoneos27.0-24A430-e829b21a6f8c9b70876ba0858053c04440ceaa042ed91876912b2eeea4e3aa14.sdkstatcache -target arm64-apple-ios15.0 -fmessage-length\=0 -fdiagnostics-show-note-include-stack -fmacro-backtrace-limit\=0 -fno-color-diagnostics -fmodules-prune-interval\=86400 -fmodules-prune-after\=345600 -fbuild-session-file\=/Users/admin/builder/spi-builder-workspace/.derivedData/ModuleCache.noindex/Session.modulevalidation -fmodules-validate-once-per-build-session -Wnon-modular-include-in-framework-module -Werror\=non-modular-include-in-framework-module -Wno-trigraphs -Wno-missing-field-initializers -Wno-missing-prototypes -Wno-return-type -Wno-implicit-atomic-properties -Wno-objc-interface-ivars -Wno-arc-repeated-use-of-weak -Wno-missing-braces -Wparentheses -Wswitch -Wno-unused-function -Wno-unused-label -Wno-unused-parameter -Wno-unused-variable -Wunused-value -Wno-empty-body -Wno-uninitialized -Wno-unknown-pragmas -Wno-shadow -Wno-four-char-constants -Wno-conversion -Wno-constant-conversion -Wno-int-conversion -Wno-bool-conversion -Wno-enum-conversion -Wno-float-conversion -Wno-non-literal-null-conversion -Wno-objc-literal-conversion -Wshorten-64-to-32 -Wpointer-sign -Wno-newline-eof -Wno-selector -Wno-strict-selector-match -Wno-undeclared-selector -Wno-deprecated-implementations -Wno-implicit-fallthrough -isysroot /Applications/Xcode-27.0.0-Release.Candidate.app/Contents/Developer/Platforms/iPhoneOS.platform/Developer/SDKs/iPhoneOS27.0.sdk -fstrict-aliasing -Wprotocol -Wdeprecated-declarations -Wno-sign-conversion -Wno-infinite-recursion -Wno-comma -Wno-block-capture-autoreleasing -Wno-strict-prototypes -Wno-semicolon-before-method-body -index-store-path /Users/admin/builder/spi-builder-workspace/.derivedData/Index.noindex/DataStore @/Users/admin/builder/spi-builder-workspace/.derivedData/Build/Intermediates.noindex/ShortcutRecorder.build/Debug-iphoneos/ShortcutRecorder-t.build/Objects-normal/arm64/e6072d4f65d7061329687fe24e3d63a7-common-args.resp -include /Users/admin/builder/spi-builder-workspace/.derivedData/Build/Intermediates.noindex/ShortcutRecorder.build/Debug-iphoneos/ShortcutRecorder-t.build/DerivedSources/resource_bundle_accessor.h -MMD -MT dependencies -MF /Users/admin/builder/spi-builder-workspace/.derivedData/Build/Intermediates.noindex/ShortcutRecorder.build/Debug-iphoneos/ShortcutRecorder-t.build/Objects-normal/arm64/SRShortcutController.d --serialize-diagnostics /Users/admin/builder/spi-builder-workspace/.derivedData/Build/Intermediates.noindex/ShortcutRecorder.build/Debug-iphoneos/ShortcutRecorder-t.build/Objects-normal/arm64/SRShortcutController.dia -c /Users/admin/builder/spi-builder-workspace/Sources/ShortcutRecorder/SRShortcutController.m -o /Users/admin/builder/spi-builder-workspace/.derivedData/Build/Intermediates.noindex/ShortcutRecorder.build/Debug-iphoneos/ShortcutRecorder-t.build/Objects-normal/arm64/SRShortcutController.o -index-unit-output-path /ShortcutRecorder.build/Debug-iphoneos/ShortcutRecorder-t.build/Objects-normal/arm64/SRShortcutController.o
/Users/admin/builder/spi-builder-workspace/Sources/ShortcutRecorder/SRShortcutController.m:6:9: error: 'Carbon/Carbon.h' file not found (in target 'ShortcutRecorder' from project 'ShortcutRecorder')
ScanDependencies /Users/admin/builder/spi-builder-workspace/.derivedData/Build/Intermediates.noindex/ShortcutRecorder.build/Debug-iphoneos/ShortcutRecorder-t.build/Objects-normal/arm64/SRRecorderControlStyle.o /Users/admin/builder/spi-builder-workspace/Sources/ShortcutRecorder/SRRecorderControlStyle.m normal arm64 objective-c com.apple.compilers.llvm.clang.1_0.compiler (in target 'ShortcutRecorder' from project 'ShortcutRecorder')
cd /Users/admin/builder/spi-builder-workspace/.swiftpm/xcode
Using response file: /Users/admin/builder/spi-builder-workspace/.derivedData/Build/Intermediates.noindex/ShortcutRecorder.build/Debug-iphoneos/ShortcutRecorder-t.build/Objects-normal/arm64/e6072d4f65d7061329687fe24e3d63a7-common-args.resp
builtin-ScanDependencies -o /Users/admin/builder/spi-builder-workspace/.derivedData/Build/Intermediates.noindex/ShortcutRecorder.build/Debug-iphoneos/ShortcutRecorder-t.build/Objects-normal/arm64/SRRecorderControlStyle.o.scan -- /Applications/Xcode-27.0.0-Release.Candidate.app/Contents/Developer/Toolchains/XcodeDefault.xctoolchain/usr/bin/clang -x objective-c -ivfsstatcache /Users/admin/builder/spi-builder-workspace/.derivedData/SDKStatCaches.noindex/iphoneos27.0-24A430-e829b21a6f8c9b70876ba0858053c04440ceaa042ed91876912b2eeea4e3aa14.sdkstatcache -target arm64-apple-ios15.0 -fmessage-length\=0 -fdiagnostics-show-note-include-stack -fmacro-backtrace-limit\=0 -fno-color-diagnostics -fmodules-prune-interval\=86400 -fmodules-prune-after\=345600 -fbuild-session-file\=/Users/admin/builder/spi-builder-workspace/.derivedData/ModuleCache.noindex/Session.modulevalidation -fmodules-validate-once-per-build-session -Wnon-modular-include-in-framework-module -Werror\=non-modular-include-in-framework-module -Wno-trigraphs -Wno-missing-field-initializers -Wno-missing-prototypes -Wno-return-type -Wno-implicit-atomic-properties -Wno-objc-interface-ivars -Wno-arc-repeated-use-of-weak -Wno-missing-braces -Wparentheses -Wswitch -Wno-unused-function -Wno-unused-label -Wno-unused-parameter -Wno-unused-variable -Wunused-value -Wno-empty-body -Wno-uninitialized -Wno-unknown-pragmas -Wno-shadow -Wno-four-char-constants -Wno-conversion -Wno-constant-conversion -Wno-int-conversion -Wno-bool-conversion -Wno-enum-conversion -Wno-float-conversion -Wno-non-literal-null-conversion -Wno-objc-literal-conversion -Wshorten-64-to-32 -Wpointer-sign -Wno-newline-eof -Wno-selector -Wno-strict-selector-match -Wno-undeclared-selector -Wno-deprecated-implementations -Wno-implicit-fallthrough -isysroot /Applications/Xcode-27.0.0-Release.Candidate.app/Contents/Developer/Platforms/iPhoneOS.platform/Developer/SDKs/iPhoneOS27.0.sdk -fstrict-aliasing -Wprotocol -Wdeprecated-declarations -Wno-sign-conversion -Wno-infinite-recursion -Wno-comma -Wno-block-capture-autoreleasing -Wno-strict-prototypes -Wno-semicolon-before-method-body -index-store-path /Users/admin/builder/spi-builder-workspace/.derivedData/Index.noindex/DataStore @/Users/admin/builder/spi-builder-workspace/.derivedData/Build/Intermediates.noindex/ShortcutRecorder.build/Debug-iphoneos/ShortcutRecorder-t.build/Objects-normal/arm64/e6072d4f65d7061329687fe24e3d63a7-common-args.resp -include /Users/admin/builder/spi-builder-workspace/.derivedData/Build/Intermediates.noindex/ShortcutRecorder.build/Debug-iphoneos/ShortcutRecorder-t.build/DerivedSources/resource_bundle_accessor.h -MMD -MT dependencies -MF /Users/admin/builder/spi-builder-workspace/.derivedData/Build/Intermediates.noindex/ShortcutRecorder.build/Debug-iphoneos/ShortcutRecorder-t.build/Objects-normal/arm64/SRRecorderControlStyle.d --serialize-diagnostics /Users/admin/builder/spi-builder-workspace/.derivedData/Build/Intermediates.noindex/ShortcutRecorder.build/Debug-iphoneos/ShortcutRecorder-t.build/Objects-normal/arm64/SRRecorderControlStyle.dia -c /Users/admin/builder/spi-builder-workspace/Sources/ShortcutRecorder/SRRecorderControlStyle.m -o /Users/admin/builder/spi-builder-workspace/.derivedData/Build/Intermediates.noindex/ShortcutRecorder.build/Debug-iphoneos/ShortcutRecorder-t.build/Objects-normal/arm64/SRRecorderControlStyle.o -index-unit-output-path /ShortcutRecorder.build/Debug-iphoneos/ShortcutRecorder-t.build/Objects-normal/arm64/SRRecorderControlStyle.o
/Users/admin/builder/spi-builder-workspace/Sources/ShortcutRecorder/include/ShortcutRecorder/SRRecorderControl.h:6:9: error: 'Cocoa/Cocoa.h' file not found (in target 'ShortcutRecorder' from project 'ShortcutRecorder')
/Users/admin/builder/spi-builder-workspace/Sources/ShortcutRecorder/SRRecorderControlStyle.m:9:9: note: in file included from /Users/admin/builder/spi-builder-workspace/Sources/ShortcutRecorder/SRRecorderControlStyle.m:9:
ScanDependencies /Users/admin/builder/spi-builder-workspace/.derivedData/Build/Intermediates.noindex/ShortcutRecorder.build/Debug-iphoneos/ShortcutRecorder-t.build/Objects-normal/arm64/SRShortcutAction.o /Users/admin/builder/spi-builder-workspace/Sources/ShortcutRecorder/SRShortcutAction.m normal arm64 objective-c com.apple.compilers.llvm.clang.1_0.compiler (in target 'ShortcutRecorder' from project 'ShortcutRecorder')
cd /Users/admin/builder/spi-builder-workspace/.swiftpm/xcode
Using response file: /Users/admin/builder/spi-builder-workspace/.derivedData/Build/Intermediates.noindex/ShortcutRecorder.build/Debug-iphoneos/ShortcutRecorder-t.build/Objects-normal/arm64/e6072d4f65d7061329687fe24e3d63a7-common-args.resp
builtin-ScanDependencies -o /Users/admin/builder/spi-builder-workspace/.derivedData/Build/Intermediates.noindex/ShortcutRecorder.build/Debug-iphoneos/ShortcutRecorder-t.build/Objects-normal/arm64/SRShortcutAction.o.scan -- /Applications/Xcode-27.0.0-Release.Candidate.app/Contents/Developer/Toolchains/XcodeDefault.xctoolchain/usr/bin/clang -x objective-c -ivfsstatcache /Users/admin/builder/spi-builder-workspace/.derivedData/SDKStatCaches.noindex/iphoneos27.0-24A430-e829b21a6f8c9b70876ba0858053c04440ceaa042ed91876912b2eeea4e3aa14.sdkstatcache -target arm64-apple-ios15.0 -fmessage-length\=0 -fdiagnostics-show-note-include-stack -fmacro-backtrace-limit\=0 -fno-color-diagnostics -fmodules-prune-interval\=86400 -fmodules-prune-after\=345600 -fbuild-session-file\=/Users/admin/builder/spi-builder-workspace/.derivedData/ModuleCache.noindex/Session.modulevalidation -fmodules-validate-once-per-build-session -Wnon-modular-include-in-framework-module -Werror\=non-modular-include-in-framework-module -Wno-trigraphs -Wno-missing-field-initializers -Wno-missing-prototypes -Wno-return-type -Wno-implicit-atomic-properties -Wno-objc-interface-ivars -Wno-arc-repeated-use-of-weak -Wno-missing-braces -Wparentheses -Wswitch -Wno-unused-function -Wno-unused-label -Wno-unused-parameter -Wno-unused-variable -Wunused-value -Wno-empty-body -Wno-uninitialized -Wno-unknown-pragmas -Wno-shadow -Wno-four-char-constants -Wno-conversion -Wno-constant-conversion -Wno-int-conversion -Wno-bool-conversion -Wno-enum-conversion -Wno-float-conversion -Wno-non-literal-null-conversion -Wno-objc-literal-conversion -Wshorten-64-to-32 -Wpointer-sign -Wno-newline-eof -Wno-selector -Wno-strict-selector-match -Wno-undeclared-selector -Wno-deprecated-implementations -Wno-implicit-fallthrough -isysroot /Applications/Xcode-27.0.0-Release.Candidate.app/Contents/Developer/Platforms/iPhoneOS.platform/Developer/SDKs/iPhoneOS27.0.sdk -fstrict-aliasing -Wprotocol -Wdeprecated-declarations -Wno-sign-conversion -Wno-infinite-recursion -Wno-comma -Wno-block-capture-autoreleasing -Wno-strict-prototypes -Wno-semicolon-before-method-body -index-store-path /Users/admin/builder/spi-builder-workspace/.derivedData/Index.noindex/DataStore @/Users/admin/builder/spi-builder-workspace/.derivedData/Build/Intermediates.noindex/ShortcutRecorder.build/Debug-iphoneos/ShortcutRecorder-t.build/Objects-normal/arm64/e6072d4f65d7061329687fe24e3d63a7-common-args.resp -include /Users/admin/builder/spi-builder-workspace/.derivedData/Build/Intermediates.noindex/ShortcutRecorder.build/Debug-iphoneos/ShortcutRecorder-t.build/DerivedSources/resource_bundle_accessor.h -MMD -MT dependencies -MF /Users/admin/builder/spi-builder-workspace/.derivedData/Build/Intermediates.noindex/ShortcutRecorder.build/Debug-iphoneos/ShortcutRecorder-t.build/Objects-normal/arm64/SRShortcutAction.d --serialize-diagnostics /Users/admin/builder/spi-builder-workspace/.derivedData/Build/Intermediates.noindex/ShortcutRecorder.build/Debug-iphoneos/ShortcutRecorder-t.build/Objects-normal/arm64/SRShortcutAction.dia -c /Users/admin/builder/spi-builder-workspace/Sources/ShortcutRecorder/SRShortcutAction.m -o /Users/admin/builder/spi-builder-workspace/.derivedData/Build/Intermediates.noindex/ShortcutRecorder.build/Debug-iphoneos/ShortcutRecorder-t.build/Objects-normal/arm64/SRShortcutAction.o -index-unit-output-path /ShortcutRecorder.build/Debug-iphoneos/ShortcutRecorder-t.build/Objects-normal/arm64/SRShortcutAction.o
/Users/admin/builder/spi-builder-workspace/Sources/ShortcutRecorder/SRShortcutAction.m:6:9: error: 'Carbon/Carbon.h' file not found (in target 'ShortcutRecorder' from project 'ShortcutRecorder')
ScanDependencies /Users/admin/builder/spi-builder-workspace/.derivedData/Build/Intermediates.noindex/ShortcutRecorder.build/Debug-iphoneos/ShortcutRecorder-t.build/Objects-normal/arm64/SRShortcut.o /Users/admin/builder/spi-builder-workspace/Sources/ShortcutRecorder/SRShortcut.m normal arm64 objective-c com.apple.compilers.llvm.clang.1_0.compiler (in target 'ShortcutRecorder' from project 'ShortcutRecorder')
cd /Users/admin/builder/spi-builder-workspace/.swiftpm/xcode
Using response file: /Users/admin/builder/spi-builder-workspace/.derivedData/Build/Intermediates.noindex/ShortcutRecorder.build/Debug-iphoneos/ShortcutRecorder-t.build/Objects-normal/arm64/e6072d4f65d7061329687fe24e3d63a7-common-args.resp
builtin-ScanDependencies -o /Users/admin/builder/spi-builder-workspace/.derivedData/Build/Intermediates.noindex/ShortcutRecorder.build/Debug-iphoneos/ShortcutRecorder-t.build/Objects-normal/arm64/SRShortcut.o.scan -- /Applications/Xcode-27.0.0-Release.Candidate.app/Contents/Developer/Toolchains/XcodeDefault.xctoolchain/usr/bin/clang -x objective-c -ivfsstatcache /Users/admin/builder/spi-builder-workspace/.derivedData/SDKStatCaches.noindex/iphoneos27.0-24A430-e829b21a6f8c9b70876ba0858053c04440ceaa042ed91876912b2eeea4e3aa14.sdkstatcache -target arm64-apple-ios15.0 -fmessage-length\=0 -fdiagnostics-show-note-include-stack -fmacro-backtrace-limit\=0 -fno-color-diagnostics -fmodules-prune-interval\=86400 -fmodules-prune-after\=345600 -fbuild-session-file\=/Users/admin/builder/spi-builder-workspace/.derivedData/ModuleCache.noindex/Session.modulevalidation -fmodules-validate-once-per-build-session -Wnon-modular-include-in-framework-module -Werror\=non-modular-include-in-framework-module -Wno-trigraphs -Wno-missing-field-initializers -Wno-missing-prototypes -Wno-return-type -Wno-implicit-atomic-properties -Wno-objc-interface-ivars -Wno-arc-repeated-use-of-weak -Wno-missing-braces -Wparentheses -Wswitch -Wno-unused-function -Wno-unused-label -Wno-unused-parameter -Wno-unused-variable -Wunused-value -Wno-empty-body -Wno-uninitialized -Wno-unknown-pragmas -Wno-shadow -Wno-four-char-constants -Wno-conversion -Wno-constant-conversion -Wno-int-conversion -Wno-bool-conversion -Wno-enum-conversion -Wno-float-conversion -Wno-non-literal-null-conversion -Wno-objc-literal-conversion -Wshorten-64-to-32 -Wpointer-sign -Wno-newline-eof -Wno-selector -Wno-strict-selector-match -Wno-undeclared-selector -Wno-deprecated-implementations -Wno-implicit-fallthrough -isysroot /Applications/Xcode-27.0.0-Release.Candidate.app/Contents/Developer/Platforms/iPhoneOS.platform/Developer/SDKs/iPhoneOS27.0.sdk -fstrict-aliasing -Wprotocol -Wdeprecated-declarations -Wno-sign-conversion -Wno-infinite-recursion -Wno-comma -Wno-block-capture-autoreleasing -Wno-strict-prototypes -Wno-semicolon-before-method-body -index-store-path /Users/admin/builder/spi-builder-workspace/.derivedData/Index.noindex/DataStore @/Users/admin/builder/spi-builder-workspace/.derivedData/Build/Intermediates.noindex/ShortcutRecorder.build/Debug-iphoneos/ShortcutRecorder-t.build/Objects-normal/arm64/e6072d4f65d7061329687fe24e3d63a7-common-args.resp -include /Users/admin/builder/spi-builder-workspace/.derivedData/Build/Intermediates.noindex/ShortcutRecorder.build/Debug-iphoneos/ShortcutRecorder-t.build/DerivedSources/resource_bundle_accessor.h -MMD -MT dependencies -MF /Users/admin/builder/spi-builder-workspace/.derivedData/Build/Intermediates.noindex/ShortcutRecorder.build/Debug-iphoneos/ShortcutRecorder-t.build/Objects-normal/arm64/SRShortcut.d --serialize-diagnostics /Users/admin/builder/spi-builder-workspace/.derivedData/Build/Intermediates.noindex/ShortcutRecorder.build/Debug-iphoneos/ShortcutRecorder-t.build/Objects-normal/arm64/SRShortcut.dia -c /Users/admin/builder/spi-builder-workspace/Sources/ShortcutRecorder/SRShortcut.m -o /Users/admin/builder/spi-builder-workspace/.derivedData/Build/Intermediates.noindex/ShortcutRecorder.build/Debug-iphoneos/ShortcutRecorder-t.build/Objects-normal/arm64/SRShortcut.o -index-unit-output-path /ShortcutRecorder.build/Debug-iphoneos/ShortcutRecorder-t.build/Objects-normal/arm64/SRShortcut.o
/Users/admin/builder/spi-builder-workspace/Sources/ShortcutRecorder/include/ShortcutRecorder/SRCommon.h:6:9: error: 'Cocoa/Cocoa.h' file not found (in target 'ShortcutRecorder' from project 'ShortcutRecorder')
/Users/admin/builder/spi-builder-workspace/Sources/ShortcutRecorder/SRShortcut.m:8:9: note: in file included from /Users/admin/builder/spi-builder-workspace/Sources/ShortcutRecorder/SRShortcut.m:8:
ScanDependencies /Users/admin/builder/spi-builder-workspace/.derivedData/Build/Intermediates.noindex/ShortcutRecorder.build/Debug-iphoneos/ShortcutRecorder-t.build/Objects-normal/arm64/resource_bundle_accessor.o /Users/admin/builder/spi-builder-workspace/.derivedData/Build/Intermediates.noindex/ShortcutRecorder.build/Debug-iphoneos/ShortcutRecorder-t.build/DerivedSources/resource_bundle_accessor.m normal arm64 objective-c com.apple.compilers.llvm.clang.1_0.compiler (in target 'ShortcutRecorder' from project 'ShortcutRecorder')
cd /Users/admin/builder/spi-builder-workspace/.swiftpm/xcode
Using response file: /Users/admin/builder/spi-builder-workspace/.derivedData/Build/Intermediates.noindex/ShortcutRecorder.build/Debug-iphoneos/ShortcutRecorder-t.build/Objects-normal/arm64/e6072d4f65d7061329687fe24e3d63a7-common-args.resp
builtin-ScanDependencies -o /Users/admin/builder/spi-builder-workspace/.derivedData/Build/Intermediates.noindex/ShortcutRecorder.build/Debug-iphoneos/ShortcutRecorder-t.build/Objects-normal/arm64/resource_bundle_accessor.o.scan -- /Applications/Xcode-27.0.0-Release.Candidate.app/Contents/Developer/Toolchains/XcodeDefault.xctoolchain/usr/bin/clang -x objective-c -ivfsstatcache /Users/admin/builder/spi-builder-workspace/.derivedData/SDKStatCaches.noindex/iphoneos27.0-24A430-e829b21a6f8c9b70876ba0858053c04440ceaa042ed91876912b2eeea4e3aa14.sdkstatcache -target arm64-apple-ios15.0 -fmessage-length\=0 -fdiagnostics-show-note-include-stack -fmacro-backtrace-limit\=0 -fno-color-diagnostics -fmodules-prune-interval\=86400 -fmodules-prune-after\=345600 -fbuild-session-file\=/Users/admin/builder/spi-builder-workspace/.derivedData/ModuleCache.noindex/Session.modulevalidation -fmodules-validate-once-per-build-session -Wnon-modular-include-in-framework-module -Werror\=non-modular-include-in-framework-module -Wno-trigraphs -Wno-missing-field-initializers -Wno-missing-prototypes -Wno-return-type -Wno-implicit-atomic-properties -Wno-objc-interface-ivars -Wno-arc-repeated-use-of-weak -Wno-missing-braces -Wparentheses -Wswitch -Wno-unused-function -Wno-unused-label -Wno-unused-parameter -Wno-unused-variable -Wunused-value -Wno-empty-body -Wno-uninitialized -Wno-unknown-pragmas -Wno-shadow -Wno-four-char-constants -Wno-conversion -Wno-constant-conversion -Wno-int-conversion -Wno-bool-conversion -Wno-enum-conversion -Wno-float-conversion -Wno-non-literal-null-conversion -Wno-objc-literal-conversion -Wshorten-64-to-32 -Wpointer-sign -Wno-newline-eof -Wno-selector -Wno-strict-selector-match -Wno-undeclared-selector -Wno-deprecated-implementations -Wno-implicit-fallthrough -isysroot /Applications/Xcode-27.0.0-Release.Candidate.app/Contents/Developer/Platforms/iPhoneOS.platform/Developer/SDKs/iPhoneOS27.0.sdk -fstrict-aliasing -Wprotocol -Wdeprecated-declarations -Wno-sign-conversion -Wno-infinite-recursion -Wno-comma -Wno-block-capture-autoreleasing -Wno-strict-prototypes -Wno-semicolon-before-method-body -index-store-path /Users/admin/builder/spi-builder-workspace/.derivedData/Index.noindex/DataStore @/Users/admin/builder/spi-builder-workspace/.derivedData/Build/Intermediates.noindex/ShortcutRecorder.build/Debug-iphoneos/ShortcutRecorder-t.build/Objects-normal/arm64/e6072d4f65d7061329687fe24e3d63a7-common-args.resp -include /Users/admin/builder/spi-builder-workspace/.derivedData/Build/Intermediates.noindex/ShortcutRecorder.build/Debug-iphoneos/ShortcutRecorder-t.build/DerivedSources/resource_bundle_accessor.h -MMD -MT dependencies -MF /Users/admin/builder/spi-builder-workspace/.derivedData/Build/Intermediates.noindex/ShortcutRecorder.build/Debug-iphoneos/ShortcutRecorder-t.build/Objects-normal/arm64/resource_bundle_accessor.d --serialize-diagnostics /Users/admin/builder/spi-builder-workspace/.derivedData/Build/Intermediates.noindex/ShortcutRecorder.build/Debug-iphoneos/ShortcutRecorder-t.build/Objects-normal/arm64/resource_bundle_accessor.dia -c /Users/admin/builder/spi-builder-workspace/.derivedData/Build/Intermediates.noindex/ShortcutRecorder.build/Debug-iphoneos/ShortcutRecorder-t.build/DerivedSources/resource_bundle_accessor.m -o /Users/admin/builder/spi-builder-workspace/.derivedData/Build/Intermediates.noindex/ShortcutRecorder.build/Debug-iphoneos/ShortcutRecorder-t.build/Objects-normal/arm64/resource_bundle_accessor.o -index-unit-output-path /ShortcutRecorder.build/Debug-iphoneos/ShortcutRecorder-t.build/Objects-normal/arm64/resource_bundle_accessor.o
ScanDependencies /Users/admin/builder/spi-builder-workspace/.derivedData/Build/Intermediates.noindex/ShortcutRecorder.build/Debug-iphoneos/ShortcutRecorder-t.build/Objects-normal/arm64/SRKeyEquivalentTransformer.o /Users/admin/builder/spi-builder-workspace/Sources/ShortcutRecorder/SRKeyEquivalentTransformer.m normal arm64 objective-c com.apple.compilers.llvm.clang.1_0.compiler (in target 'ShortcutRecorder' from project 'ShortcutRecorder')
cd /Users/admin/builder/spi-builder-workspace/.swiftpm/xcode
Using response file: /Users/admin/builder/spi-builder-workspace/.derivedData/Build/Intermediates.noindex/ShortcutRecorder.build/Debug-iphoneos/ShortcutRecorder-t.build/Objects-normal/arm64/e6072d4f65d7061329687fe24e3d63a7-common-args.resp
builtin-ScanDependencies -o /Users/admin/builder/spi-builder-workspace/.derivedData/Build/Intermediates.noindex/ShortcutRecorder.build/Debug-iphoneos/ShortcutRecorder-t.build/Objects-normal/arm64/SRKeyEquivalentTransformer.o.scan -- /Applications/Xcode-27.0.0-Release.Candidate.app/Contents/Developer/Toolchains/XcodeDefault.xctoolchain/usr/bin/clang -x objective-c -ivfsstatcache /Users/admin/builder/spi-builder-workspace/.derivedData/SDKStatCaches.noindex/iphoneos27.0-24A430-e829b21a6f8c9b70876ba0858053c04440ceaa042ed91876912b2eeea4e3aa14.sdkstatcache -target arm64-apple-ios15.0 -fmessage-length\=0 -fdiagnostics-show-note-include-stack -fmacro-backtrace-limit\=0 -fno-color-diagnostics -fmodules-prune-interval\=86400 -fmodules-prune-after\=345600 -fbuild-session-file\=/Users/admin/builder/spi-builder-workspace/.derivedData/ModuleCache.noindex/Session.modulevalidation -fmodules-validate-once-per-build-session -Wnon-modular-include-in-framework-module -Werror\=non-modular-include-in-framework-module -Wno-trigraphs -Wno-missing-field-initializers -Wno-missing-prototypes -Wno-return-type -Wno-implicit-atomic-properties -Wno-objc-interface-ivars -Wno-arc-repeated-use-of-weak -Wno-missing-braces -Wparentheses -Wswitch -Wno-unused-function -Wno-unused-label -Wno-unused-parameter -Wno-unused-variable -Wunused-value -Wno-empty-body -Wno-uninitialized -Wno-unknown-pragmas -Wno-shadow -Wno-four-char-constants -Wno-conversion -Wno-constant-conversion -Wno-int-conversion -Wno-bool-conversion -Wno-enum-conversion -Wno-float-conversion -Wno-non-literal-null-conversion -Wno-objc-literal-conversion -Wshorten-64-to-32 -Wpointer-sign -Wno-newline-eof -Wno-selector -Wno-strict-selector-match -Wno-undeclared-selector -Wno-deprecated-implementations -Wno-implicit-fallthrough -isysroot /Applications/Xcode-27.0.0-Release.Candidate.app/Contents/Developer/Platforms/iPhoneOS.platform/Developer/SDKs/iPhoneOS27.0.sdk -fstrict-aliasing -Wprotocol -Wdeprecated-declarations -Wno-sign-conversion -Wno-infinite-recursion -Wno-comma -Wno-block-capture-autoreleasing -Wno-strict-prototypes -Wno-semicolon-before-method-body -index-store-path /Users/admin/builder/spi-builder-workspace/.derivedData/Index.noindex/DataStore @/Users/admin/builder/spi-builder-workspace/.derivedData/Build/Intermediates.noindex/ShortcutRecorder.build/Debug-iphoneos/ShortcutRecorder-t.build/Objects-normal/arm64/e6072d4f65d7061329687fe24e3d63a7-common-args.resp -include /Users/admin/builder/spi-builder-workspace/.derivedData/Build/Intermediates.noindex/ShortcutRecorder.build/Debug-iphoneos/ShortcutRecorder-t.build/DerivedSources/resource_bundle_accessor.h -MMD -MT dependencies -MF /Users/admin/builder/spi-builder-workspace/.derivedData/Build/Intermediates.noindex/ShortcutRecorder.build/Debug-iphoneos/ShortcutRecorder-t.build/Objects-normal/arm64/SRKeyEquivalentTransformer.d --serialize-diagnostics /Users/admin/builder/spi-builder-workspace/.derivedData/Build/Intermediates.noindex/ShortcutRecorder.build/Debug-iphoneos/ShortcutRecorder-t.build/Objects-normal/arm64/SRKeyEquivalentTransformer.dia -c /Users/admin/builder/spi-builder-workspace/Sources/ShortcutRecorder/SRKeyEquivalentTransformer.m -o /Users/admin/builder/spi-builder-workspace/.derivedData/Build/Intermediates.noindex/ShortcutRecorder.build/Debug-iphoneos/ShortcutRecorder-t.build/Objects-normal/arm64/SRKeyEquivalentTransformer.o -index-unit-output-path /ShortcutRecorder.build/Debug-iphoneos/ShortcutRecorder-t.build/Objects-normal/arm64/SRKeyEquivalentTransformer.o
/Users/admin/builder/spi-builder-workspace/Sources/ShortcutRecorder/include/ShortcutRecorder/SRKeyCodeTransformer.h:6:9: error: 'Cocoa/Cocoa.h' file not found (in target 'ShortcutRecorder' from project 'ShortcutRecorder')
/Users/admin/builder/spi-builder-workspace/Sources/ShortcutRecorder/SRKeyEquivalentTransformer.m:6:9: note: in file included from /Users/admin/builder/spi-builder-workspace/Sources/ShortcutRecorder/SRKeyEquivalentTransformer.m:6:
ScanDependencies /Users/admin/builder/spi-builder-workspace/.derivedData/Build/Intermediates.noindex/ShortcutRecorder.build/Debug-iphoneos/ShortcutRecorder-t.build/Objects-normal/arm64/SRModifierFlagsTransformer.o /Users/admin/builder/spi-builder-workspace/Sources/ShortcutRecorder/SRModifierFlagsTransformer.m normal arm64 objective-c com.apple.compilers.llvm.clang.1_0.compiler (in target 'ShortcutRecorder' from project 'ShortcutRecorder')
cd /Users/admin/builder/spi-builder-workspace/.swiftpm/xcode
Using response file: /Users/admin/builder/spi-builder-workspace/.derivedData/Build/Intermediates.noindex/ShortcutRecorder.build/Debug-iphoneos/ShortcutRecorder-t.build/Objects-normal/arm64/e6072d4f65d7061329687fe24e3d63a7-common-args.resp
builtin-ScanDependencies -o /Users/admin/builder/spi-builder-workspace/.derivedData/Build/Intermediates.noindex/ShortcutRecorder.build/Debug-iphoneos/ShortcutRecorder-t.build/Objects-normal/arm64/SRModifierFlagsTransformer.o.scan -- /Applications/Xcode-27.0.0-Release.Candidate.app/Contents/Developer/Toolchains/XcodeDefault.xctoolchain/usr/bin/clang -x objective-c -ivfsstatcache /Users/admin/builder/spi-builder-workspace/.derivedData/SDKStatCaches.noindex/iphoneos27.0-24A430-e829b21a6f8c9b70876ba0858053c04440ceaa042ed91876912b2eeea4e3aa14.sdkstatcache -target arm64-apple-ios15.0 -fmessage-length\=0 -fdiagnostics-show-note-include-stack -fmacro-backtrace-limit\=0 -fno-color-diagnostics -fmodules-prune-interval\=86400 -fmodules-prune-after\=345600 -fbuild-session-file\=/Users/admin/builder/spi-builder-workspace/.derivedData/ModuleCache.noindex/Session.modulevalidation -fmodules-validate-once-per-build-session -Wnon-modular-include-in-framework-module -Werror\=non-modular-include-in-framework-module -Wno-trigraphs -Wno-missing-field-initializers -Wno-missing-prototypes -Wno-return-type -Wno-implicit-atomic-properties -Wno-objc-interface-ivars -Wno-arc-repeated-use-of-weak -Wno-missing-braces -Wparentheses -Wswitch -Wno-unused-function -Wno-unused-label -Wno-unused-parameter -Wno-unused-variable -Wunused-value -Wno-empty-body -Wno-uninitialized -Wno-unknown-pragmas -Wno-shadow -Wno-four-char-constants -Wno-conversion -Wno-constant-conversion -Wno-int-conversion -Wno-bool-conversion -Wno-enum-conversion -Wno-float-conversion -Wno-non-literal-null-conversion -Wno-objc-literal-conversion -Wshorten-64-to-32 -Wpointer-sign -Wno-newline-eof -Wno-selector -Wno-strict-selector-match -Wno-undeclared-selector -Wno-deprecated-implementations -Wno-implicit-fallthrough -isysroot /Applications/Xcode-27.0.0-Release.Candidate.app/Contents/Developer/Platforms/iPhoneOS.platform/Developer/SDKs/iPhoneOS27.0.sdk -fstrict-aliasing -Wprotocol -Wdeprecated-declarations -Wno-sign-conversion -Wno-infinite-recursion -Wno-comma -Wno-block-capture-autoreleasing -Wno-strict-prototypes -Wno-semicolon-before-method-body -index-store-path /Users/admin/builder/spi-builder-workspace/.derivedData/Index.noindex/DataStore @/Users/admin/builder/spi-builder-workspace/.derivedData/Build/Intermediates.noindex/ShortcutRecorder.build/Debug-iphoneos/ShortcutRecorder-t.build/Objects-normal/arm64/e6072d4f65d7061329687fe24e3d63a7-common-args.resp -include /Users/admin/builder/spi-builder-workspace/.derivedData/Build/Intermediates.noindex/ShortcutRecorder.build/Debug-iphoneos/ShortcutRecorder-t.build/DerivedSources/resource_bundle_accessor.h -MMD -MT dependencies -MF /Users/admin/builder/spi-builder-workspace/.derivedData/Build/Intermediates.noindex/ShortcutRecorder.build/Debug-iphoneos/ShortcutRecorder-t.build/Objects-normal/arm64/SRModifierFlagsTransformer.d --serialize-diagnostics /Users/admin/builder/spi-builder-workspace/.derivedData/Build/Intermediates.noindex/ShortcutRecorder.build/Debug-iphoneos/ShortcutRecorder-t.build/Objects-normal/arm64/SRModifierFlagsTransformer.dia -c /Users/admin/builder/spi-builder-workspace/Sources/ShortcutRecorder/SRModifierFlagsTransformer.m -o /Users/admin/builder/spi-builder-workspace/.derivedData/Build/Intermediates.noindex/ShortcutRecorder.build/Debug-iphoneos/ShortcutRecorder-t.build/Objects-normal/arm64/SRModifierFlagsTransformer.o -index-unit-output-path /ShortcutRecorder.build/Debug-iphoneos/ShortcutRecorder-t.build/Objects-normal/arm64/SRModifierFlagsTransformer.o
/Users/admin/builder/spi-builder-workspace/Sources/ShortcutRecorder/include/ShortcutRecorder/SRCommon.h:6:9: error: 'Cocoa/Cocoa.h' file not found (in target 'ShortcutRecorder' from project 'ShortcutRecorder')
/Users/admin/builder/spi-builder-workspace/Sources/ShortcutRecorder/SRModifierFlagsTransformer.m:8:9: note: in file included from /Users/admin/builder/spi-builder-workspace/Sources/ShortcutRecorder/SRModifierFlagsTransformer.m:8:
ScanDependencies /Users/admin/builder/spi-builder-workspace/.derivedData/Build/Intermediates.noindex/ShortcutRecorder.build/Debug-iphoneos/ShortcutRecorder-t.build/Objects-normal/arm64/SRRecorderControl.o /Users/admin/builder/spi-builder-workspace/Sources/ShortcutRecorder/SRRecorderControl.m normal arm64 objective-c com.apple.compilers.llvm.clang.1_0.compiler (in target 'ShortcutRecorder' from project 'ShortcutRecorder')
cd /Users/admin/builder/spi-builder-workspace/.swiftpm/xcode
Using response file: /Users/admin/builder/spi-builder-workspace/.derivedData/Build/Intermediates.noindex/ShortcutRecorder.build/Debug-iphoneos/ShortcutRecorder-t.build/Objects-normal/arm64/e6072d4f65d7061329687fe24e3d63a7-common-args.resp
builtin-ScanDependencies -o /Users/admin/builder/spi-builder-workspace/.derivedData/Build/Intermediates.noindex/ShortcutRecorder.build/Debug-iphoneos/ShortcutRecorder-t.build/Objects-normal/arm64/SRRecorderControl.o.scan -- /Applications/Xcode-27.0.0-Release.Candidate.app/Contents/Developer/Toolchains/XcodeDefault.xctoolchain/usr/bin/clang -x objective-c -ivfsstatcache /Users/admin/builder/spi-builder-workspace/.derivedData/SDKStatCaches.noindex/iphoneos27.0-24A430-e829b21a6f8c9b70876ba0858053c04440ceaa042ed91876912b2eeea4e3aa14.sdkstatcache -target arm64-apple-ios15.0 -fmessage-length\=0 -fdiagnostics-show-note-include-stack -fmacro-backtrace-limit\=0 -fno-color-diagnostics -fmodules-prune-interval\=86400 -fmodules-prune-after\=345600 -fbuild-session-file\=/Users/admin/builder/spi-builder-workspace/.derivedData/ModuleCache.noindex/Session.modulevalidation -fmodules-validate-once-per-build-session -Wnon-modular-include-in-framework-module -Werror\=non-modular-include-in-framework-module -Wno-trigraphs -Wno-missing-field-initializers -Wno-missing-prototypes -Wno-return-type -Wno-implicit-atomic-properties -Wno-objc-interface-ivars -Wno-arc-repeated-use-of-weak -Wno-missing-braces -Wparentheses -Wswitch -Wno-unused-function -Wno-unused-label -Wno-unused-parameter -Wno-unused-variable -Wunused-value -Wno-empty-body -Wno-uninitialized -Wno-unknown-pragmas -Wno-shadow -Wno-four-char-constants -Wno-conversion -Wno-constant-conversion -Wno-int-conversion -Wno-bool-conversion -Wno-enum-conversion -Wno-float-conversion -Wno-non-literal-null-conversion -Wno-objc-literal-conversion -Wshorten-64-to-32 -Wpointer-sign -Wno-newline-eof -Wno-selector -Wno-strict-selector-match -Wno-undeclared-selector -Wno-deprecated-implementations -Wno-implicit-fallthrough -isysroot /Applications/Xcode-27.0.0-Release.Candidate.app/Contents/Developer/Platforms/iPhoneOS.platform/Developer/SDKs/iPhoneOS27.0.sdk -fstrict-aliasing -Wprotocol -Wdeprecated-declarations -Wno-sign-conversion -Wno-infinite-recursion -Wno-comma -Wno-block-capture-autoreleasing -Wno-strict-prototypes -Wno-semicolon-before-method-body -index-store-path /Users/admin/builder/spi-builder-workspace/.derivedData/Index.noindex/DataStore @/Users/admin/builder/spi-builder-workspace/.derivedData/Build/Intermediates.noindex/ShortcutRecorder.build/Debug-iphoneos/ShortcutRecorder-t.build/Objects-normal/arm64/e6072d4f65d7061329687fe24e3d63a7-common-args.resp -include /Users/admin/builder/spi-builder-workspace/.derivedData/Build/Intermediates.noindex/ShortcutRecorder.build/Debug-iphoneos/ShortcutRecorder-t.build/DerivedSources/resource_bundle_accessor.h -MMD -MT dependencies -MF /Users/admin/builder/spi-builder-workspace/.derivedData/Build/Intermediates.noindex/ShortcutRecorder.build/Debug-iphoneos/ShortcutRecorder-t.build/Objects-normal/arm64/SRRecorderControl.d --serialize-diagnostics /Users/admin/builder/spi-builder-workspace/.derivedData/Build/Intermediates.noindex/ShortcutRecorder.build/Debug-iphoneos/ShortcutRecorder-t.build/Objects-normal/arm64/SRRecorderControl.dia -c /Users/admin/builder/spi-builder-workspace/Sources/ShortcutRecorder/SRRecorderControl.m -o /Users/admin/builder/spi-builder-workspace/.derivedData/Build/Intermediates.noindex/ShortcutRecorder.build/Debug-iphoneos/ShortcutRecorder-t.build/Objects-normal/arm64/SRRecorderControl.o -index-unit-output-path /ShortcutRecorder.build/Debug-iphoneos/ShortcutRecorder-t.build/Objects-normal/arm64/SRRecorderControl.o
/Users/admin/builder/spi-builder-workspace/Sources/ShortcutRecorder/include/ShortcutRecorder/SRShortcutAction.h:6:9: error: 'Cocoa/Cocoa.h' file not found (in target 'ShortcutRecorder' from project 'ShortcutRecorder')
/Users/admin/builder/spi-builder-workspace/Sources/ShortcutRecorder/SRRecorderControl.m:11:9: note: in file included from /Users/admin/builder/spi-builder-workspace/Sources/ShortcutRecorder/SRRecorderControl.m:11:
PruneExplicitPrecompiledModules /Users/admin/builder/spi-builder-workspace/.derivedData/Build/Intermediates.noindex/SwiftExplicitPrecompiledModules
PruneExplicitPrecompiledModules /Users/admin/builder/spi-builder-workspace/.derivedData/SDKExplicitPrecompiledModules
PruneExplicitPrecompiledModules /Users/admin/builder/spi-builder-workspace/.derivedData/Build/Intermediates.noindex/ExplicitPrecompiledModules
2026-09-18 10:57:01.167 xcodebuild[697:4522] [MT] IDERunDestination: Supported platforms for the buildables in the current scheme is empty.
** BUILD FAILED **
The following build commands failed:
ScanDependencies /Users/admin/builder/spi-builder-workspace/.derivedData/Build/Intermediates.noindex/ShortcutRecorder.build/Debug-iphoneos/ShortcutRecorder-t.build/Objects-normal/arm64/SRShortcutFormatter.o /Users/admin/builder/spi-builder-workspace/Sources/ShortcutRecorder/SRShortcutFormatter.m normal arm64 objective-c com.apple.compilers.llvm.clang.1_0.compiler (in target 'ShortcutRecorder' from project 'ShortcutRecorder')
ScanDependencies /Users/admin/builder/spi-builder-workspace/.derivedData/Build/Intermediates.noindex/ShortcutRecorder.build/Debug-iphoneos/ShortcutRecorder-t.build/Objects-normal/arm64/SRShortcutValidator.o /Users/admin/builder/spi-builder-workspace/Sources/ShortcutRecorder/SRShortcutValidator.m normal arm64 objective-c com.apple.compilers.llvm.clang.1_0.compiler (in target 'ShortcutRecorder' from project 'ShortcutRecorder')
ScanDependencies /Users/admin/builder/spi-builder-workspace/.derivedData/Build/Intermediates.noindex/ShortcutRecorder.build/Debug-iphoneos/ShortcutRecorder-t.build/Objects-normal/arm64/SRShortcutController.o /Users/admin/builder/spi-builder-workspace/Sources/ShortcutRecorder/SRShortcutController.m normal arm64 objective-c com.apple.compilers.llvm.clang.1_0.compiler (in target 'ShortcutRecorder' from project 'ShortcutRecorder')
ScanDependencies /Users/admin/builder/spi-builder-workspace/.derivedData/Build/Intermediates.noindex/ShortcutRecorder.build/Debug-iphoneos/ShortcutRecorder-t.build/Objects-normal/arm64/SRRecorderControlStyle.o /Users/admin/builder/spi-builder-workspace/Sources/ShortcutRecorder/SRRecorderControlStyle.m normal arm64 objective-c com.apple.compilers.llvm.clang.1_0.compiler (in target 'ShortcutRecorder' from project 'ShortcutRecorder')
ScanDependencies /Users/admin/builder/spi-builder-workspace/.derivedData/Build/Intermediates.noindex/ShortcutRecorder.build/Debug-iphoneos/ShortcutRecorder-t.build/Objects-normal/arm64/SRShortcutAction.o /Users/admin/builder/spi-builder-workspace/Sources/ShortcutRecorder/SRShortcutAction.m normal arm64 objective-c com.apple.compilers.llvm.clang.1_0.compiler (in target 'ShortcutRecorder' from project 'ShortcutRecorder')
ScanDependencies /Users/admin/builder/spi-builder-workspace/.derivedData/Build/Intermediates.noindex/ShortcutRecorder.build/Debug-iphoneos/ShortcutRecorder-t.build/Objects-normal/arm64/SRShortcut.o /Users/admin/builder/spi-builder-workspace/Sources/ShortcutRecorder/SRShortcut.m normal arm64 objective-c com.apple.compilers.llvm.clang.1_0.compiler (in target 'ShortcutRecorder' from project 'ShortcutRecorder')
ScanDependencies /Users/admin/builder/spi-builder-workspace/.derivedData/Build/Intermediates.noindex/ShortcutRecorder.build/Debug-iphoneos/ShortcutRecorder-t.build/Objects-normal/arm64/SRKeyEquivalentTransformer.o /Users/admin/builder/spi-builder-workspace/Sources/ShortcutRecorder/SRKeyEquivalentTransformer.m normal arm64 objective-c com.apple.compilers.llvm.clang.1_0.compiler (in target 'ShortcutRecorder' from project 'ShortcutRecorder')
ScanDependencies /Users/admin/builder/spi-builder-workspace/.derivedData/Build/Intermediates.noindex/ShortcutRecorder.build/Debug-iphoneos/ShortcutRecorder-t.build/Objects-normal/arm64/SRModifierFlagsTransformer.o /Users/admin/builder/spi-builder-workspace/Sources/ShortcutRecorder/SRModifierFlagsTransformer.m normal arm64 objective-c com.apple.compilers.llvm.clang.1_0.compiler (in target 'ShortcutRecorder' from project 'ShortcutRecorder')
ScanDependencies /Users/admin/builder/spi-builder-workspace/.derivedData/Build/Intermediates.noindex/ShortcutRecorder.build/Debug-iphoneos/ShortcutRecorder-t.build/Objects-normal/arm64/SRRecorderControl.o /Users/admin/builder/spi-builder-workspace/Sources/ShortcutRecorder/SRRecorderControl.m normal arm64 objective-c com.apple.compilers.llvm.clang.1_0.compiler (in target 'ShortcutRecorder' from project 'ShortcutRecorder')
Building workspace ShortcutRecorder with scheme ShortcutRecorder
(10 failures)
Command line invocation:
/Applications/Xcode-27.0.0-Release.Candidate.app/Contents/Developer/usr/bin/xcodebuild -IDEClonedSourcePackagesDirPathOverride=/Users/admin/builder/spi-builder-workspace/.dependencies -resolvePackageDependencies
Resolve Package Graph
Resolved source packages:
ShortcutRecorder: /Users/admin/builder/spi-builder-workspace
resolved source packages: ShortcutRecorder
2026-09-18 10:57:05.874 xcodebuild[723:4750] [MT] IDERunDestination: Supported platforms for the buildables in the current scheme is empty.
{
"default_localization" : "en",
"dependencies" : [
],
"manifest_display_name" : "ShortcutRecorder",
"name" : "ShortcutRecorder",
"path" : "/Users/admin/builder/spi-builder-workspace",
"platforms" : [
{
"name" : "macos",
"version" : "10.11"
}
],
"products" : [
{
"name" : "ShortcutRecorder",
"targets" : [
"ShortcutRecorder"
],
"type" : {
"library" : [
"automatic"
]
}
}
],
"targets" : [
{
"c99name" : "ShortcutRecorderTests",
"module_type" : "SwiftTarget",
"name" : "ShortcutRecorderTests",
"path" : "Tests/ShortcutRecorderTests",
"sources" : [
"SRCommonTests.swift",
"SRKeyBindingTransformerTests.swift",
"SRKeyCodeTransformerTests.swift",
"SRKeyEquivalentModifierMaskTransformerTests.swift",
"SRKeyEquivalentTransformerTests.swift",
"SRModifierFlagsTransformerTests.swift",
"SRRecorderControlStylingTests.swift",
"SRRecorderControlTests.swift",
"SRShortcutActionTests.swift",
"SRShortcutControllerTests.swift",
"SRShortcutFormatterTests.swift",
"SRShortcutTests.swift",
"SRValidatorTests.swift",
"Utility.swift"
],
"target_dependencies" : [
"ShortcutRecorder"
],
"type" : "test"
},
{
"c99name" : "ShortcutRecorder",
"module_type" : "ClangTarget",
"name" : "ShortcutRecorder",
"path" : "Sources/ShortcutRecorder",
"product_memberships" : [
"ShortcutRecorder"
],
"resources" : [
{
"path" : "/Users/admin/builder/spi-builder-workspace/Sources/ShortcutRecorder/Resources/Images.xcassets",
"rule" : {
"process" : {
}
}
},
{
"path" : "/Users/admin/builder/spi-builder-workspace/Sources/ShortcutRecorder/Resources/ca.lproj/ShortcutRecorder.strings",
"rule" : {
"process" : {
"localization" : "ca"
}
}
},
{
"path" : "/Users/admin/builder/spi-builder-workspace/Sources/ShortcutRecorder/Resources/cs.lproj/ShortcutRecorder.strings",
"rule" : {
"process" : {
"localization" : "cs"
}
}
},
{
"path" : "/Users/admin/builder/spi-builder-workspace/Sources/ShortcutRecorder/Resources/de.lproj/ShortcutRecorder.strings",
"rule" : {
"process" : {
"localization" : "de"
}
}
},
{
"path" : "/Users/admin/builder/spi-builder-workspace/Sources/ShortcutRecorder/Resources/el.lproj/ShortcutRecorder.strings",
"rule" : {
"process" : {
"localization" : "el"
}
}
},
{
"path" : "/Users/admin/builder/spi-builder-workspace/Sources/ShortcutRecorder/Resources/en.lproj/ShortcutRecorder.strings",
"rule" : {
"process" : {
"localization" : "en"
}
}
},
{
"path" : "/Users/admin/builder/spi-builder-workspace/Sources/ShortcutRecorder/Resources/es.lproj/ShortcutRecorder.strings",
"rule" : {
"process" : {
"localization" : "es"
}
}
},
{
"path" : "/Users/admin/builder/spi-builder-workspace/Sources/ShortcutRecorder/Resources/fr.lproj/ShortcutRecorder.strings",
"rule" : {
"process" : {
"localization" : "fr"
}
}
},
{
"path" : "/Users/admin/builder/spi-builder-workspace/Sources/ShortcutRecorder/Resources/it.lproj/ShortcutRecorder.strings",
"rule" : {
"process" : {
"localization" : "it"
}
}
},
{
"path" : "/Users/admin/builder/spi-builder-workspace/Sources/ShortcutRecorder/Resources/ja.lproj/ShortcutRecorder.strings",
"rule" : {
"process" : {
"localization" : "ja"
}
}
},
{
"path" : "/Users/admin/builder/spi-builder-workspace/Sources/ShortcutRecorder/Resources/ko.lproj/ShortcutRecorder.strings",
"rule" : {
"process" : {
"localization" : "ko"
}
}
},
{
"path" : "/Users/admin/builder/spi-builder-workspace/Sources/ShortcutRecorder/Resources/nb.lproj/ShortcutRecorder.strings",
"rule" : {
"process" : {
"localization" : "nb"
}
}
},
{
"path" : "/Users/admin/builder/spi-builder-workspace/Sources/ShortcutRecorder/Resources/nl.lproj/ShortcutRecorder.strings",
"rule" : {
"process" : {
"localization" : "nl"
}
}
},
{
"path" : "/Users/admin/builder/spi-builder-workspace/Sources/ShortcutRecorder/Resources/pl.lproj/ShortcutRecorder.strings",
"rule" : {
"process" : {
"localization" : "pl"
}
}
},
{
"path" : "/Users/admin/builder/spi-builder-workspace/Sources/ShortcutRecorder/Resources/pt-BR.lproj/ShortcutRecorder.strings",
"rule" : {
"process" : {
"localization" : "pt-br"
}
}
},
{
"path" : "/Users/admin/builder/spi-builder-workspace/Sources/ShortcutRecorder/Resources/pt.lproj/ShortcutRecorder.strings",
"rule" : {
"process" : {
"localization" : "pt"
}
}
},
{
"path" : "/Users/admin/builder/spi-builder-workspace/Sources/ShortcutRecorder/Resources/ro.lproj/ShortcutRecorder.strings",
"rule" : {
"process" : {
"localization" : "ro"
}
}
},
{
"path" : "/Users/admin/builder/spi-builder-workspace/Sources/ShortcutRecorder/Resources/ru.lproj/ShortcutRecorder.strings",
"rule" : {
"process" : {
"localization" : "ru"
}
}
},
{
"path" : "/Users/admin/builder/spi-builder-workspace/Sources/ShortcutRecorder/Resources/sk.lproj/ShortcutRecorder.strings",
"rule" : {
"process" : {
"localization" : "sk"
}
}
},
{
"path" : "/Users/admin/builder/spi-builder-workspace/Sources/ShortcutRecorder/Resources/sv.lproj/ShortcutRecorder.strings",
"rule" : {
"process" : {
"localization" : "sv"
}
}
},
{
"path" : "/Users/admin/builder/spi-builder-workspace/Sources/ShortcutRecorder/Resources/th.lproj/ShortcutRecorder.strings",
"rule" : {
"process" : {
"localization" : "th"
}
}
},
{
"path" : "/Users/admin/builder/spi-builder-workspace/Sources/ShortcutRecorder/Resources/zh-Hans.lproj/ShortcutRecorder.strings",
"rule" : {
"process" : {
"localization" : "zh-hans"
}
}
},
{
"path" : "/Users/admin/builder/spi-builder-workspace/Sources/ShortcutRecorder/Resources/zh-Hant.lproj/ShortcutRecorder.strings",
"rule" : {
"process" : {
"localization" : "zh-hant"
}
}
}
],
"sources" : [
"SRCommon.m",
"SRKeyBindingTransformer.m",
"SRKeyCodeTransformer.m",
"SRKeyEquivalentModifierMaskTransformer.m",
"SRKeyEquivalentTransformer.m",
"SRModifierFlagsTransformer.m",
"SRRecorderControl.m",
"SRRecorderControlStyle.m",
"SRShortcut.m",
"SRShortcutAction.m",
"SRShortcutController.m",
"SRShortcutFormatter.m",
"SRShortcutValidator.m"
],
"type" : "library"
}
],
"tools_version" : "5.3"
}
{
"workspace" : {
"name" : "ShortcutRecorder",
"schemes" : [
"ShortcutRecorder"
]
}
}
2026-09-18 10:57:07.013 xcodebuild[731:4811] [MT] IDERunDestination: Supported platforms for the buildables in the current scheme is empty.
Running build ...
env DEVELOPER_DIR=/Applications/Xcode-27.0.0-Release.Candidate.app xcrun xcodebuild -IDEClonedSourcePackagesDirPathOverride=$PWD/.dependencies -skipMacroValidation -skipPackagePluginValidation -derivedDataPath $PWD/.derivedData build -scheme ShortcutRecorder -destination generic/platform=iOS
Command line invocation:
/Applications/Xcode-27.0.0-Release.Candidate.app/Contents/Developer/usr/bin/xcodebuild -IDEClonedSourcePackagesDirPathOverride=/Users/admin/builder/spi-builder-workspace/.dependencies -skipMacroValidation -skipPackagePluginValidation -derivedDataPath /Users/admin/builder/spi-builder-workspace/.derivedData build -scheme ShortcutRecorder -destination generic/platform=iOS
Resolve Package Graph
Resolved source packages:
ShortcutRecorder: /Users/admin/builder/spi-builder-workspace
ComputePackagePrebuildTargetDependencyGraph
Prepare packages
CreateBuildRequest
SendProjectDescription
CreateBuildOperation
ComputeTargetDependencyGraph
note: Building targets in dependency order
note: Target dependency graph (3 targets)
Target 'ShortcutRecorder-product' in project 'ShortcutRecorder'
➜ Explicit dependency on target 'ShortcutRecorder' in project 'ShortcutRecorder'
➜ Explicit dependency on target 'ShortcutRecorder_ShortcutRecorder' in project 'ShortcutRecorder'
Target 'ShortcutRecorder' in project 'ShortcutRecorder'
➜ Explicit dependency on target 'ShortcutRecorder_ShortcutRecorder' in project 'ShortcutRecorder'
Target 'ShortcutRecorder_ShortcutRecorder' in project 'ShortcutRecorder' (no dependencies)
GatherProvisioningInputs
CreateBuildDescription
ClangStatCache /Applications/Xcode-27.0.0-Release.Candidate.app/Contents/Developer/Toolchains/XcodeDefault.xctoolchain/usr/bin/clang-stat-cache /Applications/Xcode-27.0.0-Release.Candidate.app/Contents/Developer/Platforms/iPhoneOS.platform/Developer/SDKs/iPhoneOS27.0.sdk /Users/admin/builder/spi-builder-workspace/.derivedData/SDKStatCaches.noindex/iphoneos27.0-24A430-e829b21a6f8c9b70876ba0858053c04440ceaa042ed91876912b2eeea4e3aa14.sdkstatcache
cd /Users/admin/builder/spi-builder-workspace/.swiftpm/xcode
/Applications/Xcode-27.0.0-Release.Candidate.app/Contents/Developer/Toolchains/XcodeDefault.xctoolchain/usr/bin/clang-stat-cache /Applications/Xcode-27.0.0-Release.Candidate.app/Contents/Developer/Platforms/iPhoneOS.platform/Developer/SDKs/iPhoneOS27.0.sdk -o /Users/admin/builder/spi-builder-workspace/.derivedData/SDKStatCaches.noindex/iphoneos27.0-24A430-e829b21a6f8c9b70876ba0858053c04440ceaa042ed91876912b2eeea4e3aa14.sdkstatcache
ScanDependencies /Users/admin/builder/spi-builder-workspace/.derivedData/Build/Intermediates.noindex/ShortcutRecorder.build/Debug-iphoneos/ShortcutRecorder-t.build/Objects-normal/arm64/SRShortcutValidator.o /Users/admin/builder/spi-builder-workspace/Sources/ShortcutRecorder/SRShortcutValidator.m normal arm64 objective-c com.apple.compilers.llvm.clang.1_0.compiler (in target 'ShortcutRecorder' from project 'ShortcutRecorder')
cd /Users/admin/builder/spi-builder-workspace/.swiftpm/xcode
Using response file: /Users/admin/builder/spi-builder-workspace/.derivedData/Build/Intermediates.noindex/ShortcutRecorder.build/Debug-iphoneos/ShortcutRecorder-t.build/Objects-normal/arm64/e6072d4f65d7061329687fe24e3d63a7-common-args.resp
builtin-ScanDependencies -o /Users/admin/builder/spi-builder-workspace/.derivedData/Build/Intermediates.noindex/ShortcutRecorder.build/Debug-iphoneos/ShortcutRecorder-t.build/Objects-normal/arm64/SRShortcutValidator.o.scan -- /Applications/Xcode-27.0.0-Release.Candidate.app/Contents/Developer/Toolchains/XcodeDefault.xctoolchain/usr/bin/clang -x objective-c -ivfsstatcache /Users/admin/builder/spi-builder-workspace/.derivedData/SDKStatCaches.noindex/iphoneos27.0-24A430-e829b21a6f8c9b70876ba0858053c04440ceaa042ed91876912b2eeea4e3aa14.sdkstatcache -target arm64-apple-ios15.0 -fmessage-length\=0 -fdiagnostics-show-note-include-stack -fmacro-backtrace-limit\=0 -fno-color-diagnostics -fmodules-prune-interval\=86400 -fmodules-prune-after\=345600 -fbuild-session-file\=/Users/admin/builder/spi-builder-workspace/.derivedData/ModuleCache.noindex/Session.modulevalidation -fmodules-validate-once-per-build-session -Wnon-modular-include-in-framework-module -Werror\=non-modular-include-in-framework-module -Wno-trigraphs -Wno-missing-field-initializers -Wno-missing-prototypes -Wno-return-type -Wno-implicit-atomic-properties -Wno-objc-interface-ivars -Wno-arc-repeated-use-of-weak -Wno-missing-braces -Wparentheses -Wswitch -Wno-unused-function -Wno-unused-label -Wno-unused-parameter -Wno-unused-variable -Wunused-value -Wno-empty-body -Wno-uninitialized -Wno-unknown-pragmas -Wno-shadow -Wno-four-char-constants -Wno-conversion -Wno-constant-conversion -Wno-int-conversion -Wno-bool-conversion -Wno-enum-conversion -Wno-float-conversion -Wno-non-literal-null-conversion -Wno-objc-literal-conversion -Wshorten-64-to-32 -Wpointer-sign -Wno-newline-eof -Wno-selector -Wno-strict-selector-match -Wno-undeclared-selector -Wno-deprecated-implementations -Wno-implicit-fallthrough -isysroot /Applications/Xcode-27.0.0-Release.Candidate.app/Contents/Developer/Platforms/iPhoneOS.platform/Developer/SDKs/iPhoneOS27.0.sdk -fstrict-aliasing -Wprotocol -Wdeprecated-declarations -Wno-sign-conversion -Wno-infinite-recursion -Wno-comma -Wno-block-capture-autoreleasing -Wno-strict-prototypes -Wno-semicolon-before-method-body -index-store-path /Users/admin/builder/spi-builder-workspace/.derivedData/Index.noindex/DataStore @/Users/admin/builder/spi-builder-workspace/.derivedData/Build/Intermediates.noindex/ShortcutRecorder.build/Debug-iphoneos/ShortcutRecorder-t.build/Objects-normal/arm64/e6072d4f65d7061329687fe24e3d63a7-common-args.resp -include /Users/admin/builder/spi-builder-workspace/.derivedData/Build/Intermediates.noindex/ShortcutRecorder.build/Debug-iphoneos/ShortcutRecorder-t.build/DerivedSources/resource_bundle_accessor.h -MMD -MT dependencies -MF /Users/admin/builder/spi-builder-workspace/.derivedData/Build/Intermediates.noindex/ShortcutRecorder.build/Debug-iphoneos/ShortcutRecorder-t.build/Objects-normal/arm64/SRShortcutValidator.d --serialize-diagnostics /Users/admin/builder/spi-builder-workspace/.derivedData/Build/Intermediates.noindex/ShortcutRecorder.build/Debug-iphoneos/ShortcutRecorder-t.build/Objects-normal/arm64/SRShortcutValidator.dia -c /Users/admin/builder/spi-builder-workspace/Sources/ShortcutRecorder/SRShortcutValidator.m -o /Users/admin/builder/spi-builder-workspace/.derivedData/Build/Intermediates.noindex/ShortcutRecorder.build/Debug-iphoneos/ShortcutRecorder-t.build/Objects-normal/arm64/SRShortcutValidator.o -index-unit-output-path /ShortcutRecorder.build/Debug-iphoneos/ShortcutRecorder-t.build/Objects-normal/arm64/SRShortcutValidator.o
/Users/admin/builder/spi-builder-workspace/Sources/ShortcutRecorder/include/ShortcutRecorder/SRCommon.h:6:9: error: 'Cocoa/Cocoa.h' file not found (in target 'ShortcutRecorder' from project 'ShortcutRecorder')
/Users/admin/builder/spi-builder-workspace/Sources/ShortcutRecorder/SRShortcutValidator.m:9:9: note: in file included from /Users/admin/builder/spi-builder-workspace/Sources/ShortcutRecorder/SRShortcutValidator.m:9:
ScanDependencies /Users/admin/builder/spi-builder-workspace/.derivedData/Build/Intermediates.noindex/ShortcutRecorder.build/Debug-iphoneos/ShortcutRecorder-t.build/Objects-normal/arm64/SRShortcutFormatter.o /Users/admin/builder/spi-builder-workspace/Sources/ShortcutRecorder/SRShortcutFormatter.m normal arm64 objective-c com.apple.compilers.llvm.clang.1_0.compiler (in target 'ShortcutRecorder' from project 'ShortcutRecorder')
cd /Users/admin/builder/spi-builder-workspace/.swiftpm/xcode
Using response file: /Users/admin/builder/spi-builder-workspace/.derivedData/Build/Intermediates.noindex/ShortcutRecorder.build/Debug-iphoneos/ShortcutRecorder-t.build/Objects-normal/arm64/e6072d4f65d7061329687fe24e3d63a7-common-args.resp
builtin-ScanDependencies -o /Users/admin/builder/spi-builder-workspace/.derivedData/Build/Intermediates.noindex/ShortcutRecorder.build/Debug-iphoneos/ShortcutRecorder-t.build/Objects-normal/arm64/SRShortcutFormatter.o.scan -- /Applications/Xcode-27.0.0-Release.Candidate.app/Contents/Developer/Toolchains/XcodeDefault.xctoolchain/usr/bin/clang -x objective-c -ivfsstatcache /Users/admin/builder/spi-builder-workspace/.derivedData/SDKStatCaches.noindex/iphoneos27.0-24A430-e829b21a6f8c9b70876ba0858053c04440ceaa042ed91876912b2eeea4e3aa14.sdkstatcache -target arm64-apple-ios15.0 -fmessage-length\=0 -fdiagnostics-show-note-include-stack -fmacro-backtrace-limit\=0 -fno-color-diagnostics -fmodules-prune-interval\=86400 -fmodules-prune-after\=345600 -fbuild-session-file\=/Users/admin/builder/spi-builder-workspace/.derivedData/ModuleCache.noindex/Session.modulevalidation -fmodules-validate-once-per-build-session -Wnon-modular-include-in-framework-module -Werror\=non-modular-include-in-framework-module -Wno-trigraphs -Wno-missing-field-initializers -Wno-missing-prototypes -Wno-return-type -Wno-implicit-atomic-properties -Wno-objc-interface-ivars -Wno-arc-repeated-use-of-weak -Wno-missing-braces -Wparentheses -Wswitch -Wno-unused-function -Wno-unused-label -Wno-unused-parameter -Wno-unused-variable -Wunused-value -Wno-empty-body -Wno-uninitialized -Wno-unknown-pragmas -Wno-shadow -Wno-four-char-constants -Wno-conversion -Wno-constant-conversion -Wno-int-conversion -Wno-bool-conversion -Wno-enum-conversion -Wno-float-conversion -Wno-non-literal-null-conversion -Wno-objc-literal-conversion -Wshorten-64-to-32 -Wpointer-sign -Wno-newline-eof -Wno-selector -Wno-strict-selector-match -Wno-undeclared-selector -Wno-deprecated-implementations -Wno-implicit-fallthrough -isysroot /Applications/Xcode-27.0.0-Release.Candidate.app/Contents/Developer/Platforms/iPhoneOS.platform/Developer/SDKs/iPhoneOS27.0.sdk -fstrict-aliasing -Wprotocol -Wdeprecated-declarations -Wno-sign-conversion -Wno-infinite-recursion -Wno-comma -Wno-block-capture-autoreleasing -Wno-strict-prototypes -Wno-semicolon-before-method-body -index-store-path /Users/admin/builder/spi-builder-workspace/.derivedData/Index.noindex/DataStore @/Users/admin/builder/spi-builder-workspace/.derivedData/Build/Intermediates.noindex/ShortcutRecorder.build/Debug-iphoneos/ShortcutRecorder-t.build/Objects-normal/arm64/e6072d4f65d7061329687fe24e3d63a7-common-args.resp -include /Users/admin/builder/spi-builder-workspace/.derivedData/Build/Intermediates.noindex/ShortcutRecorder.build/Debug-iphoneos/ShortcutRecorder-t.build/DerivedSources/resource_bundle_accessor.h -MMD -MT dependencies -MF /Users/admin/builder/spi-builder-workspace/.derivedData/Build/Intermediates.noindex/ShortcutRecorder.build/Debug-iphoneos/ShortcutRecorder-t.build/Objects-normal/arm64/SRShortcutFormatter.d --serialize-diagnostics /Users/admin/builder/spi-builder-workspace/.derivedData/Build/Intermediates.noindex/ShortcutRecorder.build/Debug-iphoneos/ShortcutRecorder-t.build/Objects-normal/arm64/SRShortcutFormatter.dia -c /Users/admin/builder/spi-builder-workspace/Sources/ShortcutRecorder/SRShortcutFormatter.m -o /Users/admin/builder/spi-builder-workspace/.derivedData/Build/Intermediates.noindex/ShortcutRecorder.build/Debug-iphoneos/ShortcutRecorder-t.build/Objects-normal/arm64/SRShortcutFormatter.o -index-unit-output-path /ShortcutRecorder.build/Debug-iphoneos/ShortcutRecorder-t.build/Objects-normal/arm64/SRShortcutFormatter.o
/Users/admin/builder/spi-builder-workspace/Sources/ShortcutRecorder/include/ShortcutRecorder/SRShortcut.h:6:9: error: 'Cocoa/Cocoa.h' file not found (in target 'ShortcutRecorder' from project 'ShortcutRecorder')
/Users/admin/builder/spi-builder-workspace/Sources/ShortcutRecorder/SRShortcutFormatter.m:6:9: note: in file included from /Users/admin/builder/spi-builder-workspace/Sources/ShortcutRecorder/SRShortcutFormatter.m:6:
ScanDependencies /Users/admin/builder/spi-builder-workspace/.derivedData/Build/Intermediates.noindex/ShortcutRecorder.build/Debug-iphoneos/ShortcutRecorder-t.build/Objects-normal/arm64/SRShortcutAction.o /Users/admin/builder/spi-builder-workspace/Sources/ShortcutRecorder/SRShortcutAction.m normal arm64 objective-c com.apple.compilers.llvm.clang.1_0.compiler (in target 'ShortcutRecorder' from project 'ShortcutRecorder')
cd /Users/admin/builder/spi-builder-workspace/.swiftpm/xcode
Using response file: /Users/admin/builder/spi-builder-workspace/.derivedData/Build/Intermediates.noindex/ShortcutRecorder.build/Debug-iphoneos/ShortcutRecorder-t.build/Objects-normal/arm64/e6072d4f65d7061329687fe24e3d63a7-common-args.resp
builtin-ScanDependencies -o /Users/admin/builder/spi-builder-workspace/.derivedData/Build/Intermediates.noindex/ShortcutRecorder.build/Debug-iphoneos/ShortcutRecorder-t.build/Objects-normal/arm64/SRShortcutAction.o.scan -- /Applications/Xcode-27.0.0-Release.Candidate.app/Contents/Developer/Toolchains/XcodeDefault.xctoolchain/usr/bin/clang -x objective-c -ivfsstatcache /Users/admin/builder/spi-builder-workspace/.derivedData/SDKStatCaches.noindex/iphoneos27.0-24A430-e829b21a6f8c9b70876ba0858053c04440ceaa042ed91876912b2eeea4e3aa14.sdkstatcache -target arm64-apple-ios15.0 -fmessage-length\=0 -fdiagnostics-show-note-include-stack -fmacro-backtrace-limit\=0 -fno-color-diagnostics -fmodules-prune-interval\=86400 -fmodules-prune-after\=345600 -fbuild-session-file\=/Users/admin/builder/spi-builder-workspace/.derivedData/ModuleCache.noindex/Session.modulevalidation -fmodules-validate-once-per-build-session -Wnon-modular-include-in-framework-module -Werror\=non-modular-include-in-framework-module -Wno-trigraphs -Wno-missing-field-initializers -Wno-missing-prototypes -Wno-return-type -Wno-implicit-atomic-properties -Wno-objc-interface-ivars -Wno-arc-repeated-use-of-weak -Wno-missing-braces -Wparentheses -Wswitch -Wno-unused-function -Wno-unused-label -Wno-unused-parameter -Wno-unused-variable -Wunused-value -Wno-empty-body -Wno-uninitialized -Wno-unknown-pragmas -Wno-shadow -Wno-four-char-constants -Wno-conversion -Wno-constant-conversion -Wno-int-conversion -Wno-bool-conversion -Wno-enum-conversion -Wno-float-conversion -Wno-non-literal-null-conversion -Wno-objc-literal-conversion -Wshorten-64-to-32 -Wpointer-sign -Wno-newline-eof -Wno-selector -Wno-strict-selector-match -Wno-undeclared-selector -Wno-deprecated-implementations -Wno-implicit-fallthrough -isysroot /Applications/Xcode-27.0.0-Release.Candidate.app/Contents/Developer/Platforms/iPhoneOS.platform/Developer/SDKs/iPhoneOS27.0.sdk -fstrict-aliasing -Wprotocol -Wdeprecated-declarations -Wno-sign-conversion -Wno-infinite-recursion -Wno-comma -Wno-block-capture-autoreleasing -Wno-strict-prototypes -Wno-semicolon-before-method-body -index-store-path /Users/admin/builder/spi-builder-workspace/.derivedData/Index.noindex/DataStore @/Users/admin/builder/spi-builder-workspace/.derivedData/Build/Intermediates.noindex/ShortcutRecorder.build/Debug-iphoneos/ShortcutRecorder-t.build/Objects-normal/arm64/e6072d4f65d7061329687fe24e3d63a7-common-args.resp -include /Users/admin/builder/spi-builder-workspace/.derivedData/Build/Intermediates.noindex/ShortcutRecorder.build/Debug-iphoneos/ShortcutRecorder-t.build/DerivedSources/resource_bundle_accessor.h -MMD -MT dependencies -MF /Users/admin/builder/spi-builder-workspace/.derivedData/Build/Intermediates.noindex/ShortcutRecorder.build/Debug-iphoneos/ShortcutRecorder-t.build/Objects-normal/arm64/SRShortcutAction.d --serialize-diagnostics /Users/admin/builder/spi-builder-workspace/.derivedData/Build/Intermediates.noindex/ShortcutRecorder.build/Debug-iphoneos/ShortcutRecorder-t.build/Objects-normal/arm64/SRShortcutAction.dia -c /Users/admin/builder/spi-builder-workspace/Sources/ShortcutRecorder/SRShortcutAction.m -o /Users/admin/builder/spi-builder-workspace/.derivedData/Build/Intermediates.noindex/ShortcutRecorder.build/Debug-iphoneos/ShortcutRecorder-t.build/Objects-normal/arm64/SRShortcutAction.o -index-unit-output-path /ShortcutRecorder.build/Debug-iphoneos/ShortcutRecorder-t.build/Objects-normal/arm64/SRShortcutAction.o
/Users/admin/builder/spi-builder-workspace/Sources/ShortcutRecorder/SRShortcutAction.m:6:9: error: 'Carbon/Carbon.h' file not found (in target 'ShortcutRecorder' from project 'ShortcutRecorder')
ScanDependencies /Users/admin/builder/spi-builder-workspace/.derivedData/Build/Intermediates.noindex/ShortcutRecorder.build/Debug-iphoneos/ShortcutRecorder-t.build/Objects-normal/arm64/SRShortcutController.o /Users/admin/builder/spi-builder-workspace/Sources/ShortcutRecorder/SRShortcutController.m normal arm64 objective-c com.apple.compilers.llvm.clang.1_0.compiler (in target 'ShortcutRecorder' from project 'ShortcutRecorder')
cd /Users/admin/builder/spi-builder-workspace/.swiftpm/xcode
Using response file: /Users/admin/builder/spi-builder-workspace/.derivedData/Build/Intermediates.noindex/ShortcutRecorder.build/Debug-iphoneos/ShortcutRecorder-t.build/Objects-normal/arm64/e6072d4f65d7061329687fe24e3d63a7-common-args.resp
builtin-ScanDependencies -o /Users/admin/builder/spi-builder-workspace/.derivedData/Build/Intermediates.noindex/ShortcutRecorder.build/Debug-iphoneos/ShortcutRecorder-t.build/Objects-normal/arm64/SRShortcutController.o.scan -- /Applications/Xcode-27.0.0-Release.Candidate.app/Contents/Developer/Toolchains/XcodeDefault.xctoolchain/usr/bin/clang -x objective-c -ivfsstatcache /Users/admin/builder/spi-builder-workspace/.derivedData/SDKStatCaches.noindex/iphoneos27.0-24A430-e829b21a6f8c9b70876ba0858053c04440ceaa042ed91876912b2eeea4e3aa14.sdkstatcache -target arm64-apple-ios15.0 -fmessage-length\=0 -fdiagnostics-show-note-include-stack -fmacro-backtrace-limit\=0 -fno-color-diagnostics -fmodules-prune-interval\=86400 -fmodules-prune-after\=345600 -fbuild-session-file\=/Users/admin/builder/spi-builder-workspace/.derivedData/ModuleCache.noindex/Session.modulevalidation -fmodules-validate-once-per-build-session -Wnon-modular-include-in-framework-module -Werror\=non-modular-include-in-framework-module -Wno-trigraphs -Wno-missing-field-initializers -Wno-missing-prototypes -Wno-return-type -Wno-implicit-atomic-properties -Wno-objc-interface-ivars -Wno-arc-repeated-use-of-weak -Wno-missing-braces -Wparentheses -Wswitch -Wno-unused-function -Wno-unused-label -Wno-unused-parameter -Wno-unused-variable -Wunused-value -Wno-empty-body -Wno-uninitialized -Wno-unknown-pragmas -Wno-shadow -Wno-four-char-constants -Wno-conversion -Wno-constant-conversion -Wno-int-conversion -Wno-bool-conversion -Wno-enum-conversion -Wno-float-conversion -Wno-non-literal-null-conversion -Wno-objc-literal-conversion -Wshorten-64-to-32 -Wpointer-sign -Wno-newline-eof -Wno-selector -Wno-strict-selector-match -Wno-undeclared-selector -Wno-deprecated-implementations -Wno-implicit-fallthrough -isysroot /Applications/Xcode-27.0.0-Release.Candidate.app/Contents/Developer/Platforms/iPhoneOS.platform/Developer/SDKs/iPhoneOS27.0.sdk -fstrict-aliasing -Wprotocol -Wdeprecated-declarations -Wno-sign-conversion -Wno-infinite-recursion -Wno-comma -Wno-block-capture-autoreleasing -Wno-strict-prototypes -Wno-semicolon-before-method-body -index-store-path /Users/admin/builder/spi-builder-workspace/.derivedData/Index.noindex/DataStore @/Users/admin/builder/spi-builder-workspace/.derivedData/Build/Intermediates.noindex/ShortcutRecorder.build/Debug-iphoneos/ShortcutRecorder-t.build/Objects-normal/arm64/e6072d4f65d7061329687fe24e3d63a7-common-args.resp -include /Users/admin/builder/spi-builder-workspace/.derivedData/Build/Intermediates.noindex/ShortcutRecorder.build/Debug-iphoneos/ShortcutRecorder-t.build/DerivedSources/resource_bundle_accessor.h -MMD -MT dependencies -MF /Users/admin/builder/spi-builder-workspace/.derivedData/Build/Intermediates.noindex/ShortcutRecorder.build/Debug-iphoneos/ShortcutRecorder-t.build/Objects-normal/arm64/SRShortcutController.d --serialize-diagnostics /Users/admin/builder/spi-builder-workspace/.derivedData/Build/Intermediates.noindex/ShortcutRecorder.build/Debug-iphoneos/ShortcutRecorder-t.build/Objects-normal/arm64/SRShortcutController.dia -c /Users/admin/builder/spi-builder-workspace/Sources/ShortcutRecorder/SRShortcutController.m -o /Users/admin/builder/spi-builder-workspace/.derivedData/Build/Intermediates.noindex/ShortcutRecorder.build/Debug-iphoneos/ShortcutRecorder-t.build/Objects-normal/arm64/SRShortcutController.o -index-unit-output-path /ShortcutRecorder.build/Debug-iphoneos/ShortcutRecorder-t.build/Objects-normal/arm64/SRShortcutController.o
/Users/admin/builder/spi-builder-workspace/Sources/ShortcutRecorder/SRShortcutController.m:6:9: error: 'Carbon/Carbon.h' file not found (in target 'ShortcutRecorder' from project 'ShortcutRecorder')
ScanDependencies /Users/admin/builder/spi-builder-workspace/.derivedData/Build/Intermediates.noindex/ShortcutRecorder.build/Debug-iphoneos/ShortcutRecorder-t.build/Objects-normal/arm64/SRRecorderControlStyle.o /Users/admin/builder/spi-builder-workspace/Sources/ShortcutRecorder/SRRecorderControlStyle.m normal arm64 objective-c com.apple.compilers.llvm.clang.1_0.compiler (in target 'ShortcutRecorder' from project 'ShortcutRecorder')
cd /Users/admin/builder/spi-builder-workspace/.swiftpm/xcode
Using response file: /Users/admin/builder/spi-builder-workspace/.derivedData/Build/Intermediates.noindex/ShortcutRecorder.build/Debug-iphoneos/ShortcutRecorder-t.build/Objects-normal/arm64/e6072d4f65d7061329687fe24e3d63a7-common-args.resp
builtin-ScanDependencies -o /Users/admin/builder/spi-builder-workspace/.derivedData/Build/Intermediates.noindex/ShortcutRecorder.build/Debug-iphoneos/ShortcutRecorder-t.build/Objects-normal/arm64/SRRecorderControlStyle.o.scan -- /Applications/Xcode-27.0.0-Release.Candidate.app/Contents/Developer/Toolchains/XcodeDefault.xctoolchain/usr/bin/clang -x objective-c -ivfsstatcache /Users/admin/builder/spi-builder-workspace/.derivedData/SDKStatCaches.noindex/iphoneos27.0-24A430-e829b21a6f8c9b70876ba0858053c04440ceaa042ed91876912b2eeea4e3aa14.sdkstatcache -target arm64-apple-ios15.0 -fmessage-length\=0 -fdiagnostics-show-note-include-stack -fmacro-backtrace-limit\=0 -fno-color-diagnostics -fmodules-prune-interval\=86400 -fmodules-prune-after\=345600 -fbuild-session-file\=/Users/admin/builder/spi-builder-workspace/.derivedData/ModuleCache.noindex/Session.modulevalidation -fmodules-validate-once-per-build-session -Wnon-modular-include-in-framework-module -Werror\=non-modular-include-in-framework-module -Wno-trigraphs -Wno-missing-field-initializers -Wno-missing-prototypes -Wno-return-type -Wno-implicit-atomic-properties -Wno-objc-interface-ivars -Wno-arc-repeated-use-of-weak -Wno-missing-braces -Wparentheses -Wswitch -Wno-unused-function -Wno-unused-label -Wno-unused-parameter -Wno-unused-variable -Wunused-value -Wno-empty-body -Wno-uninitialized -Wno-unknown-pragmas -Wno-shadow -Wno-four-char-constants -Wno-conversion -Wno-constant-conversion -Wno-int-conversion -Wno-bool-conversion -Wno-enum-conversion -Wno-float-conversion -Wno-non-literal-null-conversion -Wno-objc-literal-conversion -Wshorten-64-to-32 -Wpointer-sign -Wno-newline-eof -Wno-selector -Wno-strict-selector-match -Wno-undeclared-selector -Wno-deprecated-implementations -Wno-implicit-fallthrough -isysroot /Applications/Xcode-27.0.0-Release.Candidate.app/Contents/Developer/Platforms/iPhoneOS.platform/Developer/SDKs/iPhoneOS27.0.sdk -fstrict-aliasing -Wprotocol -Wdeprecated-declarations -Wno-sign-conversion -Wno-infinite-recursion -Wno-comma -Wno-block-capture-autoreleasing -Wno-strict-prototypes -Wno-semicolon-before-method-body -index-store-path /Users/admin/builder/spi-builder-workspace/.derivedData/Index.noindex/DataStore @/Users/admin/builder/spi-builder-workspace/.derivedData/Build/Intermediates.noindex/ShortcutRecorder.build/Debug-iphoneos/ShortcutRecorder-t.build/Objects-normal/arm64/e6072d4f65d7061329687fe24e3d63a7-common-args.resp -include /Users/admin/builder/spi-builder-workspace/.derivedData/Build/Intermediates.noindex/ShortcutRecorder.build/Debug-iphoneos/ShortcutRecorder-t.build/DerivedSources/resource_bundle_accessor.h -MMD -MT dependencies -MF /Users/admin/builder/spi-builder-workspace/.derivedData/Build/Intermediates.noindex/ShortcutRecorder.build/Debug-iphoneos/ShortcutRecorder-t.build/Objects-normal/arm64/SRRecorderControlStyle.d --serialize-diagnostics /Users/admin/builder/spi-builder-workspace/.derivedData/Build/Intermediates.noindex/ShortcutRecorder.build/Debug-iphoneos/ShortcutRecorder-t.build/Objects-normal/arm64/SRRecorderControlStyle.dia -c /Users/admin/builder/spi-builder-workspace/Sources/ShortcutRecorder/SRRecorderControlStyle.m -o /Users/admin/builder/spi-builder-workspace/.derivedData/Build/Intermediates.noindex/ShortcutRecorder.build/Debug-iphoneos/ShortcutRecorder-t.build/Objects-normal/arm64/SRRecorderControlStyle.o -index-unit-output-path /ShortcutRecorder.build/Debug-iphoneos/ShortcutRecorder-t.build/Objects-normal/arm64/SRRecorderControlStyle.o
/Users/admin/builder/spi-builder-workspace/Sources/ShortcutRecorder/include/ShortcutRecorder/SRRecorderControl.h:6:9: error: 'Cocoa/Cocoa.h' file not found (in target 'ShortcutRecorder' from project 'ShortcutRecorder')
/Users/admin/builder/spi-builder-workspace/Sources/ShortcutRecorder/SRRecorderControlStyle.m:9:9: note: in file included from /Users/admin/builder/spi-builder-workspace/Sources/ShortcutRecorder/SRRecorderControlStyle.m:9:
ScanDependencies /Users/admin/builder/spi-builder-workspace/.derivedData/Build/Intermediates.noindex/ShortcutRecorder.build/Debug-iphoneos/ShortcutRecorder-t.build/Objects-normal/arm64/SRShortcut.o /Users/admin/builder/spi-builder-workspace/Sources/ShortcutRecorder/SRShortcut.m normal arm64 objective-c com.apple.compilers.llvm.clang.1_0.compiler (in target 'ShortcutRecorder' from project 'ShortcutRecorder')
cd /Users/admin/builder/spi-builder-workspace/.swiftpm/xcode
Using response file: /Users/admin/builder/spi-builder-workspace/.derivedData/Build/Intermediates.noindex/ShortcutRecorder.build/Debug-iphoneos/ShortcutRecorder-t.build/Objects-normal/arm64/e6072d4f65d7061329687fe24e3d63a7-common-args.resp
builtin-ScanDependencies -o /Users/admin/builder/spi-builder-workspace/.derivedData/Build/Intermediates.noindex/ShortcutRecorder.build/Debug-iphoneos/ShortcutRecorder-t.build/Objects-normal/arm64/SRShortcut.o.scan -- /Applications/Xcode-27.0.0-Release.Candidate.app/Contents/Developer/Toolchains/XcodeDefault.xctoolchain/usr/bin/clang -x objective-c -ivfsstatcache /Users/admin/builder/spi-builder-workspace/.derivedData/SDKStatCaches.noindex/iphoneos27.0-24A430-e829b21a6f8c9b70876ba0858053c04440ceaa042ed91876912b2eeea4e3aa14.sdkstatcache -target arm64-apple-ios15.0 -fmessage-length\=0 -fdiagnostics-show-note-include-stack -fmacro-backtrace-limit\=0 -fno-color-diagnostics -fmodules-prune-interval\=86400 -fmodules-prune-after\=345600 -fbuild-session-file\=/Users/admin/builder/spi-builder-workspace/.derivedData/ModuleCache.noindex/Session.modulevalidation -fmodules-validate-once-per-build-session -Wnon-modular-include-in-framework-module -Werror\=non-modular-include-in-framework-module -Wno-trigraphs -Wno-missing-field-initializers -Wno-missing-prototypes -Wno-return-type -Wno-implicit-atomic-properties -Wno-objc-interface-ivars -Wno-arc-repeated-use-of-weak -Wno-missing-braces -Wparentheses -Wswitch -Wno-unused-function -Wno-unused-label -Wno-unused-parameter -Wno-unused-variable -Wunused-value -Wno-empty-body -Wno-uninitialized -Wno-unknown-pragmas -Wno-shadow -Wno-four-char-constants -Wno-conversion -Wno-constant-conversion -Wno-int-conversion -Wno-bool-conversion -Wno-enum-conversion -Wno-float-conversion -Wno-non-literal-null-conversion -Wno-objc-literal-conversion -Wshorten-64-to-32 -Wpointer-sign -Wno-newline-eof -Wno-selector -Wno-strict-selector-match -Wno-undeclared-selector -Wno-deprecated-implementations -Wno-implicit-fallthrough -isysroot /Applications/Xcode-27.0.0-Release.Candidate.app/Contents/Developer/Platforms/iPhoneOS.platform/Developer/SDKs/iPhoneOS27.0.sdk -fstrict-aliasing -Wprotocol -Wdeprecated-declarations -Wno-sign-conversion -Wno-infinite-recursion -Wno-comma -Wno-block-capture-autoreleasing -Wno-strict-prototypes -Wno-semicolon-before-method-body -index-store-path /Users/admin/builder/spi-builder-workspace/.derivedData/Index.noindex/DataStore @/Users/admin/builder/spi-builder-workspace/.derivedData/Build/Intermediates.noindex/ShortcutRecorder.build/Debug-iphoneos/ShortcutRecorder-t.build/Objects-normal/arm64/e6072d4f65d7061329687fe24e3d63a7-common-args.resp -include /Users/admin/builder/spi-builder-workspace/.derivedData/Build/Intermediates.noindex/ShortcutRecorder.build/Debug-iphoneos/ShortcutRecorder-t.build/DerivedSources/resource_bundle_accessor.h -MMD -MT dependencies -MF /Users/admin/builder/spi-builder-workspace/.derivedData/Build/Intermediates.noindex/ShortcutRecorder.build/Debug-iphoneos/ShortcutRecorder-t.build/Objects-normal/arm64/SRShortcut.d --serialize-diagnostics /Users/admin/builder/spi-builder-workspace/.derivedData/Build/Intermediates.noindex/ShortcutRecorder.build/Debug-iphoneos/ShortcutRecorder-t.build/Objects-normal/arm64/SRShortcut.dia -c /Users/admin/builder/spi-builder-workspace/Sources/ShortcutRecorder/SRShortcut.m -o /Users/admin/builder/spi-builder-workspace/.derivedData/Build/Intermediates.noindex/ShortcutRecorder.build/Debug-iphoneos/ShortcutRecorder-t.build/Objects-normal/arm64/SRShortcut.o -index-unit-output-path /ShortcutRecorder.build/Debug-iphoneos/ShortcutRecorder-t.build/Objects-normal/arm64/SRShortcut.o
/Users/admin/builder/spi-builder-workspace/Sources/ShortcutRecorder/include/ShortcutRecorder/SRCommon.h:6:9: error: 'Cocoa/Cocoa.h' file not found (in target 'ShortcutRecorder' from project 'ShortcutRecorder')
/Users/admin/builder/spi-builder-workspace/Sources/ShortcutRecorder/SRShortcut.m:8:9: note: in file included from /Users/admin/builder/spi-builder-workspace/Sources/ShortcutRecorder/SRShortcut.m:8:
ScanDependencies /Users/admin/builder/spi-builder-workspace/.derivedData/Build/Intermediates.noindex/ShortcutRecorder.build/Debug-iphoneos/ShortcutRecorder-t.build/Objects-normal/arm64/SRModifierFlagsTransformer.o /Users/admin/builder/spi-builder-workspace/Sources/ShortcutRecorder/SRModifierFlagsTransformer.m normal arm64 objective-c com.apple.compilers.llvm.clang.1_0.compiler (in target 'ShortcutRecorder' from project 'ShortcutRecorder')
cd /Users/admin/builder/spi-builder-workspace/.swiftpm/xcode
Using response file: /Users/admin/builder/spi-builder-workspace/.derivedData/Build/Intermediates.noindex/ShortcutRecorder.build/Debug-iphoneos/ShortcutRecorder-t.build/Objects-normal/arm64/e6072d4f65d7061329687fe24e3d63a7-common-args.resp
builtin-ScanDependencies -o /Users/admin/builder/spi-builder-workspace/.derivedData/Build/Intermediates.noindex/ShortcutRecorder.build/Debug-iphoneos/ShortcutRecorder-t.build/Objects-normal/arm64/SRModifierFlagsTransformer.o.scan -- /Applications/Xcode-27.0.0-Release.Candidate.app/Contents/Developer/Toolchains/XcodeDefault.xctoolchain/usr/bin/clang -x objective-c -ivfsstatcache /Users/admin/builder/spi-builder-workspace/.derivedData/SDKStatCaches.noindex/iphoneos27.0-24A430-e829b21a6f8c9b70876ba0858053c04440ceaa042ed91876912b2eeea4e3aa14.sdkstatcache -target arm64-apple-ios15.0 -fmessage-length\=0 -fdiagnostics-show-note-include-stack -fmacro-backtrace-limit\=0 -fno-color-diagnostics -fmodules-prune-interval\=86400 -fmodules-prune-after\=345600 -fbuild-session-file\=/Users/admin/builder/spi-builder-workspace/.derivedData/ModuleCache.noindex/Session.modulevalidation -fmodules-validate-once-per-build-session -Wnon-modular-include-in-framework-module -Werror\=non-modular-include-in-framework-module -Wno-trigraphs -Wno-missing-field-initializers -Wno-missing-prototypes -Wno-return-type -Wno-implicit-atomic-properties -Wno-objc-interface-ivars -Wno-arc-repeated-use-of-weak -Wno-missing-braces -Wparentheses -Wswitch -Wno-unused-function -Wno-unused-label -Wno-unused-parameter -Wno-unused-variable -Wunused-value -Wno-empty-body -Wno-uninitialized -Wno-unknown-pragmas -Wno-shadow -Wno-four-char-constants -Wno-conversion -Wno-constant-conversion -Wno-int-conversion -Wno-bool-conversion -Wno-enum-conversion -Wno-float-conversion -Wno-non-literal-null-conversion -Wno-objc-literal-conversion -Wshorten-64-to-32 -Wpointer-sign -Wno-newline-eof -Wno-selector -Wno-strict-selector-match -Wno-undeclared-selector -Wno-deprecated-implementations -Wno-implicit-fallthrough -isysroot /Applications/Xcode-27.0.0-Release.Candidate.app/Contents/Developer/Platforms/iPhoneOS.platform/Developer/SDKs/iPhoneOS27.0.sdk -fstrict-aliasing -Wprotocol -Wdeprecated-declarations -Wno-sign-conversion -Wno-infinite-recursion -Wno-comma -Wno-block-capture-autoreleasing -Wno-strict-prototypes -Wno-semicolon-before-method-body -index-store-path /Users/admin/builder/spi-builder-workspace/.derivedData/Index.noindex/DataStore @/Users/admin/builder/spi-builder-workspace/.derivedData/Build/Intermediates.noindex/ShortcutRecorder.build/Debug-iphoneos/ShortcutRecorder-t.build/Objects-normal/arm64/e6072d4f65d7061329687fe24e3d63a7-common-args.resp -include /Users/admin/builder/spi-builder-workspace/.derivedData/Build/Intermediates.noindex/ShortcutRecorder.build/Debug-iphoneos/ShortcutRecorder-t.build/DerivedSources/resource_bundle_accessor.h -MMD -MT dependencies -MF /Users/admin/builder/spi-builder-workspace/.derivedData/Build/Intermediates.noindex/ShortcutRecorder.build/Debug-iphoneos/ShortcutRecorder-t.build/Objects-normal/arm64/SRModifierFlagsTransformer.d --serialize-diagnostics /Users/admin/builder/spi-builder-workspace/.derivedData/Build/Intermediates.noindex/ShortcutRecorder.build/Debug-iphoneos/ShortcutRecorder-t.build/Objects-normal/arm64/SRModifierFlagsTransformer.dia -c /Users/admin/builder/spi-builder-workspace/Sources/ShortcutRecorder/SRModifierFlagsTransformer.m -o /Users/admin/builder/spi-builder-workspace/.derivedData/Build/Intermediates.noindex/ShortcutRecorder.build/Debug-iphoneos/ShortcutRecorder-t.build/Objects-normal/arm64/SRModifierFlagsTransformer.o -index-unit-output-path /ShortcutRecorder.build/Debug-iphoneos/ShortcutRecorder-t.build/Objects-normal/arm64/SRModifierFlagsTransformer.o
/Users/admin/builder/spi-builder-workspace/Sources/ShortcutRecorder/include/ShortcutRecorder/SRCommon.h:6:9: error: 'Cocoa/Cocoa.h' file not found (in target 'ShortcutRecorder' from project 'ShortcutRecorder')
/Users/admin/builder/spi-builder-workspace/Sources/ShortcutRecorder/SRModifierFlagsTransformer.m:8:9: note: in file included from /Users/admin/builder/spi-builder-workspace/Sources/ShortcutRecorder/SRModifierFlagsTransformer.m:8:
ScanDependencies /Users/admin/builder/spi-builder-workspace/.derivedData/Build/Intermediates.noindex/ShortcutRecorder.build/Debug-iphoneos/ShortcutRecorder-t.build/Objects-normal/arm64/SRRecorderControl.o /Users/admin/builder/spi-builder-workspace/Sources/ShortcutRecorder/SRRecorderControl.m normal arm64 objective-c com.apple.compilers.llvm.clang.1_0.compiler (in target 'ShortcutRecorder' from project 'ShortcutRecorder')
cd /Users/admin/builder/spi-builder-workspace/.swiftpm/xcode
Using response file: /Users/admin/builder/spi-builder-workspace/.derivedData/Build/Intermediates.noindex/ShortcutRecorder.build/Debug-iphoneos/ShortcutRecorder-t.build/Objects-normal/arm64/e6072d4f65d7061329687fe24e3d63a7-common-args.resp
builtin-ScanDependencies -o /Users/admin/builder/spi-builder-workspace/.derivedData/Build/Intermediates.noindex/ShortcutRecorder.build/Debug-iphoneos/ShortcutRecorder-t.build/Objects-normal/arm64/SRRecorderControl.o.scan -- /Applications/Xcode-27.0.0-Release.Candidate.app/Contents/Developer/Toolchains/XcodeDefault.xctoolchain/usr/bin/clang -x objective-c -ivfsstatcache /Users/admin/builder/spi-builder-workspace/.derivedData/SDKStatCaches.noindex/iphoneos27.0-24A430-e829b21a6f8c9b70876ba0858053c04440ceaa042ed91876912b2eeea4e3aa14.sdkstatcache -target arm64-apple-ios15.0 -fmessage-length\=0 -fdiagnostics-show-note-include-stack -fmacro-backtrace-limit\=0 -fno-color-diagnostics -fmodules-prune-interval\=86400 -fmodules-prune-after\=345600 -fbuild-session-file\=/Users/admin/builder/spi-builder-workspace/.derivedData/ModuleCache.noindex/Session.modulevalidation -fmodules-validate-once-per-build-session -Wnon-modular-include-in-framework-module -Werror\=non-modular-include-in-framework-module -Wno-trigraphs -Wno-missing-field-initializers -Wno-missing-prototypes -Wno-return-type -Wno-implicit-atomic-properties -Wno-objc-interface-ivars -Wno-arc-repeated-use-of-weak -Wno-missing-braces -Wparentheses -Wswitch -Wno-unused-function -Wno-unused-label -Wno-unused-parameter -Wno-unused-variable -Wunused-value -Wno-empty-body -Wno-uninitialized -Wno-unknown-pragmas -Wno-shadow -Wno-four-char-constants -Wno-conversion -Wno-constant-conversion -Wno-int-conversion -Wno-bool-conversion -Wno-enum-conversion -Wno-float-conversion -Wno-non-literal-null-conversion -Wno-objc-literal-conversion -Wshorten-64-to-32 -Wpointer-sign -Wno-newline-eof -Wno-selector -Wno-strict-selector-match -Wno-undeclared-selector -Wno-deprecated-implementations -Wno-implicit-fallthrough -isysroot /Applications/Xcode-27.0.0-Release.Candidate.app/Contents/Developer/Platforms/iPhoneOS.platform/Developer/SDKs/iPhoneOS27.0.sdk -fstrict-aliasing -Wprotocol -Wdeprecated-declarations -Wno-sign-conversion -Wno-infinite-recursion -Wno-comma -Wno-block-capture-autoreleasing -Wno-strict-prototypes -Wno-semicolon-before-method-body -index-store-path /Users/admin/builder/spi-builder-workspace/.derivedData/Index.noindex/DataStore @/Users/admin/builder/spi-builder-workspace/.derivedData/Build/Intermediates.noindex/ShortcutRecorder.build/Debug-iphoneos/ShortcutRecorder-t.build/Objects-normal/arm64/e6072d4f65d7061329687fe24e3d63a7-common-args.resp -include /Users/admin/builder/spi-builder-workspace/.derivedData/Build/Intermediates.noindex/ShortcutRecorder.build/Debug-iphoneos/ShortcutRecorder-t.build/DerivedSources/resource_bundle_accessor.h -MMD -MT dependencies -MF /Users/admin/builder/spi-builder-workspace/.derivedData/Build/Intermediates.noindex/ShortcutRecorder.build/Debug-iphoneos/ShortcutRecorder-t.build/Objects-normal/arm64/SRRecorderControl.d --serialize-diagnostics /Users/admin/builder/spi-builder-workspace/.derivedData/Build/Intermediates.noindex/ShortcutRecorder.build/Debug-iphoneos/ShortcutRecorder-t.build/Objects-normal/arm64/SRRecorderControl.dia -c /Users/admin/builder/spi-builder-workspace/Sources/ShortcutRecorder/SRRecorderControl.m -o /Users/admin/builder/spi-builder-workspace/.derivedData/Build/Intermediates.noindex/ShortcutRecorder.build/Debug-iphoneos/ShortcutRecorder-t.build/Objects-normal/arm64/SRRecorderControl.o -index-unit-output-path /ShortcutRecorder.build/Debug-iphoneos/ShortcutRecorder-t.build/Objects-normal/arm64/SRRecorderControl.o
/Users/admin/builder/spi-builder-workspace/Sources/ShortcutRecorder/include/ShortcutRecorder/SRShortcutAction.h:6:9: error: 'Cocoa/Cocoa.h' file not found (in target 'ShortcutRecorder' from project 'ShortcutRecorder')
/Users/admin/builder/spi-builder-workspace/Sources/ShortcutRecorder/SRRecorderControl.m:11:9: note: in file included from /Users/admin/builder/spi-builder-workspace/Sources/ShortcutRecorder/SRRecorderControl.m:11:
ScanDependencies /Users/admin/builder/spi-builder-workspace/.derivedData/Build/Intermediates.noindex/ShortcutRecorder.build/Debug-iphoneos/ShortcutRecorder-t.build/Objects-normal/arm64/resource_bundle_accessor.o /Users/admin/builder/spi-builder-workspace/.derivedData/Build/Intermediates.noindex/ShortcutRecorder.build/Debug-iphoneos/ShortcutRecorder-t.build/DerivedSources/resource_bundle_accessor.m normal arm64 objective-c com.apple.compilers.llvm.clang.1_0.compiler (in target 'ShortcutRecorder' from project 'ShortcutRecorder')
cd /Users/admin/builder/spi-builder-workspace/.swiftpm/xcode
Using response file: /Users/admin/builder/spi-builder-workspace/.derivedData/Build/Intermediates.noindex/ShortcutRecorder.build/Debug-iphoneos/ShortcutRecorder-t.build/Objects-normal/arm64/e6072d4f65d7061329687fe24e3d63a7-common-args.resp
builtin-ScanDependencies -o /Users/admin/builder/spi-builder-workspace/.derivedData/Build/Intermediates.noindex/ShortcutRecorder.build/Debug-iphoneos/ShortcutRecorder-t.build/Objects-normal/arm64/resource_bundle_accessor.o.scan -- /Applications/Xcode-27.0.0-Release.Candidate.app/Contents/Developer/Toolchains/XcodeDefault.xctoolchain/usr/bin/clang -x objective-c -ivfsstatcache /Users/admin/builder/spi-builder-workspace/.derivedData/SDKStatCaches.noindex/iphoneos27.0-24A430-e829b21a6f8c9b70876ba0858053c04440ceaa042ed91876912b2eeea4e3aa14.sdkstatcache -target arm64-apple-ios15.0 -fmessage-length\=0 -fdiagnostics-show-note-include-stack -fmacro-backtrace-limit\=0 -fno-color-diagnostics -fmodules-prune-interval\=86400 -fmodules-prune-after\=345600 -fbuild-session-file\=/Users/admin/builder/spi-builder-workspace/.derivedData/ModuleCache.noindex/Session.modulevalidation -fmodules-validate-once-per-build-session -Wnon-modular-include-in-framework-module -Werror\=non-modular-include-in-framework-module -Wno-trigraphs -Wno-missing-field-initializers -Wno-missing-prototypes -Wno-return-type -Wno-implicit-atomic-properties -Wno-objc-interface-ivars -Wno-arc-repeated-use-of-weak -Wno-missing-braces -Wparentheses -Wswitch -Wno-unused-function -Wno-unused-label -Wno-unused-parameter -Wno-unused-variable -Wunused-value -Wno-empty-body -Wno-uninitialized -Wno-unknown-pragmas -Wno-shadow -Wno-four-char-constants -Wno-conversion -Wno-constant-conversion -Wno-int-conversion -Wno-bool-conversion -Wno-enum-conversion -Wno-float-conversion -Wno-non-literal-null-conversion -Wno-objc-literal-conversion -Wshorten-64-to-32 -Wpointer-sign -Wno-newline-eof -Wno-selector -Wno-strict-selector-match -Wno-undeclared-selector -Wno-deprecated-implementations -Wno-implicit-fallthrough -isysroot /Applications/Xcode-27.0.0-Release.Candidate.app/Contents/Developer/Platforms/iPhoneOS.platform/Developer/SDKs/iPhoneOS27.0.sdk -fstrict-aliasing -Wprotocol -Wdeprecated-declarations -Wno-sign-conversion -Wno-infinite-recursion -Wno-comma -Wno-block-capture-autoreleasing -Wno-strict-prototypes -Wno-semicolon-before-method-body -index-store-path /Users/admin/builder/spi-builder-workspace/.derivedData/Index.noindex/DataStore @/Users/admin/builder/spi-builder-workspace/.derivedData/Build/Intermediates.noindex/ShortcutRecorder.build/Debug-iphoneos/ShortcutRecorder-t.build/Objects-normal/arm64/e6072d4f65d7061329687fe24e3d63a7-common-args.resp -include /Users/admin/builder/spi-builder-workspace/.derivedData/Build/Intermediates.noindex/ShortcutRecorder.build/Debug-iphoneos/ShortcutRecorder-t.build/DerivedSources/resource_bundle_accessor.h -MMD -MT dependencies -MF /Users/admin/builder/spi-builder-workspace/.derivedData/Build/Intermediates.noindex/ShortcutRecorder.build/Debug-iphoneos/ShortcutRecorder-t.build/Objects-normal/arm64/resource_bundle_accessor.d --serialize-diagnostics /Users/admin/builder/spi-builder-workspace/.derivedData/Build/Intermediates.noindex/ShortcutRecorder.build/Debug-iphoneos/ShortcutRecorder-t.build/Objects-normal/arm64/resource_bundle_accessor.dia -c /Users/admin/builder/spi-builder-workspace/.derivedData/Build/Intermediates.noindex/ShortcutRecorder.build/Debug-iphoneos/ShortcutRecorder-t.build/DerivedSources/resource_bundle_accessor.m -o /Users/admin/builder/spi-builder-workspace/.derivedData/Build/Intermediates.noindex/ShortcutRecorder.build/Debug-iphoneos/ShortcutRecorder-t.build/Objects-normal/arm64/resource_bundle_accessor.o -index-unit-output-path /ShortcutRecorder.build/Debug-iphoneos/ShortcutRecorder-t.build/Objects-normal/arm64/resource_bundle_accessor.o
ScanDependencies /Users/admin/builder/spi-builder-workspace/.derivedData/Build/Intermediates.noindex/ShortcutRecorder.build/Debug-iphoneos/ShortcutRecorder-t.build/Objects-normal/arm64/SRKeyEquivalentTransformer.o /Users/admin/builder/spi-builder-workspace/Sources/ShortcutRecorder/SRKeyEquivalentTransformer.m normal arm64 objective-c com.apple.compilers.llvm.clang.1_0.compiler (in target 'ShortcutRecorder' from project 'ShortcutRecorder')
cd /Users/admin/builder/spi-builder-workspace/.swiftpm/xcode
Using response file: /Users/admin/builder/spi-builder-workspace/.derivedData/Build/Intermediates.noindex/ShortcutRecorder.build/Debug-iphoneos/ShortcutRecorder-t.build/Objects-normal/arm64/e6072d4f65d7061329687fe24e3d63a7-common-args.resp
builtin-ScanDependencies -o /Users/admin/builder/spi-builder-workspace/.derivedData/Build/Intermediates.noindex/ShortcutRecorder.build/Debug-iphoneos/ShortcutRecorder-t.build/Objects-normal/arm64/SRKeyEquivalentTransformer.o.scan -- /Applications/Xcode-27.0.0-Release.Candidate.app/Contents/Developer/Toolchains/XcodeDefault.xctoolchain/usr/bin/clang -x objective-c -ivfsstatcache /Users/admin/builder/spi-builder-workspace/.derivedData/SDKStatCaches.noindex/iphoneos27.0-24A430-e829b21a6f8c9b70876ba0858053c04440ceaa042ed91876912b2eeea4e3aa14.sdkstatcache -target arm64-apple-ios15.0 -fmessage-length\=0 -fdiagnostics-show-note-include-stack -fmacro-backtrace-limit\=0 -fno-color-diagnostics -fmodules-prune-interval\=86400 -fmodules-prune-after\=345600 -fbuild-session-file\=/Users/admin/builder/spi-builder-workspace/.derivedData/ModuleCache.noindex/Session.modulevalidation -fmodules-validate-once-per-build-session -Wnon-modular-include-in-framework-module -Werror\=non-modular-include-in-framework-module -Wno-trigraphs -Wno-missing-field-initializers -Wno-missing-prototypes -Wno-return-type -Wno-implicit-atomic-properties -Wno-objc-interface-ivars -Wno-arc-repeated-use-of-weak -Wno-missing-braces -Wparentheses -Wswitch -Wno-unused-function -Wno-unused-label -Wno-unused-parameter -Wno-unused-variable -Wunused-value -Wno-empty-body -Wno-uninitialized -Wno-unknown-pragmas -Wno-shadow -Wno-four-char-constants -Wno-conversion -Wno-constant-conversion -Wno-int-conversion -Wno-bool-conversion -Wno-enum-conversion -Wno-float-conversion -Wno-non-literal-null-conversion -Wno-objc-literal-conversion -Wshorten-64-to-32 -Wpointer-sign -Wno-newline-eof -Wno-selector -Wno-strict-selector-match -Wno-undeclared-selector -Wno-deprecated-implementations -Wno-implicit-fallthrough -isysroot /Applications/Xcode-27.0.0-Release.Candidate.app/Contents/Developer/Platforms/iPhoneOS.platform/Developer/SDKs/iPhoneOS27.0.sdk -fstrict-aliasing -Wprotocol -Wdeprecated-declarations -Wno-sign-conversion -Wno-infinite-recursion -Wno-comma -Wno-block-capture-autoreleasing -Wno-strict-prototypes -Wno-semicolon-before-method-body -index-store-path /Users/admin/builder/spi-builder-workspace/.derivedData/Index.noindex/DataStore @/Users/admin/builder/spi-builder-workspace/.derivedData/Build/Intermediates.noindex/ShortcutRecorder.build/Debug-iphoneos/ShortcutRecorder-t.build/Objects-normal/arm64/e6072d4f65d7061329687fe24e3d63a7-common-args.resp -include /Users/admin/builder/spi-builder-workspace/.derivedData/Build/Intermediates.noindex/ShortcutRecorder.build/Debug-iphoneos/ShortcutRecorder-t.build/DerivedSources/resource_bundle_accessor.h -MMD -MT dependencies -MF /Users/admin/builder/spi-builder-workspace/.derivedData/Build/Intermediates.noindex/ShortcutRecorder.build/Debug-iphoneos/ShortcutRecorder-t.build/Objects-normal/arm64/SRKeyEquivalentTransformer.d --serialize-diagnostics /Users/admin/builder/spi-builder-workspace/.derivedData/Build/Intermediates.noindex/ShortcutRecorder.build/Debug-iphoneos/ShortcutRecorder-t.build/Objects-normal/arm64/SRKeyEquivalentTransformer.dia -c /Users/admin/builder/spi-builder-workspace/Sources/ShortcutRecorder/SRKeyEquivalentTransformer.m -o /Users/admin/builder/spi-builder-workspace/.derivedData/Build/Intermediates.noindex/ShortcutRecorder.build/Debug-iphoneos/ShortcutRecorder-t.build/Objects-normal/arm64/SRKeyEquivalentTransformer.o -index-unit-output-path /ShortcutRecorder.build/Debug-iphoneos/ShortcutRecorder-t.build/Objects-normal/arm64/SRKeyEquivalentTransformer.o
/Users/admin/builder/spi-builder-workspace/Sources/ShortcutRecorder/include/ShortcutRecorder/SRKeyCodeTransformer.h:6:9: error: 'Cocoa/Cocoa.h' file not found (in target 'ShortcutRecorder' from project 'ShortcutRecorder')
/Users/admin/builder/spi-builder-workspace/Sources/ShortcutRecorder/SRKeyEquivalentTransformer.m:6:9: note: in file included from /Users/admin/builder/spi-builder-workspace/Sources/ShortcutRecorder/SRKeyEquivalentTransformer.m:6:
ScanDependencies /Users/admin/builder/spi-builder-workspace/.derivedData/Build/Intermediates.noindex/ShortcutRecorder.build/Debug-iphoneos/ShortcutRecorder-t.build/Objects-normal/arm64/SRKeyEquivalentModifierMaskTransformer.o /Users/admin/builder/spi-builder-workspace/Sources/ShortcutRecorder/SRKeyEquivalentModifierMaskTransformer.m normal arm64 objective-c com.apple.compilers.llvm.clang.1_0.compiler (in target 'ShortcutRecorder' from project 'ShortcutRecorder')
cd /Users/admin/builder/spi-builder-workspace/.swiftpm/xcode
Using response file: /Users/admin/builder/spi-builder-workspace/.derivedData/Build/Intermediates.noindex/ShortcutRecorder.build/Debug-iphoneos/ShortcutRecorder-t.build/Objects-normal/arm64/e6072d4f65d7061329687fe24e3d63a7-common-args.resp
builtin-ScanDependencies -o /Users/admin/builder/spi-builder-workspace/.derivedData/Build/Intermediates.noindex/ShortcutRecorder.build/Debug-iphoneos/ShortcutRecorder-t.build/Objects-normal/arm64/SRKeyEquivalentModifierMaskTransformer.o.scan -- /Applications/Xcode-27.0.0-Release.Candidate.app/Contents/Developer/Toolchains/XcodeDefault.xctoolchain/usr/bin/clang -x objective-c -ivfsstatcache /Users/admin/builder/spi-builder-workspace/.derivedData/SDKStatCaches.noindex/iphoneos27.0-24A430-e829b21a6f8c9b70876ba0858053c04440ceaa042ed91876912b2eeea4e3aa14.sdkstatcache -target arm64-apple-ios15.0 -fmessage-length\=0 -fdiagnostics-show-note-include-stack -fmacro-backtrace-limit\=0 -fno-color-diagnostics -fmodules-prune-interval\=86400 -fmodules-prune-after\=345600 -fbuild-session-file\=/Users/admin/builder/spi-builder-workspace/.derivedData/ModuleCache.noindex/Session.modulevalidation -fmodules-validate-once-per-build-session -Wnon-modular-include-in-framework-module -Werror\=non-modular-include-in-framework-module -Wno-trigraphs -Wno-missing-field-initializers -Wno-missing-prototypes -Wno-return-type -Wno-implicit-atomic-properties -Wno-objc-interface-ivars -Wno-arc-repeated-use-of-weak -Wno-missing-braces -Wparentheses -Wswitch -Wno-unused-function -Wno-unused-label -Wno-unused-parameter -Wno-unused-variable -Wunused-value -Wno-empty-body -Wno-uninitialized -Wno-unknown-pragmas -Wno-shadow -Wno-four-char-constants -Wno-conversion -Wno-constant-conversion -Wno-int-conversion -Wno-bool-conversion -Wno-enum-conversion -Wno-float-conversion -Wno-non-literal-null-conversion -Wno-objc-literal-conversion -Wshorten-64-to-32 -Wpointer-sign -Wno-newline-eof -Wno-selector -Wno-strict-selector-match -Wno-undeclared-selector -Wno-deprecated-implementations -Wno-implicit-fallthrough -isysroot /Applications/Xcode-27.0.0-Release.Candidate.app/Contents/Developer/Platforms/iPhoneOS.platform/Developer/SDKs/iPhoneOS27.0.sdk -fstrict-aliasing -Wprotocol -Wdeprecated-declarations -Wno-sign-conversion -Wno-infinite-recursion -Wno-comma -Wno-block-capture-autoreleasing -Wno-strict-prototypes -Wno-semicolon-before-method-body -index-store-path /Users/admin/builder/spi-builder-workspace/.derivedData/Index.noindex/DataStore @/Users/admin/builder/spi-builder-workspace/.derivedData/Build/Intermediates.noindex/ShortcutRecorder.build/Debug-iphoneos/ShortcutRecorder-t.build/Objects-normal/arm64/e6072d4f65d7061329687fe24e3d63a7-common-args.resp -include /Users/admin/builder/spi-builder-workspace/.derivedData/Build/Intermediates.noindex/ShortcutRecorder.build/Debug-iphoneos/ShortcutRecorder-t.build/DerivedSources/resource_bundle_accessor.h -MMD -MT dependencies -MF /Users/admin/builder/spi-builder-workspace/.derivedData/Build/Intermediates.noindex/ShortcutRecorder.build/Debug-iphoneos/ShortcutRecorder-t.build/Objects-normal/arm64/SRKeyEquivalentModifierMaskTransformer.d --serialize-diagnostics /Users/admin/builder/spi-builder-workspace/.derivedData/Build/Intermediates.noindex/ShortcutRecorder.build/Debug-iphoneos/ShortcutRecorder-t.build/Objects-normal/arm64/SRKeyEquivalentModifierMaskTransformer.dia -c /Users/admin/builder/spi-builder-workspace/Sources/ShortcutRecorder/SRKeyEquivalentModifierMaskTransformer.m -o /Users/admin/builder/spi-builder-workspace/.derivedData/Build/Intermediates.noindex/ShortcutRecorder.build/Debug-iphoneos/ShortcutRecorder-t.build/Objects-normal/arm64/SRKeyEquivalentModifierMaskTransformer.o -index-unit-output-path /ShortcutRecorder.build/Debug-iphoneos/ShortcutRecorder-t.build/Objects-normal/arm64/SRKeyEquivalentModifierMaskTransformer.o
/Users/admin/builder/spi-builder-workspace/Sources/ShortcutRecorder/include/ShortcutRecorder/SRKeyCodeTransformer.h:6:9: error: 'Cocoa/Cocoa.h' file not found (in target 'ShortcutRecorder' from project 'ShortcutRecorder')
/Users/admin/builder/spi-builder-workspace/Sources/ShortcutRecorder/SRKeyEquivalentModifierMaskTransformer.m:6:9: note: in file included from /Users/admin/builder/spi-builder-workspace/Sources/ShortcutRecorder/SRKeyEquivalentModifierMaskTransformer.m:6:
PruneExplicitPrecompiledModules /Users/admin/builder/spi-builder-workspace/.derivedData/SDKExplicitPrecompiledModules
PruneExplicitPrecompiledModules /Users/admin/builder/spi-builder-workspace/.derivedData/Build/Intermediates.noindex/ExplicitPrecompiledModules
PruneExplicitPrecompiledModules /Users/admin/builder/spi-builder-workspace/.derivedData/Build/Intermediates.noindex/SwiftExplicitPrecompiledModules
2026-09-18 10:57:07.903 xcodebuild[732:4839] [MT] IDERunDestination: Supported platforms for the buildables in the current scheme is empty.
** BUILD FAILED **
The following build commands failed:
ScanDependencies /Users/admin/builder/spi-builder-workspace/.derivedData/Build/Intermediates.noindex/ShortcutRecorder.build/Debug-iphoneos/ShortcutRecorder-t.build/Objects-normal/arm64/SRShortcutValidator.o /Users/admin/builder/spi-builder-workspace/Sources/ShortcutRecorder/SRShortcutValidator.m normal arm64 objective-c com.apple.compilers.llvm.clang.1_0.compiler (in target 'ShortcutRecorder' from project 'ShortcutRecorder')
ScanDependencies /Users/admin/builder/spi-builder-workspace/.derivedData/Build/Intermediates.noindex/ShortcutRecorder.build/Debug-iphoneos/ShortcutRecorder-t.build/Objects-normal/arm64/SRShortcutFormatter.o /Users/admin/builder/spi-builder-workspace/Sources/ShortcutRecorder/SRShortcutFormatter.m normal arm64 objective-c com.apple.compilers.llvm.clang.1_0.compiler (in target 'ShortcutRecorder' from project 'ShortcutRecorder')
ScanDependencies /Users/admin/builder/spi-builder-workspace/.derivedData/Build/Intermediates.noindex/ShortcutRecorder.build/Debug-iphoneos/ShortcutRecorder-t.build/Objects-normal/arm64/SRShortcutAction.o /Users/admin/builder/spi-builder-workspace/Sources/ShortcutRecorder/SRShortcutAction.m normal arm64 objective-c com.apple.compilers.llvm.clang.1_0.compiler (in target 'ShortcutRecorder' from project 'ShortcutRecorder')
ScanDependencies /Users/admin/builder/spi-builder-workspace/.derivedData/Build/Intermediates.noindex/ShortcutRecorder.build/Debug-iphoneos/ShortcutRecorder-t.build/Objects-normal/arm64/SRShortcutController.o /Users/admin/builder/spi-builder-workspace/Sources/ShortcutRecorder/SRShortcutController.m normal arm64 objective-c com.apple.compilers.llvm.clang.1_0.compiler (in target 'ShortcutRecorder' from project 'ShortcutRecorder')
ScanDependencies /Users/admin/builder/spi-builder-workspace/.derivedData/Build/Intermediates.noindex/ShortcutRecorder.build/Debug-iphoneos/ShortcutRecorder-t.build/Objects-normal/arm64/SRRecorderControlStyle.o /Users/admin/builder/spi-builder-workspace/Sources/ShortcutRecorder/SRRecorderControlStyle.m normal arm64 objective-c com.apple.compilers.llvm.clang.1_0.compiler (in target 'ShortcutRecorder' from project 'ShortcutRecorder')
ScanDependencies /Users/admin/builder/spi-builder-workspace/.derivedData/Build/Intermediates.noindex/ShortcutRecorder.build/Debug-iphoneos/ShortcutRecorder-t.build/Objects-normal/arm64/SRShortcut.o /Users/admin/builder/spi-builder-workspace/Sources/ShortcutRecorder/SRShortcut.m normal arm64 objective-c com.apple.compilers.llvm.clang.1_0.compiler (in target 'ShortcutRecorder' from project 'ShortcutRecorder')
ScanDependencies /Users/admin/builder/spi-builder-workspace/.derivedData/Build/Intermediates.noindex/ShortcutRecorder.build/Debug-iphoneos/ShortcutRecorder-t.build/Objects-normal/arm64/SRModifierFlagsTransformer.o /Users/admin/builder/spi-builder-workspace/Sources/ShortcutRecorder/SRModifierFlagsTransformer.m normal arm64 objective-c com.apple.compilers.llvm.clang.1_0.compiler (in target 'ShortcutRecorder' from project 'ShortcutRecorder')
ScanDependencies /Users/admin/builder/spi-builder-workspace/.derivedData/Build/Intermediates.noindex/ShortcutRecorder.build/Debug-iphoneos/ShortcutRecorder-t.build/Objects-normal/arm64/SRRecorderControl.o /Users/admin/builder/spi-builder-workspace/Sources/ShortcutRecorder/SRRecorderControl.m normal arm64 objective-c com.apple.compilers.llvm.clang.1_0.compiler (in target 'ShortcutRecorder' from project 'ShortcutRecorder')
ScanDependencies /Users/admin/builder/spi-builder-workspace/.derivedData/Build/Intermediates.noindex/ShortcutRecorder.build/Debug-iphoneos/ShortcutRecorder-t.build/Objects-normal/arm64/SRKeyEquivalentTransformer.o /Users/admin/builder/spi-builder-workspace/Sources/ShortcutRecorder/SRKeyEquivalentTransformer.m normal arm64 objective-c com.apple.compilers.llvm.clang.1_0.compiler (in target 'ShortcutRecorder' from project 'ShortcutRecorder')
ScanDependencies /Users/admin/builder/spi-builder-workspace/.derivedData/Build/Intermediates.noindex/ShortcutRecorder.build/Debug-iphoneos/ShortcutRecorder-t.build/Objects-normal/arm64/SRKeyEquivalentModifierMaskTransformer.o /Users/admin/builder/spi-builder-workspace/Sources/ShortcutRecorder/SRKeyEquivalentModifierMaskTransformer.m normal arm64 objective-c com.apple.compilers.llvm.clang.1_0.compiler (in target 'ShortcutRecorder' from project 'ShortcutRecorder')
Building workspace ShortcutRecorder with scheme ShortcutRecorder
(11 failures)
BUILD FAILURE 6.4 iOS