Build Information
Failed to build FullyRESTful, reference main (2d2a44), with Swift 6.1 for tvOS using Xcode 16.3 on 13 Aug 2026 07:20:45 UTC.
Build Command
env DEVELOPER_DIR=/Applications/Xcode-16.3.0.app xcrun xcodebuild -IDEClonedSourcePackagesDirPathOverride=$PWD/.dependencies -skipMacroValidation -skipPackagePluginValidation -derivedDataPath $PWD/.derivedData build -scheme FullyRESTful -destination generic/platform=tvOSBuild Log
========================================
RunAll
========================================
Builder version: undefined version: run 'make version' to update
Interrupt handler set up.
========================================
Checkout
========================================
Clone URL: https://github.com/southkin/FullyRESTful.git
Reference: main
Initialized empty Git repository in /Users/admin/builder/spi-builder-workspace/.git/
From https://github.com/southkin/FullyRESTful
* branch main -> FETCH_HEAD
* [new branch] main -> origin/main
HEAD is now at 2d2a442 Add concurrency-safe WebSocket streaming APIs
Cloned https://github.com/southkin/FullyRESTful.git
Revision (git rev-parse @):
2d2a4425c5c48c62a81689ad107dbe1507ae3d47
SUCCESS checkout https://github.com/southkin/FullyRESTful.git at main
========================================
Build
========================================
Selected platform: tvOS
Swift version: 6.1
Building package at path: $PWD
https://github.com/southkin/FullyRESTful.git
https://github.com/southkin/FullyRESTful.git
{
"dependencies" : [
{
"identity" : "kinkit",
"requirement" : {
"range" : [
{
"lower_bound" : "1.0.0",
"upper_bound" : "2.0.0"
}
]
},
"type" : "sourceControl",
"url" : "https://github.com/southkin/KinKit"
}
],
"manifest_display_name" : "FullyRESTful",
"name" : "FullyRESTful",
"path" : "/Users/admin/builder/spi-builder-workspace",
"platforms" : [
{
"name" : "ios",
"version" : "13.0"
},
{
"name" : "macos",
"version" : "12.0"
}
],
"products" : [
{
"name" : "FullyRESTful",
"targets" : [
"FullyRESTful"
],
"type" : {
"library" : [
"automatic"
]
}
}
],
"targets" : [
{
"c99name" : "FullyRESTfulTests",
"module_type" : "SwiftTarget",
"name" : "FullyRESTfulTests",
"path" : "Tests/FullyRESTfulTests",
"sources" : [
"FullyRESTfulTests.swift"
],
"target_dependencies" : [
"FullyRESTful"
],
"type" : "test"
},
{
"c99name" : "FullyRESTful",
"module_type" : "SwiftTarget",
"name" : "FullyRESTful",
"path" : "Sources/FullyRESTful",
"product_dependencies" : [
"KinKit"
],
"product_memberships" : [
"FullyRESTful"
],
"sources" : [
"FullyRESTful.swift",
"ServerInfo.swift",
"WebSocketCombineBridge.swift",
"Websocket.swift",
"extensions.swift"
],
"type" : "library"
}
],
"tools_version" : "5.9"
}
Command line invocation:
/Applications/Xcode-16.3.0.app/Contents/Developer/usr/bin/xcodebuild -IDEClonedSourcePackagesDirPathOverride=/Users/admin/builder/spi-builder-workspace/.dependencies -resolvePackageDependencies
Resolve Package Graph
Fetching from https://github.com/southkin/KinKit
Creating working copy of package ‘KinKit’
Checking out 1.0.5 of package ‘KinKit’
Resolve Package Graph
Resolved source packages:
FullyRESTful: /Users/admin/builder/spi-builder-workspace
KinKit: https://github.com/southkin/KinKit @ 1.0.5
resolved source packages: FullyRESTful, KinKit
{
"dependencies" : [
{
"identity" : "kinkit",
"requirement" : {
"range" : [
{
"lower_bound" : "1.0.0",
"upper_bound" : "2.0.0"
}
]
},
"type" : "sourceControl",
"url" : "https://github.com/southkin/KinKit"
}
],
"manifest_display_name" : "FullyRESTful",
"name" : "FullyRESTful",
"path" : "/Users/admin/builder/spi-builder-workspace",
"platforms" : [
{
"name" : "ios",
"version" : "13.0"
},
{
"name" : "macos",
"version" : "12.0"
}
],
"products" : [
{
"name" : "FullyRESTful",
"targets" : [
"FullyRESTful"
],
"type" : {
"library" : [
"automatic"
]
}
}
],
"targets" : [
{
"c99name" : "FullyRESTfulTests",
"module_type" : "SwiftTarget",
"name" : "FullyRESTfulTests",
"path" : "Tests/FullyRESTfulTests",
"sources" : [
"FullyRESTfulTests.swift"
],
"target_dependencies" : [
"FullyRESTful"
],
"type" : "test"
},
{
"c99name" : "FullyRESTful",
"module_type" : "SwiftTarget",
"name" : "FullyRESTful",
"path" : "Sources/FullyRESTful",
"product_dependencies" : [
"KinKit"
],
"product_memberships" : [
"FullyRESTful"
],
"sources" : [
"FullyRESTful.swift",
"ServerInfo.swift",
"WebSocketCombineBridge.swift",
"Websocket.swift",
"extensions.swift"
],
"type" : "library"
}
],
"tools_version" : "5.9"
}
{
"workspace" : {
"name" : "spi-builder-workspace",
"schemes" : [
"FullyRESTful",
"KinKit"
]
}
}
{
"workspace" : {
"name" : "spi-builder-workspace",
"schemes" : [
"FullyRESTful",
"KinKit"
]
}
}
Running build ...
env DEVELOPER_DIR=/Applications/Xcode-16.3.0.app xcrun xcodebuild -IDEClonedSourcePackagesDirPathOverride=$PWD/.dependencies -skipMacroValidation -skipPackagePluginValidation -derivedDataPath $PWD/.derivedData build -scheme FullyRESTful -destination generic/platform=tvOS OTHER_SWIFT_FLAGS=-stats-output-dir .stats -strict-concurrency=complete -enable-upcoming-feature StrictConcurrency -enable-upcoming-feature DisableOutwardActorInference -enable-upcoming-feature GlobalActorIsolatedTypesUsability -enable-upcoming-feature InferSendableFromCaptures
Command line invocation:
/Applications/Xcode-16.3.0.app/Contents/Developer/usr/bin/xcodebuild -IDEClonedSourcePackagesDirPathOverride=/Users/admin/builder/spi-builder-workspace/.dependencies -skipMacroValidation -skipPackagePluginValidation -derivedDataPath /Users/admin/builder/spi-builder-workspace/.derivedData build -scheme FullyRESTful -destination generic/platform=tvOS "OTHER_SWIFT_FLAGS=-stats-output-dir .stats -strict-concurrency=complete -enable-upcoming-feature StrictConcurrency -enable-upcoming-feature DisableOutwardActorInference -enable-upcoming-feature GlobalActorIsolatedTypesUsability -enable-upcoming-feature InferSendableFromCaptures"
Build settings from command line:
OTHER_SWIFT_FLAGS = -stats-output-dir .stats -strict-concurrency=complete -enable-upcoming-feature StrictConcurrency -enable-upcoming-feature DisableOutwardActorInference -enable-upcoming-feature GlobalActorIsolatedTypesUsability -enable-upcoming-feature InferSendableFromCaptures
Resolve Package Graph
Resolve Package Graph
Resolved source packages:
FullyRESTful: /Users/admin/builder/spi-builder-workspace
KinKit: https://github.com/southkin/KinKit @ 1.0.5
ComputePackagePrebuildTargetDependencyGraph
Prepare packages
CreateBuildRequest
SendProjectDescription
CreateBuildOperation
ComputeTargetDependencyGraph
note: Building targets in dependency order
note: Target dependency graph (5 targets)
Target 'FullyRESTful' in project 'FullyRESTful'
➜ Explicit dependency on target 'FullyRESTful' in project 'FullyRESTful'
➜ Explicit dependency on target 'KinKit' in project 'KinKit'
Target 'FullyRESTful' in project 'FullyRESTful'
➜ Explicit dependency on target 'KinKit' in project 'KinKit'
Target 'KinKit' in project 'KinKit'
➜ Explicit dependency on target 'KinKit' in project 'KinKit'
➜ Explicit dependency on target 'KinKitCore' in project 'KinKit'
Target 'KinKit' in project 'KinKit'
➜ Explicit dependency on target 'KinKitCore' in project 'KinKit'
Target 'KinKitCore' in project 'KinKit' (no dependencies)
GatherProvisioningInputs
CreateBuildDescription
ExecuteExternalTool /Applications/Xcode-16.3.0.app/Contents/Developer/Toolchains/XcodeDefault.xctoolchain/usr/bin/swiftc --version
ExecuteExternalTool /Applications/Xcode-16.3.0.app/Contents/Developer/Toolchains/XcodeDefault.xctoolchain/usr/bin/clang -v -E -dM -isysroot /Applications/Xcode-16.3.0.app/Contents/Developer/Platforms/AppleTVOS.platform/Developer/SDKs/AppleTVOS18.4.sdk -x c -c /dev/null
ExecuteExternalTool /Applications/Xcode-16.3.0.app/Contents/Developer/Toolchains/XcodeDefault.xctoolchain/usr/bin/ld -version_details
Build description signature: cc5c4020ca1216c89cd7c7ec2658212a
Build description path: /Users/admin/builder/spi-builder-workspace/.derivedData/Build/Intermediates.noindex/XCBuildData/cc5c4020ca1216c89cd7c7ec2658212a.xcbuilddata
CreateBuildDirectory /Users/admin/builder/spi-builder-workspace/.derivedData/Build/Products
cd /Users/admin/builder/spi-builder-workspace/.swiftpm/xcode
builtin-create-build-directory /Users/admin/builder/spi-builder-workspace/.derivedData/Build/Products
ClangStatCache /Applications/Xcode-16.3.0.app/Contents/Developer/Toolchains/XcodeDefault.xctoolchain/usr/bin/clang-stat-cache /Applications/Xcode-16.3.0.app/Contents/Developer/Platforms/AppleTVOS.platform/Developer/SDKs/AppleTVOS18.4.sdk /Users/admin/builder/spi-builder-workspace/.derivedData/SDKStatCaches.noindex/appletvos18.4-22L251-271d326055c85f9856fa135c41255102.sdkstatcache
cd /Users/admin/builder/spi-builder-workspace/.swiftpm/xcode
/Applications/Xcode-16.3.0.app/Contents/Developer/Toolchains/XcodeDefault.xctoolchain/usr/bin/clang-stat-cache /Applications/Xcode-16.3.0.app/Contents/Developer/Platforms/AppleTVOS.platform/Developer/SDKs/AppleTVOS18.4.sdk -o /Users/admin/builder/spi-builder-workspace/.derivedData/SDKStatCaches.noindex/appletvos18.4-22L251-271d326055c85f9856fa135c41255102.sdkstatcache
CreateBuildDirectory /Users/admin/builder/spi-builder-workspace/.derivedData/Build/Intermediates.noindex
cd /Users/admin/builder/spi-builder-workspace/.swiftpm/xcode
builtin-create-build-directory /Users/admin/builder/spi-builder-workspace/.derivedData/Build/Intermediates.noindex
CreateBuildDirectory /Users/admin/builder/spi-builder-workspace/.derivedData/Build/Intermediates.noindex/EagerLinkingTBDs/Debug-appletvos
cd /Users/admin/builder/spi-builder-workspace/.swiftpm/xcode
builtin-create-build-directory /Users/admin/builder/spi-builder-workspace/.derivedData/Build/Intermediates.noindex/EagerLinkingTBDs/Debug-appletvos
CreateBuildDirectory /Users/admin/builder/spi-builder-workspace/.derivedData/Build/Products/Debug-appletvos
cd /Users/admin/builder/spi-builder-workspace/.swiftpm/xcode
builtin-create-build-directory /Users/admin/builder/spi-builder-workspace/.derivedData/Build/Products/Debug-appletvos
CreateBuildDirectory /Users/admin/builder/spi-builder-workspace/.derivedData/Build/Products/Debug-appletvos/PackageFrameworks
cd /Users/admin/builder/spi-builder-workspace/.swiftpm/xcode
builtin-create-build-directory /Users/admin/builder/spi-builder-workspace/.derivedData/Build/Products/Debug-appletvos/PackageFrameworks
WriteAuxiliaryFile /Users/admin/builder/spi-builder-workspace/.derivedData/Build/Intermediates.noindex/KinKit.build/Debug-appletvos/KinKitCore.build/KinKitCore.DependencyStaticMetadataFileList (in target 'KinKitCore' from project 'KinKit')
cd /Users/admin/builder/spi-builder-workspace/.dependencies/checkouts/KinKit
write-file /Users/admin/builder/spi-builder-workspace/.derivedData/Build/Intermediates.noindex/KinKit.build/Debug-appletvos/KinKitCore.build/KinKitCore.DependencyStaticMetadataFileList
WriteAuxiliaryFile /Users/admin/builder/spi-builder-workspace/.derivedData/Build/Intermediates.noindex/KinKit.build/Debug-appletvos/KinKitCore.build/KinKitCore.modulemap (in target 'KinKitCore' from project 'KinKit')
cd /Users/admin/builder/spi-builder-workspace/.dependencies/checkouts/KinKit
write-file /Users/admin/builder/spi-builder-workspace/.derivedData/Build/Intermediates.noindex/KinKit.build/Debug-appletvos/KinKitCore.build/KinKitCore.modulemap
WriteAuxiliaryFile /Users/admin/builder/spi-builder-workspace/.derivedData/Build/Intermediates.noindex/KinKit.build/Debug-appletvos/KinKitCore.build/KinKitCore.DependencyMetadataFileList (in target 'KinKitCore' from project 'KinKit')
cd /Users/admin/builder/spi-builder-workspace/.dependencies/checkouts/KinKit
write-file /Users/admin/builder/spi-builder-workspace/.derivedData/Build/Intermediates.noindex/KinKit.build/Debug-appletvos/KinKitCore.build/KinKitCore.DependencyMetadataFileList
WriteAuxiliaryFile /Users/admin/builder/spi-builder-workspace/.derivedData/Build/Intermediates.noindex/KinKit.build/Debug-appletvos/KinKitCore.build/Objects-normal/arm64/KinKitCore-OutputFileMap.json (in target 'KinKitCore' from project 'KinKit')
cd /Users/admin/builder/spi-builder-workspace/.dependencies/checkouts/KinKit
write-file /Users/admin/builder/spi-builder-workspace/.derivedData/Build/Intermediates.noindex/KinKit.build/Debug-appletvos/KinKitCore.build/Objects-normal/arm64/KinKitCore-OutputFileMap.json
WriteAuxiliaryFile /Users/admin/builder/spi-builder-workspace/.derivedData/Build/Intermediates.noindex/KinKit.build/Debug-appletvos/KinKitCore.build/Objects-normal/arm64/KinKitCore.LinkFileList (in target 'KinKitCore' from project 'KinKit')
cd /Users/admin/builder/spi-builder-workspace/.dependencies/checkouts/KinKit
write-file /Users/admin/builder/spi-builder-workspace/.derivedData/Build/Intermediates.noindex/KinKit.build/Debug-appletvos/KinKitCore.build/Objects-normal/arm64/KinKitCore.LinkFileList
WriteAuxiliaryFile /Users/admin/builder/spi-builder-workspace/.derivedData/Build/Intermediates.noindex/KinKit.build/Debug-appletvos/KinKitCore.build/Objects-normal/arm64/KinKitCore_const_extract_protocols.json (in target 'KinKitCore' from project 'KinKit')
cd /Users/admin/builder/spi-builder-workspace/.dependencies/checkouts/KinKit
write-file /Users/admin/builder/spi-builder-workspace/.derivedData/Build/Intermediates.noindex/KinKit.build/Debug-appletvos/KinKitCore.build/Objects-normal/arm64/KinKitCore_const_extract_protocols.json
WriteAuxiliaryFile /Users/admin/builder/spi-builder-workspace/.derivedData/Build/Intermediates.noindex/KinKit.build/Debug-appletvos/KinKitCore.build/Objects-normal/arm64/KinKitCore.SwiftFileList (in target 'KinKitCore' from project 'KinKit')
cd /Users/admin/builder/spi-builder-workspace/.dependencies/checkouts/KinKit
write-file /Users/admin/builder/spi-builder-workspace/.derivedData/Build/Intermediates.noindex/KinKit.build/Debug-appletvos/KinKitCore.build/Objects-normal/arm64/KinKitCore.SwiftFileList
WriteAuxiliaryFile /Users/admin/builder/spi-builder-workspace/.derivedData/Build/Intermediates.noindex/KinKit.build/Debug-appletvos/KinKitCore.build/Objects-normal/arm64/KinKitCore.SwiftConstValuesFileList (in target 'KinKitCore' from project 'KinKit')
cd /Users/admin/builder/spi-builder-workspace/.dependencies/checkouts/KinKit
write-file /Users/admin/builder/spi-builder-workspace/.derivedData/Build/Intermediates.noindex/KinKit.build/Debug-appletvos/KinKitCore.build/Objects-normal/arm64/KinKitCore.SwiftConstValuesFileList
WriteAuxiliaryFile /Users/admin/builder/spi-builder-workspace/.derivedData/Build/Intermediates.noindex/KinKit.build/Debug-appletvos/KinKit.build/Objects-normal/arm64/KinKit_const_extract_protocols.json (in target 'KinKit' from project 'KinKit')
cd /Users/admin/builder/spi-builder-workspace/.dependencies/checkouts/KinKit
write-file /Users/admin/builder/spi-builder-workspace/.derivedData/Build/Intermediates.noindex/KinKit.build/Debug-appletvos/KinKit.build/Objects-normal/arm64/KinKit_const_extract_protocols.json
WriteAuxiliaryFile /Users/admin/builder/spi-builder-workspace/.derivedData/Build/Intermediates.noindex/KinKit.build/Debug-appletvos/KinKit.build/Objects-normal/arm64/KinKit.SwiftFileList (in target 'KinKit' from project 'KinKit')
cd /Users/admin/builder/spi-builder-workspace/.dependencies/checkouts/KinKit
write-file /Users/admin/builder/spi-builder-workspace/.derivedData/Build/Intermediates.noindex/KinKit.build/Debug-appletvos/KinKit.build/Objects-normal/arm64/KinKit.SwiftFileList
WriteAuxiliaryFile /Users/admin/builder/spi-builder-workspace/.derivedData/Build/Intermediates.noindex/KinKit.build/Debug-appletvos/KinKit.build/Objects-normal/arm64/KinKit.SwiftConstValuesFileList (in target 'KinKit' from project 'KinKit')
cd /Users/admin/builder/spi-builder-workspace/.dependencies/checkouts/KinKit
write-file /Users/admin/builder/spi-builder-workspace/.derivedData/Build/Intermediates.noindex/KinKit.build/Debug-appletvos/KinKit.build/Objects-normal/arm64/KinKit.SwiftConstValuesFileList
Copy /Users/admin/builder/spi-builder-workspace/.derivedData/Build/Intermediates.noindex/GeneratedModuleMaps-appletvos/KinKitCore.modulemap /Users/admin/builder/spi-builder-workspace/.derivedData/Build/Intermediates.noindex/KinKit.build/Debug-appletvos/KinKitCore.build/KinKitCore.modulemap (in target 'KinKitCore' from project 'KinKit')
cd /Users/admin/builder/spi-builder-workspace/.dependencies/checkouts/KinKit
builtin-copy -exclude .DS_Store -exclude CVS -exclude .svn -exclude .git -exclude .hg -resolve-src-symlinks /Users/admin/builder/spi-builder-workspace/.derivedData/Build/Intermediates.noindex/KinKit.build/Debug-appletvos/KinKitCore.build/KinKitCore.modulemap /Users/admin/builder/spi-builder-workspace/.derivedData/Build/Intermediates.noindex/GeneratedModuleMaps-appletvos
WriteAuxiliaryFile /Users/admin/builder/spi-builder-workspace/.derivedData/Build/Intermediates.noindex/KinKit.build/Debug-appletvos/KinKit.build/Objects-normal/arm64/KinKit.LinkFileList (in target 'KinKit' from project 'KinKit')
cd /Users/admin/builder/spi-builder-workspace/.dependencies/checkouts/KinKit
write-file /Users/admin/builder/spi-builder-workspace/.derivedData/Build/Intermediates.noindex/KinKit.build/Debug-appletvos/KinKit.build/Objects-normal/arm64/KinKit.LinkFileList
WriteAuxiliaryFile /Users/admin/builder/spi-builder-workspace/.derivedData/Build/Intermediates.noindex/KinKit.build/Debug-appletvos/KinKit.build/Objects-normal/arm64/KinKit-OutputFileMap.json (in target 'KinKit' from project 'KinKit')
cd /Users/admin/builder/spi-builder-workspace/.dependencies/checkouts/KinKit
write-file /Users/admin/builder/spi-builder-workspace/.derivedData/Build/Intermediates.noindex/KinKit.build/Debug-appletvos/KinKit.build/Objects-normal/arm64/KinKit-OutputFileMap.json
WriteAuxiliaryFile /Users/admin/builder/spi-builder-workspace/.derivedData/Build/Intermediates.noindex/KinKit.build/Debug-appletvos/KinKit.build/KinKit.modulemap (in target 'KinKit' from project 'KinKit')
cd /Users/admin/builder/spi-builder-workspace/.dependencies/checkouts/KinKit
write-file /Users/admin/builder/spi-builder-workspace/.derivedData/Build/Intermediates.noindex/KinKit.build/Debug-appletvos/KinKit.build/KinKit.modulemap
WriteAuxiliaryFile /Users/admin/builder/spi-builder-workspace/.derivedData/Build/Intermediates.noindex/KinKit.build/Debug-appletvos/KinKit.build/KinKit.DependencyStaticMetadataFileList (in target 'KinKit' from project 'KinKit')
cd /Users/admin/builder/spi-builder-workspace/.dependencies/checkouts/KinKit
write-file /Users/admin/builder/spi-builder-workspace/.derivedData/Build/Intermediates.noindex/KinKit.build/Debug-appletvos/KinKit.build/KinKit.DependencyStaticMetadataFileList
WriteAuxiliaryFile /Users/admin/builder/spi-builder-workspace/.derivedData/Build/Intermediates.noindex/KinKit.build/Debug-appletvos/KinKit.build/KinKit.DependencyMetadataFileList (in target 'KinKit' from project 'KinKit')
cd /Users/admin/builder/spi-builder-workspace/.dependencies/checkouts/KinKit
write-file /Users/admin/builder/spi-builder-workspace/.derivedData/Build/Intermediates.noindex/KinKit.build/Debug-appletvos/KinKit.build/KinKit.DependencyMetadataFileList
WriteAuxiliaryFile /Users/admin/builder/spi-builder-workspace/.derivedData/Build/Intermediates.noindex/FullyRESTful.build/Debug-appletvos/FullyRESTful.build/Objects-normal/arm64/FullyRESTful.SwiftFileList (in target 'FullyRESTful' from project 'FullyRESTful')
cd /Users/admin/builder/spi-builder-workspace
write-file /Users/admin/builder/spi-builder-workspace/.derivedData/Build/Intermediates.noindex/FullyRESTful.build/Debug-appletvos/FullyRESTful.build/Objects-normal/arm64/FullyRESTful.SwiftFileList
WriteAuxiliaryFile /Users/admin/builder/spi-builder-workspace/.derivedData/Build/Intermediates.noindex/FullyRESTful.build/Debug-appletvos/FullyRESTful.build/Objects-normal/arm64/FullyRESTful_const_extract_protocols.json (in target 'FullyRESTful' from project 'FullyRESTful')
cd /Users/admin/builder/spi-builder-workspace
write-file /Users/admin/builder/spi-builder-workspace/.derivedData/Build/Intermediates.noindex/FullyRESTful.build/Debug-appletvos/FullyRESTful.build/Objects-normal/arm64/FullyRESTful_const_extract_protocols.json
WriteAuxiliaryFile /Users/admin/builder/spi-builder-workspace/.derivedData/Build/Intermediates.noindex/FullyRESTful.build/Debug-appletvos/FullyRESTful.build/Objects-normal/arm64/FullyRESTful.SwiftConstValuesFileList (in target 'FullyRESTful' from project 'FullyRESTful')
cd /Users/admin/builder/spi-builder-workspace
write-file /Users/admin/builder/spi-builder-workspace/.derivedData/Build/Intermediates.noindex/FullyRESTful.build/Debug-appletvos/FullyRESTful.build/Objects-normal/arm64/FullyRESTful.SwiftConstValuesFileList
WriteAuxiliaryFile /Users/admin/builder/spi-builder-workspace/.derivedData/Build/Intermediates.noindex/FullyRESTful.build/Debug-appletvos/FullyRESTful.build/Objects-normal/arm64/FullyRESTful.LinkFileList (in target 'FullyRESTful' from project 'FullyRESTful')
cd /Users/admin/builder/spi-builder-workspace
write-file /Users/admin/builder/spi-builder-workspace/.derivedData/Build/Intermediates.noindex/FullyRESTful.build/Debug-appletvos/FullyRESTful.build/Objects-normal/arm64/FullyRESTful.LinkFileList
WriteAuxiliaryFile /Users/admin/builder/spi-builder-workspace/.derivedData/Build/Intermediates.noindex/FullyRESTful.build/Debug-appletvos/FullyRESTful.build/Objects-normal/arm64/FullyRESTful-OutputFileMap.json (in target 'FullyRESTful' from project 'FullyRESTful')
cd /Users/admin/builder/spi-builder-workspace
write-file /Users/admin/builder/spi-builder-workspace/.derivedData/Build/Intermediates.noindex/FullyRESTful.build/Debug-appletvos/FullyRESTful.build/Objects-normal/arm64/FullyRESTful-OutputFileMap.json
WriteAuxiliaryFile /Users/admin/builder/spi-builder-workspace/.derivedData/Build/Intermediates.noindex/FullyRESTful.build/Debug-appletvos/FullyRESTful.build/FullyRESTful.modulemap (in target 'FullyRESTful' from project 'FullyRESTful')
cd /Users/admin/builder/spi-builder-workspace
write-file /Users/admin/builder/spi-builder-workspace/.derivedData/Build/Intermediates.noindex/FullyRESTful.build/Debug-appletvos/FullyRESTful.build/FullyRESTful.modulemap
Copy /Users/admin/builder/spi-builder-workspace/.derivedData/Build/Intermediates.noindex/GeneratedModuleMaps-appletvos/KinKit.modulemap /Users/admin/builder/spi-builder-workspace/.derivedData/Build/Intermediates.noindex/KinKit.build/Debug-appletvos/KinKit.build/KinKit.modulemap (in target 'KinKit' from project 'KinKit')
cd /Users/admin/builder/spi-builder-workspace/.dependencies/checkouts/KinKit
builtin-copy -exclude .DS_Store -exclude CVS -exclude .svn -exclude .git -exclude .hg -resolve-src-symlinks /Users/admin/builder/spi-builder-workspace/.derivedData/Build/Intermediates.noindex/KinKit.build/Debug-appletvos/KinKit.build/KinKit.modulemap /Users/admin/builder/spi-builder-workspace/.derivedData/Build/Intermediates.noindex/GeneratedModuleMaps-appletvos
WriteAuxiliaryFile /Users/admin/builder/spi-builder-workspace/.derivedData/Build/Intermediates.noindex/FullyRESTful.build/Debug-appletvos/FullyRESTful.build/FullyRESTful.DependencyStaticMetadataFileList (in target 'FullyRESTful' from project 'FullyRESTful')
cd /Users/admin/builder/spi-builder-workspace
write-file /Users/admin/builder/spi-builder-workspace/.derivedData/Build/Intermediates.noindex/FullyRESTful.build/Debug-appletvos/FullyRESTful.build/FullyRESTful.DependencyStaticMetadataFileList
WriteAuxiliaryFile /Users/admin/builder/spi-builder-workspace/.derivedData/Build/Intermediates.noindex/FullyRESTful.build/Debug-appletvos/FullyRESTful.build/FullyRESTful.DependencyMetadataFileList (in target 'FullyRESTful' from project 'FullyRESTful')
cd /Users/admin/builder/spi-builder-workspace
write-file /Users/admin/builder/spi-builder-workspace/.derivedData/Build/Intermediates.noindex/FullyRESTful.build/Debug-appletvos/FullyRESTful.build/FullyRESTful.DependencyMetadataFileList
Copy /Users/admin/builder/spi-builder-workspace/.derivedData/Build/Intermediates.noindex/GeneratedModuleMaps-appletvos/FullyRESTful.modulemap /Users/admin/builder/spi-builder-workspace/.derivedData/Build/Intermediates.noindex/FullyRESTful.build/Debug-appletvos/FullyRESTful.build/FullyRESTful.modulemap (in target 'FullyRESTful' from project 'FullyRESTful')
cd /Users/admin/builder/spi-builder-workspace
builtin-copy -exclude .DS_Store -exclude CVS -exclude .svn -exclude .git -exclude .hg -resolve-src-symlinks /Users/admin/builder/spi-builder-workspace/.derivedData/Build/Intermediates.noindex/FullyRESTful.build/Debug-appletvos/FullyRESTful.build/FullyRESTful.modulemap /Users/admin/builder/spi-builder-workspace/.derivedData/Build/Intermediates.noindex/GeneratedModuleMaps-appletvos
SwiftDriver KinKitCore normal arm64 com.apple.xcode.tools.swift.compiler (in target 'KinKitCore' from project 'KinKit')
cd /Users/admin/builder/spi-builder-workspace/.swiftpm/xcode
builtin-SwiftDriver -- /Applications/Xcode-16.3.0.app/Contents/Developer/Toolchains/XcodeDefault.xctoolchain/usr/bin/swiftc -module-name KinKitCore -Onone -enforce-exclusivity\=checked @/Users/admin/builder/spi-builder-workspace/.derivedData/Build/Intermediates.noindex/KinKit.build/Debug-appletvos/KinKitCore.build/Objects-normal/arm64/KinKitCore.SwiftFileList -DSWIFT_PACKAGE -DDEBUG -stats-output-dir .stats -strict-concurrency\=complete -enable-upcoming-feature StrictConcurrency -enable-upcoming-feature DisableOutwardActorInference -enable-upcoming-feature GlobalActorIsolatedTypesUsability -enable-upcoming-feature InferSendableFromCaptures -plugin-path /Applications/Xcode-16.3.0.app/Contents/Developer/Toolchains/XcodeDefault.xctoolchain/usr/lib/swift/host/plugins/testing -enable-experimental-feature DebugDescriptionMacro -sdk /Applications/Xcode-16.3.0.app/Contents/Developer/Platforms/AppleTVOS.platform/Developer/SDKs/AppleTVOS18.4.sdk -target arm64-apple-tvos13.0 -g -module-cache-path /Users/admin/builder/spi-builder-workspace/.derivedData/ModuleCache.noindex -Xfrontend -serialize-debugging-options -profile-coverage-mapping -profile-generate -enable-testing -suppress-warnings -index-store-path /Users/admin/builder/spi-builder-workspace/.derivedData/Index.noindex/DataStore -swift-version 6 -I /Users/admin/builder/spi-builder-workspace/.derivedData/Build/Products/Debug-appletvos -I /Applications/Xcode-16.3.0.app/Contents/Developer/Platforms/AppleTVOS.platform/Developer/usr/lib -F /Users/admin/builder/spi-builder-workspace/.derivedData/Build/Products/Debug-appletvos -F /Applications/Xcode-16.3.0.app/Contents/Developer/Platforms/AppleTVOS.platform/Developer/Library/Frameworks -F /Applications/Xcode-16.3.0.app/Contents/Developer/Platforms/AppleTVOS.platform/Developer/SDKs/AppleTVOS18.4.sdk/Developer/Library/Frameworks -c -j10 -enable-batch-mode -incremental -Xcc -ivfsstatcache -Xcc /Users/admin/builder/spi-builder-workspace/.derivedData/SDKStatCaches.noindex/appletvos18.4-22L251-271d326055c85f9856fa135c41255102.sdkstatcache -output-file-map /Users/admin/builder/spi-builder-workspace/.derivedData/Build/Intermediates.noindex/KinKit.build/Debug-appletvos/KinKitCore.build/Objects-normal/arm64/KinKitCore-OutputFileMap.json -use-frontend-parseable-output -save-temps -no-color-diagnostics -serialize-diagnostics -emit-dependencies -emit-module -emit-module-path /Users/admin/builder/spi-builder-workspace/.derivedData/Build/Intermediates.noindex/KinKit.build/Debug-appletvos/KinKitCore.build/Objects-normal/arm64/KinKitCore.swiftmodule -user-module-version 1.0.5 -validate-clang-modules-once -clang-build-session-file /Users/admin/builder/spi-builder-workspace/.derivedData/ModuleCache.noindex/Session.modulevalidation -package-name kinkit -Xcc -I/Users/admin/builder/spi-builder-workspace/.derivedData/Build/Intermediates.noindex/KinKit.build/Debug-appletvos/KinKitCore.build/swift-overrides.hmap -emit-const-values -Xfrontend -const-gather-protocols-file -Xfrontend /Users/admin/builder/spi-builder-workspace/.derivedData/Build/Intermediates.noindex/KinKit.build/Debug-appletvos/KinKitCore.build/Objects-normal/arm64/KinKitCore_const_extract_protocols.json -Xcc -I/Users/admin/builder/spi-builder-workspace/.derivedData/Build/Products/Debug-appletvos/include -Xcc -I/Users/admin/builder/spi-builder-workspace/.derivedData/Build/Intermediates.noindex/KinKit.build/Debug-appletvos/KinKitCore.build/DerivedSources-normal/arm64 -Xcc -I/Users/admin/builder/spi-builder-workspace/.derivedData/Build/Intermediates.noindex/KinKit.build/Debug-appletvos/KinKitCore.build/DerivedSources/arm64 -Xcc -I/Users/admin/builder/spi-builder-workspace/.derivedData/Build/Intermediates.noindex/KinKit.build/Debug-appletvos/KinKitCore.build/DerivedSources -Xcc -DSWIFT_PACKAGE -Xcc -DDEBUG\=1 -emit-objc-header -emit-objc-header-path /Users/admin/builder/spi-builder-workspace/.derivedData/Build/Intermediates.noindex/KinKit.build/Debug-appletvos/KinKitCore.build/Objects-normal/arm64/KinKitCore-Swift.h -working-directory /Users/admin/builder/spi-builder-workspace/.swiftpm/xcode -experimental-emit-module-separately -disable-cmo
SwiftCompile normal arm64 Compiling\ DateExtension.swift,\ DecimalExtension.swift /Users/admin/builder/spi-builder-workspace/.dependencies/checkouts/KinKit/Sources/KinKitCore/DateExtension.swift /Users/admin/builder/spi-builder-workspace/.dependencies/checkouts/KinKit/Sources/KinKitCore/DecimalExtension.swift (in target 'KinKitCore' from project 'KinKit')
SwiftCompile normal arm64 /Users/admin/builder/spi-builder-workspace/.dependencies/checkouts/KinKit/Sources/KinKitCore/DateExtension.swift (in target 'KinKitCore' from project 'KinKit')
cd /Users/admin/builder/spi-builder-workspace/.swiftpm/xcode
SwiftCompile normal arm64 /Users/admin/builder/spi-builder-workspace/.dependencies/checkouts/KinKit/Sources/KinKitCore/DecimalExtension.swift (in target 'KinKitCore' from project 'KinKit')
cd /Users/admin/builder/spi-builder-workspace/.swiftpm/xcode
<unknown>:0: warning: upcoming feature 'InferSendableFromCaptures' is already enabled as of Swift version 6
<unknown>:0: warning: upcoming feature 'GlobalActorIsolatedTypesUsability' is already enabled as of Swift version 6
<unknown>:0: warning: upcoming feature 'DisableOutwardActorInference' is already enabled as of Swift version 6
SwiftEmitModule normal arm64 Emitting\ module\ for\ KinKitCore (in target 'KinKitCore' from project 'KinKit')
<unknown>:0: warning: upcoming feature 'InferSendableFromCaptures' is already enabled as of Swift version 6
<unknown>:0: warning: upcoming feature 'GlobalActorIsolatedTypesUsability' is already enabled as of Swift version 6
<unknown>:0: warning: upcoming feature 'DisableOutwardActorInference' is already enabled as of Swift version 6
EmitSwiftModule normal arm64 (in target 'KinKitCore' from project 'KinKit')
cd /Users/admin/builder/spi-builder-workspace/.swiftpm/xcode
SwiftCompile normal arm64 Compiling\ URLSessionExtension.swift /Users/admin/builder/spi-builder-workspace/.dependencies/checkouts/KinKit/Sources/KinKitCore/URLSessionExtension.swift (in target 'KinKitCore' from project 'KinKit')
<unknown>:0: warning: upcoming feature 'InferSendableFromCaptures' is already enabled as of Swift version 6
<unknown>:0: warning: upcoming feature 'GlobalActorIsolatedTypesUsability' is already enabled as of Swift version 6
<unknown>:0: warning: upcoming feature 'DisableOutwardActorInference' is already enabled as of Swift version 6
SwiftCompile normal arm64 /Users/admin/builder/spi-builder-workspace/.dependencies/checkouts/KinKit/Sources/KinKitCore/URLSessionExtension.swift (in target 'KinKitCore' from project 'KinKit')
cd /Users/admin/builder/spi-builder-workspace/.swiftpm/xcode
SwiftCompile normal arm64 Compiling\ DictionaryExtension.swift,\ DoubleExtension.swift /Users/admin/builder/spi-builder-workspace/.dependencies/checkouts/KinKit/Sources/KinKitCore/DictionaryExtension.swift /Users/admin/builder/spi-builder-workspace/.dependencies/checkouts/KinKit/Sources/KinKitCore/DoubleExtension.swift (in target 'KinKitCore' from project 'KinKit')
<unknown>:0: warning: upcoming feature 'InferSendableFromCaptures' is already enabled as of Swift version 6
<unknown>:0: warning: upcoming feature 'GlobalActorIsolatedTypesUsability' is already enabled as of Swift version 6
<unknown>:0: warning: upcoming feature 'DisableOutwardActorInference' is already enabled as of Swift version 6
SwiftCompile normal arm64 /Users/admin/builder/spi-builder-workspace/.dependencies/checkouts/KinKit/Sources/KinKitCore/DictionaryExtension.swift (in target 'KinKitCore' from project 'KinKit')
cd /Users/admin/builder/spi-builder-workspace/.swiftpm/xcode
SwiftCompile normal arm64 /Users/admin/builder/spi-builder-workspace/.dependencies/checkouts/KinKit/Sources/KinKitCore/DoubleExtension.swift (in target 'KinKitCore' from project 'KinKit')
cd /Users/admin/builder/spi-builder-workspace/.swiftpm/xcode
SwiftCompile normal arm64 Compiling\ URLRequestExtension.swift /Users/admin/builder/spi-builder-workspace/.dependencies/checkouts/KinKit/Sources/KinKitCore/URLRequestExtension.swift (in target 'KinKitCore' from project 'KinKit')
<unknown>:0: warning: upcoming feature 'InferSendableFromCaptures' is already enabled as of Swift version 6
<unknown>:0: warning: upcoming feature 'GlobalActorIsolatedTypesUsability' is already enabled as of Swift version 6
<unknown>:0: warning: upcoming feature 'DisableOutwardActorInference' is already enabled as of Swift version 6
SwiftCompile normal arm64 /Users/admin/builder/spi-builder-workspace/.dependencies/checkouts/KinKit/Sources/KinKitCore/URLRequestExtension.swift (in target 'KinKitCore' from project 'KinKit')
cd /Users/admin/builder/spi-builder-workspace/.swiftpm/xcode
SwiftCompile normal arm64 Compiling\ EncodableExtension.swift,\ FloatExtension.swift /Users/admin/builder/spi-builder-workspace/.dependencies/checkouts/KinKit/Sources/KinKitCore/EncodableExtension.swift /Users/admin/builder/spi-builder-workspace/.dependencies/checkouts/KinKit/Sources/KinKitCore/FloatExtension.swift (in target 'KinKitCore' from project 'KinKit')
<unknown>:0: warning: upcoming feature 'InferSendableFromCaptures' is already enabled as of Swift version 6
<unknown>:0: warning: upcoming feature 'GlobalActorIsolatedTypesUsability' is already enabled as of Swift version 6
<unknown>:0: warning: upcoming feature 'DisableOutwardActorInference' is already enabled as of Swift version 6
SwiftCompile normal arm64 /Users/admin/builder/spi-builder-workspace/.dependencies/checkouts/KinKit/Sources/KinKitCore/EncodableExtension.swift (in target 'KinKitCore' from project 'KinKit')
cd /Users/admin/builder/spi-builder-workspace/.swiftpm/xcode
SwiftCompile normal arm64 /Users/admin/builder/spi-builder-workspace/.dependencies/checkouts/KinKit/Sources/KinKitCore/FloatExtension.swift (in target 'KinKitCore' from project 'KinKit')
cd /Users/admin/builder/spi-builder-workspace/.swiftpm/xcode
SwiftCompile normal arm64 Compiling\ IntExtension.swift,\ ProcessState.swift /Users/admin/builder/spi-builder-workspace/.dependencies/checkouts/KinKit/Sources/KinKitCore/IntExtension.swift /Users/admin/builder/spi-builder-workspace/.dependencies/checkouts/KinKit/Sources/KinKitCore/ProcessState.swift (in target 'KinKitCore' from project 'KinKit')
SwiftCompile normal arm64 /Users/admin/builder/spi-builder-workspace/.dependencies/checkouts/KinKit/Sources/KinKitCore/IntExtension.swift (in target 'KinKitCore' from project 'KinKit')
cd /Users/admin/builder/spi-builder-workspace/.swiftpm/xcode
SwiftCompile normal arm64 /Users/admin/builder/spi-builder-workspace/.dependencies/checkouts/KinKit/Sources/KinKitCore/ProcessState.swift (in target 'KinKitCore' from project 'KinKit')
cd /Users/admin/builder/spi-builder-workspace/.swiftpm/xcode
<unknown>:0: warning: upcoming feature 'InferSendableFromCaptures' is already enabled as of Swift version 6
<unknown>:0: warning: upcoming feature 'GlobalActorIsolatedTypesUsability' is already enabled as of Swift version 6
<unknown>:0: warning: upcoming feature 'DisableOutwardActorInference' is already enabled as of Swift version 6
SwiftCompile normal arm64 Compiling\ StringExtension.swift /Users/admin/builder/spi-builder-workspace/.dependencies/checkouts/KinKit/Sources/KinKitCore/StringExtension.swift (in target 'KinKitCore' from project 'KinKit')
<unknown>:0: warning: upcoming feature 'InferSendableFromCaptures' is already enabled as of Swift version 6
<unknown>:0: warning: upcoming feature 'GlobalActorIsolatedTypesUsability' is already enabled as of Swift version 6
<unknown>:0: warning: upcoming feature 'DisableOutwardActorInference' is already enabled as of Swift version 6
SwiftCompile normal arm64 /Users/admin/builder/spi-builder-workspace/.dependencies/checkouts/KinKit/Sources/KinKitCore/StringExtension.swift (in target 'KinKitCore' from project 'KinKit')
cd /Users/admin/builder/spi-builder-workspace/.swiftpm/xcode
SwiftCompile normal arm64 Compiling\ CLLocationCoordinate2dExtension.swift,\ DataExtension.swift /Users/admin/builder/spi-builder-workspace/.dependencies/checkouts/KinKit/Sources/KinKitCore/CLLocationCoordinate2dExtension.swift /Users/admin/builder/spi-builder-workspace/.dependencies/checkouts/KinKit/Sources/KinKitCore/DataExtension.swift (in target 'KinKitCore' from project 'KinKit')
<unknown>:0: warning: upcoming feature 'InferSendableFromCaptures' is already enabled as of Swift version 6
<unknown>:0: warning: upcoming feature 'GlobalActorIsolatedTypesUsability' is already enabled as of Swift version 6
<unknown>:0: warning: upcoming feature 'DisableOutwardActorInference' is already enabled as of Swift version 6
SwiftCompile normal arm64 /Users/admin/builder/spi-builder-workspace/.dependencies/checkouts/KinKit/Sources/KinKitCore/CLLocationCoordinate2dExtension.swift (in target 'KinKitCore' from project 'KinKit')
cd /Users/admin/builder/spi-builder-workspace/.swiftpm/xcode
SwiftCompile normal arm64 /Users/admin/builder/spi-builder-workspace/.dependencies/checkouts/KinKit/Sources/KinKitCore/DataExtension.swift (in target 'KinKitCore' from project 'KinKit')
cd /Users/admin/builder/spi-builder-workspace/.swiftpm/xcode
SwiftCompile normal arm64 Compiling\ Util.swift /Users/admin/builder/spi-builder-workspace/.dependencies/checkouts/KinKit/Sources/KinKitCore/Util.swift (in target 'KinKitCore' from project 'KinKit')
<unknown>:0: warning: upcoming feature 'InferSendableFromCaptures' is already enabled as of Swift version 6
<unknown>:0: warning: upcoming feature 'GlobalActorIsolatedTypesUsability' is already enabled as of Swift version 6
<unknown>:0: warning: upcoming feature 'DisableOutwardActorInference' is already enabled as of Swift version 6
Failed frontend command:
/Applications/Xcode-16.3.0.app/Contents/Developer/Toolchains/XcodeDefault.xctoolchain/usr/bin/swift-frontend -frontend -c /Users/admin/builder/spi-builder-workspace/.dependencies/checkouts/KinKit/Sources/KinKitCore/CLLocationCoordinate2dExtension.swift /Users/admin/builder/spi-builder-workspace/.dependencies/checkouts/KinKit/Sources/KinKitCore/DataExtension.swift /Users/admin/builder/spi-builder-workspace/.dependencies/checkouts/KinKit/Sources/KinKitCore/DateExtension.swift /Users/admin/builder/spi-builder-workspace/.dependencies/checkouts/KinKit/Sources/KinKitCore/DecimalExtension.swift /Users/admin/builder/spi-builder-workspace/.dependencies/checkouts/KinKit/Sources/KinKitCore/DictionaryExtension.swift /Users/admin/builder/spi-builder-workspace/.dependencies/checkouts/KinKit/Sources/KinKitCore/DoubleExtension.swift /Users/admin/builder/spi-builder-workspace/.dependencies/checkouts/KinKit/Sources/KinKitCore/EncodableExtension.swift /Users/admin/builder/spi-builder-workspace/.dependencies/checkouts/KinKit/Sources/KinKitCore/FloatExtension.swift /Users/admin/builder/spi-builder-workspace/.dependencies/checkouts/KinKit/Sources/KinKitCore/IntExtension.swift /Users/admin/builder/spi-builder-workspace/.dependencies/checkouts/KinKit/Sources/KinKitCore/ProcessState.swift /Users/admin/builder/spi-builder-workspace/.dependencies/checkouts/KinKit/Sources/KinKitCore/SequenceExtension.swift /Users/admin/builder/spi-builder-workspace/.dependencies/checkouts/KinKit/Sources/KinKitCore/Shared.swift /Users/admin/builder/spi-builder-workspace/.dependencies/checkouts/KinKit/Sources/KinKitCore/StringExtension.swift /Users/admin/builder/spi-builder-workspace/.dependencies/checkouts/KinKit/Sources/KinKitCore/URLRequestExtension.swift /Users/admin/builder/spi-builder-workspace/.dependencies/checkouts/KinKit/Sources/KinKitCore/URLSessionExtension.swift -primary-file /Users/admin/builder/spi-builder-workspace/.dependencies/checkouts/KinKit/Sources/KinKitCore/Util.swift -emit-dependencies-path /Users/admin/builder/spi-builder-workspace/.derivedData/Build/Intermediates.noindex/KinKit.build/Debug-appletvos/KinKitCore.build/Objects-normal/arm64/Util.d -emit-const-values-path /Users/admin/builder/spi-builder-workspace/.derivedData/Build/Intermediates.noindex/KinKit.build/Debug-appletvos/KinKitCore.build/Objects-normal/arm64/Util.swiftconstvalues -emit-reference-dependencies-path /Users/admin/builder/spi-builder-workspace/.derivedData/Build/Intermediates.noindex/KinKit.build/Debug-appletvos/KinKitCore.build/Objects-normal/arm64/Util.swiftdeps -serialize-diagnostics-path /Users/admin/builder/spi-builder-workspace/.derivedData/Build/Intermediates.noindex/KinKit.build/Debug-appletvos/KinKitCore.build/Objects-normal/arm64/Util.dia -target arm64-apple-tvos13.0 -Xllvm -aarch64-use-tbi -enable-objc-interop -stack-check -sdk /Applications/Xcode-16.3.0.app/Contents/Developer/Platforms/AppleTVOS.platform/Developer/SDKs/AppleTVOS18.4.sdk -I /Users/admin/builder/spi-builder-workspace/.derivedData/Build/Products/Debug-appletvos -I /Applications/Xcode-16.3.0.app/Contents/Developer/Platforms/AppleTVOS.platform/Developer/usr/lib -F /Users/admin/builder/spi-builder-workspace/.derivedData/Build/Products/Debug-appletvos -F /Applications/Xcode-16.3.0.app/Contents/Developer/Platforms/AppleTVOS.platform/Developer/Library/Frameworks -F /Applications/Xcode-16.3.0.app/Contents/Developer/Platforms/AppleTVOS.platform/Developer/SDKs/AppleTVOS18.4.sdk/Developer/Library/Frameworks -no-color-diagnostics -enable-testing -g -debug-info-format\=dwarf -dwarf-version\=4 -module-cache-path /Users/admin/builder/spi-builder-workspace/.derivedData/ModuleCache.noindex -suppress-warnings -profile-generate -profile-coverage-mapping -swift-version 6 -enforce-exclusivity\=checked -stats-output-dir /Users/admin/builder/spi-builder-workspace/.swiftpm/xcode/.stats -Onone -D SWIFT_PACKAGE -D DEBUG -serialize-debugging-options -const-gather-protocols-file /Users/admin/builder/spi-builder-workspace/.derivedData/Build/Intermediates.noindex/KinKit.build/Debug-appletvos/KinKitCore.build/Objects-normal/arm64/KinKitCore_const_extract_protocols.json -enable-upcoming-feature StrictConcurrency -enable-upcoming-feature DisableOutwardActorInference -enable-upcoming-feature GlobalActorIsolatedTypesUsability -enable-upcoming-feature InferSendableFromCaptures -enable-experimental-feature DebugDescriptionMacro -strict-concurrency\=complete -empty-abi-descriptor -plugin-path /Applications/Xcode-16.3.0.app/Contents/Developer/Toolchains/XcodeDefault.xctoolchain/usr/lib/swift/host/plugins/testing -user-module-version 1.0.5 -validate-clang-modules-once -clang-build-session-file /Users/admin/builder/spi-builder-workspace/.derivedData/ModuleCache.noindex/Session.modulevalidation -Xcc -working-directory -Xcc /Users/admin/builder/spi-builder-workspace/.swiftpm/xcode -resource-dir /Applications/Xcode-16.3.0.app/Contents/Developer/Toolchains/XcodeDefault.xctoolchain/usr/lib/swift -enable-anonymous-context-mangled-names -file-compilation-dir /Users/admin/builder/spi-builder-workspace/.swiftpm/xcode -Xcc -ivfsstatcache -Xcc /Users/admin/builder/spi-builder-workspace/.derivedData/SDKStatCaches.noindex/appletvos18.4-22L251-271d326055c85f9856fa135c41255102.sdkstatcache -Xcc -I/Users/admin/builder/spi-builder-workspace/.derivedData/Build/Intermediates.noindex/KinKit.build/Debug-appletvos/KinKitCore.build/swift-overrides.hmap -Xcc -I/Users/admin/builder/spi-builder-workspace/.derivedData/Build/Products/Debug-appletvos/include -Xcc -I/Users/admin/builder/spi-builder-workspace/.derivedData/Build/Intermediates.noindex/KinKit.build/Debug-appletvos/KinKitCore.build/DerivedSources-normal/arm64 -Xcc -I/Users/admin/builder/spi-builder-workspace/.derivedData/Build/Intermediates.noindex/KinKit.build/Debug-appletvos/KinKitCore.build/DerivedSources/arm64 -Xcc -I/Users/admin/builder/spi-builder-workspace/.derivedData/Build/Intermediates.noindex/KinKit.build/Debug-appletvos/KinKitCore.build/DerivedSources -Xcc -DSWIFT_PACKAGE -Xcc -DDEBUG\=1 -module-name KinKitCore -package-name kinkit -frontend-parseable-output -disable-clang-spi -target-sdk-version 18.4 -target-sdk-name appletvos18.4 -external-plugin-path /Applications/Xcode-16.3.0.app/Contents/Developer/Platforms/AppleTVOS.platform/Developer/usr/lib/swift/host/plugins\#/Applications/Xcode-16.3.0.app/Contents/Developer/Platforms/AppleTVOS.platform/Developer/usr/bin/swift-plugin-server -external-plugin-path /Applications/Xcode-16.3.0.app/Contents/Developer/Platforms/AppleTVOS.platform/Developer/usr/local/lib/swift/host/plugins\#/Applications/Xcode-16.3.0.app/Contents/Developer/Platforms/AppleTVOS.platform/Developer/usr/bin/swift-plugin-server -in-process-plugin-server-path /Applications/Xcode-16.3.0.app/Contents/Developer/Toolchains/XcodeDefault.xctoolchain/usr/lib/swift/host/libSwiftInProcPluginServer.dylib -plugin-path /Applications/Xcode-16.3.0.app/Contents/Developer/Toolchains/XcodeDefault.xctoolchain/usr/lib/swift/host/plugins -plugin-path /Applications/Xcode-16.3.0.app/Contents/Developer/Toolchains/XcodeDefault.xctoolchain/usr/local/lib/swift/host/plugins -o /Users/admin/builder/spi-builder-workspace/.derivedData/Build/Intermediates.noindex/KinKit.build/Debug-appletvos/KinKitCore.build/Objects-normal/arm64/Util.o -index-unit-output-path /KinKit.build/Debug-appletvos/KinKitCore.build/Objects-normal/arm64/Util.o -index-store-path /Users/admin/builder/spi-builder-workspace/.derivedData/Index.noindex/DataStore -index-system-modules
SwiftCompile normal arm64 /Users/admin/builder/spi-builder-workspace/.dependencies/checkouts/KinKit/Sources/KinKitCore/Util.swift (in target 'KinKitCore' from project 'KinKit')
cd /Users/admin/builder/spi-builder-workspace/.swiftpm/xcode
/Users/admin/builder/spi-builder-workspace/.dependencies/checkouts/KinKit/Sources/KinKitCore/Util.swift:24:12: error: cannot find 'UIDevice' in scope
return UIDevice.current.name
^~~~~~~~
SwiftCompile normal arm64 Compiling\ SequenceExtension.swift,\ Shared.swift /Users/admin/builder/spi-builder-workspace/.dependencies/checkouts/KinKit/Sources/KinKitCore/SequenceExtension.swift /Users/admin/builder/spi-builder-workspace/.dependencies/checkouts/KinKit/Sources/KinKitCore/Shared.swift (in target 'KinKitCore' from project 'KinKit')
<unknown>:0: warning: upcoming feature 'InferSendableFromCaptures' is already enabled as of Swift version 6
<unknown>:0: warning: upcoming feature 'GlobalActorIsolatedTypesUsability' is already enabled as of Swift version 6
<unknown>:0: warning: upcoming feature 'DisableOutwardActorInference' is already enabled as of Swift version 6
SwiftCompile normal arm64 /Users/admin/builder/spi-builder-workspace/.dependencies/checkouts/KinKit/Sources/KinKitCore/SequenceExtension.swift (in target 'KinKitCore' from project 'KinKit')
cd /Users/admin/builder/spi-builder-workspace/.swiftpm/xcode
SwiftCompile normal arm64 /Users/admin/builder/spi-builder-workspace/.dependencies/checkouts/KinKit/Sources/KinKitCore/Shared.swift (in target 'KinKitCore' from project 'KinKit')
cd /Users/admin/builder/spi-builder-workspace/.swiftpm/xcode
SwiftDriverJobDiscovery normal arm64 Emitting module for KinKitCore (in target 'KinKitCore' from project 'KinKit')
SwiftDriver\ Compilation\ Requirements KinKitCore normal arm64 com.apple.xcode.tools.swift.compiler (in target 'KinKitCore' from project 'KinKit')
cd /Users/admin/builder/spi-builder-workspace/.swiftpm/xcode
builtin-Swift-Compilation-Requirements -- /Applications/Xcode-16.3.0.app/Contents/Developer/Toolchains/XcodeDefault.xctoolchain/usr/bin/swiftc -module-name KinKitCore -Onone -enforce-exclusivity\=checked @/Users/admin/builder/spi-builder-workspace/.derivedData/Build/Intermediates.noindex/KinKit.build/Debug-appletvos/KinKitCore.build/Objects-normal/arm64/KinKitCore.SwiftFileList -DSWIFT_PACKAGE -DDEBUG -stats-output-dir .stats -strict-concurrency\=complete -enable-upcoming-feature StrictConcurrency -enable-upcoming-feature DisableOutwardActorInference -enable-upcoming-feature GlobalActorIsolatedTypesUsability -enable-upcoming-feature InferSendableFromCaptures -plugin-path /Applications/Xcode-16.3.0.app/Contents/Developer/Toolchains/XcodeDefault.xctoolchain/usr/lib/swift/host/plugins/testing -enable-experimental-feature DebugDescriptionMacro -sdk /Applications/Xcode-16.3.0.app/Contents/Developer/Platforms/AppleTVOS.platform/Developer/SDKs/AppleTVOS18.4.sdk -target arm64-apple-tvos13.0 -g -module-cache-path /Users/admin/builder/spi-builder-workspace/.derivedData/ModuleCache.noindex -Xfrontend -serialize-debugging-options -profile-coverage-mapping -profile-generate -enable-testing -suppress-warnings -index-store-path /Users/admin/builder/spi-builder-workspace/.derivedData/Index.noindex/DataStore -swift-version 6 -I /Users/admin/builder/spi-builder-workspace/.derivedData/Build/Products/Debug-appletvos -I /Applications/Xcode-16.3.0.app/Contents/Developer/Platforms/AppleTVOS.platform/Developer/usr/lib -F /Users/admin/builder/spi-builder-workspace/.derivedData/Build/Products/Debug-appletvos -F /Applications/Xcode-16.3.0.app/Contents/Developer/Platforms/AppleTVOS.platform/Developer/Library/Frameworks -F /Applications/Xcode-16.3.0.app/Contents/Developer/Platforms/AppleTVOS.platform/Developer/SDKs/AppleTVOS18.4.sdk/Developer/Library/Frameworks -c -j10 -enable-batch-mode -incremental -Xcc -ivfsstatcache -Xcc /Users/admin/builder/spi-builder-workspace/.derivedData/SDKStatCaches.noindex/appletvos18.4-22L251-271d326055c85f9856fa135c41255102.sdkstatcache -output-file-map /Users/admin/builder/spi-builder-workspace/.derivedData/Build/Intermediates.noindex/KinKit.build/Debug-appletvos/KinKitCore.build/Objects-normal/arm64/KinKitCore-OutputFileMap.json -use-frontend-parseable-output -save-temps -no-color-diagnostics -serialize-diagnostics -emit-dependencies -emit-module -emit-module-path /Users/admin/builder/spi-builder-workspace/.derivedData/Build/Intermediates.noindex/KinKit.build/Debug-appletvos/KinKitCore.build/Objects-normal/arm64/KinKitCore.swiftmodule -user-module-version 1.0.5 -validate-clang-modules-once -clang-build-session-file /Users/admin/builder/spi-builder-workspace/.derivedData/ModuleCache.noindex/Session.modulevalidation -package-name kinkit -Xcc -I/Users/admin/builder/spi-builder-workspace/.derivedData/Build/Intermediates.noindex/KinKit.build/Debug-appletvos/KinKitCore.build/swift-overrides.hmap -emit-const-values -Xfrontend -const-gather-protocols-file -Xfrontend /Users/admin/builder/spi-builder-workspace/.derivedData/Build/Intermediates.noindex/KinKit.build/Debug-appletvos/KinKitCore.build/Objects-normal/arm64/KinKitCore_const_extract_protocols.json -Xcc -I/Users/admin/builder/spi-builder-workspace/.derivedData/Build/Products/Debug-appletvos/include -Xcc -I/Users/admin/builder/spi-builder-workspace/.derivedData/Build/Intermediates.noindex/KinKit.build/Debug-appletvos/KinKitCore.build/DerivedSources-normal/arm64 -Xcc -I/Users/admin/builder/spi-builder-workspace/.derivedData/Build/Intermediates.noindex/KinKit.build/Debug-appletvos/KinKitCore.build/DerivedSources/arm64 -Xcc -I/Users/admin/builder/spi-builder-workspace/.derivedData/Build/Intermediates.noindex/KinKit.build/Debug-appletvos/KinKitCore.build/DerivedSources -Xcc -DSWIFT_PACKAGE -Xcc -DDEBUG\=1 -emit-objc-header -emit-objc-header-path /Users/admin/builder/spi-builder-workspace/.derivedData/Build/Intermediates.noindex/KinKit.build/Debug-appletvos/KinKitCore.build/Objects-normal/arm64/KinKitCore-Swift.h -working-directory /Users/admin/builder/spi-builder-workspace/.swiftpm/xcode -experimental-emit-module-separately -disable-cmo
SwiftDriverJobDiscovery normal arm64 Compiling URLRequestExtension.swift (in target 'KinKitCore' from project 'KinKit')
SwiftDriverJobDiscovery normal arm64 Compiling DictionaryExtension.swift, DoubleExtension.swift (in target 'KinKitCore' from project 'KinKit')
Copy /Users/admin/builder/spi-builder-workspace/.derivedData/Build/Products/Debug-appletvos/KinKitCore.swiftmodule/arm64-apple-tvos.swiftmodule /Users/admin/builder/spi-builder-workspace/.derivedData/Build/Intermediates.noindex/KinKit.build/Debug-appletvos/KinKitCore.build/Objects-normal/arm64/KinKitCore.swiftmodule (in target 'KinKitCore' from project 'KinKit')
cd /Users/admin/builder/spi-builder-workspace/.dependencies/checkouts/KinKit
builtin-copy -exclude .DS_Store -exclude CVS -exclude .svn -exclude .git -exclude .hg -resolve-src-symlinks -rename /Users/admin/builder/spi-builder-workspace/.derivedData/Build/Intermediates.noindex/KinKit.build/Debug-appletvos/KinKitCore.build/Objects-normal/arm64/KinKitCore.swiftmodule /Users/admin/builder/spi-builder-workspace/.derivedData/Build/Products/Debug-appletvos/KinKitCore.swiftmodule/arm64-apple-tvos.swiftmodule
SwiftMergeGeneratedHeaders /Users/admin/builder/spi-builder-workspace/.derivedData/Build/Intermediates.noindex/GeneratedModuleMaps-appletvos/KinKitCore-Swift.h /Users/admin/builder/spi-builder-workspace/.derivedData/Build/Intermediates.noindex/KinKit.build/Debug-appletvos/KinKitCore.build/Objects-normal/arm64/KinKitCore-Swift.h (in target 'KinKitCore' from project 'KinKit')
cd /Users/admin/builder/spi-builder-workspace/.dependencies/checkouts/KinKit
builtin-swiftHeaderTool -arch arm64 /Users/admin/builder/spi-builder-workspace/.derivedData/Build/Intermediates.noindex/KinKit.build/Debug-appletvos/KinKitCore.build/Objects-normal/arm64/KinKitCore-Swift.h -o /Users/admin/builder/spi-builder-workspace/.derivedData/Build/Intermediates.noindex/GeneratedModuleMaps-appletvos/KinKitCore-Swift.h
Copy /Users/admin/builder/spi-builder-workspace/.derivedData/Build/Products/Debug-appletvos/KinKitCore.swiftmodule/arm64-apple-tvos.swiftdoc /Users/admin/builder/spi-builder-workspace/.derivedData/Build/Intermediates.noindex/KinKit.build/Debug-appletvos/KinKitCore.build/Objects-normal/arm64/KinKitCore.swiftdoc (in target 'KinKitCore' from project 'KinKit')
cd /Users/admin/builder/spi-builder-workspace/.dependencies/checkouts/KinKit
builtin-copy -exclude .DS_Store -exclude CVS -exclude .svn -exclude .git -exclude .hg -resolve-src-symlinks -rename /Users/admin/builder/spi-builder-workspace/.derivedData/Build/Intermediates.noindex/KinKit.build/Debug-appletvos/KinKitCore.build/Objects-normal/arm64/KinKitCore.swiftdoc /Users/admin/builder/spi-builder-workspace/.derivedData/Build/Products/Debug-appletvos/KinKitCore.swiftmodule/arm64-apple-tvos.swiftdoc
Copy /Users/admin/builder/spi-builder-workspace/.derivedData/Build/Products/Debug-appletvos/KinKitCore.swiftmodule/arm64-apple-tvos.abi.json /Users/admin/builder/spi-builder-workspace/.derivedData/Build/Intermediates.noindex/KinKit.build/Debug-appletvos/KinKitCore.build/Objects-normal/arm64/KinKitCore.abi.json (in target 'KinKitCore' from project 'KinKit')
cd /Users/admin/builder/spi-builder-workspace/.dependencies/checkouts/KinKit
builtin-copy -exclude .DS_Store -exclude CVS -exclude .svn -exclude .git -exclude .hg -resolve-src-symlinks -rename /Users/admin/builder/spi-builder-workspace/.derivedData/Build/Intermediates.noindex/KinKit.build/Debug-appletvos/KinKitCore.build/Objects-normal/arm64/KinKitCore.abi.json /Users/admin/builder/spi-builder-workspace/.derivedData/Build/Products/Debug-appletvos/KinKitCore.swiftmodule/arm64-apple-tvos.abi.json
Copy /Users/admin/builder/spi-builder-workspace/.derivedData/Build/Products/Debug-appletvos/KinKitCore.swiftmodule/Project/arm64-apple-tvos.swiftsourceinfo /Users/admin/builder/spi-builder-workspace/.derivedData/Build/Intermediates.noindex/KinKit.build/Debug-appletvos/KinKitCore.build/Objects-normal/arm64/KinKitCore.swiftsourceinfo (in target 'KinKitCore' from project 'KinKit')
cd /Users/admin/builder/spi-builder-workspace/.dependencies/checkouts/KinKit
builtin-copy -exclude .DS_Store -exclude CVS -exclude .svn -exclude .git -exclude .hg -resolve-src-symlinks -rename /Users/admin/builder/spi-builder-workspace/.derivedData/Build/Intermediates.noindex/KinKit.build/Debug-appletvos/KinKitCore.build/Objects-normal/arm64/KinKitCore.swiftsourceinfo /Users/admin/builder/spi-builder-workspace/.derivedData/Build/Products/Debug-appletvos/KinKitCore.swiftmodule/Project/arm64-apple-tvos.swiftsourceinfo
SwiftDriverJobDiscovery normal arm64 Compiling StringExtension.swift (in target 'KinKitCore' from project 'KinKit')
SwiftDriverJobDiscovery normal arm64 Compiling URLSessionExtension.swift (in target 'KinKitCore' from project 'KinKit')
SwiftDriver KinKit normal arm64 com.apple.xcode.tools.swift.compiler (in target 'KinKit' from project 'KinKit')
cd /Users/admin/builder/spi-builder-workspace/.swiftpm/xcode
builtin-SwiftDriver -- /Applications/Xcode-16.3.0.app/Contents/Developer/Toolchains/XcodeDefault.xctoolchain/usr/bin/swiftc -module-name KinKit -Onone -enforce-exclusivity\=checked @/Users/admin/builder/spi-builder-workspace/.derivedData/Build/Intermediates.noindex/KinKit.build/Debug-appletvos/KinKit.build/Objects-normal/arm64/KinKit.SwiftFileList -DSWIFT_PACKAGE -DDEBUG -stats-output-dir .stats -strict-concurrency\=complete -enable-upcoming-feature StrictConcurrency -enable-upcoming-feature DisableOutwardActorInference -enable-upcoming-feature GlobalActorIsolatedTypesUsability -enable-upcoming-feature InferSendableFromCaptures -plugin-path /Applications/Xcode-16.3.0.app/Contents/Developer/Toolchains/XcodeDefault.xctoolchain/usr/lib/swift/host/plugins/testing -enable-experimental-feature DebugDescriptionMacro -sdk /Applications/Xcode-16.3.0.app/Contents/Developer/Platforms/AppleTVOS.platform/Developer/SDKs/AppleTVOS18.4.sdk -target arm64-apple-tvos13.0 -g -module-cache-path /Users/admin/builder/spi-builder-workspace/.derivedData/ModuleCache.noindex -Xfrontend -serialize-debugging-options -profile-coverage-mapping -profile-generate -enable-testing -suppress-warnings -index-store-path /Users/admin/builder/spi-builder-workspace/.derivedData/Index.noindex/DataStore -swift-version 6 -I /Users/admin/builder/spi-builder-workspace/.derivedData/Build/Products/Debug-appletvos -I /Applications/Xcode-16.3.0.app/Contents/Developer/Platforms/AppleTVOS.platform/Developer/usr/lib -F /Users/admin/builder/spi-builder-workspace/.derivedData/Build/Products/Debug-appletvos/PackageFrameworks -F /Users/admin/builder/spi-builder-workspace/.derivedData/Build/Products/Debug-appletvos -F /Applications/Xcode-16.3.0.app/Contents/Developer/Platforms/AppleTVOS.platform/Developer/Library/Frameworks -F /Applications/Xcode-16.3.0.app/Contents/Developer/Platforms/AppleTVOS.platform/Developer/SDKs/AppleTVOS18.4.sdk/Developer/Library/Frameworks -c -j10 -enable-batch-mode -incremental -Xcc -ivfsstatcache -Xcc /Users/admin/builder/spi-builder-workspace/.derivedData/SDKStatCaches.noindex/appletvos18.4-22L251-271d326055c85f9856fa135c41255102.sdkstatcache -output-file-map /Users/admin/builder/spi-builder-workspace/.derivedData/Build/Intermediates.noindex/KinKit.build/Debug-appletvos/KinKit.build/Objects-normal/arm64/KinKit-OutputFileMap.json -use-frontend-parseable-output -save-temps -no-color-diagnostics -serialize-diagnostics -emit-dependencies -emit-module -emit-module-path /Users/admin/builder/spi-builder-workspace/.derivedData/Build/Intermediates.noindex/KinKit.build/Debug-appletvos/KinKit.build/Objects-normal/arm64/KinKit.swiftmodule -user-module-version 1.0.5 -validate-clang-modules-once -clang-build-session-file /Users/admin/builder/spi-builder-workspace/.derivedData/ModuleCache.noindex/Session.modulevalidation -package-name kinkit -Xcc -I/Users/admin/builder/spi-builder-workspace/.derivedData/Build/Intermediates.noindex/KinKit.build/Debug-appletvos/KinKit.build/swift-overrides.hmap -emit-const-values -Xfrontend -const-gather-protocols-file -Xfrontend /Users/admin/builder/spi-builder-workspace/.derivedData/Build/Intermediates.noindex/KinKit.build/Debug-appletvos/KinKit.build/Objects-normal/arm64/KinKit_const_extract_protocols.json -Xcc -I/Users/admin/builder/spi-builder-workspace/.derivedData/Build/Products/Debug-appletvos/include -Xcc -I/Users/admin/builder/spi-builder-workspace/.derivedData/Build/Intermediates.noindex/KinKit.build/Debug-appletvos/KinKit.build/DerivedSources-normal/arm64 -Xcc -I/Users/admin/builder/spi-builder-workspace/.derivedData/Build/Intermediates.noindex/KinKit.build/Debug-appletvos/KinKit.build/DerivedSources/arm64 -Xcc -I/Users/admin/builder/spi-builder-workspace/.derivedData/Build/Intermediates.noindex/KinKit.build/Debug-appletvos/KinKit.build/DerivedSources -Xcc -DSWIFT_PACKAGE -Xcc -DDEBUG\=1 -emit-objc-header -emit-objc-header-path /Users/admin/builder/spi-builder-workspace/.derivedData/Build/Intermediates.noindex/KinKit.build/Debug-appletvos/KinKit.build/Objects-normal/arm64/KinKit-Swift.h -working-directory /Users/admin/builder/spi-builder-workspace/.swiftpm/xcode -experimental-emit-module-separately -disable-cmo
SwiftEmitModule normal arm64 Emitting\ module\ for\ KinKit (in target 'KinKit' from project 'KinKit')
<unknown>:0: warning: upcoming feature 'InferSendableFromCaptures' is already enabled as of Swift version 6
<unknown>:0: warning: upcoming feature 'GlobalActorIsolatedTypesUsability' is already enabled as of Swift version 6
<unknown>:0: warning: upcoming feature 'DisableOutwardActorInference' is already enabled as of Swift version 6
EmitSwiftModule normal arm64 (in target 'KinKit' from project 'KinKit')
cd /Users/admin/builder/spi-builder-workspace/.swiftpm/xcode
SwiftCompile normal arm64 Compiling\ UIKitExtension.swift /Users/admin/builder/spi-builder-workspace/.dependencies/checkouts/KinKit/Sources/KinKit/UIKitExtension.swift (in target 'KinKit' from project 'KinKit')
<unknown>:0: warning: upcoming feature 'InferSendableFromCaptures' is already enabled as of Swift version 6
<unknown>:0: warning: upcoming feature 'GlobalActorIsolatedTypesUsability' is already enabled as of Swift version 6
<unknown>:0: warning: upcoming feature 'DisableOutwardActorInference' is already enabled as of Swift version 6
SwiftCompile normal arm64 /Users/admin/builder/spi-builder-workspace/.dependencies/checkouts/KinKit/Sources/KinKit/UIKitExtension.swift (in target 'KinKit' from project 'KinKit')
cd /Users/admin/builder/spi-builder-workspace/.swiftpm/xcode
SwiftCompile normal arm64 Compiling\ StringExtension.swift /Users/admin/builder/spi-builder-workspace/.dependencies/checkouts/KinKit/Sources/KinKit/StringExtension.swift (in target 'KinKit' from project 'KinKit')
<unknown>:0: warning: upcoming feature 'InferSendableFromCaptures' is already enabled as of Swift version 6
<unknown>:0: warning: upcoming feature 'GlobalActorIsolatedTypesUsability' is already enabled as of Swift version 6
<unknown>:0: warning: upcoming feature 'DisableOutwardActorInference' is already enabled as of Swift version 6
SwiftCompile normal arm64 /Users/admin/builder/spi-builder-workspace/.dependencies/checkouts/KinKit/Sources/KinKit/StringExtension.swift (in target 'KinKit' from project 'KinKit')
cd /Users/admin/builder/spi-builder-workspace/.swiftpm/xcode
SwiftCompile normal arm64 Compiling\ KinKit.swift /Users/admin/builder/spi-builder-workspace/.dependencies/checkouts/KinKit/Sources/KinKit/KinKit.swift (in target 'KinKit' from project 'KinKit')
<unknown>:0: warning: upcoming feature 'InferSendableFromCaptures' is already enabled as of Swift version 6
<unknown>:0: warning: upcoming feature 'GlobalActorIsolatedTypesUsability' is already enabled as of Swift version 6
<unknown>:0: warning: upcoming feature 'DisableOutwardActorInference' is already enabled as of Swift version 6
SwiftCompile normal arm64 /Users/admin/builder/spi-builder-workspace/.dependencies/checkouts/KinKit/Sources/KinKit/KinKit.swift (in target 'KinKit' from project 'KinKit')
cd /Users/admin/builder/spi-builder-workspace/.swiftpm/xcode
SwiftCompile normal arm64 Compiling\ SwiftUIExtension.swift /Users/admin/builder/spi-builder-workspace/.dependencies/checkouts/KinKit/Sources/KinKit/SwiftUIExtension.swift (in target 'KinKit' from project 'KinKit')
<unknown>:0: warning: upcoming feature 'InferSendableFromCaptures' is already enabled as of Swift version 6
<unknown>:0: warning: upcoming feature 'GlobalActorIsolatedTypesUsability' is already enabled as of Swift version 6
<unknown>:0: warning: upcoming feature 'DisableOutwardActorInference' is already enabled as of Swift version 6
SwiftCompile normal arm64 /Users/admin/builder/spi-builder-workspace/.dependencies/checkouts/KinKit/Sources/KinKit/SwiftUIExtension.swift (in target 'KinKit' from project 'KinKit')
cd /Users/admin/builder/spi-builder-workspace/.swiftpm/xcode
SwiftDriverJobDiscovery normal arm64 Compiling EncodableExtension.swift, FloatExtension.swift (in target 'KinKitCore' from project 'KinKit')
SwiftDriverJobDiscovery normal arm64 Emitting module for KinKit (in target 'KinKit' from project 'KinKit')
SwiftDriver\ Compilation\ Requirements KinKit normal arm64 com.apple.xcode.tools.swift.compiler (in target 'KinKit' from project 'KinKit')
cd /Users/admin/builder/spi-builder-workspace/.swiftpm/xcode
builtin-Swift-Compilation-Requirements -- /Applications/Xcode-16.3.0.app/Contents/Developer/Toolchains/XcodeDefault.xctoolchain/usr/bin/swiftc -module-name KinKit -Onone -enforce-exclusivity\=checked @/Users/admin/builder/spi-builder-workspace/.derivedData/Build/Intermediates.noindex/KinKit.build/Debug-appletvos/KinKit.build/Objects-normal/arm64/KinKit.SwiftFileList -DSWIFT_PACKAGE -DDEBUG -stats-output-dir .stats -strict-concurrency\=complete -enable-upcoming-feature StrictConcurrency -enable-upcoming-feature DisableOutwardActorInference -enable-upcoming-feature GlobalActorIsolatedTypesUsability -enable-upcoming-feature InferSendableFromCaptures -plugin-path /Applications/Xcode-16.3.0.app/Contents/Developer/Toolchains/XcodeDefault.xctoolchain/usr/lib/swift/host/plugins/testing -enable-experimental-feature DebugDescriptionMacro -sdk /Applications/Xcode-16.3.0.app/Contents/Developer/Platforms/AppleTVOS.platform/Developer/SDKs/AppleTVOS18.4.sdk -target arm64-apple-tvos13.0 -g -module-cache-path /Users/admin/builder/spi-builder-workspace/.derivedData/ModuleCache.noindex -Xfrontend -serialize-debugging-options -profile-coverage-mapping -profile-generate -enable-testing -suppress-warnings -index-store-path /Users/admin/builder/spi-builder-workspace/.derivedData/Index.noindex/DataStore -swift-version 6 -I /Users/admin/builder/spi-builder-workspace/.derivedData/Build/Products/Debug-appletvos -I /Applications/Xcode-16.3.0.app/Contents/Developer/Platforms/AppleTVOS.platform/Developer/usr/lib -F /Users/admin/builder/spi-builder-workspace/.derivedData/Build/Products/Debug-appletvos/PackageFrameworks -F /Users/admin/builder/spi-builder-workspace/.derivedData/Build/Products/Debug-appletvos -F /Applications/Xcode-16.3.0.app/Contents/Developer/Platforms/AppleTVOS.platform/Developer/Library/Frameworks -F /Applications/Xcode-16.3.0.app/Contents/Developer/Platforms/AppleTVOS.platform/Developer/SDKs/AppleTVOS18.4.sdk/Developer/Library/Frameworks -c -j10 -enable-batch-mode -incremental -Xcc -ivfsstatcache -Xcc /Users/admin/builder/spi-builder-workspace/.derivedData/SDKStatCaches.noindex/appletvos18.4-22L251-271d326055c85f9856fa135c41255102.sdkstatcache -output-file-map /Users/admin/builder/spi-builder-workspace/.derivedData/Build/Intermediates.noindex/KinKit.build/Debug-appletvos/KinKit.build/Objects-normal/arm64/KinKit-OutputFileMap.json -use-frontend-parseable-output -save-temps -no-color-diagnostics -serialize-diagnostics -emit-dependencies -emit-module -emit-module-path /Users/admin/builder/spi-builder-workspace/.derivedData/Build/Intermediates.noindex/KinKit.build/Debug-appletvos/KinKit.build/Objects-normal/arm64/KinKit.swiftmodule -user-module-version 1.0.5 -validate-clang-modules-once -clang-build-session-file /Users/admin/builder/spi-builder-workspace/.derivedData/ModuleCache.noindex/Session.modulevalidation -package-name kinkit -Xcc -I/Users/admin/builder/spi-builder-workspace/.derivedData/Build/Intermediates.noindex/KinKit.build/Debug-appletvos/KinKit.build/swift-overrides.hmap -emit-const-values -Xfrontend -const-gather-protocols-file -Xfrontend /Users/admin/builder/spi-builder-workspace/.derivedData/Build/Intermediates.noindex/KinKit.build/Debug-appletvos/KinKit.build/Objects-normal/arm64/KinKit_const_extract_protocols.json -Xcc -I/Users/admin/builder/spi-builder-workspace/.derivedData/Build/Products/Debug-appletvos/include -Xcc -I/Users/admin/builder/spi-builder-workspace/.derivedData/Build/Intermediates.noindex/KinKit.build/Debug-appletvos/KinKit.build/DerivedSources-normal/arm64 -Xcc -I/Users/admin/builder/spi-builder-workspace/.derivedData/Build/Intermediates.noindex/KinKit.build/Debug-appletvos/KinKit.build/DerivedSources/arm64 -Xcc -I/Users/admin/builder/spi-builder-workspace/.derivedData/Build/Intermediates.noindex/KinKit.build/Debug-appletvos/KinKit.build/DerivedSources -Xcc -DSWIFT_PACKAGE -Xcc -DDEBUG\=1 -emit-objc-header -emit-objc-header-path /Users/admin/builder/spi-builder-workspace/.derivedData/Build/Intermediates.noindex/KinKit.build/Debug-appletvos/KinKit.build/Objects-normal/arm64/KinKit-Swift.h -working-directory /Users/admin/builder/spi-builder-workspace/.swiftpm/xcode -experimental-emit-module-separately -disable-cmo
SwiftMergeGeneratedHeaders /Users/admin/builder/spi-builder-workspace/.derivedData/Build/Intermediates.noindex/GeneratedModuleMaps-appletvos/KinKit-Swift.h /Users/admin/builder/spi-builder-workspace/.derivedData/Build/Intermediates.noindex/KinKit.build/Debug-appletvos/KinKit.build/Objects-normal/arm64/KinKit-Swift.h (in target 'KinKit' from project 'KinKit')
cd /Users/admin/builder/spi-builder-workspace/.dependencies/checkouts/KinKit
builtin-swiftHeaderTool -arch arm64 /Users/admin/builder/spi-builder-workspace/.derivedData/Build/Intermediates.noindex/KinKit.build/Debug-appletvos/KinKit.build/Objects-normal/arm64/KinKit-Swift.h -o /Users/admin/builder/spi-builder-workspace/.derivedData/Build/Intermediates.noindex/GeneratedModuleMaps-appletvos/KinKit-Swift.h
Copy /Users/admin/builder/spi-builder-workspace/.derivedData/Build/Products/Debug-appletvos/KinKit.swiftmodule/arm64-apple-tvos.swiftmodule /Users/admin/builder/spi-builder-workspace/.derivedData/Build/Intermediates.noindex/KinKit.build/Debug-appletvos/KinKit.build/Objects-normal/arm64/KinKit.swiftmodule (in target 'KinKit' from project 'KinKit')
cd /Users/admin/builder/spi-builder-workspace/.dependencies/checkouts/KinKit
builtin-copy -exclude .DS_Store -exclude CVS -exclude .svn -exclude .git -exclude .hg -resolve-src-symlinks -rename /Users/admin/builder/spi-builder-workspace/.derivedData/Build/Intermediates.noindex/KinKit.build/Debug-appletvos/KinKit.build/Objects-normal/arm64/KinKit.swiftmodule /Users/admin/builder/spi-builder-workspace/.derivedData/Build/Products/Debug-appletvos/KinKit.swiftmodule/arm64-apple-tvos.swiftmodule
Copy /Users/admin/builder/spi-builder-workspace/.derivedData/Build/Products/Debug-appletvos/KinKit.swiftmodule/arm64-apple-tvos.swiftdoc /Users/admin/builder/spi-builder-workspace/.derivedData/Build/Intermediates.noindex/KinKit.build/Debug-appletvos/KinKit.build/Objects-normal/arm64/KinKit.swiftdoc (in target 'KinKit' from project 'KinKit')
cd /Users/admin/builder/spi-builder-workspace/.dependencies/checkouts/KinKit
builtin-copy -exclude .DS_Store -exclude CVS -exclude .svn -exclude .git -exclude .hg -resolve-src-symlinks -rename /Users/admin/builder/spi-builder-workspace/.derivedData/Build/Intermediates.noindex/KinKit.build/Debug-appletvos/KinKit.build/Objects-normal/arm64/KinKit.swiftdoc /Users/admin/builder/spi-builder-workspace/.derivedData/Build/Products/Debug-appletvos/KinKit.swiftmodule/arm64-apple-tvos.swiftdoc
Copy /Users/admin/builder/spi-builder-workspace/.derivedData/Build/Products/Debug-appletvos/KinKit.swiftmodule/arm64-apple-tvos.abi.json /Users/admin/builder/spi-builder-workspace/.derivedData/Build/Intermediates.noindex/KinKit.build/Debug-appletvos/KinKit.build/Objects-normal/arm64/KinKit.abi.json (in target 'KinKit' from project 'KinKit')
cd /Users/admin/builder/spi-builder-workspace/.dependencies/checkouts/KinKit
builtin-copy -exclude .DS_Store -exclude CVS -exclude .svn -exclude .git -exclude .hg -resolve-src-symlinks -rename /Users/admin/builder/spi-builder-workspace/.derivedData/Build/Intermediates.noindex/KinKit.build/Debug-appletvos/KinKit.build/Objects-normal/arm64/KinKit.abi.json /Users/admin/builder/spi-builder-workspace/.derivedData/Build/Products/Debug-appletvos/KinKit.swiftmodule/arm64-apple-tvos.abi.json
Copy /Users/admin/builder/spi-builder-workspace/.derivedData/Build/Products/Debug-appletvos/KinKit.swiftmodule/Project/arm64-apple-tvos.swiftsourceinfo /Users/admin/builder/spi-builder-workspace/.derivedData/Build/Intermediates.noindex/KinKit.build/Debug-appletvos/KinKit.build/Objects-normal/arm64/KinKit.swiftsourceinfo (in target 'KinKit' from project 'KinKit')
cd /Users/admin/builder/spi-builder-workspace/.dependencies/checkouts/KinKit
builtin-copy -exclude .DS_Store -exclude CVS -exclude .svn -exclude .git -exclude .hg -resolve-src-symlinks -rename /Users/admin/builder/spi-builder-workspace/.derivedData/Build/Intermediates.noindex/KinKit.build/Debug-appletvos/KinKit.build/Objects-normal/arm64/KinKit.swiftsourceinfo /Users/admin/builder/spi-builder-workspace/.derivedData/Build/Products/Debug-appletvos/KinKit.swiftmodule/Project/arm64-apple-tvos.swiftsourceinfo
SwiftDriver FullyRESTful normal arm64 com.apple.xcode.tools.swift.compiler (in target 'FullyRESTful' from project 'FullyRESTful')
cd /Users/admin/builder/spi-builder-workspace/.swiftpm/xcode
builtin-SwiftDriver -- /Applications/Xcode-16.3.0.app/Contents/Developer/Toolchains/XcodeDefault.xctoolchain/usr/bin/swiftc -module-name FullyRESTful -Onone -enforce-exclusivity\=checked @/Users/admin/builder/spi-builder-workspace/.derivedData/Build/Intermediates.noindex/FullyRESTful.build/Debug-appletvos/FullyRESTful.build/Objects-normal/arm64/FullyRESTful.SwiftFileList -DSWIFT_PACKAGE -DDEBUG -stats-output-dir .stats -strict-concurrency\=complete -enable-upcoming-feature StrictConcurrency -enable-upcoming-feature DisableOutwardActorInference -enable-upcoming-feature GlobalActorIsolatedTypesUsability -enable-upcoming-feature InferSendableFromCaptures -plugin-path /Applications/Xcode-16.3.0.app/Contents/Developer/Toolchains/XcodeDefault.xctoolchain/usr/lib/swift/host/plugins/testing -enable-experimental-feature DebugDescriptionMacro -sdk /Applications/Xcode-16.3.0.app/Contents/Developer/Platforms/AppleTVOS.platform/Developer/SDKs/AppleTVOS18.4.sdk -target arm64-apple-tvos13.0 -g -module-cache-path /Users/admin/builder/spi-builder-workspace/.derivedData/ModuleCache.noindex -Xfrontend -serialize-debugging-options -profile-coverage-mapping -profile-generate -enable-testing -index-store-path /Users/admin/builder/spi-builder-workspace/.derivedData/Index.noindex/DataStore -swift-version 5 -I /Users/admin/builder/spi-builder-workspace/.derivedData/Build/Products/Debug-appletvos -I /Applications/Xcode-16.3.0.app/Contents/Developer/Platforms/AppleTVOS.platform/Developer/usr/lib -F /Users/admin/builder/spi-builder-workspace/.derivedData/Build/Products/Debug-appletvos/PackageFrameworks -F /Users/admin/builder/spi-builder-workspace/.derivedData/Build/Products/Debug-appletvos/PackageFrameworks -F /Users/admin/builder/spi-builder-workspace/.derivedData/Build/Products/Debug-appletvos -F /Applications/Xcode-16.3.0.app/Contents/Developer/Platforms/AppleTVOS.platform/Developer/Library/Frameworks -F /Applications/Xcode-16.3.0.app/Contents/Developer/Platforms/AppleTVOS.platform/Developer/SDKs/AppleTVOS18.4.sdk/Developer/Library/Frameworks -c -j10 -enable-batch-mode -incremental -Xcc -ivfsstatcache -Xcc /Users/admin/builder/spi-builder-workspace/.derivedData/SDKStatCaches.noindex/appletvos18.4-22L251-271d326055c85f9856fa135c41255102.sdkstatcache -output-file-map /Users/admin/builder/spi-builder-workspace/.derivedData/Build/Intermediates.noindex/FullyRESTful.build/Debug-appletvos/FullyRESTful.build/Objects-normal/arm64/FullyRESTful-OutputFileMap.json -use-frontend-parseable-output -save-temps -no-color-diagnostics -serialize-diagnostics -emit-dependencies -emit-module -emit-module-path /Users/admin/builder/spi-builder-workspace/.derivedData/Build/Intermediates.noindex/FullyRESTful.build/Debug-appletvos/FullyRESTful.build/Objects-normal/arm64/FullyRESTful.swiftmodule -validate-clang-modules-once -clang-build-session-file /Users/admin/builder/spi-builder-workspace/.derivedData/ModuleCache.noindex/Session.modulevalidation -package-name spi_builder_workspace -Xcc -I/Users/admin/builder/spi-builder-workspace/.derivedData/Build/Intermediates.noindex/FullyRESTful.build/Debug-appletvos/FullyRESTful.build/swift-overrides.hmap -emit-const-values -Xfrontend -const-gather-protocols-file -Xfrontend /Users/admin/builder/spi-builder-workspace/.derivedData/Build/Intermediates.noindex/FullyRESTful.build/Debug-appletvos/FullyRESTful.build/Objects-normal/arm64/FullyRESTful_const_extract_protocols.json -Xcc -I/Users/admin/builder/spi-builder-workspace/.derivedData/Build/Products/Debug-appletvos/include -Xcc -I/Users/admin/builder/spi-builder-workspace/.derivedData/Build/Intermediates.noindex/FullyRESTful.build/Debug-appletvos/FullyRESTful.build/DerivedSources-normal/arm64 -Xcc -I/Users/admin/builder/spi-builder-workspace/.derivedData/Build/Intermediates.noindex/FullyRESTful.build/Debug-appletvos/FullyRESTful.build/DerivedSources/arm64 -Xcc -I/Users/admin/builder/spi-builder-workspace/.derivedData/Build/Intermediates.noindex/FullyRESTful.build/Debug-appletvos/FullyRESTful.build/DerivedSources -Xcc -DSWIFT_PACKAGE -Xcc -DDEBUG\=1 -emit-objc-header -emit-objc-header-path /Users/admin/builder/spi-builder-workspace/.derivedData/Build/Intermediates.noindex/FullyRESTful.build/Debug-appletvos/FullyRESTful.build/Objects-normal/arm64/FullyRESTful-Swift.h -working-directory /Users/admin/builder/spi-builder-workspace/.swiftpm/xcode -experimental-emit-module-separately -disable-cmo
SwiftEmitModule normal arm64 Emitting\ module\ for\ FullyRESTful (in target 'FullyRESTful' from project 'FullyRESTful')
EmitSwiftModule normal arm64 (in target 'FullyRESTful' from project 'FullyRESTful')
cd /Users/admin/builder/spi-builder-workspace/.swiftpm/xcode
SwiftCompile normal arm64 Compiling\ extensions.swift /Users/admin/builder/spi-builder-workspace/Sources/FullyRESTful/extensions.swift (in target 'FullyRESTful' from project 'FullyRESTful')
SwiftDriverJobDiscovery normal arm64 Compiling KinKit.swift (in target 'KinKit' from project 'KinKit')
SwiftCompile normal arm64 Compiling\ ServerInfo.swift /Users/admin/builder/spi-builder-workspace/Sources/FullyRESTful/ServerInfo.swift (in target 'FullyRESTful' from project 'FullyRESTful')
SwiftDriverJobDiscovery normal arm64 Compiling DateExtension.swift, DecimalExtension.swift (in target 'KinKitCore' from project 'KinKit')
SwiftCompile normal arm64 Compiling\ WebSocketCombineBridge.swift /Users/admin/builder/spi-builder-workspace/Sources/FullyRESTful/WebSocketCombineBridge.swift (in target 'FullyRESTful' from project 'FullyRESTful')
SwiftDriverJobDiscovery normal arm64 Compiling SequenceExtension.swift, Shared.swift (in target 'KinKitCore' from project 'KinKit')
SwiftCompile normal arm64 Compiling\ FullyRESTful.swift /Users/admin/builder/spi-builder-workspace/Sources/FullyRESTful/FullyRESTful.swift (in target 'FullyRESTful' from project 'FullyRESTful')
SwiftDriverJobDiscovery normal arm64 Compiling CLLocationCoordinate2dExtension.swift, DataExtension.swift (in target 'KinKitCore' from project 'KinKit')
SwiftCompile normal arm64 Compiling\ Websocket.swift /Users/admin/builder/spi-builder-workspace/Sources/FullyRESTful/Websocket.swift (in target 'FullyRESTful' from project 'FullyRESTful')
Command SwiftCompile failed with a nonzero exit code
** BUILD FAILED **
The following build commands failed:
SwiftCompile normal arm64 Compiling\ Util.swift /Users/admin/builder/spi-builder-workspace/.dependencies/checkouts/KinKit/Sources/KinKitCore/Util.swift (in target 'KinKitCore' from project 'KinKit')
SwiftCompile normal arm64 /Users/admin/builder/spi-builder-workspace/.dependencies/checkouts/KinKit/Sources/KinKitCore/Util.swift (in target 'KinKitCore' from project 'KinKit')
SwiftCompile normal arm64 Compiling\ Websocket.swift /Users/admin/builder/spi-builder-workspace/Sources/FullyRESTful/Websocket.swift (in target 'FullyRESTful' from project 'FullyRESTful')
Building workspace spi-builder-workspace with scheme FullyRESTful
(4 failures)
Command line invocation:
/Applications/Xcode-16.3.0.app/Contents/Developer/usr/bin/xcodebuild -IDEClonedSourcePackagesDirPathOverride=/Users/admin/builder/spi-builder-workspace/.dependencies -resolvePackageDependencies
Resolve Package Graph
Resolved source packages:
FullyRESTful: /Users/admin/builder/spi-builder-workspace
KinKit: https://github.com/southkin/KinKit @ 1.0.5
resolved source packages: FullyRESTful, KinKit
{
"dependencies" : [
{
"identity" : "kinkit",
"requirement" : {
"range" : [
{
"lower_bound" : "1.0.0",
"upper_bound" : "2.0.0"
}
]
},
"type" : "sourceControl",
"url" : "https://github.com/southkin/KinKit"
}
],
"manifest_display_name" : "FullyRESTful",
"name" : "FullyRESTful",
"path" : "/Users/admin/builder/spi-builder-workspace",
"platforms" : [
{
"name" : "ios",
"version" : "13.0"
},
{
"name" : "macos",
"version" : "12.0"
}
],
"products" : [
{
"name" : "FullyRESTful",
"targets" : [
"FullyRESTful"
],
"type" : {
"library" : [
"automatic"
]
}
}
],
"targets" : [
{
"c99name" : "FullyRESTfulTests",
"module_type" : "SwiftTarget",
"name" : "FullyRESTfulTests",
"path" : "Tests/FullyRESTfulTests",
"sources" : [
"FullyRESTfulTests.swift"
],
"target_dependencies" : [
"FullyRESTful"
],
"type" : "test"
},
{
"c99name" : "FullyRESTful",
"module_type" : "SwiftTarget",
"name" : "FullyRESTful",
"path" : "Sources/FullyRESTful",
"product_dependencies" : [
"KinKit"
],
"product_memberships" : [
"FullyRESTful"
],
"sources" : [
"FullyRESTful.swift",
"ServerInfo.swift",
"WebSocketCombineBridge.swift",
"Websocket.swift",
"extensions.swift"
],
"type" : "library"
}
],
"tools_version" : "5.9"
}
{
"workspace" : {
"name" : "spi-builder-workspace",
"schemes" : [
"FullyRESTful",
"KinKit"
]
}
}
{
"workspace" : {
"name" : "spi-builder-workspace",
"schemes" : [
"FullyRESTful",
"KinKit"
]
}
}
Running build ...
env DEVELOPER_DIR=/Applications/Xcode-16.3.0.app xcrun xcodebuild -IDEClonedSourcePackagesDirPathOverride=$PWD/.dependencies -skipMacroValidation -skipPackagePluginValidation -derivedDataPath $PWD/.derivedData build -scheme FullyRESTful -destination generic/platform=tvOS
Command line invocation:
/Applications/Xcode-16.3.0.app/Contents/Developer/usr/bin/xcodebuild -IDEClonedSourcePackagesDirPathOverride=/Users/admin/builder/spi-builder-workspace/.dependencies -skipMacroValidation -skipPackagePluginValidation -derivedDataPath /Users/admin/builder/spi-builder-workspace/.derivedData build -scheme FullyRESTful -destination generic/platform=tvOS
Resolve Package Graph
Resolved source packages:
FullyRESTful: /Users/admin/builder/spi-builder-workspace
KinKit: https://github.com/southkin/KinKit @ 1.0.5
ComputePackagePrebuildTargetDependencyGraph
Prepare packages
CreateBuildRequest
SendProjectDescription
CreateBuildOperation
ComputeTargetDependencyGraph
note: Building targets in dependency order
note: Target dependency graph (5 targets)
Target 'FullyRESTful' in project 'FullyRESTful'
➜ Explicit dependency on target 'FullyRESTful' in project 'FullyRESTful'
➜ Explicit dependency on target 'KinKit' in project 'KinKit'
Target 'FullyRESTful' in project 'FullyRESTful'
➜ Explicit dependency on target 'KinKit' in project 'KinKit'
Target 'KinKit' in project 'KinKit'
➜ Explicit dependency on target 'KinKit' in project 'KinKit'
➜ Explicit dependency on target 'KinKitCore' in project 'KinKit'
Target 'KinKit' in project 'KinKit'
➜ Explicit dependency on target 'KinKitCore' in project 'KinKit'
Target 'KinKitCore' in project 'KinKit' (no dependencies)
GatherProvisioningInputs
CreateBuildDescription
ExecuteExternalTool /Applications/Xcode-16.3.0.app/Contents/Developer/Toolchains/XcodeDefault.xctoolchain/usr/bin/swiftc --version
ExecuteExternalTool /Applications/Xcode-16.3.0.app/Contents/Developer/Toolchains/XcodeDefault.xctoolchain/usr/bin/clang -v -E -dM -isysroot /Applications/Xcode-16.3.0.app/Contents/Developer/Platforms/AppleTVOS.platform/Developer/SDKs/AppleTVOS18.4.sdk -x c -c /dev/null
ExecuteExternalTool /Applications/Xcode-16.3.0.app/Contents/Developer/Toolchains/XcodeDefault.xctoolchain/usr/bin/ld -version_details
Build description signature: 5900cb1e2b50860554a2d6b3fbbbbc23
Build description path: /Users/admin/builder/spi-builder-workspace/.derivedData/Build/Intermediates.noindex/XCBuildData/5900cb1e2b50860554a2d6b3fbbbbc23.xcbuilddata
ClangStatCache /Applications/Xcode-16.3.0.app/Contents/Developer/Toolchains/XcodeDefault.xctoolchain/usr/bin/clang-stat-cache /Applications/Xcode-16.3.0.app/Contents/Developer/Platforms/AppleTVOS.platform/Developer/SDKs/AppleTVOS18.4.sdk /Users/admin/builder/spi-builder-workspace/.derivedData/SDKStatCaches.noindex/appletvos18.4-22L251-271d326055c85f9856fa135c41255102.sdkstatcache
cd /Users/admin/builder/spi-builder-workspace/.swiftpm/xcode
/Applications/Xcode-16.3.0.app/Contents/Developer/Toolchains/XcodeDefault.xctoolchain/usr/bin/clang-stat-cache /Applications/Xcode-16.3.0.app/Contents/Developer/Platforms/AppleTVOS.platform/Developer/SDKs/AppleTVOS18.4.sdk -o /Users/admin/builder/spi-builder-workspace/.derivedData/SDKStatCaches.noindex/appletvos18.4-22L251-271d326055c85f9856fa135c41255102.sdkstatcache
SwiftDriver KinKitCore normal arm64 com.apple.xcode.tools.swift.compiler (in target 'KinKitCore' from project 'KinKit')
cd /Users/admin/builder/spi-builder-workspace/.swiftpm/xcode
builtin-SwiftDriver -- /Applications/Xcode-16.3.0.app/Contents/Developer/Toolchains/XcodeDefault.xctoolchain/usr/bin/swiftc -module-name KinKitCore -Onone -enforce-exclusivity\=checked @/Users/admin/builder/spi-builder-workspace/.derivedData/Build/Intermediates.noindex/KinKit.build/Debug-appletvos/KinKitCore.build/Objects-normal/arm64/KinKitCore.SwiftFileList -DSWIFT_PACKAGE -DDEBUG -DXcode -plugin-path /Applications/Xcode-16.3.0.app/Contents/Developer/Toolchains/XcodeDefault.xctoolchain/usr/lib/swift/host/plugins/testing -enable-experimental-feature DebugDescriptionMacro -sdk /Applications/Xcode-16.3.0.app/Contents/Developer/Platforms/AppleTVOS.platform/Developer/SDKs/AppleTVOS18.4.sdk -target arm64-apple-tvos13.0 -g -module-cache-path /Users/admin/builder/spi-builder-workspace/.derivedData/ModuleCache.noindex -Xfrontend -serialize-debugging-options -profile-coverage-mapping -profile-generate -enable-testing -suppress-warnings -index-store-path /Users/admin/builder/spi-builder-workspace/.derivedData/Index.noindex/DataStore -swift-version 6 -I /Users/admin/builder/spi-builder-workspace/.derivedData/Build/Products/Debug-appletvos -I /Applications/Xcode-16.3.0.app/Contents/Developer/Platforms/AppleTVOS.platform/Developer/usr/lib -F /Users/admin/builder/spi-builder-workspace/.derivedData/Build/Products/Debug-appletvos -F /Applications/Xcode-16.3.0.app/Contents/Developer/Platforms/AppleTVOS.platform/Developer/Library/Frameworks -F /Applications/Xcode-16.3.0.app/Contents/Developer/Platforms/AppleTVOS.platform/Developer/SDKs/AppleTVOS18.4.sdk/Developer/Library/Frameworks -c -j10 -enable-batch-mode -incremental -Xcc -ivfsstatcache -Xcc /Users/admin/builder/spi-builder-workspace/.derivedData/SDKStatCaches.noindex/appletvos18.4-22L251-271d326055c85f9856fa135c41255102.sdkstatcache -output-file-map /Users/admin/builder/spi-builder-workspace/.derivedData/Build/Intermediates.noindex/KinKit.build/Debug-appletvos/KinKitCore.build/Objects-normal/arm64/KinKitCore-OutputFileMap.json -use-frontend-parseable-output -save-temps -no-color-diagnostics -serialize-diagnostics -emit-dependencies -emit-module -emit-module-path /Users/admin/builder/spi-builder-workspace/.derivedData/Build/Intermediates.noindex/KinKit.build/Debug-appletvos/KinKitCore.build/Objects-normal/arm64/KinKitCore.swiftmodule -user-module-version 1.0.5 -validate-clang-modules-once -clang-build-session-file /Users/admin/builder/spi-builder-workspace/.derivedData/ModuleCache.noindex/Session.modulevalidation -package-name kinkit -Xcc -I/Users/admin/builder/spi-builder-workspace/.derivedData/Build/Intermediates.noindex/KinKit.build/Debug-appletvos/KinKitCore.build/swift-overrides.hmap -emit-const-values -Xfrontend -const-gather-protocols-file -Xfrontend /Users/admin/builder/spi-builder-workspace/.derivedData/Build/Intermediates.noindex/KinKit.build/Debug-appletvos/KinKitCore.build/Objects-normal/arm64/KinKitCore_const_extract_protocols.json -Xcc -I/Users/admin/builder/spi-builder-workspace/.derivedData/Build/Products/Debug-appletvos/include -Xcc -I/Users/admin/builder/spi-builder-workspace/.derivedData/Build/Intermediates.noindex/KinKit.build/Debug-appletvos/KinKitCore.build/DerivedSources-normal/arm64 -Xcc -I/Users/admin/builder/spi-builder-workspace/.derivedData/Build/Intermediates.noindex/KinKit.build/Debug-appletvos/KinKitCore.build/DerivedSources/arm64 -Xcc -I/Users/admin/builder/spi-builder-workspace/.derivedData/Build/Intermediates.noindex/KinKit.build/Debug-appletvos/KinKitCore.build/DerivedSources -Xcc -DSWIFT_PACKAGE -Xcc -DDEBUG\=1 -emit-objc-header -emit-objc-header-path /Users/admin/builder/spi-builder-workspace/.derivedData/Build/Intermediates.noindex/KinKit.build/Debug-appletvos/KinKitCore.build/Objects-normal/arm64/KinKitCore-Swift.h -working-directory /Users/admin/builder/spi-builder-workspace/.swiftpm/xcode -experimental-emit-module-separately -disable-cmo
SwiftCompile normal arm64 Compiling\ SequenceExtension.swift,\ Shared.swift /Users/admin/builder/spi-builder-workspace/.dependencies/checkouts/KinKit/Sources/KinKitCore/SequenceExtension.swift /Users/admin/builder/spi-builder-workspace/.dependencies/checkouts/KinKit/Sources/KinKitCore/Shared.swift (in target 'KinKitCore' from project 'KinKit')
SwiftCompile normal arm64 /Users/admin/builder/spi-builder-workspace/.dependencies/checkouts/KinKit/Sources/KinKitCore/SequenceExtension.swift (in target 'KinKitCore' from project 'KinKit')
cd /Users/admin/builder/spi-builder-workspace/.swiftpm/xcode
SwiftCompile normal arm64 /Users/admin/builder/spi-builder-workspace/.dependencies/checkouts/KinKit/Sources/KinKitCore/Shared.swift (in target 'KinKitCore' from project 'KinKit')
cd /Users/admin/builder/spi-builder-workspace/.swiftpm/xcode
SwiftEmitModule normal arm64 Emitting\ module\ for\ KinKitCore (in target 'KinKitCore' from project 'KinKit')
EmitSwiftModule normal arm64 (in target 'KinKitCore' from project 'KinKit')
cd /Users/admin/builder/spi-builder-workspace/.swiftpm/xcode
SwiftCompile normal arm64 Compiling\ IntExtension.swift,\ ProcessState.swift /Users/admin/builder/spi-builder-workspace/.dependencies/checkouts/KinKit/Sources/KinKitCore/IntExtension.swift /Users/admin/builder/spi-builder-workspace/.dependencies/checkouts/KinKit/Sources/KinKitCore/ProcessState.swift (in target 'KinKitCore' from project 'KinKit')
SwiftCompile normal arm64 /Users/admin/builder/spi-builder-workspace/.dependencies/checkouts/KinKit/Sources/KinKitCore/IntExtension.swift (in target 'KinKitCore' from project 'KinKit')
cd /Users/admin/builder/spi-builder-workspace/.swiftpm/xcode
SwiftCompile normal arm64 /Users/admin/builder/spi-builder-workspace/.dependencies/checkouts/KinKit/Sources/KinKitCore/ProcessState.swift (in target 'KinKitCore' from project 'KinKit')
cd /Users/admin/builder/spi-builder-workspace/.swiftpm/xcode
SwiftCompile normal arm64 Compiling\ EncodableExtension.swift,\ FloatExtension.swift /Users/admin/builder/spi-builder-workspace/.dependencies/checkouts/KinKit/Sources/KinKitCore/EncodableExtension.swift /Users/admin/builder/spi-builder-workspace/.dependencies/checkouts/KinKit/Sources/KinKitCore/FloatExtension.swift (in target 'KinKitCore' from project 'KinKit')
SwiftCompile normal arm64 /Users/admin/builder/spi-builder-workspace/.dependencies/checkouts/KinKit/Sources/KinKitCore/EncodableExtension.swift (in target 'KinKitCore' from project 'KinKit')
cd /Users/admin/builder/spi-builder-workspace/.swiftpm/xcode
SwiftCompile normal arm64 /Users/admin/builder/spi-builder-workspace/.dependencies/checkouts/KinKit/Sources/KinKitCore/FloatExtension.swift (in target 'KinKitCore' from project 'KinKit')
cd /Users/admin/builder/spi-builder-workspace/.swiftpm/xcode
SwiftCompile normal arm64 Compiling\ Util.swift /Users/admin/builder/spi-builder-workspace/.dependencies/checkouts/KinKit/Sources/KinKitCore/Util.swift (in target 'KinKitCore' from project 'KinKit')
Failed frontend command:
/Applications/Xcode-16.3.0.app/Contents/Developer/Toolchains/XcodeDefault.xctoolchain/usr/bin/swift-frontend -frontend -c /Users/admin/builder/spi-builder-workspace/.dependencies/checkouts/KinKit/Sources/KinKitCore/CLLocationCoordinate2dExtension.swift /Users/admin/builder/spi-builder-workspace/.dependencies/checkouts/KinKit/Sources/KinKitCore/DataExtension.swift /Users/admin/builder/spi-builder-workspace/.dependencies/checkouts/KinKit/Sources/KinKitCore/DateExtension.swift /Users/admin/builder/spi-builder-workspace/.dependencies/checkouts/KinKit/Sources/KinKitCore/DecimalExtension.swift /Users/admin/builder/spi-builder-workspace/.dependencies/checkouts/KinKit/Sources/KinKitCore/DictionaryExtension.swift /Users/admin/builder/spi-builder-workspace/.dependencies/checkouts/KinKit/Sources/KinKitCore/DoubleExtension.swift /Users/admin/builder/spi-builder-workspace/.dependencies/checkouts/KinKit/Sources/KinKitCore/EncodableExtension.swift /Users/admin/builder/spi-builder-workspace/.dependencies/checkouts/KinKit/Sources/KinKitCore/FloatExtension.swift /Users/admin/builder/spi-builder-workspace/.dependencies/checkouts/KinKit/Sources/KinKitCore/IntExtension.swift /Users/admin/builder/spi-builder-workspace/.dependencies/checkouts/KinKit/Sources/KinKitCore/ProcessState.swift /Users/admin/builder/spi-builder-workspace/.dependencies/checkouts/KinKit/Sources/KinKitCore/SequenceExtension.swift /Users/admin/builder/spi-builder-workspace/.dependencies/checkouts/KinKit/Sources/KinKitCore/Shared.swift /Users/admin/builder/spi-builder-workspace/.dependencies/checkouts/KinKit/Sources/KinKitCore/StringExtension.swift /Users/admin/builder/spi-builder-workspace/.dependencies/checkouts/KinKit/Sources/KinKitCore/URLRequestExtension.swift /Users/admin/builder/spi-builder-workspace/.dependencies/checkouts/KinKit/Sources/KinKitCore/URLSessionExtension.swift -primary-file /Users/admin/builder/spi-builder-workspace/.dependencies/checkouts/KinKit/Sources/KinKitCore/Util.swift -emit-dependencies-path /Users/admin/builder/spi-builder-workspace/.derivedData/Build/Intermediates.noindex/KinKit.build/Debug-appletvos/KinKitCore.build/Objects-normal/arm64/Util.d -emit-const-values-path /Users/admin/builder/spi-builder-workspace/.derivedData/Build/Intermediates.noindex/KinKit.build/Debug-appletvos/KinKitCore.build/Objects-normal/arm64/Util.swiftconstvalues -emit-reference-dependencies-path /Users/admin/builder/spi-builder-workspace/.derivedData/Build/Intermediates.noindex/KinKit.build/Debug-appletvos/KinKitCore.build/Objects-normal/arm64/Util.swiftdeps -serialize-diagnostics-path /Users/admin/builder/spi-builder-workspace/.derivedData/Build/Intermediates.noindex/KinKit.build/Debug-appletvos/KinKitCore.build/Objects-normal/arm64/Util.dia -target arm64-apple-tvos13.0 -Xllvm -aarch64-use-tbi -enable-objc-interop -stack-check -sdk /Applications/Xcode-16.3.0.app/Contents/Developer/Platforms/AppleTVOS.platform/Developer/SDKs/AppleTVOS18.4.sdk -I /Users/admin/builder/spi-builder-workspace/.derivedData/Build/Products/Debug-appletvos -I /Applications/Xcode-16.3.0.app/Contents/Developer/Platforms/AppleTVOS.platform/Developer/usr/lib -F /Users/admin/builder/spi-builder-workspace/.derivedData/Build/Products/Debug-appletvos -F /Applications/Xcode-16.3.0.app/Contents/Developer/Platforms/AppleTVOS.platform/Developer/Library/Frameworks -F /Applications/Xcode-16.3.0.app/Contents/Developer/Platforms/AppleTVOS.platform/Developer/SDKs/AppleTVOS18.4.sdk/Developer/Library/Frameworks -no-color-diagnostics -enable-testing -g -debug-info-format\=dwarf -dwarf-version\=4 -module-cache-path /Users/admin/builder/spi-builder-workspace/.derivedData/ModuleCache.noindex -suppress-warnings -profile-generate -profile-coverage-mapping -swift-version 6 -enforce-exclusivity\=checked -Onone -D SWIFT_PACKAGE -D DEBUG -D Xcode -serialize-debugging-options -const-gather-protocols-file /Users/admin/builder/spi-builder-workspace/.derivedData/Build/Intermediates.noindex/KinKit.build/Debug-appletvos/KinKitCore.build/Objects-normal/arm64/KinKitCore_const_extract_protocols.json -enable-experimental-feature DebugDescriptionMacro -empty-abi-descriptor -plugin-path /Applications/Xcode-16.3.0.app/Contents/Developer/Toolchains/XcodeDefault.xctoolchain/usr/lib/swift/host/plugins/testing -user-module-version 1.0.5 -validate-clang-modules-once -clang-build-session-file /Users/admin/builder/spi-builder-workspace/.derivedData/ModuleCache.noindex/Session.modulevalidation -Xcc -working-directory -Xcc /Users/admin/builder/spi-builder-workspace/.swiftpm/xcode -resource-dir /Applications/Xcode-16.3.0.app/Contents/Developer/Toolchains/XcodeDefault.xctoolchain/usr/lib/swift -enable-anonymous-context-mangled-names -file-compilation-dir /Users/admin/builder/spi-builder-workspace/.swiftpm/xcode -Xcc -ivfsstatcache -Xcc /Users/admin/builder/spi-builder-workspace/.derivedData/SDKStatCaches.noindex/appletvos18.4-22L251-271d326055c85f9856fa135c41255102.sdkstatcache -Xcc -I/Users/admin/builder/spi-builder-workspace/.derivedData/Build/Intermediates.noindex/KinKit.build/Debug-appletvos/KinKitCore.build/swift-overrides.hmap -Xcc -I/Users/admin/builder/spi-builder-workspace/.derivedData/Build/Products/Debug-appletvos/include -Xcc -I/Users/admin/builder/spi-builder-workspace/.derivedData/Build/Intermediates.noindex/KinKit.build/Debug-appletvos/KinKitCore.build/DerivedSources-normal/arm64 -Xcc -I/Users/admin/builder/spi-builder-workspace/.derivedData/Build/Intermediates.noindex/KinKit.build/Debug-appletvos/KinKitCore.build/DerivedSources/arm64 -Xcc -I/Users/admin/builder/spi-builder-workspace/.derivedData/Build/Intermediates.noindex/KinKit.build/Debug-appletvos/KinKitCore.build/DerivedSources -Xcc -DSWIFT_PACKAGE -Xcc -DDEBUG\=1 -module-name KinKitCore -package-name kinkit -frontend-parseable-output -disable-clang-spi -target-sdk-version 18.4 -target-sdk-name appletvos18.4 -external-plugin-path /Applications/Xcode-16.3.0.app/Contents/Developer/Platforms/AppleTVOS.platform/Developer/usr/lib/swift/host/plugins\#/Applications/Xcode-16.3.0.app/Contents/Developer/Platforms/AppleTVOS.platform/Developer/usr/bin/swift-plugin-server -external-plugin-path /Applications/Xcode-16.3.0.app/Contents/Developer/Platforms/AppleTVOS.platform/Developer/usr/local/lib/swift/host/plugins\#/Applications/Xcode-16.3.0.app/Contents/Developer/Platforms/AppleTVOS.platform/Developer/usr/bin/swift-plugin-server -in-process-plugin-server-path /Applications/Xcode-16.3.0.app/Contents/Developer/Toolchains/XcodeDefault.xctoolchain/usr/lib/swift/host/libSwiftInProcPluginServer.dylib -plugin-path /Applications/Xcode-16.3.0.app/Contents/Developer/Toolchains/XcodeDefault.xctoolchain/usr/lib/swift/host/plugins -plugin-path /Applications/Xcode-16.3.0.app/Contents/Developer/Toolchains/XcodeDefault.xctoolchain/usr/local/lib/swift/host/plugins -o /Users/admin/builder/spi-builder-workspace/.derivedData/Build/Intermediates.noindex/KinKit.build/Debug-appletvos/KinKitCore.build/Objects-normal/arm64/Util.o -index-unit-output-path /KinKit.build/Debug-appletvos/KinKitCore.build/Objects-normal/arm64/Util.o -index-store-path /Users/admin/builder/spi-builder-workspace/.derivedData/Index.noindex/DataStore -index-system-modules
SwiftCompile normal arm64 /Users/admin/builder/spi-builder-workspace/.dependencies/checkouts/KinKit/Sources/KinKitCore/Util.swift (in target 'KinKitCore' from project 'KinKit')
cd /Users/admin/builder/spi-builder-workspace/.swiftpm/xcode
/Users/admin/builder/spi-builder-workspace/.dependencies/checkouts/KinKit/Sources/KinKitCore/Util.swift:24:12: error: cannot find 'UIDevice' in scope
return UIDevice.current.name
^~~~~~~~
SwiftCompile normal arm64 Compiling\ CLLocationCoordinate2dExtension.swift,\ DataExtension.swift /Users/admin/builder/spi-builder-workspace/.dependencies/checkouts/KinKit/Sources/KinKitCore/CLLocationCoordinate2dExtension.swift /Users/admin/builder/spi-builder-workspace/.dependencies/checkouts/KinKit/Sources/KinKitCore/DataExtension.swift (in target 'KinKitCore' from project 'KinKit')
SwiftCompile normal arm64 /Users/admin/builder/spi-builder-workspace/.dependencies/checkouts/KinKit/Sources/KinKitCore/CLLocationCoordinate2dExtension.swift (in target 'KinKitCore' from project 'KinKit')
cd /Users/admin/builder/spi-builder-workspace/.swiftpm/xcode
SwiftCompile normal arm64 /Users/admin/builder/spi-builder-workspace/.dependencies/checkouts/KinKit/Sources/KinKitCore/DataExtension.swift (in target 'KinKitCore' from project 'KinKit')
cd /Users/admin/builder/spi-builder-workspace/.swiftpm/xcode
SwiftCompile normal arm64 Compiling\ URLSessionExtension.swift /Users/admin/builder/spi-builder-workspace/.dependencies/checkouts/KinKit/Sources/KinKitCore/URLSessionExtension.swift (in target 'KinKitCore' from project 'KinKit')
SwiftCompile normal arm64 /Users/admin/builder/spi-builder-workspace/.dependencies/checkouts/KinKit/Sources/KinKitCore/URLSessionExtension.swift (in target 'KinKitCore' from project 'KinKit')
cd /Users/admin/builder/spi-builder-workspace/.swiftpm/xcode
SwiftCompile normal arm64 Compiling\ DateExtension.swift,\ DecimalExtension.swift /Users/admin/builder/spi-builder-workspace/.dependencies/checkouts/KinKit/Sources/KinKitCore/DateExtension.swift /Users/admin/builder/spi-builder-workspace/.dependencies/checkouts/KinKit/Sources/KinKitCore/DecimalExtension.swift (in target 'KinKitCore' from project 'KinKit')
SwiftCompile normal arm64 /Users/admin/builder/spi-builder-workspace/.dependencies/checkouts/KinKit/Sources/KinKitCore/DateExtension.swift (in target 'KinKitCore' from project 'KinKit')
cd /Users/admin/builder/spi-builder-workspace/.swiftpm/xcode
SwiftCompile normal arm64 /Users/admin/builder/spi-builder-workspace/.dependencies/checkouts/KinKit/Sources/KinKitCore/DecimalExtension.swift (in target 'KinKitCore' from project 'KinKit')
cd /Users/admin/builder/spi-builder-workspace/.swiftpm/xcode
SwiftCompile normal arm64 Compiling\ URLRequestExtension.swift /Users/admin/builder/spi-builder-workspace/.dependencies/checkouts/KinKit/Sources/KinKitCore/URLRequestExtension.swift (in target 'KinKitCore' from project 'KinKit')
SwiftCompile normal arm64 /Users/admin/builder/spi-builder-workspace/.dependencies/checkouts/KinKit/Sources/KinKitCore/URLRequestExtension.swift (in target 'KinKitCore' from project 'KinKit')
cd /Users/admin/builder/spi-builder-workspace/.swiftpm/xcode
SwiftCompile normal arm64 Compiling\ DictionaryExtension.swift,\ DoubleExtension.swift /Users/admin/builder/spi-builder-workspace/.dependencies/checkouts/KinKit/Sources/KinKitCore/DictionaryExtension.swift /Users/admin/builder/spi-builder-workspace/.dependencies/checkouts/KinKit/Sources/KinKitCore/DoubleExtension.swift (in target 'KinKitCore' from project 'KinKit')
SwiftCompile normal arm64 /Users/admin/builder/spi-builder-workspace/.dependencies/checkouts/KinKit/Sources/KinKitCore/DictionaryExtension.swift (in target 'KinKitCore' from project 'KinKit')
cd /Users/admin/builder/spi-builder-workspace/.swiftpm/xcode
SwiftCompile normal arm64 /Users/admin/builder/spi-builder-workspace/.dependencies/checkouts/KinKit/Sources/KinKitCore/DoubleExtension.swift (in target 'KinKitCore' from project 'KinKit')
cd /Users/admin/builder/spi-builder-workspace/.swiftpm/xcode
SwiftCompile normal arm64 Compiling\ StringExtension.swift /Users/admin/builder/spi-builder-workspace/.dependencies/checkouts/KinKit/Sources/KinKitCore/StringExtension.swift (in target 'KinKitCore' from project 'KinKit')
Command SwiftCompile failed with a nonzero exit code
** BUILD FAILED **
The following build commands failed:
SwiftCompile normal arm64 Compiling\ Util.swift /Users/admin/builder/spi-builder-workspace/.dependencies/checkouts/KinKit/Sources/KinKitCore/Util.swift (in target 'KinKitCore' from project 'KinKit')
SwiftCompile normal arm64 /Users/admin/builder/spi-builder-workspace/.dependencies/checkouts/KinKit/Sources/KinKitCore/Util.swift (in target 'KinKitCore' from project 'KinKit')
SwiftCompile normal arm64 Compiling\ StringExtension.swift /Users/admin/builder/spi-builder-workspace/.dependencies/checkouts/KinKit/Sources/KinKitCore/StringExtension.swift (in target 'KinKitCore' from project 'KinKit')
Building workspace spi-builder-workspace with scheme FullyRESTful
(4 failures)
BUILD FAILURE 6.1 tvOS