Build Information
Failed to build Ensembles3, reference main (58b53d), with Swift 6.3 for tvOS using Xcode 26.4 on 29 Oct 2026 09:18:17 UTC.
Build Command
env DEVELOPER_DIR=/Applications/Xcode-26.5.0.app xcrun xcodebuild -IDEClonedSourcePackagesDirPathOverride=$PWD/.dependencies -skipMacroValidation -skipPackagePluginValidation -derivedDataPath $PWD/.derivedData build -scheme Ensembles3-Package -destination generic/platform=tvOSBuild Log
========================================
RunAll
========================================
Builder version: 5.1.4
Interrupt handler set up.
========================================
Checkout
========================================
Clone URL: https://github.com/mentalfaculty/Ensembles3.git
Reference: main
Initialized empty Git repository in /Users/admin/builder/spi-builder-workspace/.git/
From https://github.com/mentalfaculty/Ensembles3
* branch main -> FETCH_HEAD
* [new branch] main -> origin/main
HEAD is now at 58b53d2 Release 3.1.0
Cloned https://github.com/mentalfaculty/Ensembles3.git
Revision (git rev-parse @):
58b53d27ca6fa053bb537c4da090e1de71531ce3
SPI manifest file found: $PWD/.spi.yml
SUCCESS checkout https://github.com/mentalfaculty/Ensembles3.git at main
========================================
Build
========================================
Selected platform: tvOS
Swift version: 6.3
Building package at path: $PWD
https://github.com/mentalfaculty/Ensembles3.git
Command line invocation:
/Applications/Xcode-26.5.0.app/Contents/Developer/usr/bin/xcodebuild -IDEClonedSourcePackagesDirPathOverride=/Users/admin/builder/spi-builder-workspace/.dependencies -resolvePackageDependencies
Resolve Package Graph
Resolve Package Graph
Resolved source packages:
Ensembles3: /Users/admin/builder/spi-builder-workspace
resolved source packages: Ensembles3
2026-10-29 05:17:55.013 xcodebuild[538:3079] [MT] IDERunDestination: Supported platforms for the buildables in the current scheme is empty.
{
"dependencies" : [
],
"manifest_display_name" : "Ensembles3",
"name" : "Ensembles3",
"path" : "/Users/admin/builder/spi-builder-workspace",
"platforms" : [
{
"name" : "ios",
"version" : "15.0"
},
{
"name" : "macos",
"version" : "12.0"
},
{
"name" : "tvos",
"version" : "15.0"
},
{
"name" : "watchos",
"version" : "8.0"
}
],
"products" : [
{
"name" : "Ensembles",
"targets" : [
"Ensembles"
],
"type" : {
"library" : [
"automatic"
]
}
},
{
"name" : "EnsemblesCloudKit",
"targets" : [
"EnsemblesCloudKit"
],
"type" : {
"library" : [
"automatic"
]
}
},
{
"name" : "EnsemblesLocalFile",
"targets" : [
"EnsemblesLocalFile"
],
"type" : {
"library" : [
"automatic"
]
}
},
{
"name" : "EnsemblesMemory",
"targets" : [
"EnsemblesMemory"
],
"type" : {
"library" : [
"automatic"
]
}
},
{
"name" : "EnsemblesSwiftData",
"targets" : [
"EnsemblesSwiftData"
],
"type" : {
"library" : [
"automatic"
]
}
},
{
"name" : "EnsemblesiCloudDrive",
"targets" : [
"EnsemblesiCloudDrive"
],
"type" : {
"library" : [
"automatic"
]
}
},
{
"name" : "EnsemblesGoogleDrive",
"targets" : [
"EnsemblesGoogleDrive"
],
"type" : {
"library" : [
"automatic"
]
}
},
{
"name" : "EnsemblesOneDrive",
"targets" : [
"EnsemblesOneDrive"
],
"type" : {
"library" : [
"automatic"
]
}
},
{
"name" : "EnsemblesPCloud",
"targets" : [
"EnsemblesPCloud"
],
"type" : {
"library" : [
"automatic"
]
}
},
{
"name" : "EnsemblesSupabase",
"targets" : [
"EnsemblesSupabase"
],
"type" : {
"library" : [
"automatic"
]
}
},
{
"name" : "EnsemblesWebDAV",
"targets" : [
"EnsemblesWebDAV"
],
"type" : {
"library" : [
"automatic"
]
}
},
{
"name" : "EnsemblesEncrypted",
"targets" : [
"EnsemblesEncrypted"
],
"type" : {
"library" : [
"automatic"
]
}
},
{
"name" : "EnsemblesDropbox",
"targets" : [
"EnsemblesDropbox"
],
"type" : {
"library" : [
"automatic"
]
}
},
{
"name" : "EnsemblesS3",
"targets" : [
"EnsemblesS3"
],
"type" : {
"library" : [
"automatic"
]
}
},
{
"name" : "EnsemblesBox",
"targets" : [
"EnsemblesBox"
],
"type" : {
"library" : [
"automatic"
]
}
},
{
"name" : "EnsemblesZip",
"targets" : [
"EnsemblesZip"
],
"type" : {
"library" : [
"automatic"
]
}
},
{
"name" : "EnsemblesMultipeer",
"targets" : [
"EnsemblesMultipeer"
],
"type" : {
"library" : [
"automatic"
]
}
}
],
"targets" : [
{
"c99name" : "EnsemblesiCloudDrive",
"module_type" : "BinaryTarget",
"name" : "EnsemblesiCloudDrive",
"path" : "remote/archive/EnsemblesiCloudDrive.xcframework.zip",
"product_memberships" : [
"EnsemblesiCloudDrive"
],
"sources" : [
],
"type" : "binary"
},
{
"c99name" : "EnsemblesZip",
"module_type" : "BinaryTarget",
"name" : "EnsemblesZip",
"path" : "remote/archive/EnsemblesZip.xcframework.zip",
"product_memberships" : [
"EnsemblesZip"
],
"sources" : [
],
"type" : "binary"
},
{
"c99name" : "EnsemblesWebDAV",
"module_type" : "BinaryTarget",
"name" : "EnsemblesWebDAV",
"path" : "remote/archive/EnsemblesWebDAV.xcframework.zip",
"product_memberships" : [
"EnsemblesWebDAV"
],
"sources" : [
],
"type" : "binary"
},
{
"c99name" : "EnsemblesTests",
"module_type" : "SwiftTarget",
"name" : "EnsemblesTests",
"path" : "Tests/EnsemblesTests",
"resources" : [
{
"path" : "/Users/admin/builder/spi-builder-workspace/Tests/EnsemblesTests/Resources/CDEMigratedTestsModel.momd",
"rule" : {
"copy" : {
}
}
},
{
"path" : "/Users/admin/builder/spi-builder-workspace/Tests/EnsemblesTests/Resources/CDEStoreModificationEventTestsModel.momd",
"rule" : {
"copy" : {
}
}
},
{
"path" : "/Users/admin/builder/spi-builder-workspace/Tests/EnsemblesTests/Resources/Integrator Test Fixtures",
"rule" : {
"copy" : {
}
}
}
],
"sources" : [
"ActivityNotificationTests.swift",
"BaselineConsolidatorTests.swift",
"BaselinePublicationConfirmationTests.swift",
"BaseliningSyncTests.swift",
"BatchInsertTests.swift",
"BatchSyncTests.swift",
"BoxCloudFileSystemTests.swift",
"CloudKitCacheLocationTests.swift",
"CloudKitListingCacheTests.swift",
"CloudKitResultPolicyTests.swift",
"CloudManagerTests.swift",
"CoreDataEnsembleMergeTests.swift",
"CoreDataEnsembleTests.swift",
"DataExtensionTests.swift",
"DataFileCleanupStarvationTests.swift",
"DeleteFilesSerializationTests.swift",
"DependencySyncTests.swift",
"E2ToE3TransformableImportTests.swift",
"EmptyStoreSyncTests.swift",
"EncryptedCloudFileSystemTests.swift",
"EnsembleContainerTests.swift",
"EnsembleErrorTests.swift",
"EventFileSetTests.swift",
"EventImportAtomicityTests.swift",
"EventMigratorMultipleFileTests.swift",
"EventMigratorTests.swift",
"EventRevisionTests.swift",
"EventStoreTests.swift",
"FileContentLocationTests.swift",
"GlobalIdentifierContractTests.swift",
"GlobalIdentifierTests.swift",
"GoogleDriveCloudFileSystemTests.swift",
"HeldBackBaselineCleanupTests.swift",
"IncompleteRemoteFileSetOwnershipTests.swift",
"IntegrationContextFlagTests.swift",
"IntegratorCornerCaseTests.swift",
"IntegratorMergeRepairTests.swift",
"IntegratorRelationshipTests.swift",
"IntegratorTests.swift",
"IntegratorUpdateTests.swift",
"JSONValueConversionTests.swift",
"KeychainCredentialStoreTests.swift",
"LegacyMigrationTests.swift",
"LoggingTests.swift",
"ManagedObjectModelExtensionTests.swift",
"MultipeerCloudFileSystemTests.swift",
"ObjectChangeTests.swift",
"OneDriveCloudFileSystemTests.swift",
"OneWaySyncTests.swift",
"PCloudCloudFileSystemTests.swift",
"PerformanceBenchmarkTests.swift",
"PropertyChangeValueTests.swift",
"QueueSafetyTests.swift",
"RandomSyncTests.swift",
"RealBlobDecodeTests.swift",
"RebaseMetricsTests.swift",
"RebaserTests.swift",
"RepairSyncTests.swift",
"RevisionManagerTests.swift",
"RevisionSetTests.swift",
"RevisionTests.swift",
"S3CloudFileSystemTests.swift",
"SaveMonitorTests.swift",
"StoreModificationEventTests.swift",
"SupabaseCloudFileSystemTests.swift",
"SyncSuspenderTests.swift",
"SyncTests.swift",
"SyncableHelperTests.swift",
"TestHelpers/EventStoreTestStack.swift",
"TestHelpers/GatedPrimingFileSystem.swift",
"TestHelpers/IntegratorTestStack.swift",
"TestHelpers/MockLocalCloudFileSystem.swift",
"TestHelpers/SyncTestStack.swift",
"TestHelpers/TestEventStoreSetup.swift",
"TransformableAttributeRoundTripTests.swift",
"TwoWaySyncTests.swift",
"UnnamedTransformableArchivingTests.swift",
"ZipCloudFileSystemTests.swift"
],
"target_dependencies" : [
"Ensembles",
"EnsemblesMemory",
"EnsemblesLocalFile",
"EnsemblesEncrypted",
"EnsemblesGoogleDrive",
"EnsemblesOneDrive",
"EnsemblesPCloud",
"EnsemblesSupabase",
"EnsemblesCloudKit"
],
"type" : "test"
},
{
"c99name" : "EnsemblesSwiftDataTests",
"module_type" : "SwiftTarget",
"name" : "EnsemblesSwiftDataTests",
"path" : "Tests/EnsemblesSwiftDataTests",
"sources" : [
"ModelVersionTests.swift",
"SwiftDataSyncTestStack.swift",
"SwiftDataSyncTests.swift",
"SwiftDataTests.swift"
],
"target_dependencies" : [
"EnsemblesSwiftData",
"EnsemblesMemory",
"EnsemblesLocalFile",
"Ensembles"
],
"type" : "test"
},
{
"c99name" : "EnsemblesSwiftData",
"module_type" : "BinaryTarget",
"name" : "EnsemblesSwiftData",
"path" : "remote/archive/EnsemblesSwiftData.xcframework.zip",
"product_memberships" : [
"EnsemblesSwiftData"
],
"sources" : [
],
"type" : "binary"
},
{
"c99name" : "EnsemblesSupabase",
"module_type" : "BinaryTarget",
"name" : "EnsemblesSupabase",
"path" : "remote/archive/EnsemblesSupabase.xcframework.zip",
"product_memberships" : [
"EnsemblesSupabase"
],
"sources" : [
],
"type" : "binary"
},
{
"c99name" : "EnsemblesS3",
"module_type" : "BinaryTarget",
"name" : "EnsemblesS3",
"path" : "remote/archive/EnsemblesS3.xcframework.zip",
"product_memberships" : [
"EnsemblesS3"
],
"sources" : [
],
"type" : "binary"
},
{
"c99name" : "EnsemblesPCloud",
"module_type" : "BinaryTarget",
"name" : "EnsemblesPCloud",
"path" : "remote/archive/EnsemblesPCloud.xcframework.zip",
"product_memberships" : [
"EnsemblesPCloud"
],
"sources" : [
],
"type" : "binary"
},
{
"c99name" : "EnsemblesOneDrive",
"module_type" : "BinaryTarget",
"name" : "EnsemblesOneDrive",
"path" : "remote/archive/EnsemblesOneDrive.xcframework.zip",
"product_memberships" : [
"EnsemblesOneDrive"
],
"sources" : [
],
"type" : "binary"
},
{
"c99name" : "EnsemblesMultipeer",
"module_type" : "BinaryTarget",
"name" : "EnsemblesMultipeer",
"path" : "remote/archive/EnsemblesMultipeer.xcframework.zip",
"product_memberships" : [
"EnsemblesMultipeer"
],
"sources" : [
],
"type" : "binary"
},
{
"c99name" : "EnsemblesMemory",
"module_type" : "BinaryTarget",
"name" : "EnsemblesMemory",
"path" : "remote/archive/EnsemblesMemory.xcframework.zip",
"product_memberships" : [
"EnsemblesMemory"
],
"sources" : [
],
"type" : "binary"
},
{
"c99name" : "EnsemblesLocalFile",
"module_type" : "BinaryTarget",
"name" : "EnsemblesLocalFile",
"path" : "remote/archive/EnsemblesLocalFile.xcframework.zip",
"product_memberships" : [
"EnsemblesLocalFile"
],
"sources" : [
],
"type" : "binary"
},
{
"c99name" : "EnsemblesGoogleDrive",
"module_type" : "BinaryTarget",
"name" : "EnsemblesGoogleDrive",
"path" : "remote/archive/EnsemblesGoogleDrive.xcframework.zip",
"product_memberships" : [
"EnsemblesGoogleDrive"
],
"sources" : [
],
"type" : "binary"
},
{
"c99name" : "EnsemblesEncrypted",
"module_type" : "BinaryTarget",
"name" : "EnsemblesEncrypted",
"path" : "remote/archive/EnsemblesEncrypted.xcframework.zip",
"product_memberships" : [
"EnsemblesEncrypted"
],
"sources" : [
],
"type" : "binary"
},
{
"c99name" : "EnsemblesDropbox",
"module_type" : "BinaryTarget",
"name" : "EnsemblesDropbox",
"path" : "remote/archive/EnsemblesDropbox.xcframework.zip",
"product_memberships" : [
"EnsemblesDropbox"
],
"sources" : [
],
"type" : "binary"
},
{
"c99name" : "EnsemblesCloudKit",
"module_type" : "BinaryTarget",
"name" : "EnsemblesCloudKit",
"path" : "remote/archive/EnsemblesCloudKit.xcframework.zip",
"product_memberships" : [
"EnsemblesCloudKit"
],
"sources" : [
],
"type" : "binary"
},
{
"c99name" : "EnsemblesBox",
"module_type" : "BinaryTarget",
"name" : "EnsemblesBox",
"path" : "remote/archive/EnsemblesBox.xcframework.zip",
"product_memberships" : [
"EnsemblesBox"
],
"sources" : [
],
"type" : "binary"
},
{
"c99name" : "Ensembles",
"module_type" : "BinaryTarget",
"name" : "Ensembles",
"path" : "remote/archive/Ensembles.xcframework.zip",
"product_memberships" : [
"Ensembles"
],
"sources" : [
],
"type" : "binary"
}
],
"tools_version" : "5.9"
}
{
"workspace" : {
"name" : "spi-builder-workspace",
"schemes" : [
"Ensembles",
"Ensembles3-Package",
"EnsemblesBox",
"EnsemblesCloudKit",
"EnsemblesDropbox",
"EnsemblesEncrypted",
"EnsemblesGoogleDrive",
"EnsemblesiCloudDrive",
"EnsemblesLocalFile",
"EnsemblesMemory",
"EnsemblesMultipeer",
"EnsemblesOneDrive",
"EnsemblesPCloud",
"EnsemblesS3",
"EnsemblesSupabase",
"EnsemblesSwiftData",
"EnsemblesWebDAV",
"EnsemblesZip"
]
}
}
2026-10-29 05:18:04.243 xcodebuild[859:4242] [MT] IDERunDestination: Supported platforms for the buildables in the current scheme is empty.
Running build ...
env DEVELOPER_DIR=/Applications/Xcode-26.5.0.app xcrun xcodebuild -IDEClonedSourcePackagesDirPathOverride=$PWD/.dependencies -skipMacroValidation -skipPackagePluginValidation -derivedDataPath $PWD/.derivedData build -scheme Ensembles3-Package -destination generic/platform=tvOS
Command line invocation:
/Applications/Xcode-26.5.0.app/Contents/Developer/usr/bin/xcodebuild -IDEClonedSourcePackagesDirPathOverride=/Users/admin/builder/spi-builder-workspace/.dependencies -skipMacroValidation -skipPackagePluginValidation -derivedDataPath /Users/admin/builder/spi-builder-workspace/.derivedData build -scheme Ensembles3-Package -destination generic/platform=tvOS
Resolve Package Graph
Resolve Package Graph
Resolved source packages:
Ensembles3: /Users/admin/builder/spi-builder-workspace
ComputePackagePrebuildTargetDependencyGraph
Prepare packages
CreateBuildRequest
SendProjectDescription
CreateBuildOperation
ComputeTargetDependencyGraph
note: Building targets in dependency order
note: Target dependency graph (17 targets)
Target 'EnsemblesiCloudDrive' in project 'Ensembles3' (no dependencies)
Target 'EnsemblesZip' in project 'Ensembles3' (no dependencies)
Target 'EnsemblesWebDAV' in project 'Ensembles3' (no dependencies)
Target 'EnsemblesSwiftData' in project 'Ensembles3' (no dependencies)
Target 'EnsemblesSupabase' in project 'Ensembles3' (no dependencies)
Target 'EnsemblesS3' in project 'Ensembles3' (no dependencies)
Target 'EnsemblesPCloud' in project 'Ensembles3' (no dependencies)
Target 'EnsemblesOneDrive' in project 'Ensembles3' (no dependencies)
Target 'EnsemblesMultipeer' in project 'Ensembles3' (no dependencies)
Target 'EnsemblesMemory' in project 'Ensembles3' (no dependencies)
Target 'EnsemblesLocalFile' in project 'Ensembles3' (no dependencies)
Target 'EnsemblesGoogleDrive' in project 'Ensembles3' (no dependencies)
Target 'EnsemblesEncrypted' in project 'Ensembles3' (no dependencies)
Target 'EnsemblesDropbox' in project 'Ensembles3' (no dependencies)
Target 'EnsemblesCloudKit' in project 'Ensembles3' (no dependencies)
Target 'EnsemblesBox' in project 'Ensembles3' (no dependencies)
Target 'Ensembles' in project 'Ensembles3' (no dependencies)
GatherProvisioningInputs
CreateBuildDescription
ExecuteExternalTool /Applications/Xcode-26.5.0.app/Contents/Developer/Toolchains/XcodeDefault.xctoolchain/usr/bin/clang -v -E -dM -isysroot /Applications/Xcode-26.5.0.app/Contents/Developer/Platforms/AppleTVOS.platform/Developer/SDKs/AppleTVOS26.5.sdk -x c -c /dev/null
Build description signature: 88c7449ba0789d09ac5d2ffca5bd5114
Build description path: /Users/admin/builder/spi-builder-workspace/.derivedData/Build/Intermediates.noindex/XCBuildData/88c7449ba0789d09ac5d2ffca5bd5114.xcbuilddata
/Users/admin/builder/spi-builder-workspace/.dependencies/artifacts/spi-builder-workspace/EnsemblesDropbox/EnsemblesDropbox.xcframework:1:1: error: While building for tvOS, no library for this platform was found in '/Users/admin/builder/spi-builder-workspace/.dependencies/artifacts/spi-builder-workspace/EnsemblesDropbox/EnsemblesDropbox.xcframework'. (in target 'EnsemblesDropbox' from project 'Ensembles3')
2026-10-29 05:18:06.883 xcodebuild[866:4312] [MT] IDERunDestination: Supported platforms for the buildables in the current scheme is empty.
** BUILD FAILED **
The following build commands failed:
Building workspace spi-builder-workspace with scheme Ensembles3-Package
(1 failure)
Command line invocation:
/Applications/Xcode-26.5.0.app/Contents/Developer/usr/bin/xcodebuild -IDEClonedSourcePackagesDirPathOverride=/Users/admin/builder/spi-builder-workspace/.dependencies -resolvePackageDependencies
Resolve Package Graph
Resolved source packages:
Ensembles3: /Users/admin/builder/spi-builder-workspace
resolved source packages: Ensembles3
2026-10-29 05:18:11.080 xcodebuild[944:4858] [MT] IDERunDestination: Supported platforms for the buildables in the current scheme is empty.
{
"dependencies" : [
],
"manifest_display_name" : "Ensembles3",
"name" : "Ensembles3",
"path" : "/Users/admin/builder/spi-builder-workspace",
"platforms" : [
{
"name" : "ios",
"version" : "15.0"
},
{
"name" : "macos",
"version" : "12.0"
},
{
"name" : "tvos",
"version" : "15.0"
},
{
"name" : "watchos",
"version" : "8.0"
}
],
"products" : [
{
"name" : "Ensembles",
"targets" : [
"Ensembles"
],
"type" : {
"library" : [
"automatic"
]
}
},
{
"name" : "EnsemblesCloudKit",
"targets" : [
"EnsemblesCloudKit"
],
"type" : {
"library" : [
"automatic"
]
}
},
{
"name" : "EnsemblesLocalFile",
"targets" : [
"EnsemblesLocalFile"
],
"type" : {
"library" : [
"automatic"
]
}
},
{
"name" : "EnsemblesMemory",
"targets" : [
"EnsemblesMemory"
],
"type" : {
"library" : [
"automatic"
]
}
},
{
"name" : "EnsemblesSwiftData",
"targets" : [
"EnsemblesSwiftData"
],
"type" : {
"library" : [
"automatic"
]
}
},
{
"name" : "EnsemblesiCloudDrive",
"targets" : [
"EnsemblesiCloudDrive"
],
"type" : {
"library" : [
"automatic"
]
}
},
{
"name" : "EnsemblesGoogleDrive",
"targets" : [
"EnsemblesGoogleDrive"
],
"type" : {
"library" : [
"automatic"
]
}
},
{
"name" : "EnsemblesOneDrive",
"targets" : [
"EnsemblesOneDrive"
],
"type" : {
"library" : [
"automatic"
]
}
},
{
"name" : "EnsemblesPCloud",
"targets" : [
"EnsemblesPCloud"
],
"type" : {
"library" : [
"automatic"
]
}
},
{
"name" : "EnsemblesSupabase",
"targets" : [
"EnsemblesSupabase"
],
"type" : {
"library" : [
"automatic"
]
}
},
{
"name" : "EnsemblesWebDAV",
"targets" : [
"EnsemblesWebDAV"
],
"type" : {
"library" : [
"automatic"
]
}
},
{
"name" : "EnsemblesEncrypted",
"targets" : [
"EnsemblesEncrypted"
],
"type" : {
"library" : [
"automatic"
]
}
},
{
"name" : "EnsemblesDropbox",
"targets" : [
"EnsemblesDropbox"
],
"type" : {
"library" : [
"automatic"
]
}
},
{
"name" : "EnsemblesS3",
"targets" : [
"EnsemblesS3"
],
"type" : {
"library" : [
"automatic"
]
}
},
{
"name" : "EnsemblesBox",
"targets" : [
"EnsemblesBox"
],
"type" : {
"library" : [
"automatic"
]
}
},
{
"name" : "EnsemblesZip",
"targets" : [
"EnsemblesZip"
],
"type" : {
"library" : [
"automatic"
]
}
},
{
"name" : "EnsemblesMultipeer",
"targets" : [
"EnsemblesMultipeer"
],
"type" : {
"library" : [
"automatic"
]
}
}
],
"targets" : [
{
"c99name" : "EnsemblesiCloudDrive",
"module_type" : "BinaryTarget",
"name" : "EnsemblesiCloudDrive",
"path" : "remote/archive/EnsemblesiCloudDrive.xcframework.zip",
"product_memberships" : [
"EnsemblesiCloudDrive"
],
"sources" : [
],
"type" : "binary"
},
{
"c99name" : "EnsemblesZip",
"module_type" : "BinaryTarget",
"name" : "EnsemblesZip",
"path" : "remote/archive/EnsemblesZip.xcframework.zip",
"product_memberships" : [
"EnsemblesZip"
],
"sources" : [
],
"type" : "binary"
},
{
"c99name" : "EnsemblesWebDAV",
"module_type" : "BinaryTarget",
"name" : "EnsemblesWebDAV",
"path" : "remote/archive/EnsemblesWebDAV.xcframework.zip",
"product_memberships" : [
"EnsemblesWebDAV"
],
"sources" : [
],
"type" : "binary"
},
{
"c99name" : "EnsemblesTests",
"module_type" : "SwiftTarget",
"name" : "EnsemblesTests",
"path" : "Tests/EnsemblesTests",
"resources" : [
{
"path" : "/Users/admin/builder/spi-builder-workspace/Tests/EnsemblesTests/Resources/CDEMigratedTestsModel.momd",
"rule" : {
"copy" : {
}
}
},
{
"path" : "/Users/admin/builder/spi-builder-workspace/Tests/EnsemblesTests/Resources/CDEStoreModificationEventTestsModel.momd",
"rule" : {
"copy" : {
}
}
},
{
"path" : "/Users/admin/builder/spi-builder-workspace/Tests/EnsemblesTests/Resources/Integrator Test Fixtures",
"rule" : {
"copy" : {
}
}
}
],
"sources" : [
"ActivityNotificationTests.swift",
"BaselineConsolidatorTests.swift",
"BaselinePublicationConfirmationTests.swift",
"BaseliningSyncTests.swift",
"BatchInsertTests.swift",
"BatchSyncTests.swift",
"BoxCloudFileSystemTests.swift",
"CloudKitCacheLocationTests.swift",
"CloudKitListingCacheTests.swift",
"CloudKitResultPolicyTests.swift",
"CloudManagerTests.swift",
"CoreDataEnsembleMergeTests.swift",
"CoreDataEnsembleTests.swift",
"DataExtensionTests.swift",
"DataFileCleanupStarvationTests.swift",
"DeleteFilesSerializationTests.swift",
"DependencySyncTests.swift",
"E2ToE3TransformableImportTests.swift",
"EmptyStoreSyncTests.swift",
"EncryptedCloudFileSystemTests.swift",
"EnsembleContainerTests.swift",
"EnsembleErrorTests.swift",
"EventFileSetTests.swift",
"EventImportAtomicityTests.swift",
"EventMigratorMultipleFileTests.swift",
"EventMigratorTests.swift",
"EventRevisionTests.swift",
"EventStoreTests.swift",
"FileContentLocationTests.swift",
"GlobalIdentifierContractTests.swift",
"GlobalIdentifierTests.swift",
"GoogleDriveCloudFileSystemTests.swift",
"HeldBackBaselineCleanupTests.swift",
"IncompleteRemoteFileSetOwnershipTests.swift",
"IntegrationContextFlagTests.swift",
"IntegratorCornerCaseTests.swift",
"IntegratorMergeRepairTests.swift",
"IntegratorRelationshipTests.swift",
"IntegratorTests.swift",
"IntegratorUpdateTests.swift",
"JSONValueConversionTests.swift",
"KeychainCredentialStoreTests.swift",
"LegacyMigrationTests.swift",
"LoggingTests.swift",
"ManagedObjectModelExtensionTests.swift",
"MultipeerCloudFileSystemTests.swift",
"ObjectChangeTests.swift",
"OneDriveCloudFileSystemTests.swift",
"OneWaySyncTests.swift",
"PCloudCloudFileSystemTests.swift",
"PerformanceBenchmarkTests.swift",
"PropertyChangeValueTests.swift",
"QueueSafetyTests.swift",
"RandomSyncTests.swift",
"RealBlobDecodeTests.swift",
"RebaseMetricsTests.swift",
"RebaserTests.swift",
"RepairSyncTests.swift",
"RevisionManagerTests.swift",
"RevisionSetTests.swift",
"RevisionTests.swift",
"S3CloudFileSystemTests.swift",
"SaveMonitorTests.swift",
"StoreModificationEventTests.swift",
"SupabaseCloudFileSystemTests.swift",
"SyncSuspenderTests.swift",
"SyncTests.swift",
"SyncableHelperTests.swift",
"TestHelpers/EventStoreTestStack.swift",
"TestHelpers/GatedPrimingFileSystem.swift",
"TestHelpers/IntegratorTestStack.swift",
"TestHelpers/MockLocalCloudFileSystem.swift",
"TestHelpers/SyncTestStack.swift",
"TestHelpers/TestEventStoreSetup.swift",
"TransformableAttributeRoundTripTests.swift",
"TwoWaySyncTests.swift",
"UnnamedTransformableArchivingTests.swift",
"ZipCloudFileSystemTests.swift"
],
"target_dependencies" : [
"Ensembles",
"EnsemblesMemory",
"EnsemblesLocalFile",
"EnsemblesEncrypted",
"EnsemblesGoogleDrive",
"EnsemblesOneDrive",
"EnsemblesPCloud",
"EnsemblesSupabase",
"EnsemblesCloudKit"
],
"type" : "test"
},
{
"c99name" : "EnsemblesSwiftDataTests",
"module_type" : "SwiftTarget",
"name" : "EnsemblesSwiftDataTests",
"path" : "Tests/EnsemblesSwiftDataTests",
"sources" : [
"ModelVersionTests.swift",
"SwiftDataSyncTestStack.swift",
"SwiftDataSyncTests.swift",
"SwiftDataTests.swift"
],
"target_dependencies" : [
"EnsemblesSwiftData",
"EnsemblesMemory",
"EnsemblesLocalFile",
"Ensembles"
],
"type" : "test"
},
{
"c99name" : "EnsemblesSwiftData",
"module_type" : "BinaryTarget",
"name" : "EnsemblesSwiftData",
"path" : "remote/archive/EnsemblesSwiftData.xcframework.zip",
"product_memberships" : [
"EnsemblesSwiftData"
],
"sources" : [
],
"type" : "binary"
},
{
"c99name" : "EnsemblesSupabase",
"module_type" : "BinaryTarget",
"name" : "EnsemblesSupabase",
"path" : "remote/archive/EnsemblesSupabase.xcframework.zip",
"product_memberships" : [
"EnsemblesSupabase"
],
"sources" : [
],
"type" : "binary"
},
{
"c99name" : "EnsemblesS3",
"module_type" : "BinaryTarget",
"name" : "EnsemblesS3",
"path" : "remote/archive/EnsemblesS3.xcframework.zip",
"product_memberships" : [
"EnsemblesS3"
],
"sources" : [
],
"type" : "binary"
},
{
"c99name" : "EnsemblesPCloud",
"module_type" : "BinaryTarget",
"name" : "EnsemblesPCloud",
"path" : "remote/archive/EnsemblesPCloud.xcframework.zip",
"product_memberships" : [
"EnsemblesPCloud"
],
"sources" : [
],
"type" : "binary"
},
{
"c99name" : "EnsemblesOneDrive",
"module_type" : "BinaryTarget",
"name" : "EnsemblesOneDrive",
"path" : "remote/archive/EnsemblesOneDrive.xcframework.zip",
"product_memberships" : [
"EnsemblesOneDrive"
],
"sources" : [
],
"type" : "binary"
},
{
"c99name" : "EnsemblesMultipeer",
"module_type" : "BinaryTarget",
"name" : "EnsemblesMultipeer",
"path" : "remote/archive/EnsemblesMultipeer.xcframework.zip",
"product_memberships" : [
"EnsemblesMultipeer"
],
"sources" : [
],
"type" : "binary"
},
{
"c99name" : "EnsemblesMemory",
"module_type" : "BinaryTarget",
"name" : "EnsemblesMemory",
"path" : "remote/archive/EnsemblesMemory.xcframework.zip",
"product_memberships" : [
"EnsemblesMemory"
],
"sources" : [
],
"type" : "binary"
},
{
"c99name" : "EnsemblesLocalFile",
"module_type" : "BinaryTarget",
"name" : "EnsemblesLocalFile",
"path" : "remote/archive/EnsemblesLocalFile.xcframework.zip",
"product_memberships" : [
"EnsemblesLocalFile"
],
"sources" : [
],
"type" : "binary"
},
{
"c99name" : "EnsemblesGoogleDrive",
"module_type" : "BinaryTarget",
"name" : "EnsemblesGoogleDrive",
"path" : "remote/archive/EnsemblesGoogleDrive.xcframework.zip",
"product_memberships" : [
"EnsemblesGoogleDrive"
],
"sources" : [
],
"type" : "binary"
},
{
"c99name" : "EnsemblesEncrypted",
"module_type" : "BinaryTarget",
"name" : "EnsemblesEncrypted",
"path" : "remote/archive/EnsemblesEncrypted.xcframework.zip",
"product_memberships" : [
"EnsemblesEncrypted"
],
"sources" : [
],
"type" : "binary"
},
{
"c99name" : "EnsemblesDropbox",
"module_type" : "BinaryTarget",
"name" : "EnsemblesDropbox",
"path" : "remote/archive/EnsemblesDropbox.xcframework.zip",
"product_memberships" : [
"EnsemblesDropbox"
],
"sources" : [
],
"type" : "binary"
},
{
"c99name" : "EnsemblesCloudKit",
"module_type" : "BinaryTarget",
"name" : "EnsemblesCloudKit",
"path" : "remote/archive/EnsemblesCloudKit.xcframework.zip",
"product_memberships" : [
"EnsemblesCloudKit"
],
"sources" : [
],
"type" : "binary"
},
{
"c99name" : "EnsemblesBox",
"module_type" : "BinaryTarget",
"name" : "EnsemblesBox",
"path" : "remote/archive/EnsemblesBox.xcframework.zip",
"product_memberships" : [
"EnsemblesBox"
],
"sources" : [
],
"type" : "binary"
},
{
"c99name" : "Ensembles",
"module_type" : "BinaryTarget",
"name" : "Ensembles",
"path" : "remote/archive/Ensembles.xcframework.zip",
"product_memberships" : [
"Ensembles"
],
"sources" : [
],
"type" : "binary"
}
],
"tools_version" : "5.9"
}
{
"workspace" : {
"name" : "spi-builder-workspace",
"schemes" : [
"Ensembles",
"Ensembles3-Package",
"EnsemblesBox",
"EnsemblesCloudKit",
"EnsemblesDropbox",
"EnsemblesEncrypted",
"EnsemblesGoogleDrive",
"EnsemblesiCloudDrive",
"EnsemblesLocalFile",
"EnsemblesMemory",
"EnsemblesMultipeer",
"EnsemblesOneDrive",
"EnsemblesPCloud",
"EnsemblesS3",
"EnsemblesSupabase",
"EnsemblesSwiftData",
"EnsemblesWebDAV",
"EnsemblesZip"
]
}
}
2026-10-29 05:18:13.317 xcodebuild[1004:5222] [MT] IDERunDestination: Supported platforms for the buildables in the current scheme is empty.
Running build ...
env DEVELOPER_DIR=/Applications/Xcode-26.5.0.app xcrun xcodebuild -IDEClonedSourcePackagesDirPathOverride=$PWD/.dependencies -skipMacroValidation -skipPackagePluginValidation -derivedDataPath $PWD/.derivedData build -scheme Ensembles3-Package -destination generic/platform=tvOS
Command line invocation:
/Applications/Xcode-26.5.0.app/Contents/Developer/usr/bin/xcodebuild -IDEClonedSourcePackagesDirPathOverride=/Users/admin/builder/spi-builder-workspace/.dependencies -skipMacroValidation -skipPackagePluginValidation -derivedDataPath /Users/admin/builder/spi-builder-workspace/.derivedData build -scheme Ensembles3-Package -destination generic/platform=tvOS
Resolve Package Graph
Resolved source packages:
Ensembles3: /Users/admin/builder/spi-builder-workspace
ComputePackagePrebuildTargetDependencyGraph
Prepare packages
CreateBuildRequest
SendProjectDescription
CreateBuildOperation
ComputeTargetDependencyGraph
note: Building targets in dependency order
note: Target dependency graph (17 targets)
Target 'EnsemblesiCloudDrive' in project 'Ensembles3' (no dependencies)
Target 'EnsemblesZip' in project 'Ensembles3' (no dependencies)
Target 'EnsemblesWebDAV' in project 'Ensembles3' (no dependencies)
Target 'EnsemblesSwiftData' in project 'Ensembles3' (no dependencies)
Target 'EnsemblesSupabase' in project 'Ensembles3' (no dependencies)
Target 'EnsemblesS3' in project 'Ensembles3' (no dependencies)
Target 'EnsemblesPCloud' in project 'Ensembles3' (no dependencies)
Target 'EnsemblesOneDrive' in project 'Ensembles3' (no dependencies)
Target 'EnsemblesMultipeer' in project 'Ensembles3' (no dependencies)
Target 'EnsemblesMemory' in project 'Ensembles3' (no dependencies)
Target 'EnsemblesLocalFile' in project 'Ensembles3' (no dependencies)
Target 'EnsemblesGoogleDrive' in project 'Ensembles3' (no dependencies)
Target 'EnsemblesEncrypted' in project 'Ensembles3' (no dependencies)
Target 'EnsemblesDropbox' in project 'Ensembles3' (no dependencies)
Target 'EnsemblesCloudKit' in project 'Ensembles3' (no dependencies)
Target 'EnsemblesBox' in project 'Ensembles3' (no dependencies)
Target 'Ensembles' in project 'Ensembles3' (no dependencies)
GatherProvisioningInputs
CreateBuildDescription
ExecuteExternalTool /Applications/Xcode-26.5.0.app/Contents/Developer/Toolchains/XcodeDefault.xctoolchain/usr/bin/clang -v -E -dM -isysroot /Applications/Xcode-26.5.0.app/Contents/Developer/Platforms/AppleTVOS.platform/Developer/SDKs/AppleTVOS26.5.sdk -x c -c /dev/null
Build description signature: 88c7449ba0789d09ac5d2ffca5bd5114
Build description path: /Users/admin/builder/spi-builder-workspace/.derivedData/Build/Intermediates.noindex/XCBuildData/88c7449ba0789d09ac5d2ffca5bd5114.xcbuilddata
/Users/admin/builder/spi-builder-workspace/.dependencies/artifacts/spi-builder-workspace/EnsemblesDropbox/EnsemblesDropbox.xcframework:1:1: error: While building for tvOS, no library for this platform was found in '/Users/admin/builder/spi-builder-workspace/.dependencies/artifacts/spi-builder-workspace/EnsemblesDropbox/EnsemblesDropbox.xcframework'. (in target 'EnsemblesDropbox' from project 'Ensembles3')
2026-10-29 05:18:15.172 xcodebuild[1069:5616] [MT] IDERunDestination: Supported platforms for the buildables in the current scheme is empty.
** BUILD FAILED **
The following build commands failed:
Building workspace spi-builder-workspace with scheme Ensembles3-Package
(1 failure)
BUILD FAILURE 6.3 tvOS