The Swift Package Index logo.Swift Package Index

Build Information

Failed to build SwiftUINavigator, reference main (73fcf9), with Swift 6.4 for macOS (SPM) on 19 Sep 2026 18:55:04 UTC.

Build Command

env DEVELOPER_DIR=/Applications/Xcode-27.0.0-Release.Candidate.app xcrun swift build --arch arm64

Build Log

========================================
RunAll
========================================
Builder version: 5.1.0
Interrupt handler set up.
========================================
Checkout
========================================
Clone URL: https://github.com/insub4067/SwiftUINavigator.git
Reference: main
Initialized empty Git repository in /Users/admin/builder/spi-builder-workspace/.git/
From https://github.com/insub4067/SwiftUINavigator
 * branch            main       -> FETCH_HEAD
 * [new branch]      main       -> origin/main
HEAD is now at 73fcf9b Update README.md
Cloned https://github.com/insub4067/SwiftUINavigator.git
Revision (git rev-parse @):
73fcf9b568f4d1368fd58be89db7ebb5cb6e18d3
SUCCESS checkout https://github.com/insub4067/SwiftUINavigator.git at main
========================================
Build
========================================
Selected platform:         macosSpm
Swift version:             6.4
Building package at path:  $PWD
https://github.com/insub4067/SwiftUINavigator.git
Running build ...
env DEVELOPER_DIR=/Applications/Xcode-27.0.0-Release.Candidate.app xcrun swift build --arch arm64
Building for debugging...
[Planning deferred tasks]
[19 / 28]
[20 / 29] SwiftUINavigator
[30 / 102]
[33 / 102]
[41 / 102]
[43 / 102]
[44 / 102]
[49 / 102]
[51 / 102]
[53 / 102]
[56 / 102]
[61 / 102]
[64 / 102]
[66 / 102]
[67 / 102]
[77 / 102]
[79 / 102]
[80 / 102]
[83 / 102]
[85 / 102]
error: SwiftCompile normal arm64 failed with a nonzero exit code. Command line:     cd /Users/admin/builder

/Users/admin/builder/spi-builder-workspace/Sources/SwiftUINavigator/Wrappable.swift:13:20: error: cannot find type 'Navigator' in scope
11 | public protocol Wrappable: View {
12 |
13 |     var navigator: Navigator? { get set }
   |                    `- error: cannot find type 'Navigator' in scope
14 | }
15 |
/Users/admin/builder/spi-builder-workspace/Sources/SwiftUINavigator/Wrappable.swift:21:26: error: cannot find type 'UIColor' in scope
19 |
20 |     func asViewController(
21 |         backgroundColor: UIColor? = nil,
   |                          `- error: cannot find type 'UIColor' in scope
22 |         hidesBottomBarWhenPushed: Bool = true
23 |     ) -> WrapperViewController<Self> {
/Users/admin/builder/spi-builder-workspace/Sources/SwiftUINavigator/WrapperViewController.swift:11:57: error: cannot find type 'UIViewController' in scope
 9 | import SwiftUI
10 |
11 | public class WrapperViewController<Content: Wrappable>: UIViewController {
   |                                                         `- error: cannot find type 'UIViewController' in scope
12 |
13 |     var hController = UIHostingController<Content?>(rootView: nil)
/Users/admin/builder/spi-builder-workspace/Sources/SwiftUINavigator/WrapperViewController.swift:13:23: error: cannot find 'UIHostingController' in scope
11 | public class WrapperViewController<Content: Wrappable>: UIViewController {
12 |
13 |     var hController = UIHostingController<Content?>(rootView: nil)
   |                       `- error: cannot find 'UIHostingController' in scope
14 |     var content: Content
15 |     let navigator: Navigator
/Users/admin/builder/spi-builder-workspace/Sources/SwiftUINavigator/WrapperViewController.swift:15:20: error: cannot find type 'Navigator' in scope
13 |     var hController = UIHostingController<Content?>(rootView: nil)
14 |     var content: Content
15 |     let navigator: Navigator
   |                    `- error: cannot find type 'Navigator' in scope
16 |
17 |     init(
/Users/admin/builder/spi-builder-workspace/Sources/SwiftUINavigator/WrapperViewController.swift:20:26: error: cannot find type 'UIColor' in scope
18 |         content: Content,
19 |         indentifier: String,
20 |         backgroundColor: UIColor? = nil
   |                          `- error: cannot find type 'UIColor' in scope
21 |     ) {
22 |         self.navigator = Navigator()
/Users/admin/builder/spi-builder-workspace/Sources/SwiftUINavigator/WrapperViewController.swift:37:26: error: method does not override any method from its superclass
35 |     }
36 |
37 |     public override func viewDidAppear(_ animated: Bool) {
   |                          `- error: method does not override any method from its superclass
38 |         super.viewDidAppear(animated)
39 |         self.navigator.set(self)
Failed frontend command:
/Applications/Xcode-27.0.0-Release.Candidate.app/Contents/Developer/Toolchains/XcodeDefault.xctoolchain/usr/bin/swift-frontend -frontend -emit-module -experimental-skip-non-inlinable-function-bodies-without-types /Users/admin/builder/spi-builder-workspace/Sources/SwiftUINavigator/Navigator.swift /Users/admin/builder/spi-builder-workspace/Sources/SwiftUINavigator/UIViewController+/UIViewController+.swift /Users/admin/builder/spi-builder-workspace/Sources/SwiftUINavigator/UIViewController+/UIViewController+functional.swift /Users/admin/builder/spi-builder-workspace/Sources/SwiftUINavigator/UIViewController+/UIViewController+indentifier.swift /Users/admin/builder/spi-builder-workspace/Sources/SwiftUINavigator/Wrappable.swift /Users/admin/builder/spi-builder-workspace/Sources/SwiftUINavigator/WrapperViewController.swift -target arm64-apple-macos12.0 -module-can-import-version SwiftUI 8.0.84.1 8.0.84 -disable-cross-import-overlay-search -load-resolved-plugin /Applications/Xcode-27.0.0-Release.Candidate.app/Contents/Developer/Platforms/MacOSX.platform/Developer/usr/lib/swift/host/plugins/libFoundationMacros.dylib\#/Applications/Xcode-27.0.0-Release.Candidate.app/Contents/Developer/Platforms/MacOSX.platform/Developer/usr/bin/swift-plugin-server\#FoundationMacros -load-resolved-plugin /Applications/Xcode-27.0.0-Release.Candidate.app/Contents/Developer/Platforms/MacOSX.platform/Developer/usr/lib/swift/host/plugins/libObservationMacros.dylib\#/Applications/Xcode-27.0.0-Release.Candidate.app/Contents/Developer/Platforms/MacOSX.platform/Developer/usr/bin/swift-plugin-server\#ObservationMacros -load-resolved-plugin /Applications/Xcode-27.0.0-Release.Candidate.app/Contents/Developer/Platforms/MacOSX.platform/Developer/usr/lib/swift/host/plugins/libPreviewsMacros.dylib\#/Applications/Xcode-27.0.0-Release.Candidate.app/Contents/Developer/Platforms/MacOSX.platform/Developer/usr/bin/swift-plugin-server\#PreviewsMacros -load-resolved-plugin /Applications/Xcode-27.0.0-Release.Candidate.app/Contents/Developer/Platforms/MacOSX.platform/Developer/usr/lib/swift/host/plugins/libSwiftMacros.dylib\#/Applications/Xcode-27.0.0-Release.Candidate.app/Contents/Developer/Platforms/MacOSX.platform/Developer/usr/bin/swift-plugin-server\#SwiftMacros -load-resolved-plugin /Applications/Xcode-27.0.0-Release.Candidate.app/Contents/Developer/Platforms/MacOSX.platform/Developer/usr/lib/swift/host/plugins/libSwiftUIMacros.dylib\#/Applications/Xcode-27.0.0-Release.Candidate.app/Contents/Developer/Platforms/MacOSX.platform/Developer/usr/bin/swift-plugin-server\#SwiftUIMacros -disable-implicit-swift-modules -Xcc -fno-implicit-modules -Xcc -fno-implicit-module-maps -explicit-swift-module-map-file /Users/admin/builder/spi-builder-workspace/.build/out/Intermediates.noindex/SwiftUINavigator.build/Debug/SwiftUINavigator-t.build/Objects-normal/arm64/SwiftUINavigator-dependencies-1.json -Xllvm -aarch64-use-tbi -enable-objc-interop -stack-check -sdk /Applications/Xcode-27.0.0-Release.Candidate.app/Contents/Developer/Platforms/MacOSX.platform/Developer/SDKs/MacOSX27.0.sdk -I /Users/admin/builder/spi-builder-workspace/.build/out/Products/Debug -Isystem /Applications/Xcode-27.0.0-Release.Candidate.app/Contents/Developer/Platforms/MacOSX.platform/Developer/usr/lib -F /Users/admin/builder/spi-builder-workspace/.build/out/Products/Debug -F /Applications/Xcode-27.0.0-Release.Candidate.app/Contents/Developer/Platforms/MacOSX.platform/Developer/Library/Frameworks -module-cache-path /Users/admin/builder/spi-builder-workspace/.build/out/Intermediates.noindex/SwiftExplicitPrecompiledModules -color-diagnostics -Xcc -fcolor-diagnostics -enable-testing -g -debug-info-format\=dwarf -dwarf-version\=4 -swift-version 5 -Onone -D SWIFT_PACKAGE -D DEBUG -D SWIFT_MODULE_RESOURCE_BUNDLE_UNAVAILABLE -D Xcode -serialize-debugging-options -enable-experimental-feature DebugDescriptionMacro -empty-abi-descriptor -validate-clang-modules-once -clang-build-session-file /Users/admin/builder/spi-builder-workspace/.build/out/ModuleCache.noindex/Session.modulevalidation -Xcc -working-directory -Xcc /Users/admin/builder -enable-anonymous-context-mangled-names -file-compilation-dir /Users/admin/builder -Xcc -D_LIBCPP_HARDENING_MODE\=_LIBCPP_HARDENING_MODE_DEBUG -Xcc -ivfsstatcache -Xcc /Users/admin/builder/spi-builder-workspace/.build/out/SDKStatCaches.noindex/macosx27.0-26A425-80c5bbf1d171475443272936d42f90a36a22442a12e9d48fe1a705f55a1adfc4.sdkstatcache -Xcc -fmodules-prune-interval\=86400 -Xcc -fmodules-prune-after\=345600 -Xcc -I/Users/admin/builder/spi-builder-workspace/.build/out/Products/Debug/include -Xcc -I/Users/admin/builder/spi-builder-workspace/.build/out/Intermediates.noindex/SwiftUINavigator.build/Debug/SwiftUINavigator-t.build/DerivedSources-normal/arm64 -Xcc -I/Users/admin/builder/spi-builder-workspace/.build/out/Intermediates.noindex/SwiftUINavigator.build/Debug/SwiftUINavigator-t.build/DerivedSources/arm64 -Xcc -I/Users/admin/builder/spi-builder-workspace/.build/out/Intermediates.noindex/SwiftUINavigator.build/Debug/SwiftUINavigator-t.build/DerivedSources -Xcc -DSWIFT_PACKAGE -Xcc -DDEBUG\=1 -no-auto-bridging-header-chaining -module-name SwiftUINavigator -const-gather-protocols-file /Users/admin/builder/spi-builder-workspace/.build/out/Intermediates.noindex/SwiftUINavigator.build/Debug/SwiftUINavigator-t.build/Objects-normal/arm64/SwiftUINavigator_const_extract_protocols.json -disable-clang-spi -clang-target arm64-apple-macos27.0 -target-sdk-version 27.0 -target-sdk-name macosx27.0 -in-process-plugin-server-path /Applications/Xcode-27.0.0-Release.Candidate.app/Contents/Developer/Toolchains/XcodeDefault.xctoolchain/usr/lib/swift/host/libSwiftInProcPluginServer.dylib -emit-module-doc-path /Users/admin/builder/spi-builder-workspace/.build/out/Intermediates.noindex/SwiftUINavigator.build/Debug/SwiftUINavigator-t.build/Objects-normal/arm64/SwiftUINavigator.swiftdoc -emit-module-source-info-path /Users/admin/builder/spi-builder-workspace/.build/out/Intermediates.noindex/SwiftUINavigator.build/Debug/SwiftUINavigator-t.build/Objects-normal/arm64/SwiftUINavigator.swiftsourceinfo -emit-objc-header-path /Users/admin/builder/spi-builder-workspace/.build/out/Intermediates.noindex/SwiftUINavigator.build/Debug/SwiftUINavigator-t.build/Objects-normal/arm64/SwiftUINavigator-Swift.h -serialize-diagnostics-path /Users/admin/builder/spi-builder-workspace/.build/out/Intermediates.noindex/SwiftUINavigator.build/Debug/SwiftUINavigator-t.build/Objects-normal/arm64/SwiftUINavigator-primary-emit-module.dia -emit-dependencies-path /Users/admin/builder/spi-builder-workspace/.build/out/Intermediates.noindex/SwiftUINavigator.build/Debug/SwiftUINavigator-t.build/Objects-normal/arm64/SwiftUINavigator-primary-emit-module.d -parse-as-library -o /Users/admin/builder/spi-builder-workspace/.build/out/Intermediates.noindex/SwiftUINavigator.build/Debug/SwiftUINavigator-t.build/Objects-normal/arm64/SwiftUINavigator.swiftmodule -emit-abi-descriptor-path /Users/admin/builder/spi-builder-workspace/.build/out/Intermediates.noindex/SwiftUINavigator.build/Debug/SwiftUINavigator-t.build/Objects-normal/arm64/SwiftUINavigator.abi.json
error: Build failed
BUILD FAILURE 6.4 macosSpm