Build Information
Failed to build swiftui-window-reference, reference 1.0.0 (181422), with Swift 6.4 for watchOS using Xcode 27.0 on 20 Sep 2026 23:26:12 UTC.
Build Command
env DEVELOPER_DIR=/Applications/Xcode-27.0.0-Release.Candidate.app xcrun xcodebuild -IDEClonedSourcePackagesDirPathOverride=$PWD/.dependencies -skipMacroValidation -skipPackagePluginValidation -derivedDataPath $PWD/.derivedData build -scheme swiftui-window-reference-Package -destination generic/platform=watchOSBuild Log
========================================
RunAll
========================================
Builder version: 5.1.0
Interrupt handler set up.
========================================
Checkout
========================================
Clone URL: https://github.com/astzweig/swiftui-window-reference.git
Reference: 1.0.0
Initialized empty Git repository in /Users/admin/builder/spi-builder-workspace/.git/
From https://github.com/astzweig/swiftui-window-reference
* tag 1.0.0 -> FETCH_HEAD
HEAD is now at 1814226 Unify TestApp name accross projects
Cloned https://github.com/astzweig/swiftui-window-reference.git
Revision (git rev-parse @):
1814226af8d3cd215310d845be6abab925dd1b76
SUCCESS checkout https://github.com/astzweig/swiftui-window-reference.git at 1.0.0
========================================
Build
========================================
Selected platform: watchOS
Swift version: 6.4
Building package at path: $PWD
https://github.com/astzweig/swiftui-window-reference.git
Command line invocation:
/Applications/Xcode-27.0.0-Release.Candidate.app/Contents/Developer/usr/bin/xcodebuild -IDEClonedSourcePackagesDirPathOverride=/Users/admin/builder/spi-builder-workspace/.dependencies -resolvePackageDependencies
Resolve Package Graph
Resolve Package Graph
Resolved source packages:
swiftui-window-reference: /Users/admin/builder/spi-builder-workspace
resolved source packages: swiftui-window-reference
2026-09-20 19:25:28.702 xcodebuild[529:3034] [MT] IDERunDestination: Supported platforms for the buildables in the current scheme is empty.
{
"dependencies" : [
],
"manifest_display_name" : "swiftui-window-reference",
"name" : "swiftui-window-reference",
"path" : "/Users/admin/builder/spi-builder-workspace",
"platforms" : [
{
"name" : "macos",
"version" : "13.0"
}
],
"products" : [
{
"name" : "WindowReference",
"targets" : [
"WindowReference"
],
"type" : {
"library" : [
"automatic"
]
}
},
{
"name" : "TestApp",
"targets" : [
"TestApp"
],
"type" : {
"executable" : null
}
}
],
"targets" : [
{
"c99name" : "WindowReference",
"module_type" : "SwiftTarget",
"name" : "WindowReference",
"path" : "Sources/WindowReference",
"product_memberships" : [
"WindowReference",
"TestApp"
],
"sources" : [
"Environment.swift",
"WindowReference.swift"
],
"type" : "library"
},
{
"c99name" : "TestApp",
"module_type" : "SwiftTarget",
"name" : "TestApp",
"path" : "Sources/TestApp",
"product_memberships" : [
"TestApp"
],
"sources" : [
"main.swift"
],
"target_dependencies" : [
"WindowReference"
],
"type" : "executable"
}
],
"tools_version" : "5.10"
}
{
"workspace" : {
"name" : "swiftui-window-reference",
"schemes" : [
"swiftui-window-reference-Package",
"TestApp",
"WindowReference"
]
}
}
2026-09-20 19:26:00.567 xcodebuild[626:3827] [MT] IDERunDestination: Supported platforms for the buildables in the current scheme is empty.
Running build ...
env DEVELOPER_DIR=/Applications/Xcode-27.0.0-Release.Candidate.app xcrun xcodebuild -IDEClonedSourcePackagesDirPathOverride=$PWD/.dependencies -skipMacroValidation -skipPackagePluginValidation -derivedDataPath $PWD/.derivedData build -scheme swiftui-window-reference-Package -destination generic/platform=watchOS
Command line invocation:
/Applications/Xcode-27.0.0-Release.Candidate.app/Contents/Developer/usr/bin/xcodebuild -IDEClonedSourcePackagesDirPathOverride=/Users/admin/builder/spi-builder-workspace/.dependencies -skipMacroValidation -skipPackagePluginValidation -derivedDataPath /Users/admin/builder/spi-builder-workspace/.derivedData build -scheme swiftui-window-reference-Package -destination generic/platform=watchOS
Resolve Package Graph
Resolved source packages:
swiftui-window-reference: /Users/admin/builder/spi-builder-workspace
ComputePackagePrebuildTargetDependencyGraph
Prepare packages
CreateBuildRequest
SendProjectDescription
CreateBuildOperation
ComputeTargetDependencyGraph
note: Building targets in dependency order
note: Target dependency graph (3 targets)
Target 'TestApp-product' in project 'swiftui-window-reference'
➜ Explicit dependency on target 'WindowReference' in project 'swiftui-window-reference'
Target 'WindowReference-product' in project 'swiftui-window-reference'
➜ Explicit dependency on target 'WindowReference' in project 'swiftui-window-reference'
Target 'WindowReference' in project 'swiftui-window-reference' (no dependencies)
GatherProvisioningInputs
CreateBuildDescription
ExecuteExternalTool /Applications/Xcode-27.0.0-Release.Candidate.app/Contents/Developer/Toolchains/XcodeDefault.xctoolchain/usr/bin/clang -v -E -dM -isysroot /Applications/Xcode-27.0.0-Release.Candidate.app/Contents/Developer/Platforms/WatchOS.platform/Developer/SDKs/WatchOS27.0.sdk -x c -c /dev/null
ExecuteExternalTool /Applications/Xcode-27.0.0-Release.Candidate.app/Contents/Developer/Toolchains/XcodeDefault.xctoolchain/usr/bin/swiftc --version
ExecuteExternalTool /Applications/Xcode-27.0.0-Release.Candidate.app/Contents/Developer/Toolchains/XcodeDefault.xctoolchain/usr/bin/ld -version_details
Build description signature: a5e254fd69405904c2e200f07f8adb18
Build description path: /Users/admin/builder/spi-builder-workspace/.derivedData/Build/Intermediates.noindex/XCBuildData/a5e254fd69405904c2e200f07f8adb18.xcbuilddata
CreateBuildDirectory /Users/admin/builder/spi-builder-workspace/.derivedData/SDKExplicitPrecompiledModules
cd /Users/admin/builder/spi-builder-workspace/.swiftpm/xcode
builtin-create-build-directory /Users/admin/builder/spi-builder-workspace/.derivedData/SDKExplicitPrecompiledModules
CreateBuildDirectory /Users/admin/builder/spi-builder-workspace/.derivedData/ModuleCache.noindex
cd /Users/admin/builder/spi-builder-workspace/.swiftpm/xcode
builtin-create-build-directory /Users/admin/builder/spi-builder-workspace/.derivedData/ModuleCache.noindex
CreateBuildDirectory /Users/admin/builder/spi-builder-workspace/.derivedData/CompilationCache.noindex
cd /Users/admin/builder/spi-builder-workspace/.swiftpm/xcode
builtin-create-build-directory /Users/admin/builder/spi-builder-workspace/.derivedData/CompilationCache.noindex
CreateBuildDirectory /Users/admin/builder/spi-builder-workspace/.derivedData/Build/Intermediates.noindex
cd /Users/admin/builder/spi-builder-workspace/.swiftpm/xcode
builtin-create-build-directory /Users/admin/builder/spi-builder-workspace/.derivedData/Build/Intermediates.noindex
ClangStatCache /Applications/Xcode-27.0.0-Release.Candidate.app/Contents/Developer/Toolchains/XcodeDefault.xctoolchain/usr/bin/clang-stat-cache /Applications/Xcode-27.0.0-Release.Candidate.app/Contents/Developer/Platforms/WatchOS.platform/Developer/SDKs/WatchOS27.0.sdk /Users/admin/builder/spi-builder-workspace/.derivedData/SDKStatCaches.noindex/watchos27.0-24R360-e829b21a6f8c9b70876ba0858053c04477534ef55a1706bf4c1112bbb242f0a2.sdkstatcache
cd /Users/admin/builder/spi-builder-workspace/.swiftpm/xcode
/Applications/Xcode-27.0.0-Release.Candidate.app/Contents/Developer/Toolchains/XcodeDefault.xctoolchain/usr/bin/clang-stat-cache /Applications/Xcode-27.0.0-Release.Candidate.app/Contents/Developer/Platforms/WatchOS.platform/Developer/SDKs/WatchOS27.0.sdk -o /Users/admin/builder/spi-builder-workspace/.derivedData/SDKStatCaches.noindex/watchos27.0-24R360-e829b21a6f8c9b70876ba0858053c04477534ef55a1706bf4c1112bbb242f0a2.sdkstatcache
CreateBuildDirectory /Users/admin/builder/spi-builder-workspace/.derivedData/Build/Products
cd /Users/admin/builder/spi-builder-workspace/.swiftpm/xcode
builtin-create-build-directory /Users/admin/builder/spi-builder-workspace/.derivedData/Build/Products
CreateBuildDirectory /Users/admin/builder/spi-builder-workspace/.derivedData/Build/Intermediates.noindex/SwiftExplicitPrecompiledModules
cd /Users/admin/builder/spi-builder-workspace/.swiftpm/xcode
builtin-create-build-directory /Users/admin/builder/spi-builder-workspace/.derivedData/Build/Intermediates.noindex/SwiftExplicitPrecompiledModules
CreateBuildDirectory /Users/admin/builder/spi-builder-workspace/.derivedData/Build/Intermediates.noindex/PrecompiledHeaders
cd /Users/admin/builder/spi-builder-workspace/.swiftpm/xcode
builtin-create-build-directory /Users/admin/builder/spi-builder-workspace/.derivedData/Build/Intermediates.noindex/PrecompiledHeaders
CreateBuildDirectory /Users/admin/builder/spi-builder-workspace/.derivedData/Build/Intermediates.noindex/ExplicitPrecompiledModules
cd /Users/admin/builder/spi-builder-workspace/.swiftpm/xcode
builtin-create-build-directory /Users/admin/builder/spi-builder-workspace/.derivedData/Build/Intermediates.noindex/ExplicitPrecompiledModules
CreateBuildDirectory /Users/admin/builder/spi-builder-workspace/.derivedData/Build/Intermediates.noindex/EagerLinkingTBDs/Debug-watchos
cd /Users/admin/builder/spi-builder-workspace/.swiftpm/xcode
builtin-create-build-directory /Users/admin/builder/spi-builder-workspace/.derivedData/Build/Intermediates.noindex/EagerLinkingTBDs/Debug-watchos
CreateBuildDirectory /Users/admin/builder/spi-builder-workspace/.derivedData/Build/Products/Debug-watchos
cd /Users/admin/builder/spi-builder-workspace/.swiftpm/xcode
builtin-create-build-directory /Users/admin/builder/spi-builder-workspace/.derivedData/Build/Products/Debug-watchos
CreateBuildDirectory /Users/admin/builder/spi-builder-workspace/.derivedData/Build/Products/Debug-watchos/PackageFrameworks
cd /Users/admin/builder/spi-builder-workspace/.swiftpm/xcode
builtin-create-build-directory /Users/admin/builder/spi-builder-workspace/.derivedData/Build/Products/Debug-watchos/PackageFrameworks
WriteAuxiliaryFile /Users/admin/builder/spi-builder-workspace/.derivedData/Build/Intermediates.noindex/swiftui-window-reference.build/Debug-watchos/WindowReference-t.build/WindowReference.DependencyStaticMetadataFileList (in target 'WindowReference' from project 'swiftui-window-reference')
cd /Users/admin/builder/spi-builder-workspace
write-file /Users/admin/builder/spi-builder-workspace/.derivedData/Build/Intermediates.noindex/swiftui-window-reference.build/Debug-watchos/WindowReference-t.build/WindowReference.DependencyStaticMetadataFileList
WriteAuxiliaryFile /Users/admin/builder/spi-builder-workspace/.derivedData/Build/Intermediates.noindex/swiftui-window-reference.build/Debug-watchos/WindowReference-t.build/WindowReference.modulemap (in target 'WindowReference' from project 'swiftui-window-reference')
cd /Users/admin/builder/spi-builder-workspace
write-file /Users/admin/builder/spi-builder-workspace/.derivedData/Build/Intermediates.noindex/swiftui-window-reference.build/Debug-watchos/WindowReference-t.build/WindowReference.modulemap
WriteAuxiliaryFile /Users/admin/builder/spi-builder-workspace/.derivedData/Build/Intermediates.noindex/swiftui-window-reference.build/Debug-watchos/WindowReference-t.build/WindowReference.DependencyMetadataFileList (in target 'WindowReference' from project 'swiftui-window-reference')
cd /Users/admin/builder/spi-builder-workspace
write-file /Users/admin/builder/spi-builder-workspace/.derivedData/Build/Intermediates.noindex/swiftui-window-reference.build/Debug-watchos/WindowReference-t.build/WindowReference.DependencyMetadataFileList
WriteAuxiliaryFile /Users/admin/builder/spi-builder-workspace/.derivedData/Build/Intermediates.noindex/swiftui-window-reference.build/Debug-watchos/WindowReference-t.build/Objects-normal/arm64_32/WindowReference.SwiftConstValuesFileList (in target 'WindowReference' from project 'swiftui-window-reference')
cd /Users/admin/builder/spi-builder-workspace
write-file /Users/admin/builder/spi-builder-workspace/.derivedData/Build/Intermediates.noindex/swiftui-window-reference.build/Debug-watchos/WindowReference-t.build/Objects-normal/arm64_32/WindowReference.SwiftConstValuesFileList
WriteAuxiliaryFile /Users/admin/builder/spi-builder-workspace/.derivedData/Build/Intermediates.noindex/swiftui-window-reference.build/Debug-watchos/WindowReference-t.build/Objects-normal/arm64_32/WindowReference_const_extract_protocols.json (in target 'WindowReference' from project 'swiftui-window-reference')
cd /Users/admin/builder/spi-builder-workspace
write-file /Users/admin/builder/spi-builder-workspace/.derivedData/Build/Intermediates.noindex/swiftui-window-reference.build/Debug-watchos/WindowReference-t.build/Objects-normal/arm64_32/WindowReference_const_extract_protocols.json
WriteAuxiliaryFile /Users/admin/builder/spi-builder-workspace/.derivedData/Build/Intermediates.noindex/swiftui-window-reference.build/Debug-watchos/WindowReference-t.build/Objects-normal/arm64_32/WindowReference.SwiftFileList (in target 'WindowReference' from project 'swiftui-window-reference')
cd /Users/admin/builder/spi-builder-workspace
write-file /Users/admin/builder/spi-builder-workspace/.derivedData/Build/Intermediates.noindex/swiftui-window-reference.build/Debug-watchos/WindowReference-t.build/Objects-normal/arm64_32/WindowReference.SwiftFileList
WriteAuxiliaryFile /Users/admin/builder/spi-builder-workspace/.derivedData/Build/Intermediates.noindex/swiftui-window-reference.build/Debug-watchos/WindowReference-t.build/Objects-normal/arm64_32/WindowReference-OutputFileMap.json (in target 'WindowReference' from project 'swiftui-window-reference')
cd /Users/admin/builder/spi-builder-workspace
write-file /Users/admin/builder/spi-builder-workspace/.derivedData/Build/Intermediates.noindex/swiftui-window-reference.build/Debug-watchos/WindowReference-t.build/Objects-normal/arm64_32/WindowReference-OutputFileMap.json
WriteAuxiliaryFile /Users/admin/builder/spi-builder-workspace/.derivedData/Build/Intermediates.noindex/swiftui-window-reference.build/Debug-watchos/WindowReference-t.build/Objects-normal/arm64/WindowReference_const_extract_protocols.json (in target 'WindowReference' from project 'swiftui-window-reference')
cd /Users/admin/builder/spi-builder-workspace
write-file /Users/admin/builder/spi-builder-workspace/.derivedData/Build/Intermediates.noindex/swiftui-window-reference.build/Debug-watchos/WindowReference-t.build/Objects-normal/arm64/WindowReference_const_extract_protocols.json
WriteAuxiliaryFile /Users/admin/builder/spi-builder-workspace/.derivedData/Build/Intermediates.noindex/swiftui-window-reference.build/Debug-watchos/WindowReference-t.build/Objects-normal/arm64_32/WindowReference.LinkFileList (in target 'WindowReference' from project 'swiftui-window-reference')
cd /Users/admin/builder/spi-builder-workspace
write-file /Users/admin/builder/spi-builder-workspace/.derivedData/Build/Intermediates.noindex/swiftui-window-reference.build/Debug-watchos/WindowReference-t.build/Objects-normal/arm64_32/WindowReference.LinkFileList
WriteAuxiliaryFile /Users/admin/builder/spi-builder-workspace/.derivedData/Build/Intermediates.noindex/swiftui-window-reference.build/Debug-watchos/WindowReference-t.build/Objects-normal/arm64/WindowReference.SwiftFileList (in target 'WindowReference' from project 'swiftui-window-reference')
cd /Users/admin/builder/spi-builder-workspace
write-file /Users/admin/builder/spi-builder-workspace/.derivedData/Build/Intermediates.noindex/swiftui-window-reference.build/Debug-watchos/WindowReference-t.build/Objects-normal/arm64/WindowReference.SwiftFileList
WriteAuxiliaryFile /Users/admin/builder/spi-builder-workspace/.derivedData/Build/Intermediates.noindex/swiftui-window-reference.build/Debug-watchos/WindowReference-t.build/Objects-normal/arm64/WindowReference.SwiftConstValuesFileList (in target 'WindowReference' from project 'swiftui-window-reference')
cd /Users/admin/builder/spi-builder-workspace
write-file /Users/admin/builder/spi-builder-workspace/.derivedData/Build/Intermediates.noindex/swiftui-window-reference.build/Debug-watchos/WindowReference-t.build/Objects-normal/arm64/WindowReference.SwiftConstValuesFileList
WriteAuxiliaryFile /Users/admin/builder/spi-builder-workspace/.derivedData/Build/Intermediates.noindex/swiftui-window-reference.build/Debug-watchos/WindowReference-t.build/Objects-normal/arm64/WindowReference-OutputFileMap.json (in target 'WindowReference' from project 'swiftui-window-reference')
cd /Users/admin/builder/spi-builder-workspace
write-file /Users/admin/builder/spi-builder-workspace/.derivedData/Build/Intermediates.noindex/swiftui-window-reference.build/Debug-watchos/WindowReference-t.build/Objects-normal/arm64/WindowReference-OutputFileMap.json
WriteAuxiliaryFile /Users/admin/builder/spi-builder-workspace/.derivedData/Build/Intermediates.noindex/swiftui-window-reference.build/Debug-watchos/WindowReference-t.build/Objects-normal/arm64/WindowReference.LinkFileList (in target 'WindowReference' from project 'swiftui-window-reference')
cd /Users/admin/builder/spi-builder-workspace
write-file /Users/admin/builder/spi-builder-workspace/.derivedData/Build/Intermediates.noindex/swiftui-window-reference.build/Debug-watchos/WindowReference-t.build/Objects-normal/arm64/WindowReference.LinkFileList
WriteAuxiliaryFile /Users/admin/builder/spi-builder-workspace/.derivedData/Build/Intermediates.noindex/swiftui-window-reference.build/Debug-watchos/TestApp-p.build/TestApp.DependencyStaticMetadataFileList (in target 'TestApp-product' from project 'swiftui-window-reference')
cd /Users/admin/builder/spi-builder-workspace
write-file /Users/admin/builder/spi-builder-workspace/.derivedData/Build/Intermediates.noindex/swiftui-window-reference.build/Debug-watchos/TestApp-p.build/TestApp.DependencyStaticMetadataFileList
WriteAuxiliaryFile /Users/admin/builder/spi-builder-workspace/.derivedData/Build/Intermediates.noindex/swiftui-window-reference.build/Debug-watchos/TestApp-p.build/TestApp.DependencyMetadataFileList (in target 'TestApp-product' from project 'swiftui-window-reference')
cd /Users/admin/builder/spi-builder-workspace
write-file /Users/admin/builder/spi-builder-workspace/.derivedData/Build/Intermediates.noindex/swiftui-window-reference.build/Debug-watchos/TestApp-p.build/TestApp.DependencyMetadataFileList
Copy /Users/admin/builder/spi-builder-workspace/.derivedData/Build/Intermediates.noindex/GeneratedModuleMaps-watchos/WindowReference.modulemap /Users/admin/builder/spi-builder-workspace/.derivedData/Build/Intermediates.noindex/swiftui-window-reference.build/Debug-watchos/WindowReference-t.build/WindowReference.modulemap (in target 'WindowReference' from project 'swiftui-window-reference')
cd /Users/admin/builder/spi-builder-workspace
builtin-copy -exclude .DS_Store -exclude CVS -exclude .svn -exclude .git -exclude .hg -resolve-src-symlinks /Users/admin/builder/spi-builder-workspace/.derivedData/Build/Intermediates.noindex/swiftui-window-reference.build/Debug-watchos/WindowReference-t.build/WindowReference.modulemap /Users/admin/builder/spi-builder-workspace/.derivedData/Build/Intermediates.noindex/GeneratedModuleMaps-watchos
WriteAuxiliaryFile /Users/admin/builder/spi-builder-workspace/.derivedData/Build/Intermediates.noindex/swiftui-window-reference.build/Debug-watchos/TestApp-p.build/Objects-normal/arm64_32/TestApp_const_extract_protocols.json (in target 'TestApp-product' from project 'swiftui-window-reference')
cd /Users/admin/builder/spi-builder-workspace
write-file /Users/admin/builder/spi-builder-workspace/.derivedData/Build/Intermediates.noindex/swiftui-window-reference.build/Debug-watchos/TestApp-p.build/Objects-normal/arm64_32/TestApp_const_extract_protocols.json
WriteAuxiliaryFile /Users/admin/builder/spi-builder-workspace/.derivedData/Build/Intermediates.noindex/swiftui-window-reference.build/Debug-watchos/TestApp-p.build/Objects-normal/arm64_32/TestApp-OutputFileMap.json (in target 'TestApp-product' from project 'swiftui-window-reference')
cd /Users/admin/builder/spi-builder-workspace
write-file /Users/admin/builder/spi-builder-workspace/.derivedData/Build/Intermediates.noindex/swiftui-window-reference.build/Debug-watchos/TestApp-p.build/Objects-normal/arm64_32/TestApp-OutputFileMap.json
WriteAuxiliaryFile /Users/admin/builder/spi-builder-workspace/.derivedData/Build/Intermediates.noindex/swiftui-window-reference.build/Debug-watchos/TestApp-p.build/Objects-normal/arm64_32/TestApp.LinkFileList (in target 'TestApp-product' from project 'swiftui-window-reference')
cd /Users/admin/builder/spi-builder-workspace
write-file /Users/admin/builder/spi-builder-workspace/.derivedData/Build/Intermediates.noindex/swiftui-window-reference.build/Debug-watchos/TestApp-p.build/Objects-normal/arm64_32/TestApp.LinkFileList
WriteAuxiliaryFile /Users/admin/builder/spi-builder-workspace/.derivedData/Build/Intermediates.noindex/swiftui-window-reference.build/Debug-watchos/TestApp-p.build/Objects-normal/arm64_32/TestApp.SwiftFileList (in target 'TestApp-product' from project 'swiftui-window-reference')
cd /Users/admin/builder/spi-builder-workspace
write-file /Users/admin/builder/spi-builder-workspace/.derivedData/Build/Intermediates.noindex/swiftui-window-reference.build/Debug-watchos/TestApp-p.build/Objects-normal/arm64_32/TestApp.SwiftFileList
WriteAuxiliaryFile /Users/admin/builder/spi-builder-workspace/.derivedData/Build/Intermediates.noindex/swiftui-window-reference.build/Debug-watchos/TestApp-p.build/Objects-normal/arm64/TestApp_const_extract_protocols.json (in target 'TestApp-product' from project 'swiftui-window-reference')
cd /Users/admin/builder/spi-builder-workspace
write-file /Users/admin/builder/spi-builder-workspace/.derivedData/Build/Intermediates.noindex/swiftui-window-reference.build/Debug-watchos/TestApp-p.build/Objects-normal/arm64/TestApp_const_extract_protocols.json
WriteAuxiliaryFile /Users/admin/builder/spi-builder-workspace/.derivedData/Build/Intermediates.noindex/swiftui-window-reference.build/Debug-watchos/TestApp-p.build/Objects-normal/arm64/TestApp.SwiftFileList (in target 'TestApp-product' from project 'swiftui-window-reference')
cd /Users/admin/builder/spi-builder-workspace
write-file /Users/admin/builder/spi-builder-workspace/.derivedData/Build/Intermediates.noindex/swiftui-window-reference.build/Debug-watchos/TestApp-p.build/Objects-normal/arm64/TestApp.SwiftFileList
WriteAuxiliaryFile /Users/admin/builder/spi-builder-workspace/.derivedData/Build/Intermediates.noindex/swiftui-window-reference.build/Debug-watchos/TestApp-p.build/Objects-normal/arm64/TestApp.LinkFileList (in target 'TestApp-product' from project 'swiftui-window-reference')
cd /Users/admin/builder/spi-builder-workspace
write-file /Users/admin/builder/spi-builder-workspace/.derivedData/Build/Intermediates.noindex/swiftui-window-reference.build/Debug-watchos/TestApp-p.build/Objects-normal/arm64/TestApp.LinkFileList
WriteAuxiliaryFile /Users/admin/builder/spi-builder-workspace/.derivedData/Build/Intermediates.noindex/swiftui-window-reference.build/Debug-watchos/TestApp-p.build/Objects-normal/arm64/TestApp-OutputFileMap.json (in target 'TestApp-product' from project 'swiftui-window-reference')
cd /Users/admin/builder/spi-builder-workspace
write-file /Users/admin/builder/spi-builder-workspace/.derivedData/Build/Intermediates.noindex/swiftui-window-reference.build/Debug-watchos/TestApp-p.build/Objects-normal/arm64/TestApp-OutputFileMap.json
SwiftDriver WindowReference normal arm64_32 com.apple.xcode.tools.swift.compiler (in target 'WindowReference' from project 'swiftui-window-reference')
cd /Users/admin/builder/spi-builder-workspace/.swiftpm/xcode
builtin-SwiftDriver -- /Applications/Xcode-27.0.0-Release.Candidate.app/Contents/Developer/Toolchains/XcodeDefault.xctoolchain/usr/bin/swiftc -parse-as-library -module-name WindowReference -Onone @/Users/admin/builder/spi-builder-workspace/.derivedData/Build/Intermediates.noindex/swiftui-window-reference.build/Debug-watchos/WindowReference-t.build/Objects-normal/arm64_32/WindowReference.SwiftFileList -DSWIFT_PACKAGE -DDEBUG -DSWIFT_MODULE_RESOURCE_BUNDLE_UNAVAILABLE -DXcode -plugin-path /Applications/Xcode-27.0.0-Release.Candidate.app/Contents/Developer/Toolchains/XcodeDefault.xctoolchain/usr/lib/swift/host/plugins/testing -enable-experimental-feature DebugDescriptionMacro -sdk /Applications/Xcode-27.0.0-Release.Candidate.app/Contents/Developer/Platforms/WatchOS.platform/Developer/SDKs/WatchOS27.0.sdk -target arm64_32-apple-watchos9.0 -g -module-cache-path /Users/admin/builder/spi-builder-workspace/.derivedData/ModuleCache.noindex -Xfrontend -serialize-debugging-options -enable-testing -index-store-path /Users/admin/builder/spi-builder-workspace/.derivedData/Index.noindex/DataStore -Xcc -D_LIBCPP_HARDENING_MODE\=_LIBCPP_HARDENING_MODE_DEBUG -swift-version 5 -I /Users/admin/builder/spi-builder-workspace/.derivedData/Build/Products/Debug-watchos -Isystem /Applications/Xcode-27.0.0-Release.Candidate.app/Contents/Developer/Platforms/WatchOS.platform/Developer/usr/lib -F /Users/admin/builder/spi-builder-workspace/.derivedData/Build/Products/Debug-watchos -F /Applications/Xcode-27.0.0-Release.Candidate.app/Contents/Developer/Platforms/WatchOS.platform/Developer/Library/Frameworks -F /Applications/Xcode-27.0.0-Release.Candidate.app/Contents/Developer/Platforms/WatchOS.platform/Developer/SDKs/WatchOS27.0.sdk/Developer/Library/Frameworks -c -j10 -enable-batch-mode -incremental -Xcc -ivfsstatcache -Xcc /Users/admin/builder/spi-builder-workspace/.derivedData/SDKStatCaches.noindex/watchos27.0-24R360-e829b21a6f8c9b70876ba0858053c04477534ef55a1706bf4c1112bbb242f0a2.sdkstatcache -output-file-map /Users/admin/builder/spi-builder-workspace/.derivedData/Build/Intermediates.noindex/swiftui-window-reference.build/Debug-watchos/WindowReference-t.build/Objects-normal/arm64_32/WindowReference-OutputFileMap.json -save-temps -no-color-diagnostics -explicit-module-build -module-cache-path /Users/admin/builder/spi-builder-workspace/.derivedData/Build/Intermediates.noindex/SwiftExplicitPrecompiledModules -clang-scanner-module-cache-path /Users/admin/builder/spi-builder-workspace/.derivedData/ModuleCache.noindex -sdk-module-cache-path /Users/admin/builder/spi-builder-workspace/.derivedData/SDKExplicitPrecompiledModules -emit-dependencies -emit-module -emit-module-path /Users/admin/builder/spi-builder-workspace/.derivedData/Build/Intermediates.noindex/swiftui-window-reference.build/Debug-watchos/WindowReference-t.build/Objects-normal/arm64_32/WindowReference.swiftmodule -serialize-diagnostics -dependency-scan-serialize-diagnostics-path /Users/admin/builder/spi-builder-workspace/.derivedData/Build/Intermediates.noindex/swiftui-window-reference.build/Debug-watchos/WindowReference-t.build/Objects-normal/arm64_32/WindowReference-dependency-scan.dia -validate-clang-modules-once -clang-build-session-file /Users/admin/builder/spi-builder-workspace/.derivedData/ModuleCache.noindex/Session.modulevalidation -Xcc -fmodules-prune-interval\=86400 -Xcc -fmodules-prune-after\=345600 -package-name spi_builder_workspace -emit-const-values -const-gather-protocols-list /Users/admin/builder/spi-builder-workspace/.derivedData/Build/Intermediates.noindex/swiftui-window-reference.build/Debug-watchos/WindowReference-t.build/Objects-normal/arm64_32/WindowReference_const_extract_protocols.json -Xcc -I/Users/admin/builder/spi-builder-workspace/.derivedData/Build/Products/Debug-watchos/include -Xcc -I/Users/admin/builder/spi-builder-workspace/.derivedData/Build/Intermediates.noindex/swiftui-window-reference.build/Debug-watchos/WindowReference-t.build/DerivedSources-normal/arm64_32 -Xcc -I/Users/admin/builder/spi-builder-workspace/.derivedData/Build/Intermediates.noindex/swiftui-window-reference.build/Debug-watchos/WindowReference-t.build/DerivedSources/arm64_32 -Xcc -I/Users/admin/builder/spi-builder-workspace/.derivedData/Build/Intermediates.noindex/swiftui-window-reference.build/Debug-watchos/WindowReference-t.build/DerivedSources -Xcc -DSWIFT_PACKAGE -Xcc -DDEBUG\=1 -emit-objc-header -emit-objc-header-path /Users/admin/builder/spi-builder-workspace/.derivedData/Build/Intermediates.noindex/swiftui-window-reference.build/Debug-watchos/WindowReference-t.build/Objects-normal/arm64_32/WindowReference-Swift.h -working-directory /Users/admin/builder/spi-builder-workspace/.swiftpm/xcode -experimental-emit-module-separately -disable-cmo
SwiftDriver WindowReference normal arm64 com.apple.xcode.tools.swift.compiler (in target 'WindowReference' from project 'swiftui-window-reference')
cd /Users/admin/builder/spi-builder-workspace/.swiftpm/xcode
builtin-SwiftDriver -- /Applications/Xcode-27.0.0-Release.Candidate.app/Contents/Developer/Toolchains/XcodeDefault.xctoolchain/usr/bin/swiftc -parse-as-library -module-name WindowReference -Onone @/Users/admin/builder/spi-builder-workspace/.derivedData/Build/Intermediates.noindex/swiftui-window-reference.build/Debug-watchos/WindowReference-t.build/Objects-normal/arm64/WindowReference.SwiftFileList -DSWIFT_PACKAGE -DDEBUG -DSWIFT_MODULE_RESOURCE_BUNDLE_UNAVAILABLE -DXcode -plugin-path /Applications/Xcode-27.0.0-Release.Candidate.app/Contents/Developer/Toolchains/XcodeDefault.xctoolchain/usr/lib/swift/host/plugins/testing -enable-experimental-feature DebugDescriptionMacro -sdk /Applications/Xcode-27.0.0-Release.Candidate.app/Contents/Developer/Platforms/WatchOS.platform/Developer/SDKs/WatchOS27.0.sdk -target arm64-apple-watchos9.0 -g -module-cache-path /Users/admin/builder/spi-builder-workspace/.derivedData/ModuleCache.noindex -Xfrontend -serialize-debugging-options -enable-testing -index-store-path /Users/admin/builder/spi-builder-workspace/.derivedData/Index.noindex/DataStore -Xcc -D_LIBCPP_HARDENING_MODE\=_LIBCPP_HARDENING_MODE_DEBUG -swift-version 5 -I /Users/admin/builder/spi-builder-workspace/.derivedData/Build/Products/Debug-watchos -Isystem /Applications/Xcode-27.0.0-Release.Candidate.app/Contents/Developer/Platforms/WatchOS.platform/Developer/usr/lib -F /Users/admin/builder/spi-builder-workspace/.derivedData/Build/Products/Debug-watchos -F /Applications/Xcode-27.0.0-Release.Candidate.app/Contents/Developer/Platforms/WatchOS.platform/Developer/Library/Frameworks -F /Applications/Xcode-27.0.0-Release.Candidate.app/Contents/Developer/Platforms/WatchOS.platform/Developer/SDKs/WatchOS27.0.sdk/Developer/Library/Frameworks -c -j10 -enable-batch-mode -incremental -Xcc -ivfsstatcache -Xcc /Users/admin/builder/spi-builder-workspace/.derivedData/SDKStatCaches.noindex/watchos27.0-24R360-e829b21a6f8c9b70876ba0858053c04477534ef55a1706bf4c1112bbb242f0a2.sdkstatcache -output-file-map /Users/admin/builder/spi-builder-workspace/.derivedData/Build/Intermediates.noindex/swiftui-window-reference.build/Debug-watchos/WindowReference-t.build/Objects-normal/arm64/WindowReference-OutputFileMap.json -save-temps -no-color-diagnostics -explicit-module-build -module-cache-path /Users/admin/builder/spi-builder-workspace/.derivedData/Build/Intermediates.noindex/SwiftExplicitPrecompiledModules -clang-scanner-module-cache-path /Users/admin/builder/spi-builder-workspace/.derivedData/ModuleCache.noindex -sdk-module-cache-path /Users/admin/builder/spi-builder-workspace/.derivedData/SDKExplicitPrecompiledModules -emit-dependencies -emit-module -emit-module-path /Users/admin/builder/spi-builder-workspace/.derivedData/Build/Intermediates.noindex/swiftui-window-reference.build/Debug-watchos/WindowReference-t.build/Objects-normal/arm64/WindowReference.swiftmodule -serialize-diagnostics -dependency-scan-serialize-diagnostics-path /Users/admin/builder/spi-builder-workspace/.derivedData/Build/Intermediates.noindex/swiftui-window-reference.build/Debug-watchos/WindowReference-t.build/Objects-normal/arm64/WindowReference-dependency-scan.dia -validate-clang-modules-once -clang-build-session-file /Users/admin/builder/spi-builder-workspace/.derivedData/ModuleCache.noindex/Session.modulevalidation -Xcc -fmodules-prune-interval\=86400 -Xcc -fmodules-prune-after\=345600 -package-name spi_builder_workspace -emit-const-values -const-gather-protocols-list /Users/admin/builder/spi-builder-workspace/.derivedData/Build/Intermediates.noindex/swiftui-window-reference.build/Debug-watchos/WindowReference-t.build/Objects-normal/arm64/WindowReference_const_extract_protocols.json -Xcc -I/Users/admin/builder/spi-builder-workspace/.derivedData/Build/Products/Debug-watchos/include -Xcc -I/Users/admin/builder/spi-builder-workspace/.derivedData/Build/Intermediates.noindex/swiftui-window-reference.build/Debug-watchos/WindowReference-t.build/DerivedSources-normal/arm64 -Xcc -I/Users/admin/builder/spi-builder-workspace/.derivedData/Build/Intermediates.noindex/swiftui-window-reference.build/Debug-watchos/WindowReference-t.build/DerivedSources/arm64 -Xcc -I/Users/admin/builder/spi-builder-workspace/.derivedData/Build/Intermediates.noindex/swiftui-window-reference.build/Debug-watchos/WindowReference-t.build/DerivedSources -Xcc -DSWIFT_PACKAGE -Xcc -DDEBUG\=1 -emit-objc-header -emit-objc-header-path /Users/admin/builder/spi-builder-workspace/.derivedData/Build/Intermediates.noindex/swiftui-window-reference.build/Debug-watchos/WindowReference-t.build/Objects-normal/arm64/WindowReference-Swift.h -working-directory /Users/admin/builder/spi-builder-workspace/.swiftpm/xcode -experimental-emit-module-separately -disable-cmo
SwiftExplicitDependencyGeneratePcm arm64_32 /Users/admin/builder/spi-builder-workspace/.derivedData/SDKExplicitPrecompiledModules/SwiftShims-9CQQGWTSNTN9EB5NSHDWUJICH.pcm
SwiftExplicitDependencyGeneratePcm arm64_32 /Users/admin/builder/spi-builder-workspace/.derivedData/SDKExplicitPrecompiledModules/_SwiftConcurrencyShims-6RTBPQ03V7BM9SPRK8SUE055H.pcm
SwiftExplicitDependencyGeneratePcm arm64_32 /Users/admin/builder/spi-builder-workspace/.derivedData/SDKExplicitPrecompiledModules/ptrauth-BFXF358ME5AK535N5A9Z766WU.pcm
SwiftExplicitDependencyGeneratePcm arm64_32 /Users/admin/builder/spi-builder-workspace/.derivedData/SDKExplicitPrecompiledModules/_Builtin_float-6KO8O3PEWRCA4WC6PPLOYO6WJ.pcm
SwiftExplicitDependencyGeneratePcm arm64_32 /Users/admin/builder/spi-builder-workspace/.derivedData/SDKExplicitPrecompiledModules/DeveloperToolsSupport-DZU5G1OCMNWU0AQRULIFHUJ1Z.pcm
SwiftExplicitDependencyGeneratePcm arm64_32 /Users/admin/builder/spi-builder-workspace/.derivedData/SDKExplicitPrecompiledModules/_Builtin_stdbool-A967K8W8YUYEC9SN52KJ7OO88.pcm
SwiftExplicitDependencyGeneratePcm arm64_32 /Users/admin/builder/spi-builder-workspace/.derivedData/SDKExplicitPrecompiledModules/_Builtin_stddef-H44EFHQX6XSS5MZ7QP6YJZ76.pcm
SwiftExplicitDependencyGeneratePcm arm64 /Users/admin/builder/spi-builder-workspace/.derivedData/SDKExplicitPrecompiledModules/_Builtin_stddef-1FU30Y8SWFB7OUUHMJQH5J6FM.pcm
SwiftExplicitDependencyGeneratePcm arm64 /Users/admin/builder/spi-builder-workspace/.derivedData/SDKExplicitPrecompiledModules/ptrauth-3TZ9WJCGLYD25HQPWH4968ONX.pcm
SwiftExplicitDependencyGeneratePcm arm64 /Users/admin/builder/spi-builder-workspace/.derivedData/SDKExplicitPrecompiledModules/DeveloperToolsSupport-E7CNISCB36UE8XQ9IOHK9XDX1.pcm
SwiftExplicitDependencyGeneratePcm arm64 /Users/admin/builder/spi-builder-workspace/.derivedData/SDKExplicitPrecompiledModules/_Builtin_stdarg-A7UU8LE6MP85SM26YO7PBZNUQ.pcm
SwiftExplicitDependencyGeneratePcm arm64 /Users/admin/builder/spi-builder-workspace/.derivedData/SDKExplicitPrecompiledModules/ptrcheck-AIF0NDOYZ8ORBNHQAQR5NNB8M.pcm
SwiftExplicitDependencyGeneratePcm arm64_32 /Users/admin/builder/spi-builder-workspace/.derivedData/SDKExplicitPrecompiledModules/_AvailabilityInternal-244WAN3Z1QBT7PIA64EZEFY1R.pcm
SwiftExplicitDependencyGeneratePcm arm64_32 /Users/admin/builder/spi-builder-workspace/.derivedData/SDKExplicitPrecompiledModules/_Builtin_stdarg-D305JG44A2WPI6CJY37X3QJE8.pcm
SwiftExplicitDependencyGeneratePcm arm64 /Users/admin/builder/spi-builder-workspace/.derivedData/SDKExplicitPrecompiledModules/_SwiftConcurrencyShims-659N52XSKR5F0QSB880BH2FJR.pcm
SwiftExplicitDependencyGeneratePcm arm64 /Users/admin/builder/spi-builder-workspace/.derivedData/SDKExplicitPrecompiledModules/SwiftShims-4MXFZPV6FEB0XBYXCGPWAMQGL.pcm
SwiftExplicitDependencyGeneratePcm arm64_32 /Users/admin/builder/spi-builder-workspace/.derivedData/SDKExplicitPrecompiledModules/ptrcheck-7ELIH9BTIGVKX3UBITM9N72WD.pcm
SwiftExplicitDependencyGeneratePcm arm64 /Users/admin/builder/spi-builder-workspace/.derivedData/SDKExplicitPrecompiledModules/_AvailabilityInternal-BUNV3UXM65NT37THI4W1AM0SF.pcm
SwiftExplicitDependencyGeneratePcm arm64 /Users/admin/builder/spi-builder-workspace/.derivedData/SDKExplicitPrecompiledModules/_Builtin_float-C0CW5Q4HGBQYKE77TC42IAFB5.pcm
SwiftExplicitDependencyGeneratePcm arm64 /Users/admin/builder/spi-builder-workspace/.derivedData/SDKExplicitPrecompiledModules/_Builtin_stdbool-83J96QSOFE9VX04AAS6310UAE.pcm
SwiftExplicitDependencyGeneratePcm arm64_32 /Users/admin/builder/spi-builder-workspace/.derivedData/SDKExplicitPrecompiledModules/_DarwinFoundation1-2GWF9RFMPLQW4PDHS3NARVI3G.pcm
SwiftExplicitDependencyGeneratePcm arm64 /Users/admin/builder/spi-builder-workspace/.derivedData/SDKExplicitPrecompiledModules/_DarwinFoundation1-7SPX3MD0HMP55E4OLNCPNDQ53.pcm
SwiftExplicitDependencyGeneratePcm arm64_32 /Users/admin/builder/spi-builder-workspace/.derivedData/SDKExplicitPrecompiledModules/_Builtin_limits-3VKBU2AFTD65PAJZ5CJ3LHFM2.pcm
SwiftExplicitDependencyGeneratePcm arm64_32 /Users/admin/builder/spi-builder-workspace/.derivedData/SDKExplicitPrecompiledModules/_DarwinFoundation2-9MY8GOSYRO0M9MKNXF6D3MBNK.pcm
SwiftExplicitDependencyGeneratePcm arm64 /Users/admin/builder/spi-builder-workspace/.derivedData/SDKExplicitPrecompiledModules/_Builtin_limits-9GWPA2B0H20DYUNYHYCWKABJG.pcm
SwiftExplicitDependencyGeneratePcm arm64 /Users/admin/builder/spi-builder-workspace/.derivedData/SDKExplicitPrecompiledModules/_DarwinFoundation2-D0XAPJU49S5E9XMKYOFGSTB1Q.pcm
SwiftExplicitDependencyGeneratePcm arm64_32 /Users/admin/builder/spi-builder-workspace/.derivedData/SDKExplicitPrecompiledModules/sys_types-8TLLMW08ZJWDGIIPKOYFGHHZW.pcm
SwiftExplicitDependencyGeneratePcm arm64_32 /Users/admin/builder/spi-builder-workspace/.derivedData/SDKExplicitPrecompiledModules/_Builtin_stdint-1HMXWI3V0V4TXHRWZOMZGZ80Y.pcm
SwiftExplicitDependencyGeneratePcm arm64_32 /Users/admin/builder/spi-builder-workspace/.derivedData/SDKExplicitPrecompiledModules/_Builtin_tgmath-23PGCKURCQILXMK0MYZRYDCOU.pcm
SwiftExplicitDependencyGeneratePcm arm64_32 /Users/admin/builder/spi-builder-workspace/.derivedData/SDKExplicitPrecompiledModules/string_h-BFVLUQUSBZWYMLCU9QI7VZALW.pcm
SwiftExplicitDependencyGeneratePcm arm64 /Users/admin/builder/spi-builder-workspace/.derivedData/SDKExplicitPrecompiledModules/_Builtin_stdint-8XMILLJZEGRN2XG7XZUXZ5RLX.pcm
SwiftExplicitDependencyGeneratePcm arm64 /Users/admin/builder/spi-builder-workspace/.derivedData/SDKExplicitPrecompiledModules/sys_types-2KXQLI78OUCDP779AE68GZJ2.pcm
SwiftExplicitDependencyGeneratePcm arm64 /Users/admin/builder/spi-builder-workspace/.derivedData/SDKExplicitPrecompiledModules/_Builtin_tgmath-8NQ96OZ0YHXEC24JI95P01UF8.pcm
SwiftExplicitDependencyGeneratePcm arm64 /Users/admin/builder/spi-builder-workspace/.derivedData/SDKExplicitPrecompiledModules/string_h-E6PRXK75PHIPCZFWOFCQ3QBMK.pcm
SwiftExplicitDependencyGeneratePcm arm64_32 /Users/admin/builder/spi-builder-workspace/.derivedData/SDKExplicitPrecompiledModules/_Builtin_stdatomic-1TY035TURL76BF2U98PZPPZRX.pcm
SwiftExplicitDependencyGeneratePcm arm64_32 /Users/admin/builder/spi-builder-workspace/.derivedData/SDKExplicitPrecompiledModules/_Builtin_intrinsics-196IIAKDQVU42DLOZP9OQCV76.pcm
SwiftExplicitDependencyGeneratePcm arm64_32 /Users/admin/builder/spi-builder-workspace/.derivedData/SDKExplicitPrecompiledModules/_DarwinFoundation3-3DUTYQDQSD9HUAAVY947NMWOI.pcm
SwiftExplicitDependencyGeneratePcm arm64 /Users/admin/builder/spi-builder-workspace/.derivedData/SDKExplicitPrecompiledModules/_Builtin_stdatomic-7JEFA3KBJJJN6TKJWY3OG1VG5.pcm
SwiftExplicitDependencyGeneratePcm arm64 /Users/admin/builder/spi-builder-workspace/.derivedData/SDKExplicitPrecompiledModules/_DarwinFoundation3-B97LRG0E9GON2NUE65TVG81HU.pcm
SwiftExplicitDependencyGeneratePcm arm64 /Users/admin/builder/spi-builder-workspace/.derivedData/SDKExplicitPrecompiledModules/_Builtin_intrinsics-75960HIPCIYA06IUW8FIIPQT.pcm
SwiftExplicitDependencyGeneratePcm arm64_32 /Users/admin/builder/spi-builder-workspace/.derivedData/SDKExplicitPrecompiledModules/_Builtin_inttypes-D2KPCR4PEX9AQA33NGLUT5SBR.pcm
SwiftExplicitDependencyGeneratePcm arm64 /Users/admin/builder/spi-builder-workspace/.derivedData/SDKExplicitPrecompiledModules/_Builtin_inttypes-3UQSCM7WNM9EK4HZML8TY5J3D.pcm
SwiftExplicitDependencyGeneratePcm arm64_32 /Users/admin/builder/spi-builder-workspace/.derivedData/SDKExplicitPrecompiledModules/Darwin-3FVT1SKLN2ZQ5RVOABMTQBB34.pcm
SwiftExplicitDependencyGeneratePcm arm64 /Users/admin/builder/spi-builder-workspace/.derivedData/SDKExplicitPrecompiledModules/Darwin-3984OXKFNSPE77NT743WK8SEX.pcm
SwiftExplicitDependencyGeneratePcm arm64_32 /Users/admin/builder/spi-builder-workspace/.derivedData/SDKExplicitPrecompiledModules/simd-21UNWYOBUZI1LVSQ99S1XBLMO.pcm
SwiftExplicitDependencyGeneratePcm arm64 /Users/admin/builder/spi-builder-workspace/.derivedData/SDKExplicitPrecompiledModules/simd-EH08NODU6574T74ZKU61VP9BW.pcm
SwiftExplicitDependencyGeneratePcm arm64 /Users/admin/builder/spi-builder-workspace/.derivedData/SDKExplicitPrecompiledModules/ObjectiveC-72IVD3VS2RS8Q28D9PIMY0KQP.pcm
SwiftExplicitDependencyGeneratePcm arm64 /Users/admin/builder/spi-builder-workspace/.derivedData/SDKExplicitPrecompiledModules/MachO-2U90NNSAQILBNBPS1SA4F8TYP.pcm
SwiftExplicitDependencyGeneratePcm arm64_32 /Users/admin/builder/spi-builder-workspace/.derivedData/SDKExplicitPrecompiledModules/ObjectiveC-6IJNELR2E80E7LUKESVCP2KET.pcm
SwiftExplicitDependencyGeneratePcm arm64_32 /Users/admin/builder/spi-builder-workspace/.derivedData/SDKExplicitPrecompiledModules/MachO-56838ZJ0NC1EBAJ0O6O8QMPDX.pcm
SwiftExplicitDependencyGeneratePcm arm64_32 /Users/admin/builder/spi-builder-workspace/.derivedData/SDKExplicitPrecompiledModules/os_object-5YWTC6L4756IWSTPGXS5NM0D0.pcm
SwiftExplicitDependencyGeneratePcm arm64 /Users/admin/builder/spi-builder-workspace/.derivedData/SDKExplicitPrecompiledModules/os_object-3SDKD7F87FTZ26OON37DRYT6O.pcm
SwiftExplicitDependencyGeneratePcm arm64_32 /Users/admin/builder/spi-builder-workspace/.derivedData/SDKExplicitPrecompiledModules/os_workgroup-5JHTPDMNBUNHLJI8LPHKQK1JK.pcm
SwiftExplicitDependencyGeneratePcm arm64 /Users/admin/builder/spi-builder-workspace/.derivedData/SDKExplicitPrecompiledModules/os_workgroup-89GG5G7YC2D0ZTK6AZXXQ20DH.pcm
SwiftExplicitDependencyGeneratePcm arm64_32 /Users/admin/builder/spi-builder-workspace/.derivedData/SDKExplicitPrecompiledModules/Spatial-CWVWNML3T0NXVHZDKVLD3X1YZ.pcm
SwiftExplicitDependencyGeneratePcm arm64 /Users/admin/builder/spi-builder-workspace/.derivedData/SDKExplicitPrecompiledModules/Spatial-44FJGYXFAT2AQAW9Z6T7YS02U.pcm
SwiftExplicitDependencyGeneratePcm arm64 /Users/admin/builder/spi-builder-workspace/.derivedData/SDKExplicitPrecompiledModules/Dispatch-1NLJOVAK60XP0DUB05XA59EIM.pcm
SwiftExplicitDependencyGeneratePcm arm64_32 /Users/admin/builder/spi-builder-workspace/.derivedData/SDKExplicitPrecompiledModules/Dispatch-2P62F1T4XV63S4P99TUDTOK2Q.pcm
SwiftExplicitDependencyGeneratePcm arm64_32 /Users/admin/builder/spi-builder-workspace/.derivedData/SDKExplicitPrecompiledModules/XPC-81Y45QFY96XYYFCW2GT6FY8S4.pcm
SwiftExplicitDependencyGeneratePcm arm64_32 /Users/admin/builder/spi-builder-workspace/.derivedData/SDKExplicitPrecompiledModules/CoreFoundation-8E6Y4BA3EXYKUGJ24GT9LGV3N.pcm
SwiftExplicitDependencyGeneratePcm arm64 /Users/admin/builder/spi-builder-workspace/.derivedData/SDKExplicitPrecompiledModules/CoreFoundation-8T2L24YC5NU7WO6WQJWRY7W08.pcm
SwiftExplicitDependencyGeneratePcm arm64 /Users/admin/builder/spi-builder-workspace/.derivedData/SDKExplicitPrecompiledModules/XPC-40DR0X1DHKGCV4J1IOLFS8MOU.pcm
SwiftExplicitDependencyGeneratePcm arm64_32 /Users/admin/builder/spi-builder-workspace/.derivedData/SDKExplicitPrecompiledModules/os-E5IGB442IA6SBB25TTCOLK2OC.pcm
SwiftExplicitDependencyGeneratePcm arm64 /Users/admin/builder/spi-builder-workspace/.derivedData/SDKExplicitPrecompiledModules/os-5DIL6Z9LFIGLMZAHM7X2T5435.pcm
SwiftExplicitDependencyGeneratePcm arm64 /Users/admin/builder/spi-builder-workspace/.derivedData/SDKExplicitPrecompiledModules/CoreGraphics-DWNZ73GEH98SBJXZ7DEXB420K.pcm
SwiftExplicitDependencyGeneratePcm arm64 /Users/admin/builder/spi-builder-workspace/.derivedData/SDKExplicitPrecompiledModules/CoreAudioTypes-A9MF7N5LT63G21HNFVM6BT14B.pcm
SwiftExplicitDependencyGeneratePcm arm64 /Users/admin/builder/spi-builder-workspace/.derivedData/SDKExplicitPrecompiledModules/Security-6RZ6YBRU8WCUHRFFRVUK5WKMM.pcm
SwiftExplicitDependencyGeneratePcm arm64_32 /Users/admin/builder/spi-builder-workspace/.derivedData/SDKExplicitPrecompiledModules/CoreAudioTypes-9GVB1DHA32M46R4A9NWSI3I2K.pcm
SwiftExplicitDependencyGeneratePcm arm64_32 /Users/admin/builder/spi-builder-workspace/.derivedData/SDKExplicitPrecompiledModules/CoreGraphics-9FDXYX6BKBUT6TJ2VF819E7T5.pcm
SwiftExplicitDependencyGeneratePcm arm64_32 /Users/admin/builder/spi-builder-workspace/.derivedData/SDKExplicitPrecompiledModules/Security-D7TOWF88VWF67TB9HAFP5UWB1.pcm
SwiftExplicitDependencyGeneratePcm arm64_32 /Users/admin/builder/spi-builder-workspace/.derivedData/SDKExplicitPrecompiledModules/CoreAudio-5W6MX6OUPWBMUR8VD5LHT1PZF.pcm
SwiftExplicitDependencyGeneratePcm arm64 /Users/admin/builder/spi-builder-workspace/.derivedData/SDKExplicitPrecompiledModules/CoreAudio-1B79RJJTP71GE6UY9WLESAN3C.pcm
SwiftExplicitDependencyGeneratePcm arm64_32 /Users/admin/builder/spi-builder-workspace/.derivedData/SDKExplicitPrecompiledModules/Foundation-BJ2VQGI3OGR34500MEQ1VKHPH.pcm
SwiftExplicitDependencyGeneratePcm arm64 /Users/admin/builder/spi-builder-workspace/.derivedData/SDKExplicitPrecompiledModules/Foundation-DLBKUSGXN8QHAT8W0OARR9S8A.pcm
SwiftExplicitDependencyGeneratePcm arm64_32 /Users/admin/builder/spi-builder-workspace/.derivedData/SDKExplicitPrecompiledModules/CoreVideo-2P8HI0403J99LBDPKNFJ5D4DL.pcm
SwiftExplicitDependencyGeneratePcm arm64_32 /Users/admin/builder/spi-builder-workspace/.derivedData/SDKExplicitPrecompiledModules/CoreText-C9X2REPZN2V5BSU4G80FCETDR.pcm
SwiftExplicitDependencyGeneratePcm arm64 /Users/admin/builder/spi-builder-workspace/.derivedData/SDKExplicitPrecompiledModules/CoreVideo-8MRR5MNWUOAW2DBPGUQ8FKK4.pcm
SwiftExplicitDependencyGeneratePcm arm64 /Users/admin/builder/spi-builder-workspace/.derivedData/SDKExplicitPrecompiledModules/CoreText-970YJN6NIYGK1316L35Z0O8QT.pcm
SwiftExplicitDependencyGeneratePcm arm64 /Users/admin/builder/spi-builder-workspace/.derivedData/SDKExplicitPrecompiledModules/CoreMedia-1AJVCUZNAO74KIKMFVFUUHWDI.pcm
SwiftExplicitDependencyGeneratePcm arm64_32 /Users/admin/builder/spi-builder-workspace/.derivedData/SDKExplicitPrecompiledModules/CoreMedia-AO387T8CHWTTZODD1DGT0UAFA.pcm
SwiftExplicitDependencyGeneratePcm arm64_32 /Users/admin/builder/spi-builder-workspace/.derivedData/SDKExplicitPrecompiledModules/Symbols-1H97WMG76HU94F5VGJR19PXFY.pcm
SwiftExplicitDependencyGeneratePcm arm64_32 /Users/admin/builder/spi-builder-workspace/.derivedData/SDKExplicitPrecompiledModules/DataDetection-U9BF7WHFVA6BZGFXXXP272PS.pcm
SwiftExplicitDependencyGeneratePcm arm64_32 /Users/admin/builder/spi-builder-workspace/.derivedData/SDKExplicitPrecompiledModules/SceneKit-DKNLHKM5FJBQ79LSNMSSMBUBR.pcm
SwiftExplicitDependencyGeneratePcm arm64_32 /Users/admin/builder/spi-builder-workspace/.derivedData/SDKExplicitPrecompiledModules/QuartzCore-6375NPYACK5NYVHPMC1QQ8MC2.pcm
SwiftExplicitDependencyGeneratePcm arm64_32 /Users/admin/builder/spi-builder-workspace/.derivedData/SDKExplicitPrecompiledModules/CoreTransferable-5D4IR6X37682FPHJ5CBPTKQV6.pcm
SwiftExplicitDependencyGeneratePcm arm64_32 /Users/admin/builder/spi-builder-workspace/.derivedData/SDKExplicitPrecompiledModules/UserNotifications-6TBN8TEAKO014N1T2QD926XED.pcm
SwiftExplicitDependencyGeneratePcm arm64_32 /Users/admin/builder/spi-builder-workspace/.derivedData/SDKExplicitPrecompiledModules/_LocationEssentials-AQ1OL9QKC3LQLY5CNSRM1HB53.pcm
SwiftExplicitDependencyGeneratePcm arm64_32 /Users/admin/builder/spi-builder-workspace/.derivedData/SDKExplicitPrecompiledModules/OSLog-D9AVFY0KWO7RVBIQ73CBIJVCN.pcm
SwiftExplicitDependencyGeneratePcm arm64_32 /Users/admin/builder/spi-builder-workspace/.derivedData/SDKExplicitPrecompiledModules/UIUtilities-9YFVNIMRC5HRVOIARNWHP1E3H.pcm
SwiftExplicitDependencyGeneratePcm arm64_32 /Users/admin/builder/spi-builder-workspace/.derivedData/SDKExplicitPrecompiledModules/UniformTypeIdentifiers-CJZ3NTHPSBH4XWX5EVOG56UZS.pcm
SwiftExplicitDependencyGeneratePcm arm64 /Users/admin/builder/spi-builder-workspace/.derivedData/SDKExplicitPrecompiledModules/UserNotifications-ARAH8MEQ0C2L0FBO39HITJMAO.pcm
SwiftExplicitDependencyGeneratePcm arm64 /Users/admin/builder/spi-builder-workspace/.derivedData/SDKExplicitPrecompiledModules/_LocationEssentials-5ZZDGDXB6HLQUC72SJW7YJ7MK.pcm
SwiftExplicitDependencyGeneratePcm arm64 /Users/admin/builder/spi-builder-workspace/.derivedData/SDKExplicitPrecompiledModules/CoreTransferable-9PPG3SLJ55T4LITIFYX2M0NOZ.pcm
SwiftExplicitDependencyGeneratePcm arm64 /Users/admin/builder/spi-builder-workspace/.derivedData/SDKExplicitPrecompiledModules/DataDetection-7BNVI1SZW5ISQL5SX4WL2X7I5.pcm
SwiftExplicitDependencyGeneratePcm arm64 /Users/admin/builder/spi-builder-workspace/.derivedData/SDKExplicitPrecompiledModules/CoreData-9JFJC4UET8BAO5IPV2JU6W9V8.pcm
SwiftExplicitDependencyGeneratePcm arm64_32 /Users/admin/builder/spi-builder-workspace/.derivedData/SDKExplicitPrecompiledModules/CoreLocation-8XU5YMYM4P11RQMYCQAG65ITK.pcm
SwiftExplicitDependencyGeneratePcm arm64 /Users/admin/builder/spi-builder-workspace/.derivedData/SDKExplicitPrecompiledModules/Accessibility-27QMG6ZQ1NKYTNBYFPM1XKNFC.pcm
SwiftExplicitDependencyGeneratePcm arm64_32 /Users/admin/builder/spi-builder-workspace/.derivedData/SDKExplicitPrecompiledModules/CoreData-7AU1AFQWUH88EAPDKVMLJPKVD.pcm
SwiftExplicitDependencyGeneratePcm arm64 /Users/admin/builder/spi-builder-workspace/.derivedData/SDKExplicitPrecompiledModules/SceneKit-5HZKIL7XETTTD8TOHYPN8JKRJ.pcm
SwiftExplicitDependencyGeneratePcm arm64_32 /Users/admin/builder/spi-builder-workspace/.derivedData/SDKExplicitPrecompiledModules/SwiftUICore-3Q7WLRD8MR9R3NGIPUBQCP6F6.pcm
SwiftExplicitDependencyGeneratePcm arm64 /Users/admin/builder/spi-builder-workspace/.derivedData/SDKExplicitPrecompiledModules/QuartzCore-94KFMWNOU7ZLUZNB4T5DLZC9D.pcm
SwiftExplicitDependencyGeneratePcm arm64 /Users/admin/builder/spi-builder-workspace/.derivedData/SDKExplicitPrecompiledModules/OSLog-B7VGO357Y3GJG35TST7DKDSI3.pcm
SwiftExplicitDependencyGeneratePcm arm64 /Users/admin/builder/spi-builder-workspace/.derivedData/SDKExplicitPrecompiledModules/UIUtilities-IR7RNW23VAUKYI9MLCS9NL9A.pcm
SwiftExplicitDependencyGeneratePcm arm64 /Users/admin/builder/spi-builder-workspace/.derivedData/SDKExplicitPrecompiledModules/CoreLocation-ACKJ9K7ABI14F97Y46Y6SRR17.pcm
SwiftExplicitDependencyGeneratePcm arm64 /Users/admin/builder/spi-builder-workspace/.derivedData/SDKExplicitPrecompiledModules/UniformTypeIdentifiers-8L08Q8DQJV8C4AW84YVGFGTRN.pcm
SwiftExplicitDependencyGeneratePcm arm64 /Users/admin/builder/spi-builder-workspace/.derivedData/SDKExplicitPrecompiledModules/Symbols-3EFABTJ9L5PQDJ7RQCYQWEJMM.pcm
SwiftExplicitDependencyGeneratePcm arm64_32 /Users/admin/builder/spi-builder-workspace/.derivedData/SDKExplicitPrecompiledModules/CoreMotion-1XGTVTE5PP32UHME8AC63TL6.pcm
SwiftExplicitDependencyGeneratePcm arm64_32 /Users/admin/builder/spi-builder-workspace/.derivedData/SDKExplicitPrecompiledModules/Accessibility-F385OMZ5GYBUY5O4QAJB4NRII.pcm
SwiftExplicitDependencyGeneratePcm arm64 /Users/admin/builder/spi-builder-workspace/.derivedData/SDKExplicitPrecompiledModules/CoreMotion-6RD5K48QT1F4L9CATNFD2O7YB.pcm
SwiftExplicitDependencyGeneratePcm arm64 /Users/admin/builder/spi-builder-workspace/.derivedData/SDKExplicitPrecompiledModules/SwiftUICore-C1DST1IX2Z0PTH5SJJZ1IULRB.pcm
SwiftExplicitDependencyGeneratePcm arm64_32 /Users/admin/builder/spi-builder-workspace/.derivedData/SDKExplicitPrecompiledModules/UIKit-6PPV7YPZ89CZPHYAP072QH8B6.pcm
SwiftExplicitDependencyGeneratePcm arm64 /Users/admin/builder/spi-builder-workspace/.derivedData/SDKExplicitPrecompiledModules/UIKit-27R3P1YMV4C6JLDT661G3MRIA.pcm
SwiftExplicitDependencyGeneratePcm arm64_32 /Users/admin/builder/spi-builder-workspace/.derivedData/SDKExplicitPrecompiledModules/HomeKit-DUDZOMSN3UK8GNTNBNMPIWJRN.pcm
SwiftExplicitDependencyGeneratePcm arm64_32 /Users/admin/builder/spi-builder-workspace/.derivedData/SDKExplicitPrecompiledModules/MapKit-CWGB4YMP1VX1NYQN5FULFD5DR.pcm
SwiftExplicitDependencyGeneratePcm arm64 /Users/admin/builder/spi-builder-workspace/.derivedData/SDKExplicitPrecompiledModules/HomeKit-DTS1N4AWILAL1URZ5IOXV5221.pcm
SwiftExplicitDependencyGeneratePcm arm64 /Users/admin/builder/spi-builder-workspace/.derivedData/SDKExplicitPrecompiledModules/MapKit-EJJWC7IL56MPLQMI93GJRE5OG.pcm
SwiftExplicitDependencyGeneratePcm arm64_32 /Users/admin/builder/spi-builder-workspace/.derivedData/SDKExplicitPrecompiledModules/WatchKit-FHF6WTKLC2APGK3LA2XJ6516.pcm
SwiftExplicitDependencyGeneratePcm arm64 /Users/admin/builder/spi-builder-workspace/.derivedData/SDKExplicitPrecompiledModules/WatchKit-3VT3K8YON6FJ6OWSUFJMFMP8J.pcm
SwiftExplicitDependencyGeneratePcm arm64_32 /Users/admin/builder/spi-builder-workspace/.derivedData/SDKExplicitPrecompiledModules/SwiftUI-9AYG9OCT5VOJK7V4MX1WYR86T.pcm
SwiftExplicitDependencyGeneratePcm arm64 /Users/admin/builder/spi-builder-workspace/.derivedData/SDKExplicitPrecompiledModules/SwiftUI-APXDH8ULYLM6FD17YRA73TULO.pcm
SwiftCompile normal arm64_32 Compiling\ Environment.swift /Users/admin/builder/spi-builder-workspace/Sources/WindowReference/Environment.swift (in target 'WindowReference' from project 'swiftui-window-reference')
SwiftCompile normal arm64_32 /Users/admin/builder/spi-builder-workspace/Sources/WindowReference/Environment.swift (in target 'WindowReference' from project 'swiftui-window-reference')
cd /Users/admin/builder/spi-builder-workspace/.swiftpm/xcode
builtin-SwiftPerFileCompile Environment.swift
/Users/admin/builder/spi-builder-workspace/Sources/WindowReference/Environment.swift:5:27: error: cannot find type 'NSWindow' in scope
3 | /// The internal storage environment key for the frameless window.
4 | private struct WindowEnvironmentKey: EnvironmentKey {
5 | static let defaultValue: NSWindow? = nil
| `- error: cannot find type 'NSWindow' in scope
6 | }
7 |
/Users/admin/builder/spi-builder-workspace/Sources/WindowReference/Environment.swift:4:16: error: type 'WindowEnvironmentKey' does not conform to protocol 'EnvironmentKey'
2 |
3 | /// The internal storage environment key for the frameless window.
4 | private struct WindowEnvironmentKey: EnvironmentKey {
| |- error: type 'WindowEnvironmentKey' does not conform to protocol 'EnvironmentKey'
| `- note: add stubs for conformance
5 | static let defaultValue: NSWindow? = nil
6 | }
SwiftUI.EnvironmentKey.Value:2:16: note: protocol requires nested type 'Value'
1 | protocol EnvironmentKey {
2 | associatedtype Value}
| `- note: protocol requires nested type 'Value'
3 |
/Users/admin/builder/spi-builder-workspace/Sources/WindowReference/Environment.swift:10:14: error: cannot find type 'NSWindow' in scope
8 | /// The environment key for accessing the frameless window.
9 | public extension EnvironmentValues {
10 | var window: NSWindow? {
| `- error: cannot find type 'NSWindow' in scope
11 | get { self[WindowEnvironmentKey.self] }
12 | set { self[WindowEnvironmentKey.self] = newValue }
/Users/admin/builder/spi-builder-workspace/Sources/WindowReference/Environment.swift:18:40: error: cannot find type 'NSWindow' in scope
16 | /// The view modifier for more concise write access to the framelessWindow environment value.
17 | public extension View {
18 | func addWindowToEnvironment(_ window: NSWindow?) -> some View {
| `- error: cannot find type 'NSWindow' in scope
19 | self.environment(\.window, window)
20 | }
SwiftEmitModule normal arm64_32 Emitting\ module\ for\ WindowReference (in target 'WindowReference' from project 'swiftui-window-reference')
/Users/admin/builder/spi-builder-workspace/Sources/WindowReference/Environment.swift:5:27: error: cannot find type 'NSWindow' in scope
3 | /// The internal storage environment key for the frameless window.
4 | private struct WindowEnvironmentKey: EnvironmentKey {
5 | static let defaultValue: NSWindow? = nil
| `- error: cannot find type 'NSWindow' in scope
6 | }
7 |
/Users/admin/builder/spi-builder-workspace/Sources/WindowReference/Environment.swift:4:16: error: type 'WindowEnvironmentKey' does not conform to protocol 'EnvironmentKey'
2 |
3 | /// The internal storage environment key for the frameless window.
4 | private struct WindowEnvironmentKey: EnvironmentKey {
| |- error: type 'WindowEnvironmentKey' does not conform to protocol 'EnvironmentKey'
| `- note: add stubs for conformance
5 | static let defaultValue: NSWindow? = nil
6 | }
SwiftUI.EnvironmentKey.Value:2:16: note: protocol requires nested type 'Value'
1 | protocol EnvironmentKey {
2 | associatedtype Value}
| `- note: protocol requires nested type 'Value'
3 |
/Users/admin/builder/spi-builder-workspace/Sources/WindowReference/Environment.swift:10:14: error: cannot find type 'NSWindow' in scope
8 | /// The environment key for accessing the frameless window.
9 | public extension EnvironmentValues {
10 | var window: NSWindow? {
| `- error: cannot find type 'NSWindow' in scope
11 | get { self[WindowEnvironmentKey.self] }
12 | set { self[WindowEnvironmentKey.self] = newValue }
/Users/admin/builder/spi-builder-workspace/Sources/WindowReference/Environment.swift:18:40: error: cannot find type 'NSWindow' in scope
16 | /// The view modifier for more concise write access to the framelessWindow environment value.
17 | public extension View {
18 | func addWindowToEnvironment(_ window: NSWindow?) -> some View {
| `- error: cannot find type 'NSWindow' in scope
19 | self.environment(\.window, window)
20 | }
/Users/admin/builder/spi-builder-workspace/Sources/WindowReference/WindowReference.swift:11:29: error: cannot find type 'NSWindow' in scope
9 | public struct WindowReference<Content: View>: View {
10 | /// Store the window in local state to share within the environment.
11 | @State private var window: NSWindow? = nil
| `- error: cannot find type 'NSWindow' in scope
12 |
13 | let id: String?
macro expansion @State:2:24: error: cannot find type 'NSWindow' in scope
`- /Users/admin/builder/spi-builder-workspace/Sources/WindowReference/WindowReference.swift:11:44: note: expanded code originates here
9 | public struct WindowReference<Content: View>: View {
10 | /// Store the window in local state to share within the environment.
11 | @State private var window: NSWindow? = nil
| `- note: in expansion of macro 'State' on property 'window' here
+--- macro expansion @State -----------------------------------------
| 1 | private var __window = SwiftUICore.State._makeStorage(({
| 2 | let value: NSWindow? = nil
| | `- error: cannot find type 'NSWindow' in scope
| 3 | return value
| 4 | }))
+--------------------------------------------------------------------
12 |
13 | let id: String?
macro expansion @State:8:27: error: cannot find type 'NSWindow' in scope
`- /Users/admin/builder/spi-builder-workspace/Sources/WindowReference/WindowReference.swift:11:44: note: expanded code originates here
9 | public struct WindowReference<Content: View>: View {
10 | /// Store the window in local state to share within the environment.
11 | @State private var window: NSWindow? = nil
| `- note: in expansion of macro 'State' on property 'window' here
+--- macro expansion @State -----------------------------------------
| 6 | @SwiftUICore._StatePropertyWrapperStorage(initialValue: "JHMxNVdpbmRvd1JlZmVyZW5jZUFBVjZ3aW5kb3czM181MDdDRTI1NEY5MkRFRTk2QkVDRDk0MTQxNDdDQTFGNExMNVN0YXRlZk1wXzIwX2luaXRpYWxTdG9yZWRWYWx1ZV9mTXVf")
| 7 | private var _window: SwiftUICore.State<_>! = SwiftUICore._stateNil(of: {
| 8 | SwiftUICore.State<NSWindow?>(initialValue: nil)
| | `- error: cannot find type 'NSWindow' in scope
| 9 | })
|10 |
+--------------------------------------------------------------------
12 |
13 | let id: String?
macro expansion @State:7:40: error: could not infer type for placeholder
`- /Users/admin/builder/spi-builder-workspace/Sources/WindowReference/WindowReference.swift:11:44: note: expanded code originates here
9 | public struct WindowReference<Content: View>: View {
10 | /// Store the window in local state to share within the environment.
11 | @State private var window: NSWindow? = nil
| `- note: in expansion of macro 'State' on property 'window' here
+--- macro expansion @State -----------------------------------------
| 5 |
| 6 | @SwiftUICore._StatePropertyWrapperStorage(initialValue: "JHMxNVdpbmRvd1JlZmVyZW5jZUFBVjZ3aW5kb3czM181MDdDRTI1NEY5MkRFRTk2QkVDRDk0MTQxNDdDQTFGNExMNVN0YXRlZk1wXzIwX2luaXRpYWxTdG9yZWRWYWx1ZV9mTXVf")
| 7 | private var _window: SwiftUICore.State<_>! = SwiftUICore._stateNil(of: {
| | `- error: could not infer type for placeholder
| 8 | SwiftUICore.State<NSWindow?>(initialValue: nil)
| 9 | })
+--------------------------------------------------------------------
12 |
13 | let id: String?
macro expansion @State:12:41: error: cannot find type 'NSWindow' in scope
`- /Users/admin/builder/spi-builder-workspace/Sources/WindowReference/WindowReference.swift:11:44: note: expanded code originates here
9 | public struct WindowReference<Content: View>: View {
10 | /// Store the window in local state to share within the environment.
11 | @State private var window: NSWindow? = nil
| `- note: in expansion of macro 'State' on property 'window' here
+--- macro expansion @State -----------------------------------------
|10 |
|11 | @SwiftUICore._StateProjectedValue
|12 | private var $window = SwiftUICore.State<NSWindow?>(initialValue: nil).projectedValue
| | `- error: cannot find type 'NSWindow' in scope
|13 |
|14 | @SwiftUICore._StateInitialStoredValue("U3dpZnRVSUNvcmUuU3RhdGUuX21ha2VTdG9yYWdlKCh7IGxldCB2YWx1ZTogTlNXaW5kb3c/ID0gbmlsCnJldHVybiB2YWx1ZSB9KSk=")
+--------------------------------------------------------------------
12 |
13 | let id: String?
macro expansion @State:16:20: error: cannot find type 'NSWindow' in scope
`- /Users/admin/builder/spi-builder-workspace/Sources/WindowReference/WindowReference.swift:11:44: note: expanded code originates here
9 | public struct WindowReference<Content: View>: View {
10 | /// Store the window in local state to share within the environment.
11 | @State private var window: NSWindow? = nil
| `- note: in expansion of macro 'State' on property 'window' here
+--- macro expansion @State -----------------------------------------
|14 | @SwiftUICore._StateInitialStoredValue("U3dpZnRVSUNvcmUuU3RhdGUuX21ha2VTdG9yYWdlKCh7IGxldCB2YWx1ZTogTlNXaW5kb3c/ID0gbmlsCnJldHVybiB2YWx1ZSB9KSk=")
|15 | private static var $s15WindowReferenceAAV6window33_507CE254F92DEE96BECD9414147CA1F4LL5StatefMp_20_initialStoredValue_fMu_ = (SwiftUICore.State._makeStorage(initialValue: {
|16 | let x: NSWindow? = nil
| | `- error: cannot find type 'NSWindow' in scope
|17 | return x
|18 | }()))
+--------------------------------------------------------------------
12 |
13 | let id: String?
/Users/admin/builder/spi-builder-workspace/Sources/WindowReference/WindowReference.swift:15:26: error: cannot find type 'NSWindow' in scope
13 | let id: String?
14 | let content: () -> Content
15 | let windowInitializer: (NSWindow) -> Void
| `- error: cannot find type 'NSWindow' in scope
16 |
17 | /// A `View` that puts a window reference into the environment and runs a window configuration
/Users/admin/builder/spi-builder-workspace/Sources/WindowReference/WindowReference.swift:33:84: error: cannot find type 'NSWindow' in scope
31 | - content: The actual view content.
32 | */
33 | public init(withId id: String, andWindowInitializer windowInitializer: @escaping (NSWindow) -> Void = {window in}, @ViewBuilder content: @escaping () -> Content) {
| `- error: cannot find type 'NSWindow' in scope
34 | self.id = id
35 | self.content = content
/Users/admin/builder/spi-builder-workspace/Sources/WindowReference/WindowReference.swift:46:66: error: cannot find type 'NSWindow' in scope
44 | - content: The view content to actually display.
45 | */
46 | public init(withWindowInitializer windowInitializer: @escaping (NSWindow) -> Void = {window in}, @ViewBuilder content: @escaping () -> Content) {
| `- error: cannot find type 'NSWindow' in scope
47 | self.id = nil
48 | self.content = content
/Users/admin/builder/spi-builder-workspace/Sources/WindowReference/WindowReference.swift:60:30: error: cannot find type 'NSWindow' in scope
58 |
59 | /// Return the window specified by `self.id` or the current `keyWindow` if any, else `nil`.
60 | private func getWindow() -> NSWindow? {
| `- error: cannot find type 'NSWindow' in scope
61 | if self.id != nil {
62 | return self.getWindowById()
/Users/admin/builder/spi-builder-workspace/Sources/WindowReference/WindowReference.swift:68:34: error: cannot find type 'NSWindow' in scope
66 |
67 | /// Return the window with the matching identifier from all windows of the current application.
68 | private func getWindowById() -> NSWindow? {
| `- error: cannot find type 'NSWindow' in scope
69 | for window in NSApplication.shared.windows {
70 | guard window.identifier?.rawValue == self.id else { continue }
/Users/admin/builder/spi-builder-workspace/Sources/WindowReference/WindowReference.swift:77:33: error: cannot find type 'NSWindow' in scope
75 |
76 | /// Return the current `keyWindow`.
77 | private func getKeyWindow() -> NSWindow? {
| `- error: cannot find type 'NSWindow' in scope
78 | if let window = NSApplication.shared.keyWindow {
79 | return window
Failed frontend command:
/Applications/Xcode-27.0.0-Release.Candidate.app/Contents/Developer/Toolchains/XcodeDefault.xctoolchain/usr/bin/swift-frontend -frontend -emit-module -experimental-skip-non-inlinable-function-bodies-without-types /Users/admin/builder/spi-builder-workspace/Sources/WindowReference/Environment.swift /Users/admin/builder/spi-builder-workspace/Sources/WindowReference/WindowReference.swift -target arm64_32-apple-watchos9.0 -disable-cross-import-overlay-search -load-resolved-plugin /Applications/Xcode-27.0.0-Release.Candidate.app/Contents/Developer/Platforms/WatchOS.platform/Developer/usr/lib/swift/host/plugins/libFoundationMacros.dylib\#/Applications/Xcode-27.0.0-Release.Candidate.app/Contents/Developer/Platforms/WatchOS.platform/Developer/usr/bin/swift-plugin-server\#FoundationMacros -load-resolved-plugin /Applications/Xcode-27.0.0-Release.Candidate.app/Contents/Developer/Platforms/WatchOS.platform/Developer/usr/lib/swift/host/plugins/libObservationMacros.dylib\#/Applications/Xcode-27.0.0-Release.Candidate.app/Contents/Developer/Platforms/WatchOS.platform/Developer/usr/bin/swift-plugin-server\#ObservationMacros -load-resolved-plugin /Applications/Xcode-27.0.0-Release.Candidate.app/Contents/Developer/Platforms/WatchOS.platform/Developer/usr/lib/swift/host/plugins/libPreviewsMacros.dylib\#/Applications/Xcode-27.0.0-Release.Candidate.app/Contents/Developer/Platforms/WatchOS.platform/Developer/usr/bin/swift-plugin-server\#PreviewsMacros -load-resolved-plugin /Applications/Xcode-27.0.0-Release.Candidate.app/Contents/Developer/Platforms/WatchOS.platform/Developer/usr/lib/swift/host/plugins/libSwiftMacros.dylib\#/Applications/Xcode-27.0.0-Release.Candidate.app/Contents/Developer/Platforms/WatchOS.platform/Developer/usr/bin/swift-plugin-server\#SwiftMacros -load-resolved-plugin /Applications/Xcode-27.0.0-Release.Candidate.app/Contents/Developer/Platforms/WatchOS.platform/Developer/usr/lib/swift/host/plugins/libSwiftUIMacros.dylib\#/Applications/Xcode-27.0.0-Release.Candidate.app/Contents/Developer/Platforms/WatchOS.platform/Developer/usr/bin/swift-plugin-server\#SwiftUIMacros -disable-implicit-swift-modules -Xcc -fno-implicit-modules -Xcc -fno-implicit-module-maps -explicit-swift-module-map-file /Users/admin/builder/spi-builder-workspace/.derivedData/Build/Intermediates.noindex/swiftui-window-reference.build/Debug-watchos/WindowReference-t.build/Objects-normal/arm64_32/WindowReference-dependencies-2.json -enable-objc-interop -sdk /Applications/Xcode-27.0.0-Release.Candidate.app/Contents/Developer/Platforms/WatchOS.platform/Developer/SDKs/WatchOS27.0.sdk -I /Users/admin/builder/spi-builder-workspace/.derivedData/Build/Products/Debug-watchos -Isystem /Applications/Xcode-27.0.0-Release.Candidate.app/Contents/Developer/Platforms/WatchOS.platform/Developer/usr/lib -F /Users/admin/builder/spi-builder-workspace/.derivedData/Build/Products/Debug-watchos -F /Applications/Xcode-27.0.0-Release.Candidate.app/Contents/Developer/Platforms/WatchOS.platform/Developer/Library/Frameworks -F /Applications/Xcode-27.0.0-Release.Candidate.app/Contents/Developer/Platforms/WatchOS.platform/Developer/SDKs/WatchOS27.0.sdk/Developer/Library/Frameworks -module-cache-path /Users/admin/builder/spi-builder-workspace/.derivedData/Build/Intermediates.noindex/SwiftExplicitPrecompiledModules -no-color-diagnostics -Xcc -fno-color-diagnostics -enable-testing -g -debug-info-format\=dwarf -dwarf-version\=4 -swift-version 5 -Onone -D SWIFT_PACKAGE -D DEBUG -D SWIFT_MODULE_RESOURCE_BUNDLE_UNAVAILABLE -D Xcode -serialize-debugging-options -enable-experimental-feature DebugDescriptionMacro -empty-abi-descriptor -validate-clang-modules-once -clang-build-session-file /Users/admin/builder/spi-builder-workspace/.derivedData/ModuleCache.noindex/Session.modulevalidation -Xcc -working-directory -Xcc /Users/admin/builder/spi-builder-workspace/.swiftpm/xcode -enable-anonymous-context-mangled-names -file-compilation-dir /Users/admin/builder/spi-builder-workspace/.swiftpm/xcode -Xcc -D_LIBCPP_HARDENING_MODE\=_LIBCPP_HARDENING_MODE_DEBUG -Xcc -ivfsstatcache -Xcc /Users/admin/builder/spi-builder-workspace/.derivedData/SDKStatCaches.noindex/watchos27.0-24R360-e829b21a6f8c9b70876ba0858053c04477534ef55a1706bf4c1112bbb242f0a2.sdkstatcache -Xcc -fmodules-prune-interval\=86400 -Xcc -fmodules-prune-after\=345600 -Xcc -I/Users/admin/builder/spi-builder-workspace/.derivedData/Build/Products/Debug-watchos/include -Xcc -I/Users/admin/builder/spi-builder-workspace/.derivedData/Build/Intermediates.noindex/swiftui-window-reference.build/Debug-watchos/WindowReference-t.build/DerivedSources-normal/arm64_32 -Xcc -I/Users/admin/builder/spi-builder-workspace/.derivedData/Build/Intermediates.noindex/swiftui-window-reference.build/Debug-watchos/WindowReference-t.build/DerivedSources/arm64_32 -Xcc -I/Users/admin/builder/spi-builder-workspace/.derivedData/Build/Intermediates.noindex/swiftui-window-reference.build/Debug-watchos/WindowReference-t.build/DerivedSources -Xcc -DSWIFT_PACKAGE -Xcc -DDEBUG\=1 -no-auto-bridging-header-chaining -module-name WindowReference -package-name spi_builder_workspace -const-gather-protocols-file /Users/admin/builder/spi-builder-workspace/.derivedData/Build/Intermediates.noindex/swiftui-window-reference.build/Debug-watchos/WindowReference-t.build/Objects-normal/arm64_32/WindowReference_const_extract_protocols.json -disable-clang-spi -clang-target arm64_32-apple-watchos27.0 -target-sdk-version 27.0 -target-sdk-name watchos27.0 -in-process-plugin-server-path /Applications/Xcode-27.0.0-Release.Candidate.app/Contents/Developer/Toolchains/XcodeDefault.xctoolchain/usr/lib/swift/host/libSwiftInProcPluginServer.dylib -emit-module-doc-path /Users/admin/builder/spi-builder-workspace/.derivedData/Build/Intermediates.noindex/swiftui-window-reference.build/Debug-watchos/WindowReference-t.build/Objects-normal/arm64_32/WindowReference.swiftdoc -emit-module-source-info-path /Users/admin/builder/spi-builder-workspace/.derivedData/Build/Intermediates.noindex/swiftui-window-reference.build/Debug-watchos/WindowReference-t.build/Objects-normal/arm64_32/WindowReference.swiftsourceinfo -emit-objc-header-path /Users/admin/builder/spi-builder-workspace/.derivedData/Build/Intermediates.noindex/swiftui-window-reference.build/Debug-watchos/WindowReference-t.build/Objects-normal/arm64_32/WindowReference-Swift.h -serialize-diagnostics-path /Users/admin/builder/spi-builder-workspace/.derivedData/Build/Intermediates.noindex/swiftui-window-reference.build/Debug-watchos/WindowReference-t.build/Objects-normal/arm64_32/WindowReference-primary-emit-module.dia -emit-dependencies-path /Users/admin/builder/spi-builder-workspace/.derivedData/Build/Intermediates.noindex/swiftui-window-reference.build/Debug-watchos/WindowReference-t.build/Objects-normal/arm64_32/WindowReference-primary-emit-module.d -parse-as-library -o /Users/admin/builder/spi-builder-workspace/.derivedData/Build/Intermediates.noindex/swiftui-window-reference.build/Debug-watchos/WindowReference-t.build/Objects-normal/arm64_32/WindowReference.swiftmodule -emit-abi-descriptor-path /Users/admin/builder/spi-builder-workspace/.derivedData/Build/Intermediates.noindex/swiftui-window-reference.build/Debug-watchos/WindowReference-t.build/Objects-normal/arm64_32/WindowReference.abi.json
SwiftCompile normal arm64_32 (in target 'WindowReference' from project 'swiftui-window-reference')
cd /Users/admin/builder/spi-builder-workspace/.swiftpm/xcode
SwiftCompile normal arm64_32 Compiling\ WindowReference.swift /Users/admin/builder/spi-builder-workspace/Sources/WindowReference/WindowReference.swift (in target 'WindowReference' from project 'swiftui-window-reference')
/Users/admin/builder/spi-builder-workspace/Sources/WindowReference/WindowReference.swift:11:29: error: cannot find type 'NSWindow' in scope
9 | public struct WindowReference<Content: View>: View {
10 | /// Store the window in local state to share within the environment.
11 | @State private var window: NSWindow? = nil
| `- error: cannot find type 'NSWindow' in scope
12 |
13 | let id: String?
macro expansion @State:2:24: error: cannot find type 'NSWindow' in scope
`- /Users/admin/builder/spi-builder-workspace/Sources/WindowReference/WindowReference.swift:11:44: note: expanded code originates here
9 | public struct WindowReference<Content: View>: View {
10 | /// Store the window in local state to share within the environment.
11 | @State private var window: NSWindow? = nil
| `- note: in expansion of macro 'State' on property 'window' here
+--- macro expansion @State -----------------------------------------
| 1 | private var __window = SwiftUICore.State._makeStorage(({
| 2 | let value: NSWindow? = nil
| | `- error: cannot find type 'NSWindow' in scope
| 3 | return value
| 4 | }))
+--------------------------------------------------------------------
12 |
13 | let id: String?
macro expansion @State:8:27: error: cannot find type 'NSWindow' in scope
`- /Users/admin/builder/spi-builder-workspace/Sources/WindowReference/WindowReference.swift:11:44: note: expanded code originates here
9 | public struct WindowReference<Content: View>: View {
10 | /// Store the window in local state to share within the environment.
11 | @State private var window: NSWindow? = nil
| `- note: in expansion of macro 'State' on property 'window' here
+--- macro expansion @State -----------------------------------------
| 6 | @SwiftUICore._StatePropertyWrapperStorage(initialValue: "JHMxNVdpbmRvd1JlZmVyZW5jZUFBVjZ3aW5kb3czM181MDdDRTI1NEY5MkRFRTk2QkVDRDk0MTQxNDdDQTFGNExMNVN0YXRlZk1wXzIwX2luaXRpYWxTdG9yZWRWYWx1ZV9mTXVf")
| 7 | private var _window: SwiftUICore.State<_>! = SwiftUICore._stateNil(of: {
| 8 | SwiftUICore.State<NSWindow?>(initialValue: nil)
| | `- error: cannot find type 'NSWindow' in scope
| 9 | })
|10 |
+--------------------------------------------------------------------
12 |
13 | let id: String?
macro expansion @State:7:40: error: could not infer type for placeholder
`- /Users/admin/builder/spi-builder-workspace/Sources/WindowReference/WindowReference.swift:11:44: note: expanded code originates here
9 | public struct WindowReference<Content: View>: View {
10 | /// Store the window in local state to share within the environment.
11 | @State private var window: NSWindow? = nil
| `- note: in expansion of macro 'State' on property 'window' here
+--- macro expansion @State -----------------------------------------
| 5 |
| 6 | @SwiftUICore._StatePropertyWrapperStorage(initialValue: "JHMxNVdpbmRvd1JlZmVyZW5jZUFBVjZ3aW5kb3czM181MDdDRTI1NEY5MkRFRTk2QkVDRDk0MTQxNDdDQTFGNExMNVN0YXRlZk1wXzIwX2luaXRpYWxTdG9yZWRWYWx1ZV9mTXVf")
| 7 | private var _window: SwiftUICore.State<_>! = SwiftUICore._stateNil(of: {
| | `- error: could not infer type for placeholder
| 8 | SwiftUICore.State<NSWindow?>(initialValue: nil)
| 9 | })
+--------------------------------------------------------------------
12 |
13 | let id: String?
macro expansion @State:12:41: error: cannot find type 'NSWindow' in scope
`- /Users/admin/builder/spi-builder-workspace/Sources/WindowReference/WindowReference.swift:11:44: note: expanded code originates here
9 | public struct WindowReference<Content: View>: View {
10 | /// Store the window in local state to share within the environment.
11 | @State private var window: NSWindow? = nil
| `- note: in expansion of macro 'State' on property 'window' here
+--- macro expansion @State -----------------------------------------
|10 |
|11 | @SwiftUICore._StateProjectedValue
|12 | private var $window = SwiftUICore.State<NSWindow?>(initialValue: nil).projectedValue
| | `- error: cannot find type 'NSWindow' in scope
|13 |
|14 | @SwiftUICore._StateInitialStoredValue("U3dpZnRVSUNvcmUuU3RhdGUuX21ha2VTdG9yYWdlKCh7IGxldCB2YWx1ZTogTlNXaW5kb3c/ID0gbmlsCnJldHVybiB2YWx1ZSB9KSk=")
+--------------------------------------------------------------------
12 |
13 | let id: String?
macro expansion @State:16:20: error: cannot find type 'NSWindow' in scope
`- /Users/admin/builder/spi-builder-workspace/Sources/WindowReference/WindowReference.swift:11:44: note: expanded code originates here
9 | public struct WindowReference<Content: View>: View {
10 | /// Store the window in local state to share within the environment.
11 | @State private var window: NSWindow? = nil
| `- note: in expansion of macro 'State' on property 'window' here
+--- macro expansion @State -----------------------------------------
|14 | @SwiftUICore._StateInitialStoredValue("U3dpZnRVSUNvcmUuU3RhdGUuX21ha2VTdG9yYWdlKCh7IGxldCB2YWx1ZTogTlNXaW5kb3c/ID0gbmlsCnJldHVybiB2YWx1ZSB9KSk=")
|15 | private static var $s15WindowReferenceAAV6window33_507CE254F92DEE96BECD9414147CA1F4LL5StatefMp_20_initialStoredValue_fMu_ = (SwiftUICore.State._makeStorage(initialValue: {
|16 | let x: NSWindow? = nil
| | `- error: cannot find type 'NSWindow' in scope
|17 | return x
|18 | }()))
+--------------------------------------------------------------------
12 |
13 | let id: String?
/Users/admin/builder/spi-builder-workspace/Sources/WindowReference/WindowReference.swift:15:26: error: cannot find type 'NSWindow' in scope
13 | let id: String?
14 | let content: () -> Content
15 | let windowInitializer: (NSWindow) -> Void
| `- error: cannot find type 'NSWindow' in scope
16 |
17 | /// A `View` that puts a window reference into the environment and runs a window configuration
/Users/admin/builder/spi-builder-workspace/Sources/WindowReference/WindowReference.swift:33:84: error: cannot find type 'NSWindow' in scope
31 | - content: The actual view content.
32 | */
33 | public init(withId id: String, andWindowInitializer windowInitializer: @escaping (NSWindow) -> Void = {window in}, @ViewBuilder content: @escaping () -> Content) {
| `- error: cannot find type 'NSWindow' in scope
34 | self.id = id
35 | self.content = content
/Users/admin/builder/spi-builder-workspace/Sources/WindowReference/WindowReference.swift:46:66: error: cannot find type 'NSWindow' in scope
44 | - content: The view content to actually display.
45 | */
46 | public init(withWindowInitializer windowInitializer: @escaping (NSWindow) -> Void = {window in}, @ViewBuilder content: @escaping () -> Content) {
| `- error: cannot find type 'NSWindow' in scope
47 | self.id = nil
48 | self.content = content
/Users/admin/builder/spi-builder-workspace/Sources/WindowReference/WindowReference.swift:60:30: error: cannot find type 'NSWindow' in scope
58 |
59 | /// Return the window specified by `self.id` or the current `keyWindow` if any, else `nil`.
60 | private func getWindow() -> NSWindow? {
| `- error: cannot find type 'NSWindow' in scope
61 | if self.id != nil {
62 | return self.getWindowById()
/Users/admin/builder/spi-builder-workspace/Sources/WindowReference/WindowReference.swift:68:34: error: cannot find type 'NSWindow' in scope
66 |
67 | /// Return the window with the matching identifier from all windows of the current application.
68 | private func getWindowById() -> NSWindow? {
| `- error: cannot find type 'NSWindow' in scope
69 | for window in NSApplication.shared.windows {
70 | guard window.identifier?.rawValue == self.id else { continue }
SwiftCompile normal arm64_32 /Users/admin/builder/spi-builder-workspace/Sources/WindowReference/WindowReference.swift (in target 'WindowReference' from project 'swiftui-window-reference')
cd /Users/admin/builder/spi-builder-workspace/.swiftpm/xcode
builtin-SwiftPerFileCompile WindowReference.swift
SwiftCompile normal arm64 Compiling\ WindowReference.swift /Users/admin/builder/spi-builder-workspace/Sources/WindowReference/WindowReference.swift (in target 'WindowReference' from project 'swiftui-window-reference')
SwiftCompile normal arm64 /Users/admin/builder/spi-builder-workspace/Sources/WindowReference/WindowReference.swift (in target 'WindowReference' from project 'swiftui-window-reference')
cd /Users/admin/builder/spi-builder-workspace/.swiftpm/xcode
builtin-SwiftPerFileCompile WindowReference.swift
/Users/admin/builder/spi-builder-workspace/Sources/WindowReference/WindowReference.swift:11:29: error: cannot find type 'NSWindow' in scope
9 | public struct WindowReference<Content: View>: View {
10 | /// Store the window in local state to share within the environment.
11 | @State private var window: NSWindow? = nil
| `- error: cannot find type 'NSWindow' in scope
12 |
13 | let id: String?
macro expansion @State:2:24: error: cannot find type 'NSWindow' in scope
`- /Users/admin/builder/spi-builder-workspace/Sources/WindowReference/WindowReference.swift:11:44: note: expanded code originates here
9 | public struct WindowReference<Content: View>: View {
10 | /// Store the window in local state to share within the environment.
11 | @State private var window: NSWindow? = nil
| `- note: in expansion of macro 'State' on property 'window' here
+--- macro expansion @State -----------------------------------------
| 1 | private var __window = SwiftUICore.State._makeStorage(({
| 2 | let value: NSWindow? = nil
| | `- error: cannot find type 'NSWindow' in scope
| 3 | return value
| 4 | }))
+--------------------------------------------------------------------
12 |
13 | let id: String?
macro expansion @State:8:27: error: cannot find type 'NSWindow' in scope
`- /Users/admin/builder/spi-builder-workspace/Sources/WindowReference/WindowReference.swift:11:44: note: expanded code originates here
9 | public struct WindowReference<Content: View>: View {
10 | /// Store the window in local state to share within the environment.
11 | @State private var window: NSWindow? = nil
| `- note: in expansion of macro 'State' on property 'window' here
+--- macro expansion @State -----------------------------------------
| 6 | @SwiftUICore._StatePropertyWrapperStorage(initialValue: "JHMxNVdpbmRvd1JlZmVyZW5jZUFBVjZ3aW5kb3czM181MDdDRTI1NEY5MkRFRTk2QkVDRDk0MTQxNDdDQTFGNExMNVN0YXRlZk1wXzIwX2luaXRpYWxTdG9yZWRWYWx1ZV9mTXVf")
| 7 | private var _window: SwiftUICore.State<_>! = SwiftUICore._stateNil(of: {
| 8 | SwiftUICore.State<NSWindow?>(initialValue: nil)
| | `- error: cannot find type 'NSWindow' in scope
| 9 | })
|10 |
+--------------------------------------------------------------------
12 |
13 | let id: String?
macro expansion @State:7:40: error: could not infer type for placeholder
`- /Users/admin/builder/spi-builder-workspace/Sources/WindowReference/WindowReference.swift:11:44: note: expanded code originates here
9 | public struct WindowReference<Content: View>: View {
10 | /// Store the window in local state to share within the environment.
11 | @State private var window: NSWindow? = nil
| `- note: in expansion of macro 'State' on property 'window' here
+--- macro expansion @State -----------------------------------------
| 5 |
| 6 | @SwiftUICore._StatePropertyWrapperStorage(initialValue: "JHMxNVdpbmRvd1JlZmVyZW5jZUFBVjZ3aW5kb3czM181MDdDRTI1NEY5MkRFRTk2QkVDRDk0MTQxNDdDQTFGNExMNVN0YXRlZk1wXzIwX2luaXRpYWxTdG9yZWRWYWx1ZV9mTXVf")
| 7 | private var _window: SwiftUICore.State<_>! = SwiftUICore._stateNil(of: {
| | `- error: could not infer type for placeholder
| 8 | SwiftUICore.State<NSWindow?>(initialValue: nil)
| 9 | })
+--------------------------------------------------------------------
12 |
13 | let id: String?
macro expansion @State:12:41: error: cannot find type 'NSWindow' in scope
`- /Users/admin/builder/spi-builder-workspace/Sources/WindowReference/WindowReference.swift:11:44: note: expanded code originates here
9 | public struct WindowReference<Content: View>: View {
10 | /// Store the window in local state to share within the environment.
11 | @State private var window: NSWindow? = nil
| `- note: in expansion of macro 'State' on property 'window' here
+--- macro expansion @State -----------------------------------------
|10 |
|11 | @SwiftUICore._StateProjectedValue
|12 | private var $window = SwiftUICore.State<NSWindow?>(initialValue: nil).projectedValue
| | `- error: cannot find type 'NSWindow' in scope
|13 |
|14 | @SwiftUICore._StateInitialStoredValue("U3dpZnRVSUNvcmUuU3RhdGUuX21ha2VTdG9yYWdlKCh7IGxldCB2YWx1ZTogTlNXaW5kb3c/ID0gbmlsCnJldHVybiB2YWx1ZSB9KSk=")
+--------------------------------------------------------------------
12 |
13 | let id: String?
macro expansion @State:16:20: error: cannot find type 'NSWindow' in scope
`- /Users/admin/builder/spi-builder-workspace/Sources/WindowReference/WindowReference.swift:11:44: note: expanded code originates here
9 | public struct WindowReference<Content: View>: View {
10 | /// Store the window in local state to share within the environment.
11 | @State private var window: NSWindow? = nil
| `- note: in expansion of macro 'State' on property 'window' here
+--- macro expansion @State -----------------------------------------
|14 | @SwiftUICore._StateInitialStoredValue("U3dpZnRVSUNvcmUuU3RhdGUuX21ha2VTdG9yYWdlKCh7IGxldCB2YWx1ZTogTlNXaW5kb3c/ID0gbmlsCnJldHVybiB2YWx1ZSB9KSk=")
|15 | private static var $s15WindowReferenceAAV6window33_507CE254F92DEE96BECD9414147CA1F4LL5StatefMp_20_initialStoredValue_fMu_ = (SwiftUICore.State._makeStorage(initialValue: {
|16 | let x: NSWindow? = nil
| | `- error: cannot find type 'NSWindow' in scope
|17 | return x
|18 | }()))
+--------------------------------------------------------------------
12 |
13 | let id: String?
/Users/admin/builder/spi-builder-workspace/Sources/WindowReference/WindowReference.swift:15:26: error: cannot find type 'NSWindow' in scope
13 | let id: String?
14 | let content: () -> Content
15 | let windowInitializer: (NSWindow) -> Void
| `- error: cannot find type 'NSWindow' in scope
16 |
17 | /// A `View` that puts a window reference into the environment and runs a window configuration
/Users/admin/builder/spi-builder-workspace/Sources/WindowReference/WindowReference.swift:33:84: error: cannot find type 'NSWindow' in scope
31 | - content: The actual view content.
32 | */
33 | public init(withId id: String, andWindowInitializer windowInitializer: @escaping (NSWindow) -> Void = {window in}, @ViewBuilder content: @escaping () -> Content) {
| `- error: cannot find type 'NSWindow' in scope
34 | self.id = id
35 | self.content = content
/Users/admin/builder/spi-builder-workspace/Sources/WindowReference/WindowReference.swift:46:66: error: cannot find type 'NSWindow' in scope
44 | - content: The view content to actually display.
45 | */
46 | public init(withWindowInitializer windowInitializer: @escaping (NSWindow) -> Void = {window in}, @ViewBuilder content: @escaping () -> Content) {
| `- error: cannot find type 'NSWindow' in scope
47 | self.id = nil
48 | self.content = content
/Users/admin/builder/spi-builder-workspace/Sources/WindowReference/WindowReference.swift:60:30: error: cannot find type 'NSWindow' in scope
58 |
59 | /// Return the window specified by `self.id` or the current `keyWindow` if any, else `nil`.
60 | private func getWindow() -> NSWindow? {
| `- error: cannot find type 'NSWindow' in scope
61 | if self.id != nil {
62 | return self.getWindowById()
/Users/admin/builder/spi-builder-workspace/Sources/WindowReference/WindowReference.swift:68:34: error: cannot find type 'NSWindow' in scope
66 |
67 | /// Return the window with the matching identifier from all windows of the current application.
68 | private func getWindowById() -> NSWindow? {
| `- error: cannot find type 'NSWindow' in scope
69 | for window in NSApplication.shared.windows {
70 | guard window.identifier?.rawValue == self.id else { continue }
SwiftEmitModule normal arm64 Emitting\ module\ for\ WindowReference (in target 'WindowReference' from project 'swiftui-window-reference')
/Users/admin/builder/spi-builder-workspace/Sources/WindowReference/Environment.swift:5:27: error: cannot find type 'NSWindow' in scope
3 | /// The internal storage environment key for the frameless window.
4 | private struct WindowEnvironmentKey: EnvironmentKey {
5 | static let defaultValue: NSWindow? = nil
| `- error: cannot find type 'NSWindow' in scope
6 | }
7 |
/Users/admin/builder/spi-builder-workspace/Sources/WindowReference/Environment.swift:4:16: error: type 'WindowEnvironmentKey' does not conform to protocol 'EnvironmentKey'
2 |
3 | /// The internal storage environment key for the frameless window.
4 | private struct WindowEnvironmentKey: EnvironmentKey {
| |- error: type 'WindowEnvironmentKey' does not conform to protocol 'EnvironmentKey'
| `- note: add stubs for conformance
5 | static let defaultValue: NSWindow? = nil
6 | }
SwiftUI.EnvironmentKey.Value:2:16: note: protocol requires nested type 'Value'
1 | protocol EnvironmentKey {
2 | associatedtype Value}
| `- note: protocol requires nested type 'Value'
3 |
/Users/admin/builder/spi-builder-workspace/Sources/WindowReference/Environment.swift:10:14: error: cannot find type 'NSWindow' in scope
8 | /// The environment key for accessing the frameless window.
9 | public extension EnvironmentValues {
10 | var window: NSWindow? {
| `- error: cannot find type 'NSWindow' in scope
11 | get { self[WindowEnvironmentKey.self] }
12 | set { self[WindowEnvironmentKey.self] = newValue }
/Users/admin/builder/spi-builder-workspace/Sources/WindowReference/Environment.swift:18:40: error: cannot find type 'NSWindow' in scope
16 | /// The view modifier for more concise write access to the framelessWindow environment value.
17 | public extension View {
18 | func addWindowToEnvironment(_ window: NSWindow?) -> some View {
| `- error: cannot find type 'NSWindow' in scope
19 | self.environment(\.window, window)
20 | }
/Users/admin/builder/spi-builder-workspace/Sources/WindowReference/WindowReference.swift:11:29: error: cannot find type 'NSWindow' in scope
9 | public struct WindowReference<Content: View>: View {
10 | /// Store the window in local state to share within the environment.
11 | @State private var window: NSWindow? = nil
| `- error: cannot find type 'NSWindow' in scope
12 |
13 | let id: String?
macro expansion @State:2:24: error: cannot find type 'NSWindow' in scope
`- /Users/admin/builder/spi-builder-workspace/Sources/WindowReference/WindowReference.swift:11:44: note: expanded code originates here
9 | public struct WindowReference<Content: View>: View {
10 | /// Store the window in local state to share within the environment.
11 | @State private var window: NSWindow? = nil
| `- note: in expansion of macro 'State' on property 'window' here
+--- macro expansion @State -----------------------------------------
| 1 | private var __window = SwiftUICore.State._makeStorage(({
| 2 | let value: NSWindow? = nil
| | `- error: cannot find type 'NSWindow' in scope
| 3 | return value
| 4 | }))
+--------------------------------------------------------------------
12 |
13 | let id: String?
macro expansion @State:8:27: error: cannot find type 'NSWindow' in scope
`- /Users/admin/builder/spi-builder-workspace/Sources/WindowReference/WindowReference.swift:11:44: note: expanded code originates here
9 | public struct WindowReference<Content: View>: View {
10 | /// Store the window in local state to share within the environment.
11 | @State private var window: NSWindow? = nil
| `- note: in expansion of macro 'State' on property 'window' here
+--- macro expansion @State -----------------------------------------
| 6 | @SwiftUICore._StatePropertyWrapperStorage(initialValue: "JHMxNVdpbmRvd1JlZmVyZW5jZUFBVjZ3aW5kb3czM181MDdDRTI1NEY5MkRFRTk2QkVDRDk0MTQxNDdDQTFGNExMNVN0YXRlZk1wXzIwX2luaXRpYWxTdG9yZWRWYWx1ZV9mTXVf")
| 7 | private var _window: SwiftUICore.State<_>! = SwiftUICore._stateNil(of: {
| 8 | SwiftUICore.State<NSWindow?>(initialValue: nil)
| | `- error: cannot find type 'NSWindow' in scope
| 9 | })
|10 |
+--------------------------------------------------------------------
12 |
13 | let id: String?
macro expansion @State:7:40: error: could not infer type for placeholder
`- /Users/admin/builder/spi-builder-workspace/Sources/WindowReference/WindowReference.swift:11:44: note: expanded code originates here
9 | public struct WindowReference<Content: View>: View {
10 | /// Store the window in local state to share within the environment.
11 | @State private var window: NSWindow? = nil
| `- note: in expansion of macro 'State' on property 'window' here
+--- macro expansion @State -----------------------------------------
| 5 |
| 6 | @SwiftUICore._StatePropertyWrapperStorage(initialValue: "JHMxNVdpbmRvd1JlZmVyZW5jZUFBVjZ3aW5kb3czM181MDdDRTI1NEY5MkRFRTk2QkVDRDk0MTQxNDdDQTFGNExMNVN0YXRlZk1wXzIwX2luaXRpYWxTdG9yZWRWYWx1ZV9mTXVf")
| 7 | private var _window: SwiftUICore.State<_>! = SwiftUICore._stateNil(of: {
| | `- error: could not infer type for placeholder
| 8 | SwiftUICore.State<NSWindow?>(initialValue: nil)
| 9 | })
+--------------------------------------------------------------------
12 |
13 | let id: String?
macro expansion @State:12:41: error: cannot find type 'NSWindow' in scope
`- /Users/admin/builder/spi-builder-workspace/Sources/WindowReference/WindowReference.swift:11:44: note: expanded code originates here
9 | public struct WindowReference<Content: View>: View {
10 | /// Store the window in local state to share within the environment.
11 | @State private var window: NSWindow? = nil
| `- note: in expansion of macro 'State' on property 'window' here
+--- macro expansion @State -----------------------------------------
|10 |
|11 | @SwiftUICore._StateProjectedValue
|12 | private var $window = SwiftUICore.State<NSWindow?>(initialValue: nil).projectedValue
| | `- error: cannot find type 'NSWindow' in scope
|13 |
|14 | @SwiftUICore._StateInitialStoredValue("U3dpZnRVSUNvcmUuU3RhdGUuX21ha2VTdG9yYWdlKCh7IGxldCB2YWx1ZTogTlNXaW5kb3c/ID0gbmlsCnJldHVybiB2YWx1ZSB9KSk=")
+--------------------------------------------------------------------
12 |
13 | let id: String?
macro expansion @State:16:20: error: cannot find type 'NSWindow' in scope
`- /Users/admin/builder/spi-builder-workspace/Sources/WindowReference/WindowReference.swift:11:44: note: expanded code originates here
9 | public struct WindowReference<Content: View>: View {
10 | /// Store the window in local state to share within the environment.
11 | @State private var window: NSWindow? = nil
| `- note: in expansion of macro 'State' on property 'window' here
+--- macro expansion @State -----------------------------------------
|14 | @SwiftUICore._StateInitialStoredValue("U3dpZnRVSUNvcmUuU3RhdGUuX21ha2VTdG9yYWdlKCh7IGxldCB2YWx1ZTogTlNXaW5kb3c/ID0gbmlsCnJldHVybiB2YWx1ZSB9KSk=")
|15 | private static var $s15WindowReferenceAAV6window33_507CE254F92DEE96BECD9414147CA1F4LL5StatefMp_20_initialStoredValue_fMu_ = (SwiftUICore.State._makeStorage(initialValue: {
|16 | let x: NSWindow? = nil
| | `- error: cannot find type 'NSWindow' in scope
|17 | return x
|18 | }()))
+--------------------------------------------------------------------
12 |
13 | let id: String?
/Users/admin/builder/spi-builder-workspace/Sources/WindowReference/WindowReference.swift:15:26: error: cannot find type 'NSWindow' in scope
13 | let id: String?
14 | let content: () -> Content
15 | let windowInitializer: (NSWindow) -> Void
| `- error: cannot find type 'NSWindow' in scope
16 |
17 | /// A `View` that puts a window reference into the environment and runs a window configuration
/Users/admin/builder/spi-builder-workspace/Sources/WindowReference/WindowReference.swift:33:84: error: cannot find type 'NSWindow' in scope
31 | - content: The actual view content.
32 | */
33 | public init(withId id: String, andWindowInitializer windowInitializer: @escaping (NSWindow) -> Void = {window in}, @ViewBuilder content: @escaping () -> Content) {
| `- error: cannot find type 'NSWindow' in scope
34 | self.id = id
35 | self.content = content
/Users/admin/builder/spi-builder-workspace/Sources/WindowReference/WindowReference.swift:46:66: error: cannot find type 'NSWindow' in scope
44 | - content: The view content to actually display.
45 | */
46 | public init(withWindowInitializer windowInitializer: @escaping (NSWindow) -> Void = {window in}, @ViewBuilder content: @escaping () -> Content) {
| `- error: cannot find type 'NSWindow' in scope
47 | self.id = nil
48 | self.content = content
/Users/admin/builder/spi-builder-workspace/Sources/WindowReference/WindowReference.swift:60:30: error: cannot find type 'NSWindow' in scope
58 |
59 | /// Return the window specified by `self.id` or the current `keyWindow` if any, else `nil`.
60 | private func getWindow() -> NSWindow? {
| `- error: cannot find type 'NSWindow' in scope
61 | if self.id != nil {
62 | return self.getWindowById()
/Users/admin/builder/spi-builder-workspace/Sources/WindowReference/WindowReference.swift:68:34: error: cannot find type 'NSWindow' in scope
66 |
67 | /// Return the window with the matching identifier from all windows of the current application.
68 | private func getWindowById() -> NSWindow? {
| `- error: cannot find type 'NSWindow' in scope
69 | for window in NSApplication.shared.windows {
70 | guard window.identifier?.rawValue == self.id else { continue }
/Users/admin/builder/spi-builder-workspace/Sources/WindowReference/WindowReference.swift:77:33: error: cannot find type 'NSWindow' in scope
75 |
76 | /// Return the current `keyWindow`.
77 | private func getKeyWindow() -> NSWindow? {
| `- error: cannot find type 'NSWindow' in scope
78 | if let window = NSApplication.shared.keyWindow {
79 | return window
Failed frontend command:
/Applications/Xcode-27.0.0-Release.Candidate.app/Contents/Developer/Toolchains/XcodeDefault.xctoolchain/usr/bin/swift-frontend -frontend -emit-module -experimental-skip-non-inlinable-function-bodies-without-types /Users/admin/builder/spi-builder-workspace/Sources/WindowReference/Environment.swift /Users/admin/builder/spi-builder-workspace/Sources/WindowReference/WindowReference.swift -target arm64-apple-watchos9.0 -disable-cross-import-overlay-search -load-resolved-plugin /Applications/Xcode-27.0.0-Release.Candidate.app/Contents/Developer/Platforms/WatchOS.platform/Developer/usr/lib/swift/host/plugins/libFoundationMacros.dylib\#/Applications/Xcode-27.0.0-Release.Candidate.app/Contents/Developer/Platforms/WatchOS.platform/Developer/usr/bin/swift-plugin-server\#FoundationMacros -load-resolved-plugin /Applications/Xcode-27.0.0-Release.Candidate.app/Contents/Developer/Platforms/WatchOS.platform/Developer/usr/lib/swift/host/plugins/libObservationMacros.dylib\#/Applications/Xcode-27.0.0-Release.Candidate.app/Contents/Developer/Platforms/WatchOS.platform/Developer/usr/bin/swift-plugin-server\#ObservationMacros -load-resolved-plugin /Applications/Xcode-27.0.0-Release.Candidate.app/Contents/Developer/Platforms/WatchOS.platform/Developer/usr/lib/swift/host/plugins/libPreviewsMacros.dylib\#/Applications/Xcode-27.0.0-Release.Candidate.app/Contents/Developer/Platforms/WatchOS.platform/Developer/usr/bin/swift-plugin-server\#PreviewsMacros -load-resolved-plugin /Applications/Xcode-27.0.0-Release.Candidate.app/Contents/Developer/Platforms/WatchOS.platform/Developer/usr/lib/swift/host/plugins/libSwiftMacros.dylib\#/Applications/Xcode-27.0.0-Release.Candidate.app/Contents/Developer/Platforms/WatchOS.platform/Developer/usr/bin/swift-plugin-server\#SwiftMacros -load-resolved-plugin /Applications/Xcode-27.0.0-Release.Candidate.app/Contents/Developer/Platforms/WatchOS.platform/Developer/usr/lib/swift/host/plugins/libSwiftUIMacros.dylib\#/Applications/Xcode-27.0.0-Release.Candidate.app/Contents/Developer/Platforms/WatchOS.platform/Developer/usr/bin/swift-plugin-server\#SwiftUIMacros -disable-implicit-swift-modules -Xcc -fno-implicit-modules -Xcc -fno-implicit-module-maps -explicit-swift-module-map-file /Users/admin/builder/spi-builder-workspace/.derivedData/Build/Intermediates.noindex/swiftui-window-reference.build/Debug-watchos/WindowReference-t.build/Objects-normal/arm64/WindowReference-dependencies-1.json -Xllvm -aarch64-use-tbi -enable-objc-interop -stack-check -sdk /Applications/Xcode-27.0.0-Release.Candidate.app/Contents/Developer/Platforms/WatchOS.platform/Developer/SDKs/WatchOS27.0.sdk -I /Users/admin/builder/spi-builder-workspace/.derivedData/Build/Products/Debug-watchos -Isystem /Applications/Xcode-27.0.0-Release.Candidate.app/Contents/Developer/Platforms/WatchOS.platform/Developer/usr/lib -F /Users/admin/builder/spi-builder-workspace/.derivedData/Build/Products/Debug-watchos -F /Applications/Xcode-27.0.0-Release.Candidate.app/Contents/Developer/Platforms/WatchOS.platform/Developer/Library/Frameworks -F /Applications/Xcode-27.0.0-Release.Candidate.app/Contents/Developer/Platforms/WatchOS.platform/Developer/SDKs/WatchOS27.0.sdk/Developer/Library/Frameworks -module-cache-path /Users/admin/builder/spi-builder-workspace/.derivedData/Build/Intermediates.noindex/SwiftExplicitPrecompiledModules -no-color-diagnostics -Xcc -fno-color-diagnostics -enable-testing -g -debug-info-format\=dwarf -dwarf-version\=4 -swift-version 5 -Onone -D SWIFT_PACKAGE -D DEBUG -D SWIFT_MODULE_RESOURCE_BUNDLE_UNAVAILABLE -D Xcode -serialize-debugging-options -enable-experimental-feature DebugDescriptionMacro -empty-abi-descriptor -validate-clang-modules-once -clang-build-session-file /Users/admin/builder/spi-builder-workspace/.derivedData/ModuleCache.noindex/Session.modulevalidation -Xcc -working-directory -Xcc /Users/admin/builder/spi-builder-workspace/.swiftpm/xcode -enable-anonymous-context-mangled-names -file-compilation-dir /Users/admin/builder/spi-builder-workspace/.swiftpm/xcode -Xcc -D_LIBCPP_HARDENING_MODE\=_LIBCPP_HARDENING_MODE_DEBUG -Xcc -ivfsstatcache -Xcc /Users/admin/builder/spi-builder-workspace/.derivedData/SDKStatCaches.noindex/watchos27.0-24R360-e829b21a6f8c9b70876ba0858053c04477534ef55a1706bf4c1112bbb242f0a2.sdkstatcache -Xcc -fmodules-prune-interval\=86400 -Xcc -fmodules-prune-after\=345600 -Xcc -I/Users/admin/builder/spi-builder-workspace/.derivedData/Build/Products/Debug-watchos/include -Xcc -I/Users/admin/builder/spi-builder-workspace/.derivedData/Build/Intermediates.noindex/swiftui-window-reference.build/Debug-watchos/WindowReference-t.build/DerivedSources-normal/arm64 -Xcc -I/Users/admin/builder/spi-builder-workspace/.derivedData/Build/Intermediates.noindex/swiftui-window-reference.build/Debug-watchos/WindowReference-t.build/DerivedSources/arm64 -Xcc -I/Users/admin/builder/spi-builder-workspace/.derivedData/Build/Intermediates.noindex/swiftui-window-reference.build/Debug-watchos/WindowReference-t.build/DerivedSources -Xcc -DSWIFT_PACKAGE -Xcc -DDEBUG\=1 -no-auto-bridging-header-chaining -module-name WindowReference -package-name spi_builder_workspace -const-gather-protocols-file /Users/admin/builder/spi-builder-workspace/.derivedData/Build/Intermediates.noindex/swiftui-window-reference.build/Debug-watchos/WindowReference-t.build/Objects-normal/arm64/WindowReference_const_extract_protocols.json -disable-clang-spi -clang-target arm64-apple-watchos27.0 -target-sdk-version 27.0 -target-sdk-name watchos27.0 -in-process-plugin-server-path /Applications/Xcode-27.0.0-Release.Candidate.app/Contents/Developer/Toolchains/XcodeDefault.xctoolchain/usr/lib/swift/host/libSwiftInProcPluginServer.dylib -emit-module-doc-path /Users/admin/builder/spi-builder-workspace/.derivedData/Build/Intermediates.noindex/swiftui-window-reference.build/Debug-watchos/WindowReference-t.build/Objects-normal/arm64/WindowReference.swiftdoc -emit-module-source-info-path /Users/admin/builder/spi-builder-workspace/.derivedData/Build/Intermediates.noindex/swiftui-window-reference.build/Debug-watchos/WindowReference-t.build/Objects-normal/arm64/WindowReference.swiftsourceinfo -emit-objc-header-path /Users/admin/builder/spi-builder-workspace/.derivedData/Build/Intermediates.noindex/swiftui-window-reference.build/Debug-watchos/WindowReference-t.build/Objects-normal/arm64/WindowReference-Swift.h -serialize-diagnostics-path /Users/admin/builder/spi-builder-workspace/.derivedData/Build/Intermediates.noindex/swiftui-window-reference.build/Debug-watchos/WindowReference-t.build/Objects-normal/arm64/WindowReference-primary-emit-module.dia -emit-dependencies-path /Users/admin/builder/spi-builder-workspace/.derivedData/Build/Intermediates.noindex/swiftui-window-reference.build/Debug-watchos/WindowReference-t.build/Objects-normal/arm64/WindowReference-primary-emit-module.d -parse-as-library -o /Users/admin/builder/spi-builder-workspace/.derivedData/Build/Intermediates.noindex/swiftui-window-reference.build/Debug-watchos/WindowReference-t.build/Objects-normal/arm64/WindowReference.swiftmodule -emit-abi-descriptor-path /Users/admin/builder/spi-builder-workspace/.derivedData/Build/Intermediates.noindex/swiftui-window-reference.build/Debug-watchos/WindowReference-t.build/Objects-normal/arm64/WindowReference.abi.json
SwiftCompile normal arm64 (in target 'WindowReference' from project 'swiftui-window-reference')
cd /Users/admin/builder/spi-builder-workspace/.swiftpm/xcode
SwiftCompile normal arm64 Compiling\ Environment.swift /Users/admin/builder/spi-builder-workspace/Sources/WindowReference/Environment.swift (in target 'WindowReference' from project 'swiftui-window-reference')
/Users/admin/builder/spi-builder-workspace/Sources/WindowReference/Environment.swift:5:27: error: cannot find type 'NSWindow' in scope
3 | /// The internal storage environment key for the frameless window.
4 | private struct WindowEnvironmentKey: EnvironmentKey {
5 | static let defaultValue: NSWindow? = nil
| `- error: cannot find type 'NSWindow' in scope
6 | }
7 |
/Users/admin/builder/spi-builder-workspace/Sources/WindowReference/Environment.swift:4:16: error: type 'WindowEnvironmentKey' does not conform to protocol 'EnvironmentKey'
2 |
3 | /// The internal storage environment key for the frameless window.
4 | private struct WindowEnvironmentKey: EnvironmentKey {
| |- error: type 'WindowEnvironmentKey' does not conform to protocol 'EnvironmentKey'
| `- note: add stubs for conformance
5 | static let defaultValue: NSWindow? = nil
6 | }
SwiftUI.EnvironmentKey.Value:2:16: note: protocol requires nested type 'Value'
1 | protocol EnvironmentKey {
2 | associatedtype Value}
| `- note: protocol requires nested type 'Value'
3 |
/Users/admin/builder/spi-builder-workspace/Sources/WindowReference/Environment.swift:10:14: error: cannot find type 'NSWindow' in scope
8 | /// The environment key for accessing the frameless window.
9 | public extension EnvironmentValues {
10 | var window: NSWindow? {
| `- error: cannot find type 'NSWindow' in scope
11 | get { self[WindowEnvironmentKey.self] }
12 | set { self[WindowEnvironmentKey.self] = newValue }
/Users/admin/builder/spi-builder-workspace/Sources/WindowReference/Environment.swift:18:40: error: cannot find type 'NSWindow' in scope
16 | /// The view modifier for more concise write access to the framelessWindow environment value.
17 | public extension View {
18 | func addWindowToEnvironment(_ window: NSWindow?) -> some View {
| `- error: cannot find type 'NSWindow' in scope
19 | self.environment(\.window, window)
20 | }
SwiftCompile normal arm64 /Users/admin/builder/spi-builder-workspace/Sources/WindowReference/Environment.swift (in target 'WindowReference' from project 'swiftui-window-reference')
cd /Users/admin/builder/spi-builder-workspace/.swiftpm/xcode
builtin-SwiftPerFileCompile Environment.swift
PruneExplicitPrecompiledModules /Users/admin/builder/spi-builder-workspace/.derivedData/Build/Intermediates.noindex/SwiftExplicitPrecompiledModules
PruneExplicitPrecompiledModules /Users/admin/builder/spi-builder-workspace/.derivedData/SDKExplicitPrecompiledModules
PruneExplicitPrecompiledModules /Users/admin/builder/spi-builder-workspace/.derivedData/Build/Intermediates.noindex/ExplicitPrecompiledModules
2026-09-20 19:26:02.226 xcodebuild[627:3871] [MT] IDERunDestination: Supported platforms for the buildables in the current scheme is empty.
** BUILD FAILED **
The following build commands failed:
SwiftEmitModule normal arm64_32 Emitting\ module\ for\ WindowReference (in target 'WindowReference' from project 'swiftui-window-reference')
SwiftCompile normal arm64_32 (in target 'WindowReference' from project 'swiftui-window-reference')
SwiftEmitModule normal arm64 Emitting\ module\ for\ WindowReference (in target 'WindowReference' from project 'swiftui-window-reference')
SwiftCompile normal arm64 (in target 'WindowReference' from project 'swiftui-window-reference')
Building workspace swiftui-window-reference with scheme swiftui-window-reference-Package
(5 failures)
Command line invocation:
/Applications/Xcode-27.0.0-Release.Candidate.app/Contents/Developer/usr/bin/xcodebuild -IDEClonedSourcePackagesDirPathOverride=/Users/admin/builder/spi-builder-workspace/.dependencies -resolvePackageDependencies
Resolve Package Graph
Resolved source packages:
swiftui-window-reference: /Users/admin/builder/spi-builder-workspace
resolved source packages: swiftui-window-reference
2026-09-20 19:26:09.007 xcodebuild[793:4605] [MT] IDERunDestination: Supported platforms for the buildables in the current scheme is empty.
{
"dependencies" : [
],
"manifest_display_name" : "swiftui-window-reference",
"name" : "swiftui-window-reference",
"path" : "/Users/admin/builder/spi-builder-workspace",
"platforms" : [
{
"name" : "macos",
"version" : "13.0"
}
],
"products" : [
{
"name" : "WindowReference",
"targets" : [
"WindowReference"
],
"type" : {
"library" : [
"automatic"
]
}
},
{
"name" : "TestApp",
"targets" : [
"TestApp"
],
"type" : {
"executable" : null
}
}
],
"targets" : [
{
"c99name" : "WindowReference",
"module_type" : "SwiftTarget",
"name" : "WindowReference",
"path" : "Sources/WindowReference",
"product_memberships" : [
"WindowReference",
"TestApp"
],
"sources" : [
"Environment.swift",
"WindowReference.swift"
],
"type" : "library"
},
{
"c99name" : "TestApp",
"module_type" : "SwiftTarget",
"name" : "TestApp",
"path" : "Sources/TestApp",
"product_memberships" : [
"TestApp"
],
"sources" : [
"main.swift"
],
"target_dependencies" : [
"WindowReference"
],
"type" : "executable"
}
],
"tools_version" : "5.10"
}
{
"workspace" : {
"name" : "swiftui-window-reference",
"schemes" : [
"swiftui-window-reference-Package",
"TestApp",
"WindowReference"
]
}
}
2026-09-20 19:26:10.265 xcodebuild[801:4668] [MT] IDERunDestination: Supported platforms for the buildables in the current scheme is empty.
Running build ...
env DEVELOPER_DIR=/Applications/Xcode-27.0.0-Release.Candidate.app xcrun xcodebuild -IDEClonedSourcePackagesDirPathOverride=$PWD/.dependencies -skipMacroValidation -skipPackagePluginValidation -derivedDataPath $PWD/.derivedData build -scheme swiftui-window-reference-Package -destination generic/platform=watchOS
Command line invocation:
/Applications/Xcode-27.0.0-Release.Candidate.app/Contents/Developer/usr/bin/xcodebuild -IDEClonedSourcePackagesDirPathOverride=/Users/admin/builder/spi-builder-workspace/.dependencies -skipMacroValidation -skipPackagePluginValidation -derivedDataPath /Users/admin/builder/spi-builder-workspace/.derivedData build -scheme swiftui-window-reference-Package -destination generic/platform=watchOS
Resolve Package Graph
Resolved source packages:
swiftui-window-reference: /Users/admin/builder/spi-builder-workspace
ComputePackagePrebuildTargetDependencyGraph
Prepare packages
CreateBuildRequest
SendProjectDescription
CreateBuildOperation
ComputeTargetDependencyGraph
note: Building targets in dependency order
note: Target dependency graph (3 targets)
Target 'TestApp-product' in project 'swiftui-window-reference'
➜ Explicit dependency on target 'WindowReference' in project 'swiftui-window-reference'
Target 'WindowReference-product' in project 'swiftui-window-reference'
➜ Explicit dependency on target 'WindowReference' in project 'swiftui-window-reference'
Target 'WindowReference' in project 'swiftui-window-reference' (no dependencies)
GatherProvisioningInputs
CreateBuildDescription
ClangStatCache /Applications/Xcode-27.0.0-Release.Candidate.app/Contents/Developer/Toolchains/XcodeDefault.xctoolchain/usr/bin/clang-stat-cache /Applications/Xcode-27.0.0-Release.Candidate.app/Contents/Developer/Platforms/WatchOS.platform/Developer/SDKs/WatchOS27.0.sdk /Users/admin/builder/spi-builder-workspace/.derivedData/SDKStatCaches.noindex/watchos27.0-24R360-e829b21a6f8c9b70876ba0858053c04477534ef55a1706bf4c1112bbb242f0a2.sdkstatcache
cd /Users/admin/builder/spi-builder-workspace/.swiftpm/xcode
/Applications/Xcode-27.0.0-Release.Candidate.app/Contents/Developer/Toolchains/XcodeDefault.xctoolchain/usr/bin/clang-stat-cache /Applications/Xcode-27.0.0-Release.Candidate.app/Contents/Developer/Platforms/WatchOS.platform/Developer/SDKs/WatchOS27.0.sdk -o /Users/admin/builder/spi-builder-workspace/.derivedData/SDKStatCaches.noindex/watchos27.0-24R360-e829b21a6f8c9b70876ba0858053c04477534ef55a1706bf4c1112bbb242f0a2.sdkstatcache
SwiftDriver WindowReference normal arm64 com.apple.xcode.tools.swift.compiler (in target 'WindowReference' from project 'swiftui-window-reference')
cd /Users/admin/builder/spi-builder-workspace/.swiftpm/xcode
builtin-SwiftDriver -- /Applications/Xcode-27.0.0-Release.Candidate.app/Contents/Developer/Toolchains/XcodeDefault.xctoolchain/usr/bin/swiftc -parse-as-library -module-name WindowReference -Onone @/Users/admin/builder/spi-builder-workspace/.derivedData/Build/Intermediates.noindex/swiftui-window-reference.build/Debug-watchos/WindowReference-t.build/Objects-normal/arm64/WindowReference.SwiftFileList -DSWIFT_PACKAGE -DDEBUG -DSWIFT_MODULE_RESOURCE_BUNDLE_UNAVAILABLE -DXcode -plugin-path /Applications/Xcode-27.0.0-Release.Candidate.app/Contents/Developer/Toolchains/XcodeDefault.xctoolchain/usr/lib/swift/host/plugins/testing -enable-experimental-feature DebugDescriptionMacro -sdk /Applications/Xcode-27.0.0-Release.Candidate.app/Contents/Developer/Platforms/WatchOS.platform/Developer/SDKs/WatchOS27.0.sdk -target arm64-apple-watchos9.0 -g -module-cache-path /Users/admin/builder/spi-builder-workspace/.derivedData/ModuleCache.noindex -Xfrontend -serialize-debugging-options -enable-testing -index-store-path /Users/admin/builder/spi-builder-workspace/.derivedData/Index.noindex/DataStore -Xcc -D_LIBCPP_HARDENING_MODE\=_LIBCPP_HARDENING_MODE_DEBUG -swift-version 5 -I /Users/admin/builder/spi-builder-workspace/.derivedData/Build/Products/Debug-watchos -Isystem /Applications/Xcode-27.0.0-Release.Candidate.app/Contents/Developer/Platforms/WatchOS.platform/Developer/usr/lib -F /Users/admin/builder/spi-builder-workspace/.derivedData/Build/Products/Debug-watchos -F /Applications/Xcode-27.0.0-Release.Candidate.app/Contents/Developer/Platforms/WatchOS.platform/Developer/Library/Frameworks -F /Applications/Xcode-27.0.0-Release.Candidate.app/Contents/Developer/Platforms/WatchOS.platform/Developer/SDKs/WatchOS27.0.sdk/Developer/Library/Frameworks -c -j10 -enable-batch-mode -incremental -Xcc -ivfsstatcache -Xcc /Users/admin/builder/spi-builder-workspace/.derivedData/SDKStatCaches.noindex/watchos27.0-24R360-e829b21a6f8c9b70876ba0858053c04477534ef55a1706bf4c1112bbb242f0a2.sdkstatcache -output-file-map /Users/admin/builder/spi-builder-workspace/.derivedData/Build/Intermediates.noindex/swiftui-window-reference.build/Debug-watchos/WindowReference-t.build/Objects-normal/arm64/WindowReference-OutputFileMap.json -save-temps -no-color-diagnostics -explicit-module-build -module-cache-path /Users/admin/builder/spi-builder-workspace/.derivedData/Build/Intermediates.noindex/SwiftExplicitPrecompiledModules -clang-scanner-module-cache-path /Users/admin/builder/spi-builder-workspace/.derivedData/ModuleCache.noindex -sdk-module-cache-path /Users/admin/builder/spi-builder-workspace/.derivedData/SDKExplicitPrecompiledModules -emit-dependencies -emit-module -emit-module-path /Users/admin/builder/spi-builder-workspace/.derivedData/Build/Intermediates.noindex/swiftui-window-reference.build/Debug-watchos/WindowReference-t.build/Objects-normal/arm64/WindowReference.swiftmodule -serialize-diagnostics -dependency-scan-serialize-diagnostics-path /Users/admin/builder/spi-builder-workspace/.derivedData/Build/Intermediates.noindex/swiftui-window-reference.build/Debug-watchos/WindowReference-t.build/Objects-normal/arm64/WindowReference-dependency-scan.dia -validate-clang-modules-once -clang-build-session-file /Users/admin/builder/spi-builder-workspace/.derivedData/ModuleCache.noindex/Session.modulevalidation -Xcc -fmodules-prune-interval\=86400 -Xcc -fmodules-prune-after\=345600 -package-name spi_builder_workspace -emit-const-values -const-gather-protocols-list /Users/admin/builder/spi-builder-workspace/.derivedData/Build/Intermediates.noindex/swiftui-window-reference.build/Debug-watchos/WindowReference-t.build/Objects-normal/arm64/WindowReference_const_extract_protocols.json -Xcc -I/Users/admin/builder/spi-builder-workspace/.derivedData/Build/Products/Debug-watchos/include -Xcc -I/Users/admin/builder/spi-builder-workspace/.derivedData/Build/Intermediates.noindex/swiftui-window-reference.build/Debug-watchos/WindowReference-t.build/DerivedSources-normal/arm64 -Xcc -I/Users/admin/builder/spi-builder-workspace/.derivedData/Build/Intermediates.noindex/swiftui-window-reference.build/Debug-watchos/WindowReference-t.build/DerivedSources/arm64 -Xcc -I/Users/admin/builder/spi-builder-workspace/.derivedData/Build/Intermediates.noindex/swiftui-window-reference.build/Debug-watchos/WindowReference-t.build/DerivedSources -Xcc -DSWIFT_PACKAGE -Xcc -DDEBUG\=1 -emit-objc-header -emit-objc-header-path /Users/admin/builder/spi-builder-workspace/.derivedData/Build/Intermediates.noindex/swiftui-window-reference.build/Debug-watchos/WindowReference-t.build/Objects-normal/arm64/WindowReference-Swift.h -working-directory /Users/admin/builder/spi-builder-workspace/.swiftpm/xcode -experimental-emit-module-separately -disable-cmo
SwiftDriver WindowReference normal arm64_32 com.apple.xcode.tools.swift.compiler (in target 'WindowReference' from project 'swiftui-window-reference')
cd /Users/admin/builder/spi-builder-workspace/.swiftpm/xcode
builtin-SwiftDriver -- /Applications/Xcode-27.0.0-Release.Candidate.app/Contents/Developer/Toolchains/XcodeDefault.xctoolchain/usr/bin/swiftc -parse-as-library -module-name WindowReference -Onone @/Users/admin/builder/spi-builder-workspace/.derivedData/Build/Intermediates.noindex/swiftui-window-reference.build/Debug-watchos/WindowReference-t.build/Objects-normal/arm64_32/WindowReference.SwiftFileList -DSWIFT_PACKAGE -DDEBUG -DSWIFT_MODULE_RESOURCE_BUNDLE_UNAVAILABLE -DXcode -plugin-path /Applications/Xcode-27.0.0-Release.Candidate.app/Contents/Developer/Toolchains/XcodeDefault.xctoolchain/usr/lib/swift/host/plugins/testing -enable-experimental-feature DebugDescriptionMacro -sdk /Applications/Xcode-27.0.0-Release.Candidate.app/Contents/Developer/Platforms/WatchOS.platform/Developer/SDKs/WatchOS27.0.sdk -target arm64_32-apple-watchos9.0 -g -module-cache-path /Users/admin/builder/spi-builder-workspace/.derivedData/ModuleCache.noindex -Xfrontend -serialize-debugging-options -enable-testing -index-store-path /Users/admin/builder/spi-builder-workspace/.derivedData/Index.noindex/DataStore -Xcc -D_LIBCPP_HARDENING_MODE\=_LIBCPP_HARDENING_MODE_DEBUG -swift-version 5 -I /Users/admin/builder/spi-builder-workspace/.derivedData/Build/Products/Debug-watchos -Isystem /Applications/Xcode-27.0.0-Release.Candidate.app/Contents/Developer/Platforms/WatchOS.platform/Developer/usr/lib -F /Users/admin/builder/spi-builder-workspace/.derivedData/Build/Products/Debug-watchos -F /Applications/Xcode-27.0.0-Release.Candidate.app/Contents/Developer/Platforms/WatchOS.platform/Developer/Library/Frameworks -F /Applications/Xcode-27.0.0-Release.Candidate.app/Contents/Developer/Platforms/WatchOS.platform/Developer/SDKs/WatchOS27.0.sdk/Developer/Library/Frameworks -c -j10 -enable-batch-mode -incremental -Xcc -ivfsstatcache -Xcc /Users/admin/builder/spi-builder-workspace/.derivedData/SDKStatCaches.noindex/watchos27.0-24R360-e829b21a6f8c9b70876ba0858053c04477534ef55a1706bf4c1112bbb242f0a2.sdkstatcache -output-file-map /Users/admin/builder/spi-builder-workspace/.derivedData/Build/Intermediates.noindex/swiftui-window-reference.build/Debug-watchos/WindowReference-t.build/Objects-normal/arm64_32/WindowReference-OutputFileMap.json -save-temps -no-color-diagnostics -explicit-module-build -module-cache-path /Users/admin/builder/spi-builder-workspace/.derivedData/Build/Intermediates.noindex/SwiftExplicitPrecompiledModules -clang-scanner-module-cache-path /Users/admin/builder/spi-builder-workspace/.derivedData/ModuleCache.noindex -sdk-module-cache-path /Users/admin/builder/spi-builder-workspace/.derivedData/SDKExplicitPrecompiledModules -emit-dependencies -emit-module -emit-module-path /Users/admin/builder/spi-builder-workspace/.derivedData/Build/Intermediates.noindex/swiftui-window-reference.build/Debug-watchos/WindowReference-t.build/Objects-normal/arm64_32/WindowReference.swiftmodule -serialize-diagnostics -dependency-scan-serialize-diagnostics-path /Users/admin/builder/spi-builder-workspace/.derivedData/Build/Intermediates.noindex/swiftui-window-reference.build/Debug-watchos/WindowReference-t.build/Objects-normal/arm64_32/WindowReference-dependency-scan.dia -validate-clang-modules-once -clang-build-session-file /Users/admin/builder/spi-builder-workspace/.derivedData/ModuleCache.noindex/Session.modulevalidation -Xcc -fmodules-prune-interval\=86400 -Xcc -fmodules-prune-after\=345600 -package-name spi_builder_workspace -emit-const-values -const-gather-protocols-list /Users/admin/builder/spi-builder-workspace/.derivedData/Build/Intermediates.noindex/swiftui-window-reference.build/Debug-watchos/WindowReference-t.build/Objects-normal/arm64_32/WindowReference_const_extract_protocols.json -Xcc -I/Users/admin/builder/spi-builder-workspace/.derivedData/Build/Products/Debug-watchos/include -Xcc -I/Users/admin/builder/spi-builder-workspace/.derivedData/Build/Intermediates.noindex/swiftui-window-reference.build/Debug-watchos/WindowReference-t.build/DerivedSources-normal/arm64_32 -Xcc -I/Users/admin/builder/spi-builder-workspace/.derivedData/Build/Intermediates.noindex/swiftui-window-reference.build/Debug-watchos/WindowReference-t.build/DerivedSources/arm64_32 -Xcc -I/Users/admin/builder/spi-builder-workspace/.derivedData/Build/Intermediates.noindex/swiftui-window-reference.build/Debug-watchos/WindowReference-t.build/DerivedSources -Xcc -DSWIFT_PACKAGE -Xcc -DDEBUG\=1 -emit-objc-header -emit-objc-header-path /Users/admin/builder/spi-builder-workspace/.derivedData/Build/Intermediates.noindex/swiftui-window-reference.build/Debug-watchos/WindowReference-t.build/Objects-normal/arm64_32/WindowReference-Swift.h -working-directory /Users/admin/builder/spi-builder-workspace/.swiftpm/xcode -experimental-emit-module-separately -disable-cmo
SwiftEmitModule normal arm64_32 Emitting\ module\ for\ WindowReference (in target 'WindowReference' from project 'swiftui-window-reference')
/Users/admin/builder/spi-builder-workspace/Sources/WindowReference/Environment.swift:5:27: error: cannot find type 'NSWindow' in scope
3 | /// The internal storage environment key for the frameless window.
4 | private struct WindowEnvironmentKey: EnvironmentKey {
5 | static let defaultValue: NSWindow? = nil
| `- error: cannot find type 'NSWindow' in scope
6 | }
7 |
/Users/admin/builder/spi-builder-workspace/Sources/WindowReference/Environment.swift:4:16: error: type 'WindowEnvironmentKey' does not conform to protocol 'EnvironmentKey'
2 |
3 | /// The internal storage environment key for the frameless window.
4 | private struct WindowEnvironmentKey: EnvironmentKey {
| |- error: type 'WindowEnvironmentKey' does not conform to protocol 'EnvironmentKey'
| `- note: add stubs for conformance
5 | static let defaultValue: NSWindow? = nil
6 | }
SwiftUI.EnvironmentKey.Value:2:16: note: protocol requires nested type 'Value'
1 | protocol EnvironmentKey {
2 | associatedtype Value}
| `- note: protocol requires nested type 'Value'
3 |
/Users/admin/builder/spi-builder-workspace/Sources/WindowReference/Environment.swift:10:14: error: cannot find type 'NSWindow' in scope
8 | /// The environment key for accessing the frameless window.
9 | public extension EnvironmentValues {
10 | var window: NSWindow? {
| `- error: cannot find type 'NSWindow' in scope
11 | get { self[WindowEnvironmentKey.self] }
12 | set { self[WindowEnvironmentKey.self] = newValue }
/Users/admin/builder/spi-builder-workspace/Sources/WindowReference/Environment.swift:18:40: error: cannot find type 'NSWindow' in scope
16 | /// The view modifier for more concise write access to the framelessWindow environment value.
17 | public extension View {
18 | func addWindowToEnvironment(_ window: NSWindow?) -> some View {
| `- error: cannot find type 'NSWindow' in scope
19 | self.environment(\.window, window)
20 | }
/Users/admin/builder/spi-builder-workspace/Sources/WindowReference/WindowReference.swift:11:29: error: cannot find type 'NSWindow' in scope
9 | public struct WindowReference<Content: View>: View {
10 | /// Store the window in local state to share within the environment.
11 | @State private var window: NSWindow? = nil
| `- error: cannot find type 'NSWindow' in scope
12 |
13 | let id: String?
macro expansion @State:2:24: error: cannot find type 'NSWindow' in scope
`- /Users/admin/builder/spi-builder-workspace/Sources/WindowReference/WindowReference.swift:11:44: note: expanded code originates here
9 | public struct WindowReference<Content: View>: View {
10 | /// Store the window in local state to share within the environment.
11 | @State private var window: NSWindow? = nil
| `- note: in expansion of macro 'State' on property 'window' here
+--- macro expansion @State -----------------------------------------
| 1 | private var __window = SwiftUICore.State._makeStorage(({
| 2 | let value: NSWindow? = nil
| | `- error: cannot find type 'NSWindow' in scope
| 3 | return value
| 4 | }))
+--------------------------------------------------------------------
12 |
13 | let id: String?
macro expansion @State:8:27: error: cannot find type 'NSWindow' in scope
`- /Users/admin/builder/spi-builder-workspace/Sources/WindowReference/WindowReference.swift:11:44: note: expanded code originates here
9 | public struct WindowReference<Content: View>: View {
10 | /// Store the window in local state to share within the environment.
11 | @State private var window: NSWindow? = nil
| `- note: in expansion of macro 'State' on property 'window' here
+--- macro expansion @State -----------------------------------------
| 6 | @SwiftUICore._StatePropertyWrapperStorage(initialValue: "JHMxNVdpbmRvd1JlZmVyZW5jZUFBVjZ3aW5kb3czM181MDdDRTI1NEY5MkRFRTk2QkVDRDk0MTQxNDdDQTFGNExMNVN0YXRlZk1wXzIwX2luaXRpYWxTdG9yZWRWYWx1ZV9mTXVf")
| 7 | private var _window: SwiftUICore.State<_>! = SwiftUICore._stateNil(of: {
| 8 | SwiftUICore.State<NSWindow?>(initialValue: nil)
| | `- error: cannot find type 'NSWindow' in scope
| 9 | })
|10 |
+--------------------------------------------------------------------
12 |
13 | let id: String?
macro expansion @State:7:40: error: could not infer type for placeholder
`- /Users/admin/builder/spi-builder-workspace/Sources/WindowReference/WindowReference.swift:11:44: note: expanded code originates here
9 | public struct WindowReference<Content: View>: View {
10 | /// Store the window in local state to share within the environment.
11 | @State private var window: NSWindow? = nil
| `- note: in expansion of macro 'State' on property 'window' here
+--- macro expansion @State -----------------------------------------
| 5 |
| 6 | @SwiftUICore._StatePropertyWrapperStorage(initialValue: "JHMxNVdpbmRvd1JlZmVyZW5jZUFBVjZ3aW5kb3czM181MDdDRTI1NEY5MkRFRTk2QkVDRDk0MTQxNDdDQTFGNExMNVN0YXRlZk1wXzIwX2luaXRpYWxTdG9yZWRWYWx1ZV9mTXVf")
| 7 | private var _window: SwiftUICore.State<_>! = SwiftUICore._stateNil(of: {
| | `- error: could not infer type for placeholder
| 8 | SwiftUICore.State<NSWindow?>(initialValue: nil)
| 9 | })
+--------------------------------------------------------------------
12 |
13 | let id: String?
macro expansion @State:12:41: error: cannot find type 'NSWindow' in scope
`- /Users/admin/builder/spi-builder-workspace/Sources/WindowReference/WindowReference.swift:11:44: note: expanded code originates here
9 | public struct WindowReference<Content: View>: View {
10 | /// Store the window in local state to share within the environment.
11 | @State private var window: NSWindow? = nil
| `- note: in expansion of macro 'State' on property 'window' here
+--- macro expansion @State -----------------------------------------
|10 |
|11 | @SwiftUICore._StateProjectedValue
|12 | private var $window = SwiftUICore.State<NSWindow?>(initialValue: nil).projectedValue
| | `- error: cannot find type 'NSWindow' in scope
|13 |
|14 | @SwiftUICore._StateInitialStoredValue("U3dpZnRVSUNvcmUuU3RhdGUuX21ha2VTdG9yYWdlKCh7IGxldCB2YWx1ZTogTlNXaW5kb3c/ID0gbmlsCnJldHVybiB2YWx1ZSB9KSk=")
+--------------------------------------------------------------------
12 |
13 | let id: String?
macro expansion @State:16:20: error: cannot find type 'NSWindow' in scope
`- /Users/admin/builder/spi-builder-workspace/Sources/WindowReference/WindowReference.swift:11:44: note: expanded code originates here
9 | public struct WindowReference<Content: View>: View {
10 | /// Store the window in local state to share within the environment.
11 | @State private var window: NSWindow? = nil
| `- note: in expansion of macro 'State' on property 'window' here
+--- macro expansion @State -----------------------------------------
|14 | @SwiftUICore._StateInitialStoredValue("U3dpZnRVSUNvcmUuU3RhdGUuX21ha2VTdG9yYWdlKCh7IGxldCB2YWx1ZTogTlNXaW5kb3c/ID0gbmlsCnJldHVybiB2YWx1ZSB9KSk=")
|15 | private static var $s15WindowReferenceAAV6window33_507CE254F92DEE96BECD9414147CA1F4LL5StatefMp_20_initialStoredValue_fMu_ = (SwiftUICore.State._makeStorage(initialValue: {
|16 | let x: NSWindow? = nil
| | `- error: cannot find type 'NSWindow' in scope
|17 | return x
|18 | }()))
+--------------------------------------------------------------------
12 |
13 | let id: String?
/Users/admin/builder/spi-builder-workspace/Sources/WindowReference/WindowReference.swift:15:26: error: cannot find type 'NSWindow' in scope
13 | let id: String?
14 | let content: () -> Content
15 | let windowInitializer: (NSWindow) -> Void
| `- error: cannot find type 'NSWindow' in scope
16 |
17 | /// A `View` that puts a window reference into the environment and runs a window configuration
/Users/admin/builder/spi-builder-workspace/Sources/WindowReference/WindowReference.swift:33:84: error: cannot find type 'NSWindow' in scope
31 | - content: The actual view content.
32 | */
33 | public init(withId id: String, andWindowInitializer windowInitializer: @escaping (NSWindow) -> Void = {window in}, @ViewBuilder content: @escaping () -> Content) {
| `- error: cannot find type 'NSWindow' in scope
34 | self.id = id
35 | self.content = content
/Users/admin/builder/spi-builder-workspace/Sources/WindowReference/WindowReference.swift:46:66: error: cannot find type 'NSWindow' in scope
44 | - content: The view content to actually display.
45 | */
46 | public init(withWindowInitializer windowInitializer: @escaping (NSWindow) -> Void = {window in}, @ViewBuilder content: @escaping () -> Content) {
| `- error: cannot find type 'NSWindow' in scope
47 | self.id = nil
48 | self.content = content
/Users/admin/builder/spi-builder-workspace/Sources/WindowReference/WindowReference.swift:60:30: error: cannot find type 'NSWindow' in scope
58 |
59 | /// Return the window specified by `self.id` or the current `keyWindow` if any, else `nil`.
60 | private func getWindow() -> NSWindow? {
| `- error: cannot find type 'NSWindow' in scope
61 | if self.id != nil {
62 | return self.getWindowById()
/Users/admin/builder/spi-builder-workspace/Sources/WindowReference/WindowReference.swift:68:34: error: cannot find type 'NSWindow' in scope
66 |
67 | /// Return the window with the matching identifier from all windows of the current application.
68 | private func getWindowById() -> NSWindow? {
| `- error: cannot find type 'NSWindow' in scope
69 | for window in NSApplication.shared.windows {
70 | guard window.identifier?.rawValue == self.id else { continue }
SwiftCompile normal arm64_32 (in target 'WindowReference' from project 'swiftui-window-reference')
cd /Users/admin/builder/spi-builder-workspace/.swiftpm/xcode
/Users/admin/builder/spi-builder-workspace/Sources/WindowReference/WindowReference.swift:77:33: error: cannot find type 'NSWindow' in scope
75 |
76 | /// Return the current `keyWindow`.
77 | private func getKeyWindow() -> NSWindow? {
| `- error: cannot find type 'NSWindow' in scope
78 | if let window = NSApplication.shared.keyWindow {
79 | return window
Failed frontend command:
/Applications/Xcode-27.0.0-Release.Candidate.app/Contents/Developer/Toolchains/XcodeDefault.xctoolchain/usr/bin/swift-frontend -frontend -emit-module -experimental-skip-non-inlinable-function-bodies-without-types /Users/admin/builder/spi-builder-workspace/Sources/WindowReference/Environment.swift /Users/admin/builder/spi-builder-workspace/Sources/WindowReference/WindowReference.swift -target arm64_32-apple-watchos9.0 -disable-cross-import-overlay-search -load-resolved-plugin /Applications/Xcode-27.0.0-Release.Candidate.app/Contents/Developer/Platforms/WatchOS.platform/Developer/usr/lib/swift/host/plugins/libFoundationMacros.dylib\#/Applications/Xcode-27.0.0-Release.Candidate.app/Contents/Developer/Platforms/WatchOS.platform/Developer/usr/bin/swift-plugin-server\#FoundationMacros -load-resolved-plugin /Applications/Xcode-27.0.0-Release.Candidate.app/Contents/Developer/Platforms/WatchOS.platform/Developer/usr/lib/swift/host/plugins/libObservationMacros.dylib\#/Applications/Xcode-27.0.0-Release.Candidate.app/Contents/Developer/Platforms/WatchOS.platform/Developer/usr/bin/swift-plugin-server\#ObservationMacros -load-resolved-plugin /Applications/Xcode-27.0.0-Release.Candidate.app/Contents/Developer/Platforms/WatchOS.platform/Developer/usr/lib/swift/host/plugins/libPreviewsMacros.dylib\#/Applications/Xcode-27.0.0-Release.Candidate.app/Contents/Developer/Platforms/WatchOS.platform/Developer/usr/bin/swift-plugin-server\#PreviewsMacros -load-resolved-plugin /Applications/Xcode-27.0.0-Release.Candidate.app/Contents/Developer/Platforms/WatchOS.platform/Developer/usr/lib/swift/host/plugins/libSwiftMacros.dylib\#/Applications/Xcode-27.0.0-Release.Candidate.app/Contents/Developer/Platforms/WatchOS.platform/Developer/usr/bin/swift-plugin-server\#SwiftMacros -load-resolved-plugin /Applications/Xcode-27.0.0-Release.Candidate.app/Contents/Developer/Platforms/WatchOS.platform/Developer/usr/lib/swift/host/plugins/libSwiftUIMacros.dylib\#/Applications/Xcode-27.0.0-Release.Candidate.app/Contents/Developer/Platforms/WatchOS.platform/Developer/usr/bin/swift-plugin-server\#SwiftUIMacros -disable-implicit-swift-modules -Xcc -fno-implicit-modules -Xcc -fno-implicit-module-maps -explicit-swift-module-map-file /Users/admin/builder/spi-builder-workspace/.derivedData/Build/Intermediates.noindex/swiftui-window-reference.build/Debug-watchos/WindowReference-t.build/Objects-normal/arm64_32/WindowReference-dependencies-2.json -enable-objc-interop -sdk /Applications/Xcode-27.0.0-Release.Candidate.app/Contents/Developer/Platforms/WatchOS.platform/Developer/SDKs/WatchOS27.0.sdk -I /Users/admin/builder/spi-builder-workspace/.derivedData/Build/Products/Debug-watchos -Isystem /Applications/Xcode-27.0.0-Release.Candidate.app/Contents/Developer/Platforms/WatchOS.platform/Developer/usr/lib -F /Users/admin/builder/spi-builder-workspace/.derivedData/Build/Products/Debug-watchos -F /Applications/Xcode-27.0.0-Release.Candidate.app/Contents/Developer/Platforms/WatchOS.platform/Developer/Library/Frameworks -F /Applications/Xcode-27.0.0-Release.Candidate.app/Contents/Developer/Platforms/WatchOS.platform/Developer/SDKs/WatchOS27.0.sdk/Developer/Library/Frameworks -module-cache-path /Users/admin/builder/spi-builder-workspace/.derivedData/Build/Intermediates.noindex/SwiftExplicitPrecompiledModules -no-color-diagnostics -Xcc -fno-color-diagnostics -enable-testing -g -debug-info-format\=dwarf -dwarf-version\=4 -swift-version 5 -Onone -D SWIFT_PACKAGE -D DEBUG -D SWIFT_MODULE_RESOURCE_BUNDLE_UNAVAILABLE -D Xcode -serialize-debugging-options -enable-experimental-feature DebugDescriptionMacro -empty-abi-descriptor -validate-clang-modules-once -clang-build-session-file /Users/admin/builder/spi-builder-workspace/.derivedData/ModuleCache.noindex/Session.modulevalidation -Xcc -working-directory -Xcc /Users/admin/builder/spi-builder-workspace/.swiftpm/xcode -enable-anonymous-context-mangled-names -file-compilation-dir /Users/admin/builder/spi-builder-workspace/.swiftpm/xcode -Xcc -D_LIBCPP_HARDENING_MODE\=_LIBCPP_HARDENING_MODE_DEBUG -Xcc -ivfsstatcache -Xcc /Users/admin/builder/spi-builder-workspace/.derivedData/SDKStatCaches.noindex/watchos27.0-24R360-e829b21a6f8c9b70876ba0858053c04477534ef55a1706bf4c1112bbb242f0a2.sdkstatcache -Xcc -fmodules-prune-interval\=86400 -Xcc -fmodules-prune-after\=345600 -Xcc -I/Users/admin/builder/spi-builder-workspace/.derivedData/Build/Products/Debug-watchos/include -Xcc -I/Users/admin/builder/spi-builder-workspace/.derivedData/Build/Intermediates.noindex/swiftui-window-reference.build/Debug-watchos/WindowReference-t.build/DerivedSources-normal/arm64_32 -Xcc -I/Users/admin/builder/spi-builder-workspace/.derivedData/Build/Intermediates.noindex/swiftui-window-reference.build/Debug-watchos/WindowReference-t.build/DerivedSources/arm64_32 -Xcc -I/Users/admin/builder/spi-builder-workspace/.derivedData/Build/Intermediates.noindex/swiftui-window-reference.build/Debug-watchos/WindowReference-t.build/DerivedSources -Xcc -DSWIFT_PACKAGE -Xcc -DDEBUG\=1 -no-auto-bridging-header-chaining -module-name WindowReference -package-name spi_builder_workspace -const-gather-protocols-file /Users/admin/builder/spi-builder-workspace/.derivedData/Build/Intermediates.noindex/swiftui-window-reference.build/Debug-watchos/WindowReference-t.build/Objects-normal/arm64_32/WindowReference_const_extract_protocols.json -disable-clang-spi -clang-target arm64_32-apple-watchos27.0 -target-sdk-version 27.0 -target-sdk-name watchos27.0 -in-process-plugin-server-path /Applications/Xcode-27.0.0-Release.Candidate.app/Contents/Developer/Toolchains/XcodeDefault.xctoolchain/usr/lib/swift/host/libSwiftInProcPluginServer.dylib -emit-module-doc-path /Users/admin/builder/spi-builder-workspace/.derivedData/Build/Intermediates.noindex/swiftui-window-reference.build/Debug-watchos/WindowReference-t.build/Objects-normal/arm64_32/WindowReference.swiftdoc -emit-module-source-info-path /Users/admin/builder/spi-builder-workspace/.derivedData/Build/Intermediates.noindex/swiftui-window-reference.build/Debug-watchos/WindowReference-t.build/Objects-normal/arm64_32/WindowReference.swiftsourceinfo -emit-objc-header-path /Users/admin/builder/spi-builder-workspace/.derivedData/Build/Intermediates.noindex/swiftui-window-reference.build/Debug-watchos/WindowReference-t.build/Objects-normal/arm64_32/WindowReference-Swift.h -serialize-diagnostics-path /Users/admin/builder/spi-builder-workspace/.derivedData/Build/Intermediates.noindex/swiftui-window-reference.build/Debug-watchos/WindowReference-t.build/Objects-normal/arm64_32/WindowReference-primary-emit-module.dia -emit-dependencies-path /Users/admin/builder/spi-builder-workspace/.derivedData/Build/Intermediates.noindex/swiftui-window-reference.build/Debug-watchos/WindowReference-t.build/Objects-normal/arm64_32/WindowReference-primary-emit-module.d -parse-as-library -o /Users/admin/builder/spi-builder-workspace/.derivedData/Build/Intermediates.noindex/swiftui-window-reference.build/Debug-watchos/WindowReference-t.build/Objects-normal/arm64_32/WindowReference.swiftmodule -emit-abi-descriptor-path /Users/admin/builder/spi-builder-workspace/.derivedData/Build/Intermediates.noindex/swiftui-window-reference.build/Debug-watchos/WindowReference-t.build/Objects-normal/arm64_32/WindowReference.abi.json
SwiftCompile normal arm64_32 Compiling\ WindowReference.swift /Users/admin/builder/spi-builder-workspace/Sources/WindowReference/WindowReference.swift (in target 'WindowReference' from project 'swiftui-window-reference')
SwiftCompile normal arm64_32 /Users/admin/builder/spi-builder-workspace/Sources/WindowReference/WindowReference.swift (in target 'WindowReference' from project 'swiftui-window-reference')
cd /Users/admin/builder/spi-builder-workspace/.swiftpm/xcode
builtin-SwiftPerFileCompile WindowReference.swift
/Users/admin/builder/spi-builder-workspace/Sources/WindowReference/WindowReference.swift:11:29: error: cannot find type 'NSWindow' in scope
9 | public struct WindowReference<Content: View>: View {
10 | /// Store the window in local state to share within the environment.
11 | @State private var window: NSWindow? = nil
| `- error: cannot find type 'NSWindow' in scope
12 |
13 | let id: String?
macro expansion @State:2:24: error: cannot find type 'NSWindow' in scope
`- /Users/admin/builder/spi-builder-workspace/Sources/WindowReference/WindowReference.swift:11:44: note: expanded code originates here
9 | public struct WindowReference<Content: View>: View {
10 | /// Store the window in local state to share within the environment.
11 | @State private var window: NSWindow? = nil
| `- note: in expansion of macro 'State' on property 'window' here
+--- macro expansion @State -----------------------------------------
| 1 | private var __window = SwiftUICore.State._makeStorage(({
| 2 | let value: NSWindow? = nil
| | `- error: cannot find type 'NSWindow' in scope
| 3 | return value
| 4 | }))
+--------------------------------------------------------------------
12 |
13 | let id: String?
macro expansion @State:8:27: error: cannot find type 'NSWindow' in scope
`- /Users/admin/builder/spi-builder-workspace/Sources/WindowReference/WindowReference.swift:11:44: note: expanded code originates here
9 | public struct WindowReference<Content: View>: View {
10 | /// Store the window in local state to share within the environment.
11 | @State private var window: NSWindow? = nil
| `- note: in expansion of macro 'State' on property 'window' here
+--- macro expansion @State -----------------------------------------
| 6 | @SwiftUICore._StatePropertyWrapperStorage(initialValue: "JHMxNVdpbmRvd1JlZmVyZW5jZUFBVjZ3aW5kb3czM181MDdDRTI1NEY5MkRFRTk2QkVDRDk0MTQxNDdDQTFGNExMNVN0YXRlZk1wXzIwX2luaXRpYWxTdG9yZWRWYWx1ZV9mTXVf")
| 7 | private var _window: SwiftUICore.State<_>! = SwiftUICore._stateNil(of: {
| 8 | SwiftUICore.State<NSWindow?>(initialValue: nil)
| | `- error: cannot find type 'NSWindow' in scope
| 9 | })
|10 |
+--------------------------------------------------------------------
12 |
13 | let id: String?
macro expansion @State:7:40: error: could not infer type for placeholder
`- /Users/admin/builder/spi-builder-workspace/Sources/WindowReference/WindowReference.swift:11:44: note: expanded code originates here
9 | public struct WindowReference<Content: View>: View {
10 | /// Store the window in local state to share within the environment.
11 | @State private var window: NSWindow? = nil
| `- note: in expansion of macro 'State' on property 'window' here
+--- macro expansion @State -----------------------------------------
| 5 |
| 6 | @SwiftUICore._StatePropertyWrapperStorage(initialValue: "JHMxNVdpbmRvd1JlZmVyZW5jZUFBVjZ3aW5kb3czM181MDdDRTI1NEY5MkRFRTk2QkVDRDk0MTQxNDdDQTFGNExMNVN0YXRlZk1wXzIwX2luaXRpYWxTdG9yZWRWYWx1ZV9mTXVf")
| 7 | private var _window: SwiftUICore.State<_>! = SwiftUICore._stateNil(of: {
| | `- error: could not infer type for placeholder
| 8 | SwiftUICore.State<NSWindow?>(initialValue: nil)
| 9 | })
+--------------------------------------------------------------------
12 |
13 | let id: String?
macro expansion @State:12:41: error: cannot find type 'NSWindow' in scope
`- /Users/admin/builder/spi-builder-workspace/Sources/WindowReference/WindowReference.swift:11:44: note: expanded code originates here
9 | public struct WindowReference<Content: View>: View {
10 | /// Store the window in local state to share within the environment.
11 | @State private var window: NSWindow? = nil
| `- note: in expansion of macro 'State' on property 'window' here
+--- macro expansion @State -----------------------------------------
|10 |
|11 | @SwiftUICore._StateProjectedValue
|12 | private var $window = SwiftUICore.State<NSWindow?>(initialValue: nil).projectedValue
| | `- error: cannot find type 'NSWindow' in scope
|13 |
|14 | @SwiftUICore._StateInitialStoredValue("U3dpZnRVSUNvcmUuU3RhdGUuX21ha2VTdG9yYWdlKCh7IGxldCB2YWx1ZTogTlNXaW5kb3c/ID0gbmlsCnJldHVybiB2YWx1ZSB9KSk=")
+--------------------------------------------------------------------
12 |
13 | let id: String?
macro expansion @State:16:20: error: cannot find type 'NSWindow' in scope
`- /Users/admin/builder/spi-builder-workspace/Sources/WindowReference/WindowReference.swift:11:44: note: expanded code originates here
9 | public struct WindowReference<Content: View>: View {
10 | /// Store the window in local state to share within the environment.
11 | @State private var window: NSWindow? = nil
| `- note: in expansion of macro 'State' on property 'window' here
+--- macro expansion @State -----------------------------------------
|14 | @SwiftUICore._StateInitialStoredValue("U3dpZnRVSUNvcmUuU3RhdGUuX21ha2VTdG9yYWdlKCh7IGxldCB2YWx1ZTogTlNXaW5kb3c/ID0gbmlsCnJldHVybiB2YWx1ZSB9KSk=")
|15 | private static var $s15WindowReferenceAAV6window33_507CE254F92DEE96BECD9414147CA1F4LL5StatefMp_20_initialStoredValue_fMu_ = (SwiftUICore.State._makeStorage(initialValue: {
|16 | let x: NSWindow? = nil
| | `- error: cannot find type 'NSWindow' in scope
|17 | return x
|18 | }()))
+--------------------------------------------------------------------
12 |
13 | let id: String?
/Users/admin/builder/spi-builder-workspace/Sources/WindowReference/WindowReference.swift:15:26: error: cannot find type 'NSWindow' in scope
13 | let id: String?
14 | let content: () -> Content
15 | let windowInitializer: (NSWindow) -> Void
| `- error: cannot find type 'NSWindow' in scope
16 |
17 | /// A `View` that puts a window reference into the environment and runs a window configuration
/Users/admin/builder/spi-builder-workspace/Sources/WindowReference/WindowReference.swift:33:84: error: cannot find type 'NSWindow' in scope
31 | - content: The actual view content.
32 | */
33 | public init(withId id: String, andWindowInitializer windowInitializer: @escaping (NSWindow) -> Void = {window in}, @ViewBuilder content: @escaping () -> Content) {
| `- error: cannot find type 'NSWindow' in scope
34 | self.id = id
35 | self.content = content
/Users/admin/builder/spi-builder-workspace/Sources/WindowReference/WindowReference.swift:46:66: error: cannot find type 'NSWindow' in scope
44 | - content: The view content to actually display.
45 | */
46 | public init(withWindowInitializer windowInitializer: @escaping (NSWindow) -> Void = {window in}, @ViewBuilder content: @escaping () -> Content) {
| `- error: cannot find type 'NSWindow' in scope
47 | self.id = nil
48 | self.content = content
/Users/admin/builder/spi-builder-workspace/Sources/WindowReference/WindowReference.swift:60:30: error: cannot find type 'NSWindow' in scope
58 |
59 | /// Return the window specified by `self.id` or the current `keyWindow` if any, else `nil`.
60 | private func getWindow() -> NSWindow? {
| `- error: cannot find type 'NSWindow' in scope
61 | if self.id != nil {
62 | return self.getWindowById()
/Users/admin/builder/spi-builder-workspace/Sources/WindowReference/WindowReference.swift:68:34: error: cannot find type 'NSWindow' in scope
66 |
67 | /// Return the window with the matching identifier from all windows of the current application.
68 | private func getWindowById() -> NSWindow? {
| `- error: cannot find type 'NSWindow' in scope
69 | for window in NSApplication.shared.windows {
70 | guard window.identifier?.rawValue == self.id else { continue }
SwiftCompile normal arm64 Compiling\ Environment.swift /Users/admin/builder/spi-builder-workspace/Sources/WindowReference/Environment.swift (in target 'WindowReference' from project 'swiftui-window-reference')
SwiftCompile normal arm64 /Users/admin/builder/spi-builder-workspace/Sources/WindowReference/Environment.swift (in target 'WindowReference' from project 'swiftui-window-reference')
cd /Users/admin/builder/spi-builder-workspace/.swiftpm/xcode
builtin-SwiftPerFileCompile Environment.swift
/Users/admin/builder/spi-builder-workspace/Sources/WindowReference/Environment.swift:5:27: error: cannot find type 'NSWindow' in scope
3 | /// The internal storage environment key for the frameless window.
4 | private struct WindowEnvironmentKey: EnvironmentKey {
5 | static let defaultValue: NSWindow? = nil
| `- error: cannot find type 'NSWindow' in scope
6 | }
7 |
/Users/admin/builder/spi-builder-workspace/Sources/WindowReference/Environment.swift:4:16: error: type 'WindowEnvironmentKey' does not conform to protocol 'EnvironmentKey'
2 |
3 | /// The internal storage environment key for the frameless window.
4 | private struct WindowEnvironmentKey: EnvironmentKey {
| |- error: type 'WindowEnvironmentKey' does not conform to protocol 'EnvironmentKey'
| `- note: add stubs for conformance
5 | static let defaultValue: NSWindow? = nil
6 | }
SwiftUI.EnvironmentKey.Value:2:16: note: protocol requires nested type 'Value'
1 | protocol EnvironmentKey {
2 | associatedtype Value}
| `- note: protocol requires nested type 'Value'
3 |
/Users/admin/builder/spi-builder-workspace/Sources/WindowReference/Environment.swift:10:14: error: cannot find type 'NSWindow' in scope
8 | /// The environment key for accessing the frameless window.
9 | public extension EnvironmentValues {
10 | var window: NSWindow? {
| `- error: cannot find type 'NSWindow' in scope
11 | get { self[WindowEnvironmentKey.self] }
12 | set { self[WindowEnvironmentKey.self] = newValue }
/Users/admin/builder/spi-builder-workspace/Sources/WindowReference/Environment.swift:18:40: error: cannot find type 'NSWindow' in scope
16 | /// The view modifier for more concise write access to the framelessWindow environment value.
17 | public extension View {
18 | func addWindowToEnvironment(_ window: NSWindow?) -> some View {
| `- error: cannot find type 'NSWindow' in scope
19 | self.environment(\.window, window)
20 | }
SwiftCompile normal arm64 Compiling\ WindowReference.swift /Users/admin/builder/spi-builder-workspace/Sources/WindowReference/WindowReference.swift (in target 'WindowReference' from project 'swiftui-window-reference')
/Users/admin/builder/spi-builder-workspace/Sources/WindowReference/WindowReference.swift:11:29: error: cannot find type 'NSWindow' in scope
9 | public struct WindowReference<Content: View>: View {
10 | /// Store the window in local state to share within the environment.
11 | @State private var window: NSWindow? = nil
| `- error: cannot find type 'NSWindow' in scope
12 |
13 | let id: String?
macro expansion @State:2:24: error: cannot find type 'NSWindow' in scope
`- /Users/admin/builder/spi-builder-workspace/Sources/WindowReference/WindowReference.swift:11:44: note: expanded code originates here
9 | public struct WindowReference<Content: View>: View {
10 | /// Store the window in local state to share within the environment.
11 | @State private var window: NSWindow? = nil
| `- note: in expansion of macro 'State' on property 'window' here
+--- macro expansion @State -----------------------------------------
| 1 | private var __window = SwiftUICore.State._makeStorage(({
| 2 | let value: NSWindow? = nil
| | `- error: cannot find type 'NSWindow' in scope
| 3 | return value
| 4 | }))
+--------------------------------------------------------------------
12 |
13 | let id: String?
macro expansion @State:8:27: error: cannot find type 'NSWindow' in scope
`- /Users/admin/builder/spi-builder-workspace/Sources/WindowReference/WindowReference.swift:11:44: note: expanded code originates here
9 | public struct WindowReference<Content: View>: View {
10 | /// Store the window in local state to share within the environment.
11 | @State private var window: NSWindow? = nil
| `- note: in expansion of macro 'State' on property 'window' here
+--- macro expansion @State -----------------------------------------
| 6 | @SwiftUICore._StatePropertyWrapperStorage(initialValue: "JHMxNVdpbmRvd1JlZmVyZW5jZUFBVjZ3aW5kb3czM181MDdDRTI1NEY5MkRFRTk2QkVDRDk0MTQxNDdDQTFGNExMNVN0YXRlZk1wXzIwX2luaXRpYWxTdG9yZWRWYWx1ZV9mTXVf")
| 7 | private var _window: SwiftUICore.State<_>! = SwiftUICore._stateNil(of: {
| 8 | SwiftUICore.State<NSWindow?>(initialValue: nil)
| | `- error: cannot find type 'NSWindow' in scope
| 9 | })
|10 |
+--------------------------------------------------------------------
12 |
13 | let id: String?
macro expansion @State:7:40: error: could not infer type for placeholder
`- /Users/admin/builder/spi-builder-workspace/Sources/WindowReference/WindowReference.swift:11:44: note: expanded code originates here
9 | public struct WindowReference<Content: View>: View {
10 | /// Store the window in local state to share within the environment.
11 | @State private var window: NSWindow? = nil
| `- note: in expansion of macro 'State' on property 'window' here
+--- macro expansion @State -----------------------------------------
| 5 |
| 6 | @SwiftUICore._StatePropertyWrapperStorage(initialValue: "JHMxNVdpbmRvd1JlZmVyZW5jZUFBVjZ3aW5kb3czM181MDdDRTI1NEY5MkRFRTk2QkVDRDk0MTQxNDdDQTFGNExMNVN0YXRlZk1wXzIwX2luaXRpYWxTdG9yZWRWYWx1ZV9mTXVf")
| 7 | private var _window: SwiftUICore.State<_>! = SwiftUICore._stateNil(of: {
| | `- error: could not infer type for placeholder
| 8 | SwiftUICore.State<NSWindow?>(initialValue: nil)
| 9 | })
+--------------------------------------------------------------------
12 |
13 | let id: String?
macro expansion @State:12:41: error: cannot find type 'NSWindow' in scope
`- /Users/admin/builder/spi-builder-workspace/Sources/WindowReference/WindowReference.swift:11:44: note: expanded code originates here
9 | public struct WindowReference<Content: View>: View {
10 | /// Store the window in local state to share within the environment.
11 | @State private var window: NSWindow? = nil
| `- note: in expansion of macro 'State' on property 'window' here
+--- macro expansion @State -----------------------------------------
|10 |
|11 | @SwiftUICore._StateProjectedValue
|12 | private var $window = SwiftUICore.State<NSWindow?>(initialValue: nil).projectedValue
| | `- error: cannot find type 'NSWindow' in scope
|13 |
|14 | @SwiftUICore._StateInitialStoredValue("U3dpZnRVSUNvcmUuU3RhdGUuX21ha2VTdG9yYWdlKCh7IGxldCB2YWx1ZTogTlNXaW5kb3c/ID0gbmlsCnJldHVybiB2YWx1ZSB9KSk=")
+--------------------------------------------------------------------
12 |
13 | let id: String?
macro expansion @State:16:20: error: cannot find type 'NSWindow' in scope
`- /Users/admin/builder/spi-builder-workspace/Sources/WindowReference/WindowReference.swift:11:44: note: expanded code originates here
9 | public struct WindowReference<Content: View>: View {
10 | /// Store the window in local state to share within the environment.
11 | @State private var window: NSWindow? = nil
| `- note: in expansion of macro 'State' on property 'window' here
+--- macro expansion @State -----------------------------------------
|14 | @SwiftUICore._StateInitialStoredValue("U3dpZnRVSUNvcmUuU3RhdGUuX21ha2VTdG9yYWdlKCh7IGxldCB2YWx1ZTogTlNXaW5kb3c/ID0gbmlsCnJldHVybiB2YWx1ZSB9KSk=")
|15 | private static var $s15WindowReferenceAAV6window33_507CE254F92DEE96BECD9414147CA1F4LL5StatefMp_20_initialStoredValue_fMu_ = (SwiftUICore.State._makeStorage(initialValue: {
|16 | let x: NSWindow? = nil
| | `- error: cannot find type 'NSWindow' in scope
|17 | return x
|18 | }()))
+--------------------------------------------------------------------
12 |
13 | let id: String?
/Users/admin/builder/spi-builder-workspace/Sources/WindowReference/WindowReference.swift:15:26: error: cannot find type 'NSWindow' in scope
13 | let id: String?
14 | let content: () -> Content
15 | let windowInitializer: (NSWindow) -> Void
| `- error: cannot find type 'NSWindow' in scope
16 |
17 | /// A `View` that puts a window reference into the environment and runs a window configuration
/Users/admin/builder/spi-builder-workspace/Sources/WindowReference/WindowReference.swift:33:84: error: cannot find type 'NSWindow' in scope
31 | - content: The actual view content.
32 | */
33 | public init(withId id: String, andWindowInitializer windowInitializer: @escaping (NSWindow) -> Void = {window in}, @ViewBuilder content: @escaping () -> Content) {
| `- error: cannot find type 'NSWindow' in scope
34 | self.id = id
35 | self.content = content
/Users/admin/builder/spi-builder-workspace/Sources/WindowReference/WindowReference.swift:46:66: error: cannot find type 'NSWindow' in scope
44 | - content: The view content to actually display.
45 | */
46 | public init(withWindowInitializer windowInitializer: @escaping (NSWindow) -> Void = {window in}, @ViewBuilder content: @escaping () -> Content) {
| `- error: cannot find type 'NSWindow' in scope
47 | self.id = nil
48 | self.content = content
/Users/admin/builder/spi-builder-workspace/Sources/WindowReference/WindowReference.swift:60:30: error: cannot find type 'NSWindow' in scope
58 |
59 | /// Return the window specified by `self.id` or the current `keyWindow` if any, else `nil`.
60 | private func getWindow() -> NSWindow? {
| `- error: cannot find type 'NSWindow' in scope
61 | if self.id != nil {
62 | return self.getWindowById()
/Users/admin/builder/spi-builder-workspace/Sources/WindowReference/WindowReference.swift:68:34: error: cannot find type 'NSWindow' in scope
66 |
67 | /// Return the window with the matching identifier from all windows of the current application.
68 | private func getWindowById() -> NSWindow? {
| `- error: cannot find type 'NSWindow' in scope
69 | for window in NSApplication.shared.windows {
70 | guard window.identifier?.rawValue == self.id else { continue }
SwiftCompile normal arm64 /Users/admin/builder/spi-builder-workspace/Sources/WindowReference/WindowReference.swift (in target 'WindowReference' from project 'swiftui-window-reference')
cd /Users/admin/builder/spi-builder-workspace/.swiftpm/xcode
builtin-SwiftPerFileCompile WindowReference.swift
SwiftEmitModule normal arm64 Emitting\ module\ for\ WindowReference (in target 'WindowReference' from project 'swiftui-window-reference')
/Users/admin/builder/spi-builder-workspace/Sources/WindowReference/Environment.swift:5:27: error: cannot find type 'NSWindow' in scope
3 | /// The internal storage environment key for the frameless window.
4 | private struct WindowEnvironmentKey: EnvironmentKey {
5 | static let defaultValue: NSWindow? = nil
| `- error: cannot find type 'NSWindow' in scope
6 | }
7 |
/Users/admin/builder/spi-builder-workspace/Sources/WindowReference/Environment.swift:4:16: error: type 'WindowEnvironmentKey' does not conform to protocol 'EnvironmentKey'
2 |
3 | /// The internal storage environment key for the frameless window.
4 | private struct WindowEnvironmentKey: EnvironmentKey {
| |- error: type 'WindowEnvironmentKey' does not conform to protocol 'EnvironmentKey'
| `- note: add stubs for conformance
5 | static let defaultValue: NSWindow? = nil
6 | }
SwiftUI.EnvironmentKey.Value:2:16: note: protocol requires nested type 'Value'
1 | protocol EnvironmentKey {
2 | associatedtype Value}
| `- note: protocol requires nested type 'Value'
3 |
/Users/admin/builder/spi-builder-workspace/Sources/WindowReference/Environment.swift:10:14: error: cannot find type 'NSWindow' in scope
8 | /// The environment key for accessing the frameless window.
9 | public extension EnvironmentValues {
10 | var window: NSWindow? {
| `- error: cannot find type 'NSWindow' in scope
11 | get { self[WindowEnvironmentKey.self] }
12 | set { self[WindowEnvironmentKey.self] = newValue }
/Users/admin/builder/spi-builder-workspace/Sources/WindowReference/Environment.swift:18:40: error: cannot find type 'NSWindow' in scope
16 | /// The view modifier for more concise write access to the framelessWindow environment value.
17 | public extension View {
18 | func addWindowToEnvironment(_ window: NSWindow?) -> some View {
| `- error: cannot find type 'NSWindow' in scope
19 | self.environment(\.window, window)
20 | }
/Users/admin/builder/spi-builder-workspace/Sources/WindowReference/WindowReference.swift:11:29: error: cannot find type 'NSWindow' in scope
9 | public struct WindowReference<Content: View>: View {
10 | /// Store the window in local state to share within the environment.
11 | @State private var window: NSWindow? = nil
| `- error: cannot find type 'NSWindow' in scope
12 |
13 | let id: String?
macro expansion @State:2:24: error: cannot find type 'NSWindow' in scope
`- /Users/admin/builder/spi-builder-workspace/Sources/WindowReference/WindowReference.swift:11:44: note: expanded code originates here
9 | public struct WindowReference<Content: View>: View {
10 | /// Store the window in local state to share within the environment.
11 | @State private var window: NSWindow? = nil
| `- note: in expansion of macro 'State' on property 'window' here
+--- macro expansion @State -----------------------------------------
| 1 | private var __window = SwiftUICore.State._makeStorage(({
| 2 | let value: NSWindow? = nil
| | `- error: cannot find type 'NSWindow' in scope
| 3 | return value
| 4 | }))
+--------------------------------------------------------------------
12 |
13 | let id: String?
macro expansion @State:8:27: error: cannot find type 'NSWindow' in scope
`- /Users/admin/builder/spi-builder-workspace/Sources/WindowReference/WindowReference.swift:11:44: note: expanded code originates here
9 | public struct WindowReference<Content: View>: View {
10 | /// Store the window in local state to share within the environment.
11 | @State private var window: NSWindow? = nil
| `- note: in expansion of macro 'State' on property 'window' here
+--- macro expansion @State -----------------------------------------
| 6 | @SwiftUICore._StatePropertyWrapperStorage(initialValue: "JHMxNVdpbmRvd1JlZmVyZW5jZUFBVjZ3aW5kb3czM181MDdDRTI1NEY5MkRFRTk2QkVDRDk0MTQxNDdDQTFGNExMNVN0YXRlZk1wXzIwX2luaXRpYWxTdG9yZWRWYWx1ZV9mTXVf")
| 7 | private var _window: SwiftUICore.State<_>! = SwiftUICore._stateNil(of: {
| 8 | SwiftUICore.State<NSWindow?>(initialValue: nil)
| | `- error: cannot find type 'NSWindow' in scope
| 9 | })
|10 |
+--------------------------------------------------------------------
12 |
13 | let id: String?
macro expansion @State:7:40: error: could not infer type for placeholder
`- /Users/admin/builder/spi-builder-workspace/Sources/WindowReference/WindowReference.swift:11:44: note: expanded code originates here
9 | public struct WindowReference<Content: View>: View {
10 | /// Store the window in local state to share within the environment.
11 | @State private var window: NSWindow? = nil
| `- note: in expansion of macro 'State' on property 'window' here
+--- macro expansion @State -----------------------------------------
| 5 |
| 6 | @SwiftUICore._StatePropertyWrapperStorage(initialValue: "JHMxNVdpbmRvd1JlZmVyZW5jZUFBVjZ3aW5kb3czM181MDdDRTI1NEY5MkRFRTk2QkVDRDk0MTQxNDdDQTFGNExMNVN0YXRlZk1wXzIwX2luaXRpYWxTdG9yZWRWYWx1ZV9mTXVf")
| 7 | private var _window: SwiftUICore.State<_>! = SwiftUICore._stateNil(of: {
| | `- error: could not infer type for placeholder
| 8 | SwiftUICore.State<NSWindow?>(initialValue: nil)
| 9 | })
+--------------------------------------------------------------------
12 |
13 | let id: String?
macro expansion @State:12:41: error: cannot find type 'NSWindow' in scope
`- /Users/admin/builder/spi-builder-workspace/Sources/WindowReference/WindowReference.swift:11:44: note: expanded code originates here
9 | public struct WindowReference<Content: View>: View {
10 | /// Store the window in local state to share within the environment.
11 | @State private var window: NSWindow? = nil
| `- note: in expansion of macro 'State' on property 'window' here
+--- macro expansion @State -----------------------------------------
|10 |
|11 | @SwiftUICore._StateProjectedValue
|12 | private var $window = SwiftUICore.State<NSWindow?>(initialValue: nil).projectedValue
| | `- error: cannot find type 'NSWindow' in scope
|13 |
|14 | @SwiftUICore._StateInitialStoredValue("U3dpZnRVSUNvcmUuU3RhdGUuX21ha2VTdG9yYWdlKCh7IGxldCB2YWx1ZTogTlNXaW5kb3c/ID0gbmlsCnJldHVybiB2YWx1ZSB9KSk=")
+--------------------------------------------------------------------
12 |
13 | let id: String?
macro expansion @State:16:20: error: cannot find type 'NSWindow' in scope
`- /Users/admin/builder/spi-builder-workspace/Sources/WindowReference/WindowReference.swift:11:44: note: expanded code originates here
9 | public struct WindowReference<Content: View>: View {
10 | /// Store the window in local state to share within the environment.
11 | @State private var window: NSWindow? = nil
| `- note: in expansion of macro 'State' on property 'window' here
+--- macro expansion @State -----------------------------------------
|14 | @SwiftUICore._StateInitialStoredValue("U3dpZnRVSUNvcmUuU3RhdGUuX21ha2VTdG9yYWdlKCh7IGxldCB2YWx1ZTogTlNXaW5kb3c/ID0gbmlsCnJldHVybiB2YWx1ZSB9KSk=")
|15 | private static var $s15WindowReferenceAAV6window33_507CE254F92DEE96BECD9414147CA1F4LL5StatefMp_20_initialStoredValue_fMu_ = (SwiftUICore.State._makeStorage(initialValue: {
|16 | let x: NSWindow? = nil
| | `- error: cannot find type 'NSWindow' in scope
|17 | return x
|18 | }()))
+--------------------------------------------------------------------
12 |
13 | let id: String?
/Users/admin/builder/spi-builder-workspace/Sources/WindowReference/WindowReference.swift:15:26: error: cannot find type 'NSWindow' in scope
13 | let id: String?
14 | let content: () -> Content
15 | let windowInitializer: (NSWindow) -> Void
| `- error: cannot find type 'NSWindow' in scope
16 |
17 | /// A `View` that puts a window reference into the environment and runs a window configuration
/Users/admin/builder/spi-builder-workspace/Sources/WindowReference/WindowReference.swift:33:84: error: cannot find type 'NSWindow' in scope
31 | - content: The actual view content.
32 | */
33 | public init(withId id: String, andWindowInitializer windowInitializer: @escaping (NSWindow) -> Void = {window in}, @ViewBuilder content: @escaping () -> Content) {
| `- error: cannot find type 'NSWindow' in scope
34 | self.id = id
35 | self.content = content
/Users/admin/builder/spi-builder-workspace/Sources/WindowReference/WindowReference.swift:46:66: error: cannot find type 'NSWindow' in scope
44 | - content: The view content to actually display.
45 | */
46 | public init(withWindowInitializer windowInitializer: @escaping (NSWindow) -> Void = {window in}, @ViewBuilder content: @escaping () -> Content) {
| `- error: cannot find type 'NSWindow' in scope
47 | self.id = nil
48 | self.content = content
/Users/admin/builder/spi-builder-workspace/Sources/WindowReference/WindowReference.swift:60:30: error: cannot find type 'NSWindow' in scope
58 |
59 | /// Return the window specified by `self.id` or the current `keyWindow` if any, else `nil`.
60 | private func getWindow() -> NSWindow? {
| `- error: cannot find type 'NSWindow' in scope
61 | if self.id != nil {
62 | return self.getWindowById()
/Users/admin/builder/spi-builder-workspace/Sources/WindowReference/WindowReference.swift:68:34: error: cannot find type 'NSWindow' in scope
66 |
67 | /// Return the window with the matching identifier from all windows of the current application.
68 | private func getWindowById() -> NSWindow? {
| `- error: cannot find type 'NSWindow' in scope
69 | for window in NSApplication.shared.windows {
70 | guard window.identifier?.rawValue == self.id else { continue }
/Users/admin/builder/spi-builder-workspace/Sources/WindowReference/WindowReference.swift:77:33: error: cannot find type 'NSWindow' in scope
75 |
76 | /// Return the current `keyWindow`.
77 | private func getKeyWindow() -> NSWindow? {
| `- error: cannot find type 'NSWindow' in scope
78 | if let window = NSApplication.shared.keyWindow {
79 | return window
Failed frontend command:
/Applications/Xcode-27.0.0-Release.Candidate.app/Contents/Developer/Toolchains/XcodeDefault.xctoolchain/usr/bin/swift-frontend -frontend -emit-module -experimental-skip-non-inlinable-function-bodies-without-types /Users/admin/builder/spi-builder-workspace/Sources/WindowReference/Environment.swift /Users/admin/builder/spi-builder-workspace/Sources/WindowReference/WindowReference.swift -target arm64-apple-watchos9.0 -disable-cross-import-overlay-search -load-resolved-plugin /Applications/Xcode-27.0.0-Release.Candidate.app/Contents/Developer/Platforms/WatchOS.platform/Developer/usr/lib/swift/host/plugins/libFoundationMacros.dylib\#/Applications/Xcode-27.0.0-Release.Candidate.app/Contents/Developer/Platforms/WatchOS.platform/Developer/usr/bin/swift-plugin-server\#FoundationMacros -load-resolved-plugin /Applications/Xcode-27.0.0-Release.Candidate.app/Contents/Developer/Platforms/WatchOS.platform/Developer/usr/lib/swift/host/plugins/libObservationMacros.dylib\#/Applications/Xcode-27.0.0-Release.Candidate.app/Contents/Developer/Platforms/WatchOS.platform/Developer/usr/bin/swift-plugin-server\#ObservationMacros -load-resolved-plugin /Applications/Xcode-27.0.0-Release.Candidate.app/Contents/Developer/Platforms/WatchOS.platform/Developer/usr/lib/swift/host/plugins/libPreviewsMacros.dylib\#/Applications/Xcode-27.0.0-Release.Candidate.app/Contents/Developer/Platforms/WatchOS.platform/Developer/usr/bin/swift-plugin-server\#PreviewsMacros -load-resolved-plugin /Applications/Xcode-27.0.0-Release.Candidate.app/Contents/Developer/Platforms/WatchOS.platform/Developer/usr/lib/swift/host/plugins/libSwiftMacros.dylib\#/Applications/Xcode-27.0.0-Release.Candidate.app/Contents/Developer/Platforms/WatchOS.platform/Developer/usr/bin/swift-plugin-server\#SwiftMacros -load-resolved-plugin /Applications/Xcode-27.0.0-Release.Candidate.app/Contents/Developer/Platforms/WatchOS.platform/Developer/usr/lib/swift/host/plugins/libSwiftUIMacros.dylib\#/Applications/Xcode-27.0.0-Release.Candidate.app/Contents/Developer/Platforms/WatchOS.platform/Developer/usr/bin/swift-plugin-server\#SwiftUIMacros -disable-implicit-swift-modules -Xcc -fno-implicit-modules -Xcc -fno-implicit-module-maps -explicit-swift-module-map-file /Users/admin/builder/spi-builder-workspace/.derivedData/Build/Intermediates.noindex/swiftui-window-reference.build/Debug-watchos/WindowReference-t.build/Objects-normal/arm64/WindowReference-dependencies-1.json -Xllvm -aarch64-use-tbi -enable-objc-interop -stack-check -sdk /Applications/Xcode-27.0.0-Release.Candidate.app/Contents/Developer/Platforms/WatchOS.platform/Developer/SDKs/WatchOS27.0.sdk -I /Users/admin/builder/spi-builder-workspace/.derivedData/Build/Products/Debug-watchos -Isystem /Applications/Xcode-27.0.0-Release.Candidate.app/Contents/Developer/Platforms/WatchOS.platform/Developer/usr/lib -F /Users/admin/builder/spi-builder-workspace/.derivedData/Build/Products/Debug-watchos -F /Applications/Xcode-27.0.0-Release.Candidate.app/Contents/Developer/Platforms/WatchOS.platform/Developer/Library/Frameworks -F /Applications/Xcode-27.0.0-Release.Candidate.app/Contents/Developer/Platforms/WatchOS.platform/Developer/SDKs/WatchOS27.0.sdk/Developer/Library/Frameworks -module-cache-path /Users/admin/builder/spi-builder-workspace/.derivedData/Build/Intermediates.noindex/SwiftExplicitPrecompiledModules -no-color-diagnostics -Xcc -fno-color-diagnostics -enable-testing -g -debug-info-format\=dwarf -dwarf-version\=4 -swift-version 5 -Onone -D SWIFT_PACKAGE -D DEBUG -D SWIFT_MODULE_RESOURCE_BUNDLE_UNAVAILABLE -D Xcode -serialize-debugging-options -enable-experimental-feature DebugDescriptionMacro -empty-abi-descriptor -validate-clang-modules-once -clang-build-session-file /Users/admin/builder/spi-builder-workspace/.derivedData/ModuleCache.noindex/Session.modulevalidation -Xcc -working-directory -Xcc /Users/admin/builder/spi-builder-workspace/.swiftpm/xcode -enable-anonymous-context-mangled-names -file-compilation-dir /Users/admin/builder/spi-builder-workspace/.swiftpm/xcode -Xcc -D_LIBCPP_HARDENING_MODE\=_LIBCPP_HARDENING_MODE_DEBUG -Xcc -ivfsstatcache -Xcc /Users/admin/builder/spi-builder-workspace/.derivedData/SDKStatCaches.noindex/watchos27.0-24R360-e829b21a6f8c9b70876ba0858053c04477534ef55a1706bf4c1112bbb242f0a2.sdkstatcache -Xcc -fmodules-prune-interval\=86400 -Xcc -fmodules-prune-after\=345600 -Xcc -I/Users/admin/builder/spi-builder-workspace/.derivedData/Build/Products/Debug-watchos/include -Xcc -I/Users/admin/builder/spi-builder-workspace/.derivedData/Build/Intermediates.noindex/swiftui-window-reference.build/Debug-watchos/WindowReference-t.build/DerivedSources-normal/arm64 -Xcc -I/Users/admin/builder/spi-builder-workspace/.derivedData/Build/Intermediates.noindex/swiftui-window-reference.build/Debug-watchos/WindowReference-t.build/DerivedSources/arm64 -Xcc -I/Users/admin/builder/spi-builder-workspace/.derivedData/Build/Intermediates.noindex/swiftui-window-reference.build/Debug-watchos/WindowReference-t.build/DerivedSources -Xcc -DSWIFT_PACKAGE -Xcc -DDEBUG\=1 -no-auto-bridging-header-chaining -module-name WindowReference -package-name spi_builder_workspace -const-gather-protocols-file /Users/admin/builder/spi-builder-workspace/.derivedData/Build/Intermediates.noindex/swiftui-window-reference.build/Debug-watchos/WindowReference-t.build/Objects-normal/arm64/WindowReference_const_extract_protocols.json -disable-clang-spi -clang-target arm64-apple-watchos27.0 -target-sdk-version 27.0 -target-sdk-name watchos27.0 -in-process-plugin-server-path /Applications/Xcode-27.0.0-Release.Candidate.app/Contents/Developer/Toolchains/XcodeDefault.xctoolchain/usr/lib/swift/host/libSwiftInProcPluginServer.dylib -emit-module-doc-path /Users/admin/builder/spi-builder-workspace/.derivedData/Build/Intermediates.noindex/swiftui-window-reference.build/Debug-watchos/WindowReference-t.build/Objects-normal/arm64/WindowReference.swiftdoc -emit-module-source-info-path /Users/admin/builder/spi-builder-workspace/.derivedData/Build/Intermediates.noindex/swiftui-window-reference.build/Debug-watchos/WindowReference-t.build/Objects-normal/arm64/WindowReference.swiftsourceinfo -emit-objc-header-path /Users/admin/builder/spi-builder-workspace/.derivedData/Build/Intermediates.noindex/swiftui-window-reference.build/Debug-watchos/WindowReference-t.build/Objects-normal/arm64/WindowReference-Swift.h -serialize-diagnostics-path /Users/admin/builder/spi-builder-workspace/.derivedData/Build/Intermediates.noindex/swiftui-window-reference.build/Debug-watchos/WindowReference-t.build/Objects-normal/arm64/WindowReference-primary-emit-module.dia -emit-dependencies-path /Users/admin/builder/spi-builder-workspace/.derivedData/Build/Intermediates.noindex/swiftui-window-reference.build/Debug-watchos/WindowReference-t.build/Objects-normal/arm64/WindowReference-primary-emit-module.d -parse-as-library -o /Users/admin/builder/spi-builder-workspace/.derivedData/Build/Intermediates.noindex/swiftui-window-reference.build/Debug-watchos/WindowReference-t.build/Objects-normal/arm64/WindowReference.swiftmodule -emit-abi-descriptor-path /Users/admin/builder/spi-builder-workspace/.derivedData/Build/Intermediates.noindex/swiftui-window-reference.build/Debug-watchos/WindowReference-t.build/Objects-normal/arm64/WindowReference.abi.json
SwiftCompile normal arm64 (in target 'WindowReference' from project 'swiftui-window-reference')
cd /Users/admin/builder/spi-builder-workspace/.swiftpm/xcode
SwiftCompile normal arm64_32 Compiling\ Environment.swift /Users/admin/builder/spi-builder-workspace/Sources/WindowReference/Environment.swift (in target 'WindowReference' from project 'swiftui-window-reference')
SwiftCompile normal arm64_32 /Users/admin/builder/spi-builder-workspace/Sources/WindowReference/Environment.swift (in target 'WindowReference' from project 'swiftui-window-reference')
cd /Users/admin/builder/spi-builder-workspace/.swiftpm/xcode
builtin-SwiftPerFileCompile Environment.swift
/Users/admin/builder/spi-builder-workspace/Sources/WindowReference/Environment.swift:5:27: error: cannot find type 'NSWindow' in scope
3 | /// The internal storage environment key for the frameless window.
4 | private struct WindowEnvironmentKey: EnvironmentKey {
5 | static let defaultValue: NSWindow? = nil
| `- error: cannot find type 'NSWindow' in scope
6 | }
7 |
/Users/admin/builder/spi-builder-workspace/Sources/WindowReference/Environment.swift:4:16: error: type 'WindowEnvironmentKey' does not conform to protocol 'EnvironmentKey'
2 |
3 | /// The internal storage environment key for the frameless window.
4 | private struct WindowEnvironmentKey: EnvironmentKey {
| |- error: type 'WindowEnvironmentKey' does not conform to protocol 'EnvironmentKey'
| `- note: add stubs for conformance
5 | static let defaultValue: NSWindow? = nil
6 | }
SwiftUI.EnvironmentKey.Value:2:16: note: protocol requires nested type 'Value'
1 | protocol EnvironmentKey {
2 | associatedtype Value}
| `- note: protocol requires nested type 'Value'
3 |
/Users/admin/builder/spi-builder-workspace/Sources/WindowReference/Environment.swift:10:14: error: cannot find type 'NSWindow' in scope
8 | /// The environment key for accessing the frameless window.
9 | public extension EnvironmentValues {
10 | var window: NSWindow? {
| `- error: cannot find type 'NSWindow' in scope
11 | get { self[WindowEnvironmentKey.self] }
12 | set { self[WindowEnvironmentKey.self] = newValue }
/Users/admin/builder/spi-builder-workspace/Sources/WindowReference/Environment.swift:18:40: error: cannot find type 'NSWindow' in scope
16 | /// The view modifier for more concise write access to the framelessWindow environment value.
17 | public extension View {
18 | func addWindowToEnvironment(_ window: NSWindow?) -> some View {
| `- error: cannot find type 'NSWindow' in scope
19 | self.environment(\.window, window)
20 | }
PruneExplicitPrecompiledModules /Users/admin/builder/spi-builder-workspace/.derivedData/Build/Intermediates.noindex/SwiftExplicitPrecompiledModules
PruneExplicitPrecompiledModules /Users/admin/builder/spi-builder-workspace/.derivedData/SDKExplicitPrecompiledModules
PruneExplicitPrecompiledModules /Users/admin/builder/spi-builder-workspace/.derivedData/Build/Intermediates.noindex/ExplicitPrecompiledModules
2026-09-20 19:26:11.257 xcodebuild[802:4700] [MT] IDERunDestination: Supported platforms for the buildables in the current scheme is empty.
** BUILD FAILED **
The following build commands failed:
SwiftCompile normal arm64_32 (in target 'WindowReference' from project 'swiftui-window-reference')
SwiftEmitModule normal arm64_32 Emitting\ module\ for\ WindowReference (in target 'WindowReference' from project 'swiftui-window-reference')
SwiftEmitModule normal arm64 Emitting\ module\ for\ WindowReference (in target 'WindowReference' from project 'swiftui-window-reference')
SwiftCompile normal arm64 (in target 'WindowReference' from project 'swiftui-window-reference')
Building workspace swiftui-window-reference with scheme swiftui-window-reference-Package
(5 failures)
BUILD FAILURE 6.4 watchOS