Build Information
Failed to build OwlLog, reference 1.0.12 (c5e243), with Swift 6.3 for macOS (SPM) on 12 Aug 2026 23:13:36 UTC.
Build Command
env DEVELOPER_DIR=/Applications/Xcode-26.4.0.app xcrun swift build --arch arm64Build Log
========================================
RunAll
========================================
Builder version: undefined version: run 'make version' to update
Interrupt handler set up.
========================================
Checkout
========================================
Clone URL: https://github.com/dewangga18/OwlLog.git
Reference: 1.0.12
Initialized empty Git repository in /Users/admin/builder/spi-builder-workspace/.git/
From https://github.com/dewangga18/OwlLog
* tag 1.0.12 -> FETCH_HEAD
HEAD is now at c5e243f refactor: improve documentation and streamline inline code comments throughout the project
Cloned https://github.com/dewangga18/OwlLog.git
Revision (git rev-parse @):
c5e243fdee9ce3a4e77b741c6cf8f2c2b239a937
SPI manifest file found: $PWD/.spi.yml
SUCCESS checkout https://github.com/dewangga18/OwlLog.git at 1.0.12
========================================
ResolveProductDependencies
========================================
Resolving dependencies ...
{
"identity": ".resolve-product-dependencies",
"name": "resolve-dependencies",
"url": "/Users/admin/builder/spi-builder-workspace/.resolve-product-dependencies",
"version": "unspecified",
"path": "/Users/admin/builder/spi-builder-workspace/.resolve-product-dependencies",
"traits": [
"default"
],
"dependencies": [
{
"identity": "owllog",
"name": "OwlLog",
"url": "https://github.com/dewangga18/OwlLog.git",
"version": "unspecified",
"path": "/Users/admin/builder/spi-builder-workspace/.resolve-product-dependencies/.build/checkouts/OwlLog",
"traits": [
"default"
],
"dependencies": [
]
}
]
}
Fetching https://github.com/dewangga18/OwlLog.git
[1/669] Fetching owllog
Fetched https://github.com/dewangga18/OwlLog.git from cache (0.96s)
Creating working copy for https://github.com/dewangga18/OwlLog.git
Working copy of https://github.com/dewangga18/OwlLog.git resolved at 1.0.12 (c5e243f)
warning: '.resolve-product-dependencies': dependency 'owllog' is not used by any target
Found 0 product dependencies
========================================
Build
========================================
Selected platform: macosSpm
Swift version: 6.3
Building package at path: $PWD
https://github.com/dewangga18/OwlLog.git
Running build ...
env DEVELOPER_DIR=/Applications/Xcode-26.4.0.app xcrun swift build --arch arm64
Building for debugging...
[0/3] Write sources
[2/3] Write swift-version--6988338F2F200930.txt
[4/22] Compiling OwlLog OwlLogger.swift
[5/22] Compiling OwlLog OwlContentFormatter.swift
[6/24] Compiling OwlLog OwlJSONFormatter.swift
[7/24] Compiling OwlLog OwlLog.swift
[8/24] Compiling OwlLog OwlURLProtocol.swift
[9/24] Compiling OwlLog OwlConsoleLogger.swift
[10/24] Compiling OwlLog RelativeFormatter.swift
[11/24] Compiling OwlLog TimeIntervalFormatter.swift
[12/24] Compiling OwlLog OwlCurlBuilder.swift
[13/24] Compiling OwlLog OwlHeaderParser.swift
[14/24] Compiling OwlLog OwlHTTPFormDataFile.swift
[15/24] Compiling OwlLog OwlHTTPRequest.swift
[16/24] Compiling OwlLog OwlHTTPResponse.swift
[17/24] Compiling OwlLog OwlStats.swift
[18/24] Emitting module OwlLog
[19/24] Compiling OwlLog OwlService.swift
[20/24] Compiling OwlLog ByteFormatter.swift
[21/24] Compiling OwlLog URL+QueryParameters.swift
[22/24] Compiling OwlLog OwlFormDataField.swift
[23/24] Compiling OwlLog OwlHTTPCall.swift
[24/24] Compiling OwlLog OwlHTTPError.swift
[25/41] Compiling OwlLogUI OwlStatsView.swift
/Users/admin/builder/spi-builder-workspace/Sources/OwlLogUI/Monitoring/OwlActivityKitSession.swift:5:8: error: no such module 'UIKit'
3 | import Foundation
4 | import OwlLog
5 | import UIKit
| `- error: no such module 'UIKit'
6 |
7 | /// The session for ActivityKit.
[26/42] Compiling OwlLogUI OwlRowView.swift
/Users/admin/builder/spi-builder-workspace/Sources/OwlLogUI/Monitoring/OwlActivityKitSession.swift:5:8: error: no such module 'UIKit'
3 | import Foundation
4 | import OwlLog
5 | import UIKit
| `- error: no such module 'UIKit'
6 |
7 | /// The session for ActivityKit.
[27/42] Compiling OwlLogUI OwlLogView.swift
/Users/admin/builder/spi-builder-workspace/Sources/OwlLogUI/Monitoring/OwlActivityKitSession.swift:5:8: error: no such module 'UIKit'
3 | import Foundation
4 | import OwlLog
5 | import UIKit
| `- error: no such module 'UIKit'
6 |
7 | /// The session for ActivityKit.
[28/42] Compiling OwlLogUI OwlOverlay.swift
/Users/admin/builder/spi-builder-workspace/Sources/OwlLogUI/Monitoring/OwlActivityKitSession.swift:5:8: error: no such module 'UIKit'
3 | import Foundation
4 | import OwlLog
5 | import UIKit
| `- error: no such module 'UIKit'
6 |
7 | /// The session for ActivityKit.
[29/42] Compiling OwlLogUI OwlDetailView.swift
/Users/admin/builder/spi-builder-workspace/Sources/OwlLogUI/Monitoring/OwlActivityKitSession.swift:5:8: error: no such module 'UIKit'
3 | import Foundation
4 | import OwlLog
5 | import UIKit
| `- error: no such module 'UIKit'
6 |
7 | /// The session for ActivityKit.
[30/42] Compiling OwlLogUI OwlErrorView.swift
/Users/admin/builder/spi-builder-workspace/Sources/OwlLogUI/Monitoring/OwlActivityKitSession.swift:5:8: error: no such module 'UIKit'
3 | import Foundation
4 | import OwlLog
5 | import UIKit
| `- error: no such module 'UIKit'
6 |
7 | /// The session for ActivityKit.
[31/42] Compiling OwlLogUI OwlRequestView.swift
/Users/admin/builder/spi-builder-workspace/Sources/OwlLogUI/Monitoring/OwlActivityKitSession.swift:5:8: error: no such module 'UIKit'
3 | import Foundation
4 | import OwlLog
5 | import UIKit
| `- error: no such module 'UIKit'
6 |
7 | /// The session for ActivityKit.
[32/42] Compiling OwlLogUI OwlResponseView.swift
/Users/admin/builder/spi-builder-workspace/Sources/OwlLogUI/Monitoring/OwlActivityKitSession.swift:5:8: error: no such module 'UIKit'
3 | import Foundation
4 | import OwlLog
5 | import UIKit
| `- error: no such module 'UIKit'
6 |
7 | /// The session for ActivityKit.
error: emit-module command failed with exit code 1 (use -v to see invocation)
[33/42] Emitting module OwlLogUI
/Users/admin/builder/spi-builder-workspace/Sources/OwlLogUI/Monitoring/OwlActivityKitSession.swift:5:8: error: no such module 'UIKit'
3 | import Foundation
4 | import OwlLog
5 | import UIKit
| `- error: no such module 'UIKit'
6 |
7 | /// The session for ActivityKit.
[34/42] Compiling OwlLogUI ToastModifier.swift
/Users/admin/builder/spi-builder-workspace/Sources/OwlLogUI/Monitoring/OwlActivityKitSession.swift:5:8: error: no such module 'UIKit'
3 | import Foundation
4 | import OwlLog
5 | import UIKit
| `- error: no such module 'UIKit'
6 |
7 | /// The session for ActivityKit.
[35/42] Compiling OwlLogUI View+Extensions.swift
/Users/admin/builder/spi-builder-workspace/Sources/OwlLogUI/Monitoring/OwlActivityKitSession.swift:5:8: error: no such module 'UIKit'
3 | import Foundation
4 | import OwlLog
5 | import UIKit
| `- error: no such module 'UIKit'
6 |
7 | /// The session for ActivityKit.
[36/42] Compiling OwlLogUI OwlPlatform.swift
/Users/admin/builder/spi-builder-workspace/Sources/OwlLogUI/Monitoring/OwlActivityKitSession.swift:5:8: error: no such module 'UIKit'
3 | import Foundation
4 | import OwlLog
5 | import UIKit
| `- error: no such module 'UIKit'
6 |
7 | /// The session for ActivityKit.
[37/42] Compiling OwlLogUI OwlSyntaxHighlighter.swift
/Users/admin/builder/spi-builder-workspace/Sources/OwlLogUI/Monitoring/OwlActivityKitSession.swift:5:8: error: no such module 'UIKit'
3 | import Foundation
4 | import OwlLog
5 | import UIKit
| `- error: no such module 'UIKit'
6 |
7 | /// The session for ActivityKit.
[38/42] Compiling OwlLogUI OwlLogUI.swift
/Users/admin/builder/spi-builder-workspace/Sources/OwlLogUI/Monitoring/OwlActivityKitSession.swift:5:8: error: no such module 'UIKit'
3 | import Foundation
4 | import OwlLog
5 | import UIKit
| `- error: no such module 'UIKit'
6 |
7 | /// The session for ActivityKit.
[39/42] Compiling OwlLogUI OwlDataImageView.swift
/Users/admin/builder/spi-builder-workspace/Sources/OwlLogUI/Monitoring/OwlActivityKitSession.swift:5:8: error: no such module 'UIKit'
3 | import Foundation
4 | import OwlLog
5 | import UIKit
| `- error: no such module 'UIKit'
6 |
7 | /// The session for ActivityKit.
[40/42] Compiling OwlLogUI OwlActivityKitLifecycleDelegate.swift
/Users/admin/builder/spi-builder-workspace/Sources/OwlLogUI/Monitoring/OwlActivityKitSession.swift:5:8: error: no such module 'UIKit'
3 | import Foundation
4 | import OwlLog
5 | import UIKit
| `- error: no such module 'UIKit'
6 |
7 | /// The session for ActivityKit.
[41/42] Compiling OwlLogUI OwlActivityKitSession.swift
/Users/admin/builder/spi-builder-workspace/Sources/OwlLogUI/Monitoring/OwlActivityKitSession.swift:5:8: error: no such module 'UIKit'
3 | import Foundation
4 | import OwlLog
5 | import UIKit
| `- error: no such module 'UIKit'
6 |
7 | /// The session for ActivityKit.
[42/42] Compiling OwlLogUI OwlSummaryHeaderView.swift
/Users/admin/builder/spi-builder-workspace/Sources/OwlLogUI/Monitoring/OwlActivityKitSession.swift:5:8: error: no such module 'UIKit'
3 | import Foundation
4 | import OwlLog
5 | import UIKit
| `- error: no such module 'UIKit'
6 |
7 | /// The session for ActivityKit.
BUILD FAILURE 6.3 macosSpm