Build Information
Failed to build Trails, reference master (91b4a0), with Swift 6.1 for Wasm on 30 Sep 2026 13:27:59 UTC.
Build Command
bash -c docker run --pull=always --rm -v "checkouts-54344843-1":/host -w "$PWD" -e JAVA_HOME="/root/.sdkman/candidates/java/current" -e SPI_BUILD="1" -e SPI_PROCESSING="1" registry.gitlab.com/saguaro1/spi-images:wasm-6.1-latest swift build --swift-sdk wasm32-unknown-wasi 2>&1Build Log
========================================
RunAll
========================================
Builder version: 5.1.1
Interrupt handler set up.
========================================
Checkout
========================================
Clone URL: https://github.com/heestand-xyz/Trails.git
Reference: master
Initialized empty Git repository in /host/spi-builder-workspace/.git/
hint: Using 'master' as the name for the initial branch. This default branch name
hint: is subject to change. To configure the initial branch name to use in all
hint: of your new repositories, which will suppress this warning, call:
hint:
hint: git config --global init.defaultBranch <name>
hint:
hint: Names commonly chosen instead of 'master' are 'main', 'trunk' and
hint: 'development'. The just-created branch can be renamed via this command:
hint:
hint: git branch -m <name>
From https://github.com/heestand-xyz/Trails
* branch master -> FETCH_HEAD
* [new branch] master -> origin/master
HEAD is now at 91b4a0c Fixes
Cloned https://github.com/heestand-xyz/Trails.git
Revision (git rev-parse @):
91b4a0c8de6900b891c288a9243b82570e10036e
SUCCESS checkout https://github.com/heestand-xyz/Trails.git at master
========================================
Build
========================================
Selected platform: wasm
Swift version: 6.1
Building package at path: $PWD
https://github.com/heestand-xyz/Trails.git
https://github.com/heestand-xyz/Trails.git
WARNING: environment variable SUPPRESS_SWIFT_6_FLAGS is not set
Running build ...
bash -c docker run --pull=always --rm -v "checkouts-54344843-1":/host -w "$PWD" -e JAVA_HOME="/root/.sdkman/candidates/java/current" -e SPI_BUILD="1" -e SPI_PROCESSING="1" registry.gitlab.com/saguaro1/spi-images:wasm-6.1-latest swift build --swift-sdk wasm32-unknown-wasi -Xswiftc -Xfrontend -Xswiftc -stats-output-dir -Xswiftc -Xfrontend -Xswiftc .stats -Xswiftc -strict-concurrency=complete -Xswiftc -enable-upcoming-feature -Xswiftc StrictConcurrency -Xswiftc -enable-upcoming-feature -Xswiftc DisableOutwardActorInference -Xswiftc -enable-upcoming-feature -Xswiftc GlobalActorIsolatedTypesUsability -Xswiftc -enable-upcoming-feature -Xswiftc InferSendableFromCaptures 2>&1
wasm-6.1-latest: Pulling from saguaro1/spi-images
Digest: sha256:beceeede496da67681f4fa220a6b97cc098a0178841a413735f598dc6bbaf4c8
Status: Image is up to date for registry.gitlab.com/saguaro1/spi-images:wasm-6.1-latest
Building for debugging...
[0/2] Write sources
[1/2] Write swift-version-24593BA9C3E375BF.txt
[3/15] Compiling Trails TrailView.swift
/host/spi-builder-workspace/Sources/Trails/Controllers/Trailer.swift:5:8: error: no such module 'SwiftUI'
3 | import QuartzCore.CoreAnimation
4 | #endif
5 | import SwiftUI
| `- error: no such module 'SwiftUI'
6 |
7 | @available(iOS 13.0, tvOS 13.0, watchOS 6, macOS 10.15, *)
[4/16] Compiling Trails TrailsView.swift
/host/spi-builder-workspace/Sources/Trails/Controllers/Trailer.swift:5:8: error: no such module 'SwiftUI'
3 | import QuartzCore.CoreAnimation
4 | #endif
5 | import SwiftUI
| `- error: no such module 'SwiftUI'
6 |
7 | @available(iOS 13.0, tvOS 13.0, watchOS 6, macOS 10.15, *)
[5/16] Compiling Trails PathCircle.swift
/host/spi-builder-workspace/Sources/Trails/Controllers/Trailer.swift:5:8: error: no such module 'SwiftUI'
3 | import QuartzCore.CoreAnimation
4 | #endif
5 | import SwiftUI
| `- error: no such module 'SwiftUI'
6 |
7 | @available(iOS 13.0, tvOS 13.0, watchOS 6, macOS 10.15, *)
[6/16] Compiling Trails PathLines.swift
/host/spi-builder-workspace/Sources/Trails/Controllers/Trailer.swift:5:8: error: no such module 'SwiftUI'
3 | import QuartzCore.CoreAnimation
4 | #endif
5 | import SwiftUI
| `- error: no such module 'SwiftUI'
6 |
7 | @available(iOS 13.0, tvOS 13.0, watchOS 6, macOS 10.15, *)
[7/16] Compiling Trails DefaultLinesView.swift
/host/spi-builder-workspace/Sources/Trails/Controllers/Trailer.swift:5:8: error: no such module 'SwiftUI'
3 | import QuartzCore.CoreAnimation
4 | #endif
5 | import SwiftUI
| `- error: no such module 'SwiftUI'
6 |
7 | @available(iOS 13.0, tvOS 13.0, watchOS 6, macOS 10.15, *)
[8/16] Compiling Trails LinesView.swift
/host/spi-builder-workspace/Sources/Trails/Controllers/Trailer.swift:5:8: error: no such module 'SwiftUI'
3 | import QuartzCore.CoreAnimation
4 | #endif
5 | import SwiftUI
| `- error: no such module 'SwiftUI'
6 |
7 | @available(iOS 13.0, tvOS 13.0, watchOS 6, macOS 10.15, *)
[9/16] Compiling Trails LabelsView.swift
/host/spi-builder-workspace/Sources/Trails/Controllers/Trailer.swift:5:8: error: no such module 'SwiftUI'
3 | import QuartzCore.CoreAnimation
4 | #endif
5 | import SwiftUI
| `- error: no such module 'SwiftUI'
6 |
7 | @available(iOS 13.0, tvOS 13.0, watchOS 6, macOS 10.15, *)
[10/16] Compiling Trails LiveLabelsView.swift
/host/spi-builder-workspace/Sources/Trails/Controllers/Trailer.swift:5:8: error: no such module 'SwiftUI'
3 | import QuartzCore.CoreAnimation
4 | #endif
5 | import SwiftUI
| `- error: no such module 'SwiftUI'
6 |
7 | @available(iOS 13.0, tvOS 13.0, watchOS 6, macOS 10.15, *)
error: emit-module command failed with exit code 1 (use -v to see invocation)
[11/16] Emitting module Trails
/host/spi-builder-workspace/Sources/Trails/Controllers/Trailer.swift:5:8: error: no such module 'SwiftUI'
3 | import QuartzCore.CoreAnimation
4 | #endif
5 | import SwiftUI
| `- error: no such module 'SwiftUI'
6 |
7 | @available(iOS 13.0, tvOS 13.0, watchOS 6, macOS 10.15, *)
[12/16] Compiling Trails TimeValue.swift
/host/spi-builder-workspace/Sources/Trails/Controllers/Trailer.swift:5:8: error: no such module 'SwiftUI'
3 | import QuartzCore.CoreAnimation
4 | #endif
5 | import SwiftUI
| `- error: no such module 'SwiftUI'
6 |
7 | @available(iOS 13.0, tvOS 13.0, watchOS 6, macOS 10.15, *)
[13/16] Compiling Trails DefaultLabelsView.swift
/host/spi-builder-workspace/Sources/Trails/Controllers/Trailer.swift:5:8: error: no such module 'SwiftUI'
3 | import QuartzCore.CoreAnimation
4 | #endif
5 | import SwiftUI
| `- error: no such module 'SwiftUI'
6 |
7 | @available(iOS 13.0, tvOS 13.0, watchOS 6, macOS 10.15, *)
[14/16] Compiling Trails Trailer.swift
/host/spi-builder-workspace/Sources/Trails/Controllers/Trailer.swift:5:8: error: no such module 'SwiftUI'
3 | import QuartzCore.CoreAnimation
4 | #endif
5 | import SwiftUI
| `- error: no such module 'SwiftUI'
6 |
7 | @available(iOS 13.0, tvOS 13.0, watchOS 6, macOS 10.15, *)
[15/16] Compiling Trails TrailerMock.swift
/host/spi-builder-workspace/Sources/Trails/Controllers/Trailer.swift:5:8: error: no such module 'SwiftUI'
3 | import QuartzCore.CoreAnimation
4 | #endif
5 | import SwiftUI
| `- error: no such module 'SwiftUI'
6 |
7 | @available(iOS 13.0, tvOS 13.0, watchOS 6, macOS 10.15, *)
[16/16] Compiling Trails PathTrail.swift
/host/spi-builder-workspace/Sources/Trails/Controllers/Trailer.swift:5:8: error: no such module 'SwiftUI'
3 | import QuartzCore.CoreAnimation
4 | #endif
5 | import SwiftUI
| `- error: no such module 'SwiftUI'
6 |
7 | @available(iOS 13.0, tvOS 13.0, watchOS 6, macOS 10.15, *)
Running build ...
bash -c docker run --pull=always --rm -v "checkouts-54344843-1":/host -w "$PWD" -e JAVA_HOME="/root/.sdkman/candidates/java/current" -e SPI_BUILD="1" -e SPI_PROCESSING="1" registry.gitlab.com/saguaro1/spi-images:wasm-6.1-latest swift build --swift-sdk wasm32-unknown-wasi 2>&1
wasm-6.1-latest: Pulling from saguaro1/spi-images
Digest: sha256:beceeede496da67681f4fa220a6b97cc098a0178841a413735f598dc6bbaf4c8
Status: Image is up to date for registry.gitlab.com/saguaro1/spi-images:wasm-6.1-latest
[0/1] Planning build
Building for debugging...
[0/1] Write swift-version-24593BA9C3E375BF.txt
[2/14] Compiling Trails TrailView.swift
/host/spi-builder-workspace/Sources/Trails/Controllers/Trailer.swift:5:8: error: no such module 'SwiftUI'
3 | import QuartzCore.CoreAnimation
4 | #endif
5 | import SwiftUI
| `- error: no such module 'SwiftUI'
6 |
7 | @available(iOS 13.0, tvOS 13.0, watchOS 6, macOS 10.15, *)
[3/14] Compiling Trails PathCircle.swift
/host/spi-builder-workspace/Sources/Trails/Controllers/Trailer.swift:5:8: error: no such module 'SwiftUI'
3 | import QuartzCore.CoreAnimation
4 | #endif
5 | import SwiftUI
| `- error: no such module 'SwiftUI'
6 |
7 | @available(iOS 13.0, tvOS 13.0, watchOS 6, macOS 10.15, *)
[4/14] Compiling Trails PathLines.swift
/host/spi-builder-workspace/Sources/Trails/Controllers/Trailer.swift:5:8: error: no such module 'SwiftUI'
3 | import QuartzCore.CoreAnimation
4 | #endif
5 | import SwiftUI
| `- error: no such module 'SwiftUI'
6 |
7 | @available(iOS 13.0, tvOS 13.0, watchOS 6, macOS 10.15, *)
[5/15] Compiling Trails PathTrail.swift
/host/spi-builder-workspace/Sources/Trails/Controllers/Trailer.swift:5:8: error: no such module 'SwiftUI'
3 | import QuartzCore.CoreAnimation
4 | #endif
5 | import SwiftUI
| `- error: no such module 'SwiftUI'
6 |
7 | @available(iOS 13.0, tvOS 13.0, watchOS 6, macOS 10.15, *)
[6/15] Compiling Trails LabelsView.swift
/host/spi-builder-workspace/Sources/Trails/Controllers/Trailer.swift:5:8: error: no such module 'SwiftUI'
3 | import QuartzCore.CoreAnimation
4 | #endif
5 | import SwiftUI
| `- error: no such module 'SwiftUI'
6 |
7 | @available(iOS 13.0, tvOS 13.0, watchOS 6, macOS 10.15, *)
[7/15] Compiling Trails LiveLabelsView.swift
/host/spi-builder-workspace/Sources/Trails/Controllers/Trailer.swift:5:8: error: no such module 'SwiftUI'
3 | import QuartzCore.CoreAnimation
4 | #endif
5 | import SwiftUI
| `- error: no such module 'SwiftUI'
6 |
7 | @available(iOS 13.0, tvOS 13.0, watchOS 6, macOS 10.15, *)
[8/15] Compiling Trails DefaultLinesView.swift
/host/spi-builder-workspace/Sources/Trails/Controllers/Trailer.swift:5:8: error: no such module 'SwiftUI'
3 | import QuartzCore.CoreAnimation
4 | #endif
5 | import SwiftUI
| `- error: no such module 'SwiftUI'
6 |
7 | @available(iOS 13.0, tvOS 13.0, watchOS 6, macOS 10.15, *)
[9/15] Compiling Trails LinesView.swift
/host/spi-builder-workspace/Sources/Trails/Controllers/Trailer.swift:5:8: error: no such module 'SwiftUI'
3 | import QuartzCore.CoreAnimation
4 | #endif
5 | import SwiftUI
| `- error: no such module 'SwiftUI'
6 |
7 | @available(iOS 13.0, tvOS 13.0, watchOS 6, macOS 10.15, *)
[10/15] Compiling Trails TimeValue.swift
/host/spi-builder-workspace/Sources/Trails/Controllers/Trailer.swift:5:8: error: no such module 'SwiftUI'
3 | import QuartzCore.CoreAnimation
4 | #endif
5 | import SwiftUI
| `- error: no such module 'SwiftUI'
6 |
7 | @available(iOS 13.0, tvOS 13.0, watchOS 6, macOS 10.15, *)
[11/15] Compiling Trails DefaultLabelsView.swift
/host/spi-builder-workspace/Sources/Trails/Controllers/Trailer.swift:5:8: error: no such module 'SwiftUI'
3 | import QuartzCore.CoreAnimation
4 | #endif
5 | import SwiftUI
| `- error: no such module 'SwiftUI'
6 |
7 | @available(iOS 13.0, tvOS 13.0, watchOS 6, macOS 10.15, *)
[12/15] Compiling Trails TrailsView.swift
/host/spi-builder-workspace/Sources/Trails/Controllers/Trailer.swift:5:8: error: no such module 'SwiftUI'
3 | import QuartzCore.CoreAnimation
4 | #endif
5 | import SwiftUI
| `- error: no such module 'SwiftUI'
6 |
7 | @available(iOS 13.0, tvOS 13.0, watchOS 6, macOS 10.15, *)
error: emit-module command failed with exit code 1 (use -v to see invocation)
[13/15] Emitting module Trails
/host/spi-builder-workspace/Sources/Trails/Controllers/Trailer.swift:5:8: error: no such module 'SwiftUI'
3 | import QuartzCore.CoreAnimation
4 | #endif
5 | import SwiftUI
| `- error: no such module 'SwiftUI'
6 |
7 | @available(iOS 13.0, tvOS 13.0, watchOS 6, macOS 10.15, *)
[14/15] Compiling Trails Trailer.swift
/host/spi-builder-workspace/Sources/Trails/Controllers/Trailer.swift:5:8: error: no such module 'SwiftUI'
3 | import QuartzCore.CoreAnimation
4 | #endif
5 | import SwiftUI
| `- error: no such module 'SwiftUI'
6 |
7 | @available(iOS 13.0, tvOS 13.0, watchOS 6, macOS 10.15, *)
[15/15] Compiling Trails TrailerMock.swift
/host/spi-builder-workspace/Sources/Trails/Controllers/Trailer.swift:5:8: error: no such module 'SwiftUI'
3 | import QuartzCore.CoreAnimation
4 | #endif
5 | import SwiftUI
| `- error: no such module 'SwiftUI'
6 |
7 | @available(iOS 13.0, tvOS 13.0, watchOS 6, macOS 10.15, *)
BUILD FAILURE 6.1 wasm