The Swift Package Index logo.Swift Package Index

Build Information

Failed to build MapleBacon, reference master (5adaa8), with Swift 6.3 for macOS (SPM) on 16 Oct 2026 09:26:37 UTC.

Build Command

env DEVELOPER_DIR=/Applications/Xcode-26.5.0.app xcrun swift build --arch arm64

Build Log

========================================
RunAll
========================================
Builder version: 5.1.3
Interrupt handler set up.
========================================
Checkout
========================================
Clone URL: https://github.com/JanGorman/MapleBacon.git
Reference: master
Initialized empty Git repository in /Users/admin/builder/spi-builder-workspace/.git/
From https://github.com/JanGorman/MapleBacon
 * branch            master     -> FETCH_HEAD
 * [new branch]      master     -> origin/master
HEAD is now at 5adaa86 Merge pull request #370 from JanGorman/dependabot/bundler/fastlane-2.241.0
Cloned https://github.com/JanGorman/MapleBacon.git
Revision (git rev-parse @):
5adaa860a0cf33a799608cafcb7f9b0291f23167
SUCCESS checkout https://github.com/JanGorman/MapleBacon.git at master
========================================
Build
========================================
Selected platform:         macosSpm
Swift version:             6.3
Building package at path:  $PWD
https://github.com/JanGorman/MapleBacon.git
Running build ...
env DEVELOPER_DIR=/Applications/Xcode-26.5.0.app xcrun swift build --arch arm64
Building for debugging...
[0/2] Write sources
[1/2] Write swift-version-69A768CDF2A0BEE1.txt
[3/20] Compiling MapleBacon TimePeriod.swift
/Users/admin/builder/spi-builder-workspace/MapleBacon/Core/Cache/Cache.swift:5:8: error: no such module 'UIKit'
  3 | //
  4 |
  5 | import UIKit
    |        `- error: no such module 'UIKit'
  6 |
  7 | enum CacheError: Error {
[4/20] Compiling MapleBacon Download.swift
/Users/admin/builder/spi-builder-workspace/MapleBacon/Core/Cache/Cache.swift:5:8: error: no such module 'UIKit'
  3 | //
  4 |
  5 | import UIKit
    |        `- error: no such module 'UIKit'
  6 |
  7 | enum CacheError: Error {
[5/20] Compiling MapleBacon Downloader.swift
/Users/admin/builder/spi-builder-workspace/MapleBacon/Core/Cache/Cache.swift:5:8: error: no such module 'UIKit'
  3 | //
  4 |
  5 | import UIKit
    |        `- error: no such module 'UIKit'
  6 |
  7 | enum CacheError: Error {
[6/20] Compiling MapleBacon ImageTransforming.swift
/Users/admin/builder/spi-builder-workspace/MapleBacon/Core/Cache/Cache.swift:5:8: error: no such module 'UIKit'
  3 | //
  4 |
  5 | import UIKit
    |        `- error: no such module 'UIKit'
  6 |
  7 | enum CacheError: Error {
[7/20] Compiling MapleBacon MapleBacon.swift
/Users/admin/builder/spi-builder-workspace/MapleBacon/Core/Cache/Cache.swift:5:8: error: no such module 'UIKit'
  3 | //
  4 |
  5 | import UIKit
    |        `- error: no such module 'UIKit'
  6 |
  7 | enum CacheError: Error {
[8/20] Compiling MapleBacon DataConvertible.swift
/Users/admin/builder/spi-builder-workspace/MapleBacon/Core/Cache/Cache.swift:5:8: error: no such module 'UIKit'
  3 | //
  4 |
  5 | import UIKit
    |        `- error: no such module 'UIKit'
  6 |
  7 | enum CacheError: Error {
[9/20] Compiling MapleBacon DispatchQueue+MapleBacon.swift
/Users/admin/builder/spi-builder-workspace/MapleBacon/Core/Cache/Cache.swift:5:8: error: no such module 'UIKit'
  3 | //
  4 |
  5 | import UIKit
    |        `- error: no such module 'UIKit'
  6 |
  7 | enum CacheError: Error {
[10/20] Compiling MapleBacon DownsamplingImageTransformer.swift
/Users/admin/builder/spi-builder-workspace/MapleBacon/Core/Cache/Cache.swift:5:8: error: no such module 'UIKit'
  3 | //
  4 |
  5 | import UIKit
    |        `- error: no such module 'UIKit'
  6 |
  7 | enum CacheError: Error {
[11/20] Compiling MapleBacon FileManager.swift
/Users/admin/builder/spi-builder-workspace/MapleBacon/Core/Cache/Cache.swift:5:8: error: no such module 'UIKit'
  3 | //
  4 |
  5 | import UIKit
    |        `- error: no such module 'UIKit'
  6 |
  7 | enum CacheError: Error {
[12/20] Compiling MapleBacon MemoryCache.swift
/Users/admin/builder/spi-builder-workspace/MapleBacon/Core/Cache/Cache.swift:5:8: error: no such module 'UIKit'
  3 | //
  4 |
  5 | import UIKit
    |        `- error: no such module 'UIKit'
  6 |
  7 | enum CacheError: Error {
[13/20] Compiling MapleBacon DisplayOptions.swift
/Users/admin/builder/spi-builder-workspace/MapleBacon/Core/Cache/Cache.swift:5:8: error: no such module 'UIKit'
  3 | //
  4 |
  5 | import UIKit
    |        `- error: no such module 'UIKit'
  6 |
  7 | enum CacheError: Error {
[14/20] Compiling MapleBacon CGSize+MapleBacon.swift
/Users/admin/builder/spi-builder-workspace/MapleBacon/Core/Cache/Cache.swift:5:8: error: no such module 'UIKit'
  3 | //
  4 |
  5 | import UIKit
    |        `- error: no such module 'UIKit'
  6 |
  7 | enum CacheError: Error {
[15/20] Compiling MapleBacon Data+MapleBacon.swift
/Users/admin/builder/spi-builder-workspace/MapleBacon/Core/Cache/Cache.swift:5:8: error: no such module 'UIKit'
  3 | //
  4 |
  5 | import UIKit
    |        `- error: no such module 'UIKit'
  6 |
  7 | enum CacheError: Error {
error: emit-module command failed with exit code 1 (use -v to see invocation)
[16/21] Emitting module MapleBacon
/Users/admin/builder/spi-builder-workspace/MapleBacon/Core/Cache/Cache.swift:5:8: error: no such module 'UIKit'
  3 | //
  4 |
  5 | import UIKit
    |        `- error: no such module 'UIKit'
  6 |
  7 | enum CacheError: Error {
[17/21] Compiling MapleBacon Cache.swift
/Users/admin/builder/spi-builder-workspace/MapleBacon/Core/Cache/Cache.swift:5:8: error: no such module 'UIKit'
  3 | //
  4 |
  5 | import UIKit
    |        `- error: no such module 'UIKit'
  6 |
  7 | enum CacheError: Error {
[18/21] Compiling MapleBacon CacheClearOptions.swift
/Users/admin/builder/spi-builder-workspace/MapleBacon/Core/Cache/Cache.swift:5:8: error: no such module 'UIKit'
  3 | //
  4 |
  5 | import UIKit
    |        `- error: no such module 'UIKit'
  6 |
  7 | enum CacheError: Error {
[19/21] Compiling MapleBacon CacheResult.swift
/Users/admin/builder/spi-builder-workspace/MapleBacon/Core/Cache/Cache.swift:5:8: error: no such module 'UIKit'
  3 | //
  4 |
  5 | import UIKit
    |        `- error: no such module 'UIKit'
  6 |
  7 | enum CacheError: Error {
[20/21] Compiling MapleBacon DiskCache.swift
/Users/admin/builder/spi-builder-workspace/MapleBacon/Core/Cache/Cache.swift:5:8: error: no such module 'UIKit'
  3 | //
  4 |
  5 | import UIKit
    |        `- error: no such module 'UIKit'
  6 |
  7 | enum CacheError: Error {
[21/21] Compiling MapleBacon UIImageView+MapleBacon.swift
/Users/admin/builder/spi-builder-workspace/MapleBacon/Core/Cache/Cache.swift:5:8: error: no such module 'UIKit'
  3 | //
  4 |
  5 | import UIKit
    |        `- error: no such module 'UIKit'
  6 |
  7 | enum CacheError: Error {
BUILD FAILURE 6.3 macosSpm