Build Information
Failed to build DevKeychain, reference 1.2.0 (c72012), with Swift 6.2 for Wasm on 10 Aug 2026 21:46:29 UTC.
Build Command
bash -c docker run --pull=always --rm -v "checkouts-54344847-1":/host -w "$PWD" -e JAVA_HOME="/root/.sdkman/candidates/java/current" -e SPI_BUILD="1" -e SPI_PROCESSING="1" registry.gitlab.com/saguaro1/spi-images:wasm-6.2-latest swift build --swift-sdk swift-6.2-RELEASE_wasm 2>&1Build Log
========================================
RunAll
========================================
Builder version: 729ceb5fcd9493dc13ee340bc4f0908bd201f85d
Interrupt handler set up.
========================================
Checkout
========================================
Clone URL: https://github.com/DevKitOrganization/DevKeychain.git
Reference: 1.2.0
Initialized empty Git repository in /host/spi-builder-workspace/.git/
hint: Using 'master' as the name for the initial branch. This default branch name
hint: is subject to change. To configure the initial branch name to use in all
hint: of your new repositories, which will suppress this warning, call:
hint:
hint: git config --global init.defaultBranch <name>
hint:
hint: Names commonly chosen instead of 'master' are 'main', 'trunk' and
hint: 'development'. The just-created branch can be renamed via this command:
hint:
hint: git branch -m <name>
From https://github.com/DevKitOrganization/DevKeychain
* tag 1.2.0 -> FETCH_HEAD
HEAD is now at c72012b Add support for specifying Keychain item accessibility
Cloned https://github.com/DevKitOrganization/DevKeychain.git
Revision (git rev-parse @):
c72012bcb39d8b87f83248d5adca0ce1abf1090f
SPI manifest file found: $PWD/.spi.yml
SUCCESS checkout https://github.com/DevKitOrganization/DevKeychain.git at 1.2.0
========================================
Build
========================================
Selected platform: wasm
Swift version: 6.2
Building package at path: $PWD
https://github.com/DevKitOrganization/DevKeychain.git
Running build ...
bash -c docker run --pull=always --rm -v "checkouts-54344847-1":/host -w "$PWD" -e JAVA_HOME="/root/.sdkman/candidates/java/current" -e SPI_BUILD="1" -e SPI_PROCESSING="1" registry.gitlab.com/saguaro1/spi-images:wasm-6.2-latest swift build --swift-sdk swift-6.2-RELEASE_wasm 2>&1
wasm-6.2-latest: Pulling from saguaro1/spi-images
Digest: sha256:70428a4f4110aef5b17a27427e965f31cf3855e8cf1dfdc416ed61c780337965
Status: Image is up to date for registry.gitlab.com/saguaro1/spi-images:wasm-6.2-latest
Fetching https://github.com/DevKitOrganization/DevTesting
[1/514] Fetching devtesting
Fetched https://github.com/DevKitOrganization/DevTesting from cache (0.49s)
Computing version for https://github.com/DevKitOrganization/DevTesting
Computed https://github.com/DevKitOrganization/DevTesting at 1.6.0 (0.65s)
Creating working copy for https://github.com/DevKitOrganization/DevTesting
Working copy of https://github.com/DevKitOrganization/DevTesting resolved at 1.6.0
Building for debugging...
[0/2] Write sources
[1/2] Write swift-version-24593BA9C3E375BF.txt
[3/12] Compiling DevKeychain Dictionary+KeychainItemMapping.swift
/host/spi-builder-workspace/Sources/DevKeychain/Core/KeychainItemAccessibility.swift:9:8: error: no such module 'Security'
7 |
8 | import Foundation
9 | import Security
| `- error: no such module 'Security'
10 |
11 | /// The conditions under which a keychain item can be accessed.
[4/13] Compiling DevKeychain GenericPassword.swift
/host/spi-builder-workspace/Sources/DevKeychain/Core/KeychainItemAccessibility.swift:9:8: error: no such module 'Security'
7 |
8 | import Foundation
9 | import Security
| `- error: no such module 'Security'
10 |
11 | /// The conditions under which a keychain item can be accessed.
[5/13] Compiling DevKeychain KeychainServicesError.swift
/host/spi-builder-workspace/Sources/DevKeychain/Core/KeychainItemAccessibility.swift:9:8: error: no such module 'Security'
7 |
8 | import Foundation
9 | import Security
| `- error: no such module 'Security'
10 |
11 | /// The conditions under which a keychain item can be accessed.
[6/13] Compiling DevKeychain KeychainItemMappingError.swift
/host/spi-builder-workspace/Sources/DevKeychain/Core/KeychainItemAccessibility.swift:9:8: error: no such module 'Security'
7 |
8 | import Foundation
9 | import Security
| `- error: no such module 'Security'
10 |
11 | /// The conditions under which a keychain item can be accessed.
[7/13] Compiling DevKeychain KeychainServices.swift
/host/spi-builder-workspace/Sources/DevKeychain/Core/KeychainItemAccessibility.swift:9:8: error: no such module 'Security'
7 |
8 | import Foundation
9 | import Security
| `- error: no such module 'Security'
10 |
11 | /// The conditions under which a keychain item can be accessed.
[8/13] Compiling DevKeychain KeychainItemAdditionAttributes.swift
/host/spi-builder-workspace/Sources/DevKeychain/Core/KeychainItemAccessibility.swift:9:8: error: no such module 'Security'
7 |
8 | import Foundation
9 | import Security
| `- error: no such module 'Security'
10 |
11 | /// The conditions under which a keychain item can be accessed.
[9/13] Compiling DevKeychain KeychainItemQuery.swift
/host/spi-builder-workspace/Sources/DevKeychain/Core/KeychainItemAccessibility.swift:9:8: error: no such module 'Security'
7 |
8 | import Foundation
9 | import Security
| `- error: no such module 'Security'
10 |
11 | /// The conditions under which a keychain item can be accessed.
error: emit-module command failed with exit code 1 (use -v to see invocation)
[10/13] Emitting module DevKeychain
/host/spi-builder-workspace/Sources/DevKeychain/Core/KeychainItemAccessibility.swift:9:8: error: no such module 'Security'
7 |
8 | import Foundation
9 | import Security
| `- error: no such module 'Security'
10 |
11 | /// The conditions under which a keychain item can be accessed.
[11/13] Compiling DevKeychain Keychain.swift
/host/spi-builder-workspace/Sources/DevKeychain/Core/KeychainItemAccessibility.swift:9:8: error: no such module 'Security'
7 |
8 | import Foundation
9 | import Security
| `- error: no such module 'Security'
10 |
11 | /// The conditions under which a keychain item can be accessed.
[12/13] Compiling DevKeychain KeychainItemAccessibility.swift
/host/spi-builder-workspace/Sources/DevKeychain/Core/KeychainItemAccessibility.swift:9:8: error: no such module 'Security'
7 |
8 | import Foundation
9 | import Security
| `- error: no such module 'Security'
10 |
11 | /// The conditions under which a keychain item can be accessed.
[13/13] Compiling DevKeychain InternetPassword.swift
/host/spi-builder-workspace/Sources/DevKeychain/Core/KeychainItemAccessibility.swift:9:8: error: no such module 'Security'
7 |
8 | import Foundation
9 | import Security
| `- error: no such module 'Security'
10 |
11 | /// The conditions under which a keychain item can be accessed.
BUILD FAILURE 6.2 wasm