Build Information
Failed to build Ra9rKit, reference 1.14.2 (2d3860), with Swift 6.4 for macOS (Xcode) using Xcode 27.0 on 20 Sep 2026 18:45:47 UTC.
Build Command
env DEVELOPER_DIR=/Applications/Xcode-27.0.0-Release.Candidate.app xcrun xcodebuild -IDEClonedSourcePackagesDirPathOverride=$PWD/.dependencies -skipMacroValidation -skipPackagePluginValidation -derivedDataPath $PWD/.derivedData build -scheme Ra9rKit-Package -destination platform=macOS,arch=arm64Build Log
========================================
RunAll
========================================
Builder version: 5.1.0
Interrupt handler set up.
========================================
Checkout
========================================
Clone URL: https://github.com/ra9r/Ra9rKit.git
Reference: 1.14.2
Initialized empty Git repository in /Users/admin/builder/spi-builder-workspace/.git/
From https://github.com/ra9r/Ra9rKit
* tag 1.14.2 -> FETCH_HEAD
HEAD is now at 2d3860c added startOfWeek
Cloned https://github.com/ra9r/Ra9rKit.git
Revision (git rev-parse @):
2d3860c537a0e58a59955579c306a08bb48b7e89
SPI manifest file found: $PWD/.spi.yml
SUCCESS checkout https://github.com/ra9r/Ra9rKit.git at 1.14.2
========================================
Build
========================================
Selected platform: macosXcodebuild
Swift version: 6.4
Building package at path: $PWD
https://github.com/ra9r/Ra9rKit.git
Command line invocation:
/Applications/Xcode-27.0.0-Release.Candidate.app/Contents/Developer/usr/bin/xcodebuild -IDEClonedSourcePackagesDirPathOverride=/Users/admin/builder/spi-builder-workspace/.dependencies -resolvePackageDependencies
Resolve Package Graph
Resolve Package Graph
Resolved source packages:
Ra9rKit: /Users/admin/builder/spi-builder-workspace
resolved source packages: Ra9rKit
2026-09-20 14:45:00.415 xcodebuild[524:2996] [MT] IDERunDestination: Supported platforms for the buildables in the current scheme is empty.
{
"dependencies" : [
],
"manifest_display_name" : "Ra9rKit",
"name" : "Ra9rKit",
"path" : "/Users/admin/builder/spi-builder-workspace",
"platforms" : [
{
"name" : "ios",
"version" : "17.0"
}
],
"products" : [
{
"name" : "Ra9rCore",
"targets" : [
"Ra9rCore"
],
"type" : {
"library" : [
"automatic"
]
}
},
{
"name" : "Ra9rUI",
"targets" : [
"Ra9rUI"
],
"type" : {
"library" : [
"automatic"
]
}
},
{
"name" : "Ra9rCrypto",
"targets" : [
"Ra9rCrypto"
],
"type" : {
"library" : [
"automatic"
]
}
},
{
"name" : "Ra9rNotification",
"targets" : [
"Ra9rNotification"
],
"type" : {
"library" : [
"automatic"
]
}
},
{
"name" : "Ra9rPDF",
"targets" : [
"Ra9rPDF"
],
"type" : {
"library" : [
"automatic"
]
}
}
],
"targets" : [
{
"c99name" : "Ra9rUI",
"module_type" : "SwiftTarget",
"name" : "Ra9rUI",
"path" : "Sources/Ra9rUI",
"product_memberships" : [
"Ra9rUI"
],
"sources" : [
"Components/AnimatedSideBar.swift",
"Components/CapsuleGuage.swift",
"Components/DecimalPicker.swift",
"Components/FormFieldStyle.swift",
"Components/MenuPicker.swift",
"Components/QRCode.swift",
"Components/RoundedCorders.swift",
"Components/RulerPicker.swift",
"Components/SVGImage.swift",
"Components/SequencePicker.swift",
"Components/SpinText.swift",
"Components/ThickProgressBarStyle.swift",
"Components/WebView.swift",
"Extensions/Alert+Extension.swift",
"Extensions/Binding+Extension.swift",
"Extensions/Image+Extension.swift",
"Managers/ErrorManager.swift"
],
"target_dependencies" : [
"Ra9rCore"
],
"type" : "library"
},
{
"c99name" : "Ra9rPDF",
"module_type" : "SwiftTarget",
"name" : "Ra9rPDF",
"path" : "Sources/Ra9rPDF",
"product_memberships" : [
"Ra9rPDF"
],
"sources" : [
"PDFPreview.swift",
"PDFRenderer.swift"
],
"type" : "library"
},
{
"c99name" : "Ra9rNotification",
"module_type" : "SwiftTarget",
"name" : "Ra9rNotification",
"path" : "Sources/Ra9rNotification",
"product_memberships" : [
"Ra9rNotification"
],
"sources" : [
"LocalNotification.swift",
"LocalNotificationAction.swift",
"LocalNotificationActionEvent.swift",
"LocalNotificationActionOption.swift",
"LocalNotificationCategory.swift",
"LocalNotificationServices.swift"
],
"type" : "library"
},
{
"c99name" : "Ra9rCryptoTests",
"module_type" : "SwiftTarget",
"name" : "Ra9rCryptoTests",
"path" : "Tests/Ra9rCryptoTests",
"sources" : [
"CryptableTests.swift"
],
"target_dependencies" : [
"Ra9rCrypto"
],
"type" : "test"
},
{
"c99name" : "Ra9rCrypto",
"module_type" : "SwiftTarget",
"name" : "Ra9rCrypto",
"path" : "Sources/Ra9rCrypto",
"product_memberships" : [
"Ra9rCrypto"
],
"sources" : [
"Extensions/Bool+Encryptable.swift",
"Extensions/Character+Encryptable.swift",
"Extensions/Data+Cryptable.swift",
"Extensions/Double+Encryptable.swift",
"Extensions/Float+Encryptable.swift",
"Extensions/Int+Encryptable.swift",
"Extensions/String+Encryptable.swift",
"Extensions/UInt+Encryptable.swift",
"Keychain/KeychainError.swift",
"Keychain/KeychainManager.swift",
"PropertyWrappers/SecureProperty.swift",
"Protocols/Cryptable.swift",
"Protocols/Decryptable.swift",
"Protocols/Encryptable.swift"
],
"type" : "library"
},
{
"c99name" : "Ra9rCoreTests",
"module_type" : "SwiftTarget",
"name" : "Ra9rCoreTests",
"path" : "Tests/Ra9rCoreTests",
"sources" : [
"CalendarExtentionTests.swift",
"DateExtensionTests.swift",
"DoubleExtensionTests.swift",
"FloatExtensionTests.swift",
"RelativeMonthFormatterTests.swift"
],
"target_dependencies" : [
"Ra9rCore"
],
"type" : "test"
},
{
"c99name" : "Ra9rCore",
"module_type" : "SwiftTarget",
"name" : "Ra9rCore",
"path" : "Sources/Ra9rCore",
"product_memberships" : [
"Ra9rCore",
"Ra9rUI"
],
"sources" : [
"Extensions/Bundle+Extension.swift",
"Extensions/Calendar+Extension.swift",
"Extensions/Date+Extension.swift",
"Extensions/Double+Extenstion.swift",
"Extensions/Float+Extension.swift",
"Extensions/String+Extension.swift",
"Extensions/URLSession+Extension.swift",
"Formatters/RelativeMonthFormatter.swift",
"PropertyWrappers/UserDefault.swift",
"Protocols/Uncombinable.swift"
],
"type" : "library"
}
],
"tools_version" : "5.9"
}
{
"workspace" : {
"name" : "Ra9rKit",
"schemes" : [
"Ra9rCore",
"Ra9rCrypto",
"Ra9rKit-Package",
"Ra9rNotification",
"Ra9rPDF",
"Ra9rUI"
]
}
}
2026-09-20 14:45:32.459 xcodebuild[622:3781] [MT] IDERunDestination: Supported platforms for the buildables in the current scheme is empty.
Running build ...
env DEVELOPER_DIR=/Applications/Xcode-27.0.0-Release.Candidate.app xcrun xcodebuild -IDEClonedSourcePackagesDirPathOverride=$PWD/.dependencies -skipMacroValidation -skipPackagePluginValidation -derivedDataPath $PWD/.derivedData build -scheme Ra9rKit-Package -destination platform=macOS,arch=arm64
Command line invocation:
/Applications/Xcode-27.0.0-Release.Candidate.app/Contents/Developer/usr/bin/xcodebuild -IDEClonedSourcePackagesDirPathOverride=/Users/admin/builder/spi-builder-workspace/.dependencies -skipMacroValidation -skipPackagePluginValidation -derivedDataPath /Users/admin/builder/spi-builder-workspace/.derivedData build -scheme Ra9rKit-Package -destination platform=macOS,arch=arm64
Resolve Package Graph
Resolved source packages:
Ra9rKit: /Users/admin/builder/spi-builder-workspace
ComputePackagePrebuildTargetDependencyGraph
Prepare packages
CreateBuildRequest
SendProjectDescription
CreateBuildOperation
ComputeTargetDependencyGraph
note: Building targets in dependency order
note: Target dependency graph (10 targets)
Target 'Ra9rPDF-product' in project 'Ra9rKit'
➜ Explicit dependency on target 'Ra9rPDF' in project 'Ra9rKit'
Target 'Ra9rPDF' in project 'Ra9rKit' (no dependencies)
Target 'Ra9rNotification-product' in project 'Ra9rKit'
➜ Explicit dependency on target 'Ra9rNotification' in project 'Ra9rKit'
Target 'Ra9rNotification' in project 'Ra9rKit' (no dependencies)
Target 'Ra9rCrypto-product' in project 'Ra9rKit'
➜ Explicit dependency on target 'Ra9rCrypto' in project 'Ra9rKit'
Target 'Ra9rCrypto' in project 'Ra9rKit' (no dependencies)
Target 'Ra9rUI-product' in project 'Ra9rKit'
➜ Explicit dependency on target 'Ra9rUI' in project 'Ra9rKit'
➜ Explicit dependency on target 'Ra9rCore' in project 'Ra9rKit'
Target 'Ra9rUI' in project 'Ra9rKit'
➜ Explicit dependency on target 'Ra9rCore' in project 'Ra9rKit'
Target 'Ra9rCore-product' in project 'Ra9rKit'
➜ Explicit dependency on target 'Ra9rCore' in project 'Ra9rKit'
Target 'Ra9rCore' in project 'Ra9rKit' (no dependencies)
GatherProvisioningInputs
CreateBuildDescription
ExecuteExternalTool /Applications/Xcode-27.0.0-Release.Candidate.app/Contents/Developer/Toolchains/XcodeDefault.xctoolchain/usr/bin/swiftc --version
ExecuteExternalTool /Applications/Xcode-27.0.0-Release.Candidate.app/Contents/Developer/Toolchains/XcodeDefault.xctoolchain/usr/bin/clang -v -E -dM -isysroot /Applications/Xcode-27.0.0-Release.Candidate.app/Contents/Developer/Platforms/MacOSX.platform/Developer/SDKs/MacOSX27.0.sdk -x c -c /dev/null
ExecuteExternalTool /Applications/Xcode-27.0.0-Release.Candidate.app/Contents/Developer/Toolchains/XcodeDefault.xctoolchain/usr/bin/ld -version_details
Build description signature: ea77e40929c1e3885edf6b66301f73bd
Build description path: /Users/admin/builder/spi-builder-workspace/.derivedData/Build/Intermediates.noindex/XCBuildData/ea77e40929c1e3885edf6b66301f73bd.xcbuilddata
CreateBuildDirectory /Users/admin/builder/spi-builder-workspace/.derivedData/CompilationCache.noindex
cd /Users/admin/builder/spi-builder-workspace/.swiftpm/xcode
builtin-create-build-directory /Users/admin/builder/spi-builder-workspace/.derivedData/CompilationCache.noindex
CreateBuildDirectory /Users/admin/builder/spi-builder-workspace/.derivedData/ModuleCache.noindex
cd /Users/admin/builder/spi-builder-workspace/.swiftpm/xcode
builtin-create-build-directory /Users/admin/builder/spi-builder-workspace/.derivedData/ModuleCache.noindex
CreateBuildDirectory /Users/admin/builder/spi-builder-workspace/.derivedData/SDKExplicitPrecompiledModules
cd /Users/admin/builder/spi-builder-workspace/.swiftpm/xcode
builtin-create-build-directory /Users/admin/builder/spi-builder-workspace/.derivedData/SDKExplicitPrecompiledModules
ClangStatCache /Applications/Xcode-27.0.0-Release.Candidate.app/Contents/Developer/Toolchains/XcodeDefault.xctoolchain/usr/bin/clang-stat-cache /Applications/Xcode-27.0.0-Release.Candidate.app/Contents/Developer/Platforms/MacOSX.platform/Developer/SDKs/MacOSX27.0.sdk /Users/admin/builder/spi-builder-workspace/.derivedData/SDKStatCaches.noindex/macosx27.0-26A425-e829b21a6f8c9b70876ba0858053c0446a22442a12e9d48fe1a705f55a1adfc4.sdkstatcache
cd /Users/admin/builder/spi-builder-workspace/.swiftpm/xcode
/Applications/Xcode-27.0.0-Release.Candidate.app/Contents/Developer/Toolchains/XcodeDefault.xctoolchain/usr/bin/clang-stat-cache /Applications/Xcode-27.0.0-Release.Candidate.app/Contents/Developer/Platforms/MacOSX.platform/Developer/SDKs/MacOSX27.0.sdk -o /Users/admin/builder/spi-builder-workspace/.derivedData/SDKStatCaches.noindex/macosx27.0-26A425-e829b21a6f8c9b70876ba0858053c0446a22442a12e9d48fe1a705f55a1adfc4.sdkstatcache
CreateBuildDirectory /Users/admin/builder/spi-builder-workspace/.derivedData/Build/Products
cd /Users/admin/builder/spi-builder-workspace/.swiftpm/xcode
builtin-create-build-directory /Users/admin/builder/spi-builder-workspace/.derivedData/Build/Products
CreateBuildDirectory /Users/admin/builder/spi-builder-workspace/.derivedData/Build/Intermediates.noindex
cd /Users/admin/builder/spi-builder-workspace/.swiftpm/xcode
builtin-create-build-directory /Users/admin/builder/spi-builder-workspace/.derivedData/Build/Intermediates.noindex
CreateBuildDirectory /Users/admin/builder/spi-builder-workspace/.derivedData/Build/Intermediates.noindex/SwiftExplicitPrecompiledModules
cd /Users/admin/builder/spi-builder-workspace/.swiftpm/xcode
builtin-create-build-directory /Users/admin/builder/spi-builder-workspace/.derivedData/Build/Intermediates.noindex/SwiftExplicitPrecompiledModules
CreateBuildDirectory /Users/admin/builder/spi-builder-workspace/.derivedData/Build/Intermediates.noindex/PrecompiledHeaders
cd /Users/admin/builder/spi-builder-workspace/.swiftpm/xcode
builtin-create-build-directory /Users/admin/builder/spi-builder-workspace/.derivedData/Build/Intermediates.noindex/PrecompiledHeaders
CreateBuildDirectory /Users/admin/builder/spi-builder-workspace/.derivedData/Build/Intermediates.noindex/ExplicitPrecompiledModules
cd /Users/admin/builder/spi-builder-workspace/.swiftpm/xcode
builtin-create-build-directory /Users/admin/builder/spi-builder-workspace/.derivedData/Build/Intermediates.noindex/ExplicitPrecompiledModules
CreateBuildDirectory /Users/admin/builder/spi-builder-workspace/.derivedData/Build/Products/Debug
cd /Users/admin/builder/spi-builder-workspace/.swiftpm/xcode
builtin-create-build-directory /Users/admin/builder/spi-builder-workspace/.derivedData/Build/Products/Debug
CreateBuildDirectory /Users/admin/builder/spi-builder-workspace/.derivedData/Build/Intermediates.noindex/EagerLinkingTBDs/Debug
cd /Users/admin/builder/spi-builder-workspace/.swiftpm/xcode
builtin-create-build-directory /Users/admin/builder/spi-builder-workspace/.derivedData/Build/Intermediates.noindex/EagerLinkingTBDs/Debug
CreateBuildDirectory /Users/admin/builder/spi-builder-workspace/.derivedData/Build/Products/Debug/PackageFrameworks
cd /Users/admin/builder/spi-builder-workspace/.swiftpm/xcode
builtin-create-build-directory /Users/admin/builder/spi-builder-workspace/.derivedData/Build/Products/Debug/PackageFrameworks
WriteAuxiliaryFile /Users/admin/builder/spi-builder-workspace/.derivedData/Build/Intermediates.noindex/Ra9rKit.build/Debug/Ra9rUI-t.build/Ra9rUI.modulemap (in target 'Ra9rUI' from project 'Ra9rKit')
cd /Users/admin/builder/spi-builder-workspace
write-file /Users/admin/builder/spi-builder-workspace/.derivedData/Build/Intermediates.noindex/Ra9rKit.build/Debug/Ra9rUI-t.build/Ra9rUI.modulemap
WriteAuxiliaryFile /Users/admin/builder/spi-builder-workspace/.derivedData/Build/Intermediates.noindex/Ra9rKit.build/Debug/Ra9rUI-t.build/Ra9rUI.DependencyStaticMetadataFileList (in target 'Ra9rUI' from project 'Ra9rKit')
cd /Users/admin/builder/spi-builder-workspace
write-file /Users/admin/builder/spi-builder-workspace/.derivedData/Build/Intermediates.noindex/Ra9rKit.build/Debug/Ra9rUI-t.build/Ra9rUI.DependencyStaticMetadataFileList
WriteAuxiliaryFile /Users/admin/builder/spi-builder-workspace/.derivedData/Build/Intermediates.noindex/Ra9rKit.build/Debug/Ra9rUI-t.build/Ra9rUI.DependencyMetadataFileList (in target 'Ra9rUI' from project 'Ra9rKit')
cd /Users/admin/builder/spi-builder-workspace
write-file /Users/admin/builder/spi-builder-workspace/.derivedData/Build/Intermediates.noindex/Ra9rKit.build/Debug/Ra9rUI-t.build/Ra9rUI.DependencyMetadataFileList
WriteAuxiliaryFile /Users/admin/builder/spi-builder-workspace/.derivedData/Build/Intermediates.noindex/Ra9rKit.build/Debug/Ra9rUI-t.build/Objects-normal/arm64/Ra9rUI.SwiftFileList (in target 'Ra9rUI' from project 'Ra9rKit')
cd /Users/admin/builder/spi-builder-workspace
write-file /Users/admin/builder/spi-builder-workspace/.derivedData/Build/Intermediates.noindex/Ra9rKit.build/Debug/Ra9rUI-t.build/Objects-normal/arm64/Ra9rUI.SwiftFileList
WriteAuxiliaryFile /Users/admin/builder/spi-builder-workspace/.derivedData/Build/Intermediates.noindex/Ra9rKit.build/Debug/Ra9rUI-t.build/Objects-normal/arm64/Ra9rUI-OutputFileMap.json (in target 'Ra9rUI' from project 'Ra9rKit')
cd /Users/admin/builder/spi-builder-workspace
write-file /Users/admin/builder/spi-builder-workspace/.derivedData/Build/Intermediates.noindex/Ra9rKit.build/Debug/Ra9rUI-t.build/Objects-normal/arm64/Ra9rUI-OutputFileMap.json
WriteAuxiliaryFile /Users/admin/builder/spi-builder-workspace/.derivedData/Build/Intermediates.noindex/Ra9rKit.build/Debug/Ra9rUI-t.build/Objects-normal/arm64/Ra9rUI.SwiftConstValuesFileList (in target 'Ra9rUI' from project 'Ra9rKit')
cd /Users/admin/builder/spi-builder-workspace
write-file /Users/admin/builder/spi-builder-workspace/.derivedData/Build/Intermediates.noindex/Ra9rKit.build/Debug/Ra9rUI-t.build/Objects-normal/arm64/Ra9rUI.SwiftConstValuesFileList
WriteAuxiliaryFile /Users/admin/builder/spi-builder-workspace/.derivedData/Build/Intermediates.noindex/Ra9rKit.build/Debug/Ra9rUI-t.build/Objects-normal/arm64/Ra9rUI_const_extract_protocols.json (in target 'Ra9rUI' from project 'Ra9rKit')
cd /Users/admin/builder/spi-builder-workspace
write-file /Users/admin/builder/spi-builder-workspace/.derivedData/Build/Intermediates.noindex/Ra9rKit.build/Debug/Ra9rUI-t.build/Objects-normal/arm64/Ra9rUI_const_extract_protocols.json
WriteAuxiliaryFile /Users/admin/builder/spi-builder-workspace/.derivedData/Build/Intermediates.noindex/Ra9rKit.build/Debug/Ra9rUI-t.build/Objects-normal/arm64/Ra9rUI.LinkFileList (in target 'Ra9rUI' from project 'Ra9rKit')
cd /Users/admin/builder/spi-builder-workspace
write-file /Users/admin/builder/spi-builder-workspace/.derivedData/Build/Intermediates.noindex/Ra9rKit.build/Debug/Ra9rUI-t.build/Objects-normal/arm64/Ra9rUI.LinkFileList
WriteAuxiliaryFile /Users/admin/builder/spi-builder-workspace/.derivedData/Build/Intermediates.noindex/Ra9rKit.build/Debug/Ra9rPDF-t.build/Ra9rPDF.modulemap (in target 'Ra9rPDF' from project 'Ra9rKit')
cd /Users/admin/builder/spi-builder-workspace
write-file /Users/admin/builder/spi-builder-workspace/.derivedData/Build/Intermediates.noindex/Ra9rKit.build/Debug/Ra9rPDF-t.build/Ra9rPDF.modulemap
WriteAuxiliaryFile /Users/admin/builder/spi-builder-workspace/.derivedData/Build/Intermediates.noindex/Ra9rKit.build/Debug/Ra9rPDF-t.build/Ra9rPDF.DependencyStaticMetadataFileList (in target 'Ra9rPDF' from project 'Ra9rKit')
cd /Users/admin/builder/spi-builder-workspace
write-file /Users/admin/builder/spi-builder-workspace/.derivedData/Build/Intermediates.noindex/Ra9rKit.build/Debug/Ra9rPDF-t.build/Ra9rPDF.DependencyStaticMetadataFileList
WriteAuxiliaryFile /Users/admin/builder/spi-builder-workspace/.derivedData/Build/Intermediates.noindex/Ra9rKit.build/Debug/Ra9rPDF-t.build/Ra9rPDF.DependencyMetadataFileList (in target 'Ra9rPDF' from project 'Ra9rKit')
cd /Users/admin/builder/spi-builder-workspace
write-file /Users/admin/builder/spi-builder-workspace/.derivedData/Build/Intermediates.noindex/Ra9rKit.build/Debug/Ra9rPDF-t.build/Ra9rPDF.DependencyMetadataFileList
WriteAuxiliaryFile /Users/admin/builder/spi-builder-workspace/.derivedData/Build/Intermediates.noindex/Ra9rKit.build/Debug/Ra9rPDF-t.build/Objects-normal/arm64/Ra9rPDF_const_extract_protocols.json (in target 'Ra9rPDF' from project 'Ra9rKit')
cd /Users/admin/builder/spi-builder-workspace
write-file /Users/admin/builder/spi-builder-workspace/.derivedData/Build/Intermediates.noindex/Ra9rKit.build/Debug/Ra9rPDF-t.build/Objects-normal/arm64/Ra9rPDF_const_extract_protocols.json
WriteAuxiliaryFile /Users/admin/builder/spi-builder-workspace/.derivedData/Build/Intermediates.noindex/Ra9rKit.build/Debug/Ra9rPDF-t.build/Objects-normal/arm64/Ra9rPDF.SwiftConstValuesFileList (in target 'Ra9rPDF' from project 'Ra9rKit')
cd /Users/admin/builder/spi-builder-workspace
write-file /Users/admin/builder/spi-builder-workspace/.derivedData/Build/Intermediates.noindex/Ra9rKit.build/Debug/Ra9rPDF-t.build/Objects-normal/arm64/Ra9rPDF.SwiftConstValuesFileList
WriteAuxiliaryFile /Users/admin/builder/spi-builder-workspace/.derivedData/Build/Intermediates.noindex/Ra9rKit.build/Debug/Ra9rPDF-t.build/Objects-normal/arm64/Ra9rPDF-OutputFileMap.json (in target 'Ra9rPDF' from project 'Ra9rKit')
cd /Users/admin/builder/spi-builder-workspace
write-file /Users/admin/builder/spi-builder-workspace/.derivedData/Build/Intermediates.noindex/Ra9rKit.build/Debug/Ra9rPDF-t.build/Objects-normal/arm64/Ra9rPDF-OutputFileMap.json
WriteAuxiliaryFile /Users/admin/builder/spi-builder-workspace/.derivedData/Build/Intermediates.noindex/Ra9rKit.build/Debug/Ra9rPDF-t.build/Objects-normal/arm64/Ra9rPDF.LinkFileList (in target 'Ra9rPDF' from project 'Ra9rKit')
cd /Users/admin/builder/spi-builder-workspace
write-file /Users/admin/builder/spi-builder-workspace/.derivedData/Build/Intermediates.noindex/Ra9rKit.build/Debug/Ra9rPDF-t.build/Objects-normal/arm64/Ra9rPDF.LinkFileList
WriteAuxiliaryFile /Users/admin/builder/spi-builder-workspace/.derivedData/Build/Intermediates.noindex/Ra9rKit.build/Debug/Ra9rPDF-t.build/Objects-normal/arm64/Ra9rPDF.SwiftFileList (in target 'Ra9rPDF' from project 'Ra9rKit')
cd /Users/admin/builder/spi-builder-workspace
write-file /Users/admin/builder/spi-builder-workspace/.derivedData/Build/Intermediates.noindex/Ra9rKit.build/Debug/Ra9rPDF-t.build/Objects-normal/arm64/Ra9rPDF.SwiftFileList
Copy /Users/admin/builder/spi-builder-workspace/.derivedData/Build/Intermediates.noindex/GeneratedModuleMaps/Ra9rUI.modulemap /Users/admin/builder/spi-builder-workspace/.derivedData/Build/Intermediates.noindex/Ra9rKit.build/Debug/Ra9rUI-t.build/Ra9rUI.modulemap (in target 'Ra9rUI' from project 'Ra9rKit')
cd /Users/admin/builder/spi-builder-workspace
builtin-copy -exclude .DS_Store -exclude CVS -exclude .svn -exclude .git -exclude .hg -resolve-src-symlinks /Users/admin/builder/spi-builder-workspace/.derivedData/Build/Intermediates.noindex/Ra9rKit.build/Debug/Ra9rUI-t.build/Ra9rUI.modulemap /Users/admin/builder/spi-builder-workspace/.derivedData/Build/Intermediates.noindex/GeneratedModuleMaps
Copy /Users/admin/builder/spi-builder-workspace/.derivedData/Build/Intermediates.noindex/GeneratedModuleMaps/Ra9rPDF.modulemap /Users/admin/builder/spi-builder-workspace/.derivedData/Build/Intermediates.noindex/Ra9rKit.build/Debug/Ra9rPDF-t.build/Ra9rPDF.modulemap (in target 'Ra9rPDF' from project 'Ra9rKit')
cd /Users/admin/builder/spi-builder-workspace
builtin-copy -exclude .DS_Store -exclude CVS -exclude .svn -exclude .git -exclude .hg -resolve-src-symlinks /Users/admin/builder/spi-builder-workspace/.derivedData/Build/Intermediates.noindex/Ra9rKit.build/Debug/Ra9rPDF-t.build/Ra9rPDF.modulemap /Users/admin/builder/spi-builder-workspace/.derivedData/Build/Intermediates.noindex/GeneratedModuleMaps
WriteAuxiliaryFile /Users/admin/builder/spi-builder-workspace/.derivedData/Build/Intermediates.noindex/Ra9rKit.build/Debug/Ra9rNotification-t.build/Ra9rNotification.modulemap (in target 'Ra9rNotification' from project 'Ra9rKit')
cd /Users/admin/builder/spi-builder-workspace
write-file /Users/admin/builder/spi-builder-workspace/.derivedData/Build/Intermediates.noindex/Ra9rKit.build/Debug/Ra9rNotification-t.build/Ra9rNotification.modulemap
WriteAuxiliaryFile /Users/admin/builder/spi-builder-workspace/.derivedData/Build/Intermediates.noindex/Ra9rKit.build/Debug/Ra9rNotification-t.build/Ra9rNotification.DependencyStaticMetadataFileList (in target 'Ra9rNotification' from project 'Ra9rKit')
cd /Users/admin/builder/spi-builder-workspace
write-file /Users/admin/builder/spi-builder-workspace/.derivedData/Build/Intermediates.noindex/Ra9rKit.build/Debug/Ra9rNotification-t.build/Ra9rNotification.DependencyStaticMetadataFileList
WriteAuxiliaryFile /Users/admin/builder/spi-builder-workspace/.derivedData/Build/Intermediates.noindex/Ra9rKit.build/Debug/Ra9rNotification-t.build/Ra9rNotification.DependencyMetadataFileList (in target 'Ra9rNotification' from project 'Ra9rKit')
cd /Users/admin/builder/spi-builder-workspace
write-file /Users/admin/builder/spi-builder-workspace/.derivedData/Build/Intermediates.noindex/Ra9rKit.build/Debug/Ra9rNotification-t.build/Ra9rNotification.DependencyMetadataFileList
WriteAuxiliaryFile /Users/admin/builder/spi-builder-workspace/.derivedData/Build/Intermediates.noindex/Ra9rKit.build/Debug/Ra9rNotification-t.build/Objects-normal/arm64/Ra9rNotification.SwiftFileList (in target 'Ra9rNotification' from project 'Ra9rKit')
cd /Users/admin/builder/spi-builder-workspace
write-file /Users/admin/builder/spi-builder-workspace/.derivedData/Build/Intermediates.noindex/Ra9rKit.build/Debug/Ra9rNotification-t.build/Objects-normal/arm64/Ra9rNotification.SwiftFileList
WriteAuxiliaryFile /Users/admin/builder/spi-builder-workspace/.derivedData/Build/Intermediates.noindex/Ra9rKit.build/Debug/Ra9rNotification-t.build/Objects-normal/arm64/Ra9rNotification_const_extract_protocols.json (in target 'Ra9rNotification' from project 'Ra9rKit')
cd /Users/admin/builder/spi-builder-workspace
write-file /Users/admin/builder/spi-builder-workspace/.derivedData/Build/Intermediates.noindex/Ra9rKit.build/Debug/Ra9rNotification-t.build/Objects-normal/arm64/Ra9rNotification_const_extract_protocols.json
WriteAuxiliaryFile /Users/admin/builder/spi-builder-workspace/.derivedData/Build/Intermediates.noindex/Ra9rKit.build/Debug/Ra9rNotification-t.build/Objects-normal/arm64/Ra9rNotification.LinkFileList (in target 'Ra9rNotification' from project 'Ra9rKit')
cd /Users/admin/builder/spi-builder-workspace
write-file /Users/admin/builder/spi-builder-workspace/.derivedData/Build/Intermediates.noindex/Ra9rKit.build/Debug/Ra9rNotification-t.build/Objects-normal/arm64/Ra9rNotification.LinkFileList
WriteAuxiliaryFile /Users/admin/builder/spi-builder-workspace/.derivedData/Build/Intermediates.noindex/Ra9rKit.build/Debug/Ra9rNotification-t.build/Objects-normal/arm64/Ra9rNotification.SwiftConstValuesFileList (in target 'Ra9rNotification' from project 'Ra9rKit')
cd /Users/admin/builder/spi-builder-workspace
write-file /Users/admin/builder/spi-builder-workspace/.derivedData/Build/Intermediates.noindex/Ra9rKit.build/Debug/Ra9rNotification-t.build/Objects-normal/arm64/Ra9rNotification.SwiftConstValuesFileList
WriteAuxiliaryFile /Users/admin/builder/spi-builder-workspace/.derivedData/Build/Intermediates.noindex/Ra9rKit.build/Debug/Ra9rNotification-t.build/Objects-normal/arm64/Ra9rNotification-OutputFileMap.json (in target 'Ra9rNotification' from project 'Ra9rKit')
cd /Users/admin/builder/spi-builder-workspace
write-file /Users/admin/builder/spi-builder-workspace/.derivedData/Build/Intermediates.noindex/Ra9rKit.build/Debug/Ra9rNotification-t.build/Objects-normal/arm64/Ra9rNotification-OutputFileMap.json
WriteAuxiliaryFile /Users/admin/builder/spi-builder-workspace/.derivedData/Build/Intermediates.noindex/Ra9rKit.build/Debug/Ra9rCrypto-t.build/Ra9rCrypto.modulemap (in target 'Ra9rCrypto' from project 'Ra9rKit')
cd /Users/admin/builder/spi-builder-workspace
write-file /Users/admin/builder/spi-builder-workspace/.derivedData/Build/Intermediates.noindex/Ra9rKit.build/Debug/Ra9rCrypto-t.build/Ra9rCrypto.modulemap
Copy /Users/admin/builder/spi-builder-workspace/.derivedData/Build/Intermediates.noindex/GeneratedModuleMaps/Ra9rNotification.modulemap /Users/admin/builder/spi-builder-workspace/.derivedData/Build/Intermediates.noindex/Ra9rKit.build/Debug/Ra9rNotification-t.build/Ra9rNotification.modulemap (in target 'Ra9rNotification' from project 'Ra9rKit')
cd /Users/admin/builder/spi-builder-workspace
builtin-copy -exclude .DS_Store -exclude CVS -exclude .svn -exclude .git -exclude .hg -resolve-src-symlinks /Users/admin/builder/spi-builder-workspace/.derivedData/Build/Intermediates.noindex/Ra9rKit.build/Debug/Ra9rNotification-t.build/Ra9rNotification.modulemap /Users/admin/builder/spi-builder-workspace/.derivedData/Build/Intermediates.noindex/GeneratedModuleMaps
WriteAuxiliaryFile /Users/admin/builder/spi-builder-workspace/.derivedData/Build/Intermediates.noindex/Ra9rKit.build/Debug/Ra9rCrypto-t.build/Ra9rCrypto.DependencyStaticMetadataFileList (in target 'Ra9rCrypto' from project 'Ra9rKit')
cd /Users/admin/builder/spi-builder-workspace
write-file /Users/admin/builder/spi-builder-workspace/.derivedData/Build/Intermediates.noindex/Ra9rKit.build/Debug/Ra9rCrypto-t.build/Ra9rCrypto.DependencyStaticMetadataFileList
WriteAuxiliaryFile /Users/admin/builder/spi-builder-workspace/.derivedData/Build/Intermediates.noindex/Ra9rKit.build/Debug/Ra9rCrypto-t.build/Ra9rCrypto.DependencyMetadataFileList (in target 'Ra9rCrypto' from project 'Ra9rKit')
cd /Users/admin/builder/spi-builder-workspace
write-file /Users/admin/builder/spi-builder-workspace/.derivedData/Build/Intermediates.noindex/Ra9rKit.build/Debug/Ra9rCrypto-t.build/Ra9rCrypto.DependencyMetadataFileList
WriteAuxiliaryFile /Users/admin/builder/spi-builder-workspace/.derivedData/Build/Intermediates.noindex/Ra9rKit.build/Debug/Ra9rCrypto-t.build/Objects-normal/arm64/Ra9rCrypto.LinkFileList (in target 'Ra9rCrypto' from project 'Ra9rKit')
cd /Users/admin/builder/spi-builder-workspace
write-file /Users/admin/builder/spi-builder-workspace/.derivedData/Build/Intermediates.noindex/Ra9rKit.build/Debug/Ra9rCrypto-t.build/Objects-normal/arm64/Ra9rCrypto.LinkFileList
WriteAuxiliaryFile /Users/admin/builder/spi-builder-workspace/.derivedData/Build/Intermediates.noindex/Ra9rKit.build/Debug/Ra9rCrypto-t.build/Objects-normal/arm64/Ra9rCrypto.SwiftFileList (in target 'Ra9rCrypto' from project 'Ra9rKit')
cd /Users/admin/builder/spi-builder-workspace
write-file /Users/admin/builder/spi-builder-workspace/.derivedData/Build/Intermediates.noindex/Ra9rKit.build/Debug/Ra9rCrypto-t.build/Objects-normal/arm64/Ra9rCrypto.SwiftFileList
WriteAuxiliaryFile /Users/admin/builder/spi-builder-workspace/.derivedData/Build/Intermediates.noindex/Ra9rKit.build/Debug/Ra9rCrypto-t.build/Objects-normal/arm64/Ra9rCrypto.SwiftConstValuesFileList (in target 'Ra9rCrypto' from project 'Ra9rKit')
cd /Users/admin/builder/spi-builder-workspace
write-file /Users/admin/builder/spi-builder-workspace/.derivedData/Build/Intermediates.noindex/Ra9rKit.build/Debug/Ra9rCrypto-t.build/Objects-normal/arm64/Ra9rCrypto.SwiftConstValuesFileList
WriteAuxiliaryFile /Users/admin/builder/spi-builder-workspace/.derivedData/Build/Intermediates.noindex/Ra9rKit.build/Debug/Ra9rCrypto-t.build/Objects-normal/arm64/Ra9rCrypto_const_extract_protocols.json (in target 'Ra9rCrypto' from project 'Ra9rKit')
cd /Users/admin/builder/spi-builder-workspace
write-file /Users/admin/builder/spi-builder-workspace/.derivedData/Build/Intermediates.noindex/Ra9rKit.build/Debug/Ra9rCrypto-t.build/Objects-normal/arm64/Ra9rCrypto_const_extract_protocols.json
WriteAuxiliaryFile /Users/admin/builder/spi-builder-workspace/.derivedData/Build/Intermediates.noindex/Ra9rKit.build/Debug/Ra9rCrypto-t.build/Objects-normal/arm64/Ra9rCrypto-OutputFileMap.json (in target 'Ra9rCrypto' from project 'Ra9rKit')
cd /Users/admin/builder/spi-builder-workspace
write-file /Users/admin/builder/spi-builder-workspace/.derivedData/Build/Intermediates.noindex/Ra9rKit.build/Debug/Ra9rCrypto-t.build/Objects-normal/arm64/Ra9rCrypto-OutputFileMap.json
WriteAuxiliaryFile /Users/admin/builder/spi-builder-workspace/.derivedData/Build/Intermediates.noindex/Ra9rKit.build/Debug/Ra9rCore-t.build/Ra9rCore.modulemap (in target 'Ra9rCore' from project 'Ra9rKit')
cd /Users/admin/builder/spi-builder-workspace
write-file /Users/admin/builder/spi-builder-workspace/.derivedData/Build/Intermediates.noindex/Ra9rKit.build/Debug/Ra9rCore-t.build/Ra9rCore.modulemap
Copy /Users/admin/builder/spi-builder-workspace/.derivedData/Build/Intermediates.noindex/GeneratedModuleMaps/Ra9rCrypto.modulemap /Users/admin/builder/spi-builder-workspace/.derivedData/Build/Intermediates.noindex/Ra9rKit.build/Debug/Ra9rCrypto-t.build/Ra9rCrypto.modulemap (in target 'Ra9rCrypto' from project 'Ra9rKit')
cd /Users/admin/builder/spi-builder-workspace
builtin-copy -exclude .DS_Store -exclude CVS -exclude .svn -exclude .git -exclude .hg -resolve-src-symlinks /Users/admin/builder/spi-builder-workspace/.derivedData/Build/Intermediates.noindex/Ra9rKit.build/Debug/Ra9rCrypto-t.build/Ra9rCrypto.modulemap /Users/admin/builder/spi-builder-workspace/.derivedData/Build/Intermediates.noindex/GeneratedModuleMaps
WriteAuxiliaryFile /Users/admin/builder/spi-builder-workspace/.derivedData/Build/Intermediates.noindex/Ra9rKit.build/Debug/Ra9rCore-t.build/Ra9rCore.DependencyStaticMetadataFileList (in target 'Ra9rCore' from project 'Ra9rKit')
cd /Users/admin/builder/spi-builder-workspace
write-file /Users/admin/builder/spi-builder-workspace/.derivedData/Build/Intermediates.noindex/Ra9rKit.build/Debug/Ra9rCore-t.build/Ra9rCore.DependencyStaticMetadataFileList
WriteAuxiliaryFile /Users/admin/builder/spi-builder-workspace/.derivedData/Build/Intermediates.noindex/Ra9rKit.build/Debug/Ra9rCore-t.build/Ra9rCore.DependencyMetadataFileList (in target 'Ra9rCore' from project 'Ra9rKit')
cd /Users/admin/builder/spi-builder-workspace
write-file /Users/admin/builder/spi-builder-workspace/.derivedData/Build/Intermediates.noindex/Ra9rKit.build/Debug/Ra9rCore-t.build/Ra9rCore.DependencyMetadataFileList
WriteAuxiliaryFile /Users/admin/builder/spi-builder-workspace/.derivedData/Build/Intermediates.noindex/Ra9rKit.build/Debug/Ra9rCore-t.build/Objects-normal/arm64/Ra9rCore-OutputFileMap.json (in target 'Ra9rCore' from project 'Ra9rKit')
cd /Users/admin/builder/spi-builder-workspace
write-file /Users/admin/builder/spi-builder-workspace/.derivedData/Build/Intermediates.noindex/Ra9rKit.build/Debug/Ra9rCore-t.build/Objects-normal/arm64/Ra9rCore-OutputFileMap.json
WriteAuxiliaryFile /Users/admin/builder/spi-builder-workspace/.derivedData/Build/Intermediates.noindex/Ra9rKit.build/Debug/Ra9rCore-t.build/Objects-normal/arm64/Ra9rCore_const_extract_protocols.json (in target 'Ra9rCore' from project 'Ra9rKit')
cd /Users/admin/builder/spi-builder-workspace
write-file /Users/admin/builder/spi-builder-workspace/.derivedData/Build/Intermediates.noindex/Ra9rKit.build/Debug/Ra9rCore-t.build/Objects-normal/arm64/Ra9rCore_const_extract_protocols.json
WriteAuxiliaryFile /Users/admin/builder/spi-builder-workspace/.derivedData/Build/Intermediates.noindex/Ra9rKit.build/Debug/Ra9rCore-t.build/Objects-normal/arm64/Ra9rCore.LinkFileList (in target 'Ra9rCore' from project 'Ra9rKit')
cd /Users/admin/builder/spi-builder-workspace
write-file /Users/admin/builder/spi-builder-workspace/.derivedData/Build/Intermediates.noindex/Ra9rKit.build/Debug/Ra9rCore-t.build/Objects-normal/arm64/Ra9rCore.LinkFileList
WriteAuxiliaryFile /Users/admin/builder/spi-builder-workspace/.derivedData/Build/Intermediates.noindex/Ra9rKit.build/Debug/Ra9rCore-t.build/Objects-normal/arm64/Ra9rCore.SwiftFileList (in target 'Ra9rCore' from project 'Ra9rKit')
cd /Users/admin/builder/spi-builder-workspace
write-file /Users/admin/builder/spi-builder-workspace/.derivedData/Build/Intermediates.noindex/Ra9rKit.build/Debug/Ra9rCore-t.build/Objects-normal/arm64/Ra9rCore.SwiftFileList
WriteAuxiliaryFile /Users/admin/builder/spi-builder-workspace/.derivedData/Build/Intermediates.noindex/Ra9rKit.build/Debug/Ra9rCore-t.build/Objects-normal/arm64/Ra9rCore.SwiftConstValuesFileList (in target 'Ra9rCore' from project 'Ra9rKit')
cd /Users/admin/builder/spi-builder-workspace
write-file /Users/admin/builder/spi-builder-workspace/.derivedData/Build/Intermediates.noindex/Ra9rKit.build/Debug/Ra9rCore-t.build/Objects-normal/arm64/Ra9rCore.SwiftConstValuesFileList
Copy /Users/admin/builder/spi-builder-workspace/.derivedData/Build/Intermediates.noindex/GeneratedModuleMaps/Ra9rCore.modulemap /Users/admin/builder/spi-builder-workspace/.derivedData/Build/Intermediates.noindex/Ra9rKit.build/Debug/Ra9rCore-t.build/Ra9rCore.modulemap (in target 'Ra9rCore' from project 'Ra9rKit')
cd /Users/admin/builder/spi-builder-workspace
builtin-copy -exclude .DS_Store -exclude CVS -exclude .svn -exclude .git -exclude .hg -resolve-src-symlinks /Users/admin/builder/spi-builder-workspace/.derivedData/Build/Intermediates.noindex/Ra9rKit.build/Debug/Ra9rCore-t.build/Ra9rCore.modulemap /Users/admin/builder/spi-builder-workspace/.derivedData/Build/Intermediates.noindex/GeneratedModuleMaps
SwiftDriver Ra9rCore normal arm64 com.apple.xcode.tools.swift.compiler (in target 'Ra9rCore' from project 'Ra9rKit')
cd /Users/admin/builder/spi-builder-workspace/.swiftpm/xcode
builtin-SwiftDriver -- /Applications/Xcode-27.0.0-Release.Candidate.app/Contents/Developer/Toolchains/XcodeDefault.xctoolchain/usr/bin/swiftc -parse-as-library -module-name Ra9rCore -Onone @/Users/admin/builder/spi-builder-workspace/.derivedData/Build/Intermediates.noindex/Ra9rKit.build/Debug/Ra9rCore-t.build/Objects-normal/arm64/Ra9rCore.SwiftFileList -DSWIFT_PACKAGE -DDEBUG -DSWIFT_MODULE_RESOURCE_BUNDLE_UNAVAILABLE -DXcode -plugin-path /Applications/Xcode-27.0.0-Release.Candidate.app/Contents/Developer/Toolchains/XcodeDefault.xctoolchain/usr/lib/swift/host/plugins/testing -enable-experimental-feature DebugDescriptionMacro -sdk /Applications/Xcode-27.0.0-Release.Candidate.app/Contents/Developer/Platforms/MacOSX.platform/Developer/SDKs/MacOSX27.0.sdk -target arm64-apple-macos12.0 -g -module-cache-path /Users/admin/builder/spi-builder-workspace/.derivedData/ModuleCache.noindex -Xfrontend -serialize-debugging-options -profile-coverage-mapping -profile-generate -enable-testing -index-store-path /Users/admin/builder/spi-builder-workspace/.derivedData/Index.noindex/DataStore -Xcc -D_LIBCPP_HARDENING_MODE\=_LIBCPP_HARDENING_MODE_DEBUG -swift-version 5 -I /Users/admin/builder/spi-builder-workspace/.derivedData/Build/Products/Debug -Isystem /Applications/Xcode-27.0.0-Release.Candidate.app/Contents/Developer/Platforms/MacOSX.platform/Developer/usr/lib -F /Users/admin/builder/spi-builder-workspace/.derivedData/Build/Products/Debug -F /Applications/Xcode-27.0.0-Release.Candidate.app/Contents/Developer/Platforms/MacOSX.platform/Developer/Library/Frameworks -c -j10 -enable-batch-mode -incremental -Xcc -ivfsstatcache -Xcc /Users/admin/builder/spi-builder-workspace/.derivedData/SDKStatCaches.noindex/macosx27.0-26A425-e829b21a6f8c9b70876ba0858053c0446a22442a12e9d48fe1a705f55a1adfc4.sdkstatcache -output-file-map /Users/admin/builder/spi-builder-workspace/.derivedData/Build/Intermediates.noindex/Ra9rKit.build/Debug/Ra9rCore-t.build/Objects-normal/arm64/Ra9rCore-OutputFileMap.json -save-temps -no-color-diagnostics -explicit-module-build -module-cache-path /Users/admin/builder/spi-builder-workspace/.derivedData/Build/Intermediates.noindex/SwiftExplicitPrecompiledModules -clang-scanner-module-cache-path /Users/admin/builder/spi-builder-workspace/.derivedData/ModuleCache.noindex -sdk-module-cache-path /Users/admin/builder/spi-builder-workspace/.derivedData/SDKExplicitPrecompiledModules -emit-dependencies -emit-module -emit-module-path /Users/admin/builder/spi-builder-workspace/.derivedData/Build/Intermediates.noindex/Ra9rKit.build/Debug/Ra9rCore-t.build/Objects-normal/arm64/Ra9rCore.swiftmodule -serialize-diagnostics -dependency-scan-serialize-diagnostics-path /Users/admin/builder/spi-builder-workspace/.derivedData/Build/Intermediates.noindex/Ra9rKit.build/Debug/Ra9rCore-t.build/Objects-normal/arm64/Ra9rCore-dependency-scan.dia -validate-clang-modules-once -clang-build-session-file /Users/admin/builder/spi-builder-workspace/.derivedData/ModuleCache.noindex/Session.modulevalidation -Xcc -fmodules-prune-interval\=86400 -Xcc -fmodules-prune-after\=345600 -package-name spi_builder_workspace -emit-const-values -const-gather-protocols-list /Users/admin/builder/spi-builder-workspace/.derivedData/Build/Intermediates.noindex/Ra9rKit.build/Debug/Ra9rCore-t.build/Objects-normal/arm64/Ra9rCore_const_extract_protocols.json -Xcc -I/Users/admin/builder/spi-builder-workspace/.derivedData/Build/Products/Debug/include -Xcc -I/Users/admin/builder/spi-builder-workspace/.derivedData/Build/Intermediates.noindex/Ra9rKit.build/Debug/Ra9rCore-t.build/DerivedSources-normal/arm64 -Xcc -I/Users/admin/builder/spi-builder-workspace/.derivedData/Build/Intermediates.noindex/Ra9rKit.build/Debug/Ra9rCore-t.build/DerivedSources/arm64 -Xcc -I/Users/admin/builder/spi-builder-workspace/.derivedData/Build/Intermediates.noindex/Ra9rKit.build/Debug/Ra9rCore-t.build/DerivedSources -Xcc -DSWIFT_PACKAGE -Xcc -DDEBUG\=1 -emit-objc-header -emit-objc-header-path /Users/admin/builder/spi-builder-workspace/.derivedData/Build/Intermediates.noindex/Ra9rKit.build/Debug/Ra9rCore-t.build/Objects-normal/arm64/Ra9rCore-Swift.h -working-directory /Users/admin/builder/spi-builder-workspace/.swiftpm/xcode -experimental-emit-module-separately -disable-cmo
SwiftDriver Ra9rPDF normal arm64 com.apple.xcode.tools.swift.compiler (in target 'Ra9rPDF' from project 'Ra9rKit')
cd /Users/admin/builder/spi-builder-workspace/.swiftpm/xcode
builtin-SwiftDriver -- /Applications/Xcode-27.0.0-Release.Candidate.app/Contents/Developer/Toolchains/XcodeDefault.xctoolchain/usr/bin/swiftc -parse-as-library -module-name Ra9rPDF -Onone @/Users/admin/builder/spi-builder-workspace/.derivedData/Build/Intermediates.noindex/Ra9rKit.build/Debug/Ra9rPDF-t.build/Objects-normal/arm64/Ra9rPDF.SwiftFileList -DSWIFT_PACKAGE -DDEBUG -DSWIFT_MODULE_RESOURCE_BUNDLE_UNAVAILABLE -DXcode -plugin-path /Applications/Xcode-27.0.0-Release.Candidate.app/Contents/Developer/Toolchains/XcodeDefault.xctoolchain/usr/lib/swift/host/plugins/testing -enable-experimental-feature DebugDescriptionMacro -sdk /Applications/Xcode-27.0.0-Release.Candidate.app/Contents/Developer/Platforms/MacOSX.platform/Developer/SDKs/MacOSX27.0.sdk -target arm64-apple-macos12.0 -g -module-cache-path /Users/admin/builder/spi-builder-workspace/.derivedData/ModuleCache.noindex -Xfrontend -serialize-debugging-options -profile-coverage-mapping -profile-generate -enable-testing -index-store-path /Users/admin/builder/spi-builder-workspace/.derivedData/Index.noindex/DataStore -Xcc -D_LIBCPP_HARDENING_MODE\=_LIBCPP_HARDENING_MODE_DEBUG -swift-version 5 -I /Users/admin/builder/spi-builder-workspace/.derivedData/Build/Products/Debug -Isystem /Applications/Xcode-27.0.0-Release.Candidate.app/Contents/Developer/Platforms/MacOSX.platform/Developer/usr/lib -F /Users/admin/builder/spi-builder-workspace/.derivedData/Build/Products/Debug -F /Applications/Xcode-27.0.0-Release.Candidate.app/Contents/Developer/Platforms/MacOSX.platform/Developer/Library/Frameworks -c -j10 -enable-batch-mode -incremental -Xcc -ivfsstatcache -Xcc /Users/admin/builder/spi-builder-workspace/.derivedData/SDKStatCaches.noindex/macosx27.0-26A425-e829b21a6f8c9b70876ba0858053c0446a22442a12e9d48fe1a705f55a1adfc4.sdkstatcache -output-file-map /Users/admin/builder/spi-builder-workspace/.derivedData/Build/Intermediates.noindex/Ra9rKit.build/Debug/Ra9rPDF-t.build/Objects-normal/arm64/Ra9rPDF-OutputFileMap.json -save-temps -no-color-diagnostics -explicit-module-build -module-cache-path /Users/admin/builder/spi-builder-workspace/.derivedData/Build/Intermediates.noindex/SwiftExplicitPrecompiledModules -clang-scanner-module-cache-path /Users/admin/builder/spi-builder-workspace/.derivedData/ModuleCache.noindex -sdk-module-cache-path /Users/admin/builder/spi-builder-workspace/.derivedData/SDKExplicitPrecompiledModules -emit-dependencies -emit-module -emit-module-path /Users/admin/builder/spi-builder-workspace/.derivedData/Build/Intermediates.noindex/Ra9rKit.build/Debug/Ra9rPDF-t.build/Objects-normal/arm64/Ra9rPDF.swiftmodule -serialize-diagnostics -dependency-scan-serialize-diagnostics-path /Users/admin/builder/spi-builder-workspace/.derivedData/Build/Intermediates.noindex/Ra9rKit.build/Debug/Ra9rPDF-t.build/Objects-normal/arm64/Ra9rPDF-dependency-scan.dia -validate-clang-modules-once -clang-build-session-file /Users/admin/builder/spi-builder-workspace/.derivedData/ModuleCache.noindex/Session.modulevalidation -Xcc -fmodules-prune-interval\=86400 -Xcc -fmodules-prune-after\=345600 -package-name spi_builder_workspace -emit-const-values -const-gather-protocols-list /Users/admin/builder/spi-builder-workspace/.derivedData/Build/Intermediates.noindex/Ra9rKit.build/Debug/Ra9rPDF-t.build/Objects-normal/arm64/Ra9rPDF_const_extract_protocols.json -Xcc -I/Users/admin/builder/spi-builder-workspace/.derivedData/Build/Products/Debug/include -Xcc -I/Users/admin/builder/spi-builder-workspace/.derivedData/Build/Intermediates.noindex/Ra9rKit.build/Debug/Ra9rPDF-t.build/DerivedSources-normal/arm64 -Xcc -I/Users/admin/builder/spi-builder-workspace/.derivedData/Build/Intermediates.noindex/Ra9rKit.build/Debug/Ra9rPDF-t.build/DerivedSources/arm64 -Xcc -I/Users/admin/builder/spi-builder-workspace/.derivedData/Build/Intermediates.noindex/Ra9rKit.build/Debug/Ra9rPDF-t.build/DerivedSources -Xcc -DSWIFT_PACKAGE -Xcc -DDEBUG\=1 -emit-objc-header -emit-objc-header-path /Users/admin/builder/spi-builder-workspace/.derivedData/Build/Intermediates.noindex/Ra9rKit.build/Debug/Ra9rPDF-t.build/Objects-normal/arm64/Ra9rPDF-Swift.h -working-directory /Users/admin/builder/spi-builder-workspace/.swiftpm/xcode -experimental-emit-module-separately -disable-cmo
SwiftDriver Ra9rCrypto normal arm64 com.apple.xcode.tools.swift.compiler (in target 'Ra9rCrypto' from project 'Ra9rKit')
cd /Users/admin/builder/spi-builder-workspace/.swiftpm/xcode
builtin-SwiftDriver -- /Applications/Xcode-27.0.0-Release.Candidate.app/Contents/Developer/Toolchains/XcodeDefault.xctoolchain/usr/bin/swiftc -parse-as-library -module-name Ra9rCrypto -Onone @/Users/admin/builder/spi-builder-workspace/.derivedData/Build/Intermediates.noindex/Ra9rKit.build/Debug/Ra9rCrypto-t.build/Objects-normal/arm64/Ra9rCrypto.SwiftFileList -DSWIFT_PACKAGE -DDEBUG -DSWIFT_MODULE_RESOURCE_BUNDLE_UNAVAILABLE -DXcode -plugin-path /Applications/Xcode-27.0.0-Release.Candidate.app/Contents/Developer/Toolchains/XcodeDefault.xctoolchain/usr/lib/swift/host/plugins/testing -enable-experimental-feature DebugDescriptionMacro -sdk /Applications/Xcode-27.0.0-Release.Candidate.app/Contents/Developer/Platforms/MacOSX.platform/Developer/SDKs/MacOSX27.0.sdk -target arm64-apple-macos12.0 -g -module-cache-path /Users/admin/builder/spi-builder-workspace/.derivedData/ModuleCache.noindex -Xfrontend -serialize-debugging-options -profile-coverage-mapping -profile-generate -enable-testing -index-store-path /Users/admin/builder/spi-builder-workspace/.derivedData/Index.noindex/DataStore -Xcc -D_LIBCPP_HARDENING_MODE\=_LIBCPP_HARDENING_MODE_DEBUG -swift-version 5 -I /Users/admin/builder/spi-builder-workspace/.derivedData/Build/Products/Debug -Isystem /Applications/Xcode-27.0.0-Release.Candidate.app/Contents/Developer/Platforms/MacOSX.platform/Developer/usr/lib -F /Users/admin/builder/spi-builder-workspace/.derivedData/Build/Products/Debug -F /Applications/Xcode-27.0.0-Release.Candidate.app/Contents/Developer/Platforms/MacOSX.platform/Developer/Library/Frameworks -c -j10 -enable-batch-mode -incremental -Xcc -ivfsstatcache -Xcc /Users/admin/builder/spi-builder-workspace/.derivedData/SDKStatCaches.noindex/macosx27.0-26A425-e829b21a6f8c9b70876ba0858053c0446a22442a12e9d48fe1a705f55a1adfc4.sdkstatcache -output-file-map /Users/admin/builder/spi-builder-workspace/.derivedData/Build/Intermediates.noindex/Ra9rKit.build/Debug/Ra9rCrypto-t.build/Objects-normal/arm64/Ra9rCrypto-OutputFileMap.json -save-temps -no-color-diagnostics -explicit-module-build -module-cache-path /Users/admin/builder/spi-builder-workspace/.derivedData/Build/Intermediates.noindex/SwiftExplicitPrecompiledModules -clang-scanner-module-cache-path /Users/admin/builder/spi-builder-workspace/.derivedData/ModuleCache.noindex -sdk-module-cache-path /Users/admin/builder/spi-builder-workspace/.derivedData/SDKExplicitPrecompiledModules -emit-dependencies -emit-module -emit-module-path /Users/admin/builder/spi-builder-workspace/.derivedData/Build/Intermediates.noindex/Ra9rKit.build/Debug/Ra9rCrypto-t.build/Objects-normal/arm64/Ra9rCrypto.swiftmodule -serialize-diagnostics -dependency-scan-serialize-diagnostics-path /Users/admin/builder/spi-builder-workspace/.derivedData/Build/Intermediates.noindex/Ra9rKit.build/Debug/Ra9rCrypto-t.build/Objects-normal/arm64/Ra9rCrypto-dependency-scan.dia -validate-clang-modules-once -clang-build-session-file /Users/admin/builder/spi-builder-workspace/.derivedData/ModuleCache.noindex/Session.modulevalidation -Xcc -fmodules-prune-interval\=86400 -Xcc -fmodules-prune-after\=345600 -package-name spi_builder_workspace -emit-const-values -const-gather-protocols-list /Users/admin/builder/spi-builder-workspace/.derivedData/Build/Intermediates.noindex/Ra9rKit.build/Debug/Ra9rCrypto-t.build/Objects-normal/arm64/Ra9rCrypto_const_extract_protocols.json -Xcc -I/Users/admin/builder/spi-builder-workspace/.derivedData/Build/Products/Debug/include -Xcc -I/Users/admin/builder/spi-builder-workspace/.derivedData/Build/Intermediates.noindex/Ra9rKit.build/Debug/Ra9rCrypto-t.build/DerivedSources-normal/arm64 -Xcc -I/Users/admin/builder/spi-builder-workspace/.derivedData/Build/Intermediates.noindex/Ra9rKit.build/Debug/Ra9rCrypto-t.build/DerivedSources/arm64 -Xcc -I/Users/admin/builder/spi-builder-workspace/.derivedData/Build/Intermediates.noindex/Ra9rKit.build/Debug/Ra9rCrypto-t.build/DerivedSources -Xcc -DSWIFT_PACKAGE -Xcc -DDEBUG\=1 -emit-objc-header -emit-objc-header-path /Users/admin/builder/spi-builder-workspace/.derivedData/Build/Intermediates.noindex/Ra9rKit.build/Debug/Ra9rCrypto-t.build/Objects-normal/arm64/Ra9rCrypto-Swift.h -working-directory /Users/admin/builder/spi-builder-workspace/.swiftpm/xcode -experimental-emit-module-separately -disable-cmo
SwiftDriver Ra9rNotification normal arm64 com.apple.xcode.tools.swift.compiler (in target 'Ra9rNotification' from project 'Ra9rKit')
cd /Users/admin/builder/spi-builder-workspace/.swiftpm/xcode
builtin-SwiftDriver -- /Applications/Xcode-27.0.0-Release.Candidate.app/Contents/Developer/Toolchains/XcodeDefault.xctoolchain/usr/bin/swiftc -parse-as-library -module-name Ra9rNotification -Onone @/Users/admin/builder/spi-builder-workspace/.derivedData/Build/Intermediates.noindex/Ra9rKit.build/Debug/Ra9rNotification-t.build/Objects-normal/arm64/Ra9rNotification.SwiftFileList -DSWIFT_PACKAGE -DDEBUG -DSWIFT_MODULE_RESOURCE_BUNDLE_UNAVAILABLE -DXcode -plugin-path /Applications/Xcode-27.0.0-Release.Candidate.app/Contents/Developer/Toolchains/XcodeDefault.xctoolchain/usr/lib/swift/host/plugins/testing -enable-experimental-feature DebugDescriptionMacro -sdk /Applications/Xcode-27.0.0-Release.Candidate.app/Contents/Developer/Platforms/MacOSX.platform/Developer/SDKs/MacOSX27.0.sdk -target arm64-apple-macos12.0 -g -module-cache-path /Users/admin/builder/spi-builder-workspace/.derivedData/ModuleCache.noindex -Xfrontend -serialize-debugging-options -profile-coverage-mapping -profile-generate -enable-testing -index-store-path /Users/admin/builder/spi-builder-workspace/.derivedData/Index.noindex/DataStore -Xcc -D_LIBCPP_HARDENING_MODE\=_LIBCPP_HARDENING_MODE_DEBUG -swift-version 5 -I /Users/admin/builder/spi-builder-workspace/.derivedData/Build/Products/Debug -Isystem /Applications/Xcode-27.0.0-Release.Candidate.app/Contents/Developer/Platforms/MacOSX.platform/Developer/usr/lib -F /Users/admin/builder/spi-builder-workspace/.derivedData/Build/Products/Debug -F /Applications/Xcode-27.0.0-Release.Candidate.app/Contents/Developer/Platforms/MacOSX.platform/Developer/Library/Frameworks -c -j10 -enable-batch-mode -incremental -Xcc -ivfsstatcache -Xcc /Users/admin/builder/spi-builder-workspace/.derivedData/SDKStatCaches.noindex/macosx27.0-26A425-e829b21a6f8c9b70876ba0858053c0446a22442a12e9d48fe1a705f55a1adfc4.sdkstatcache -output-file-map /Users/admin/builder/spi-builder-workspace/.derivedData/Build/Intermediates.noindex/Ra9rKit.build/Debug/Ra9rNotification-t.build/Objects-normal/arm64/Ra9rNotification-OutputFileMap.json -save-temps -no-color-diagnostics -explicit-module-build -module-cache-path /Users/admin/builder/spi-builder-workspace/.derivedData/Build/Intermediates.noindex/SwiftExplicitPrecompiledModules -clang-scanner-module-cache-path /Users/admin/builder/spi-builder-workspace/.derivedData/ModuleCache.noindex -sdk-module-cache-path /Users/admin/builder/spi-builder-workspace/.derivedData/SDKExplicitPrecompiledModules -emit-dependencies -emit-module -emit-module-path /Users/admin/builder/spi-builder-workspace/.derivedData/Build/Intermediates.noindex/Ra9rKit.build/Debug/Ra9rNotification-t.build/Objects-normal/arm64/Ra9rNotification.swiftmodule -serialize-diagnostics -dependency-scan-serialize-diagnostics-path /Users/admin/builder/spi-builder-workspace/.derivedData/Build/Intermediates.noindex/Ra9rKit.build/Debug/Ra9rNotification-t.build/Objects-normal/arm64/Ra9rNotification-dependency-scan.dia -validate-clang-modules-once -clang-build-session-file /Users/admin/builder/spi-builder-workspace/.derivedData/ModuleCache.noindex/Session.modulevalidation -Xcc -fmodules-prune-interval\=86400 -Xcc -fmodules-prune-after\=345600 -package-name spi_builder_workspace -emit-const-values -const-gather-protocols-list /Users/admin/builder/spi-builder-workspace/.derivedData/Build/Intermediates.noindex/Ra9rKit.build/Debug/Ra9rNotification-t.build/Objects-normal/arm64/Ra9rNotification_const_extract_protocols.json -Xcc -I/Users/admin/builder/spi-builder-workspace/.derivedData/Build/Products/Debug/include -Xcc -I/Users/admin/builder/spi-builder-workspace/.derivedData/Build/Intermediates.noindex/Ra9rKit.build/Debug/Ra9rNotification-t.build/DerivedSources-normal/arm64 -Xcc -I/Users/admin/builder/spi-builder-workspace/.derivedData/Build/Intermediates.noindex/Ra9rKit.build/Debug/Ra9rNotification-t.build/DerivedSources/arm64 -Xcc -I/Users/admin/builder/spi-builder-workspace/.derivedData/Build/Intermediates.noindex/Ra9rKit.build/Debug/Ra9rNotification-t.build/DerivedSources -Xcc -DSWIFT_PACKAGE -Xcc -DDEBUG\=1 -emit-objc-header -emit-objc-header-path /Users/admin/builder/spi-builder-workspace/.derivedData/Build/Intermediates.noindex/Ra9rKit.build/Debug/Ra9rNotification-t.build/Objects-normal/arm64/Ra9rNotification-Swift.h -working-directory /Users/admin/builder/spi-builder-workspace/.swiftpm/xcode -experimental-emit-module-separately -disable-cmo
SwiftExplicitDependencyGeneratePcm arm64 /Users/admin/builder/spi-builder-workspace/.derivedData/SDKExplicitPrecompiledModules/_AvailabilityInternal-CJTV5E7EL3MWRA437DUFPBVN2.pcm
SwiftExplicitDependencyGeneratePcm arm64 /Users/admin/builder/spi-builder-workspace/.derivedData/SDKExplicitPrecompiledModules/DeveloperToolsSupport-13SNQ6N57G3DOS3KQA7V91OE7.pcm
SwiftExplicitDependencyGeneratePcm arm64 /Users/admin/builder/spi-builder-workspace/.derivedData/SDKExplicitPrecompiledModules/ptrauth-2W92ZJRLNJU99RJUQGGJG3OC3.pcm
SwiftExplicitDependencyGeneratePcm arm64 /Users/admin/builder/spi-builder-workspace/.derivedData/SDKExplicitPrecompiledModules/_SwiftConcurrencyShims-BLUUWKI6AGMD7TJ4RGYS7DP6T.pcm
SwiftExplicitDependencyGeneratePcm arm64 /Users/admin/builder/spi-builder-workspace/.derivedData/SDKExplicitPrecompiledModules/ptrcheck-DHLCBWKPNUZOYTPJ1J3QVTCXK.pcm
SwiftExplicitDependencyGeneratePcm arm64 /Users/admin/builder/spi-builder-workspace/.derivedData/SDKExplicitPrecompiledModules/SwiftShims-C4V0DQ62WSTCYBYGILXXGQNO3.pcm
SwiftExplicitDependencyGeneratePcm arm64 /Users/admin/builder/spi-builder-workspace/.derivedData/SDKExplicitPrecompiledModules/_Builtin_stdbool-KYV2HKP8IKLKMKQS9DGA2GUQ.pcm
SwiftExplicitDependencyGeneratePcm arm64 /Users/admin/builder/spi-builder-workspace/.derivedData/SDKExplicitPrecompiledModules/_Builtin_float-105CRCDRP90FQCQO5ZX1LHV7H.pcm
SwiftExplicitDependencyGeneratePcm arm64 /Users/admin/builder/spi-builder-workspace/.derivedData/SDKExplicitPrecompiledModules/_Builtin_stdarg-7CFWA9OSW5N24E7PG4ZOCF1VH.pcm
SwiftExplicitDependencyGeneratePcm arm64 /Users/admin/builder/spi-builder-workspace/.derivedData/SDKExplicitPrecompiledModules/_Builtin_stddef-3GI9GOKXSW3QCTFOI1USFLDZO.pcm
SwiftExplicitDependencyGeneratePcm arm64 /Users/admin/builder/spi-builder-workspace/.derivedData/SDKExplicitPrecompiledModules/_DarwinFoundation1-7PRJIG163YE9KSKYA3BS35ZZP.pcm
SwiftExplicitDependencyGeneratePcm arm64 /Users/admin/builder/spi-builder-workspace/.derivedData/SDKExplicitPrecompiledModules/_Builtin_limits-AXGUGXBFPC0I7QDLJFB0K341Y.pcm
SwiftExplicitDependencyGeneratePcm arm64 /Users/admin/builder/spi-builder-workspace/.derivedData/SDKExplicitPrecompiledModules/_DarwinFoundation2-94WUUGE4H5R03OWXE0QFZX1DN.pcm
SwiftExplicitDependencyGeneratePcm arm64 /Users/admin/builder/spi-builder-workspace/.derivedData/SDKExplicitPrecompiledModules/_Builtin_tgmath-52XE6HC8DWOG6S7B5QAI046D1.pcm
SwiftExplicitDependencyGeneratePcm arm64 /Users/admin/builder/spi-builder-workspace/.derivedData/SDKExplicitPrecompiledModules/_Builtin_stdint-22CBBOK8BNSF0UELDCAXSHGB.pcm
SwiftExplicitDependencyGeneratePcm arm64 /Users/admin/builder/spi-builder-workspace/.derivedData/SDKExplicitPrecompiledModules/sys_types-F4RNCN6UR5R5OWTLTOUM7TN3E.pcm
SwiftExplicitDependencyGeneratePcm arm64 /Users/admin/builder/spi-builder-workspace/.derivedData/SDKExplicitPrecompiledModules/string_h-10WPXBF3YFYMX5HUAW06LSABR.pcm
SwiftExplicitDependencyGeneratePcm arm64 /Users/admin/builder/spi-builder-workspace/.derivedData/SDKExplicitPrecompiledModules/_Builtin_intrinsics-4O6R03GTH5FLWSHEUBP0Z3GZ2.pcm
SwiftExplicitDependencyGeneratePcm arm64 /Users/admin/builder/spi-builder-workspace/.derivedData/SDKExplicitPrecompiledModules/_Builtin_stdatomic-8LN7S35C6I48KJOCW7VPXX04X.pcm
SwiftExplicitDependencyGeneratePcm arm64 /Users/admin/builder/spi-builder-workspace/.derivedData/SDKExplicitPrecompiledModules/libDER-5RCYOD0PCUUY2UGMBNE9LI8N9.pcm
SwiftExplicitDependencyGeneratePcm arm64 /Users/admin/builder/spi-builder-workspace/.derivedData/SDKExplicitPrecompiledModules/_DarwinFoundation3-32PO5Q4RCB6WXH5VFO3HA3AVS.pcm
SwiftExplicitDependencyGeneratePcm arm64 /Users/admin/builder/spi-builder-workspace/.derivedData/SDKExplicitPrecompiledModules/_Builtin_inttypes-1U6AP9A8AJ4G9WD98E9RHLGTJ.pcm
SwiftExplicitDependencyGeneratePcm arm64 /Users/admin/builder/spi-builder-workspace/.derivedData/SDKExplicitPrecompiledModules/Darwin-1RAAWNGKQM8YGHV0YJNNN5YDY.pcm
SwiftExplicitDependencyGeneratePcm arm64 /Users/admin/builder/spi-builder-workspace/.derivedData/SDKExplicitPrecompiledModules/simd-A9TKR8OE9APRJ1RNS7F0OBY4Q.pcm
SwiftExplicitDependencyGeneratePcm arm64 /Users/admin/builder/spi-builder-workspace/.derivedData/SDKExplicitPrecompiledModules/CUPS-45MNISAOHSEBD6VQA5G0MXN9H.pcm
SwiftExplicitDependencyGeneratePcm arm64 /Users/admin/builder/spi-builder-workspace/.derivedData/SDKExplicitPrecompiledModules/launch-2XAORMJNLLVS0OVKC1M0752GY.pcm
SwiftExplicitDependencyGeneratePcm arm64 /Users/admin/builder/spi-builder-workspace/.derivedData/SDKExplicitPrecompiledModules/libkern-22MDXN9G35RPO3OLKX9B2PN16.pcm
SwiftExplicitDependencyGeneratePcm arm64 /Users/admin/builder/spi-builder-workspace/.derivedData/SDKExplicitPrecompiledModules/MachO-AWTJ65TFR7TMST2NUE6ZCC1SL.pcm
SwiftExplicitDependencyGeneratePcm arm64 /Users/admin/builder/spi-builder-workspace/.derivedData/SDKExplicitPrecompiledModules/ObjectiveC-B89IQP2TC4CFSWOUMTUZRI1VZ.pcm
SwiftExplicitDependencyGeneratePcm arm64 /Users/admin/builder/spi-builder-workspace/.derivedData/SDKExplicitPrecompiledModules/Spatial-2JNOU2HNJ0Q174XCFCD0GCOUQ.pcm
SwiftExplicitDependencyGeneratePcm arm64 /Users/admin/builder/spi-builder-workspace/.derivedData/SDKExplicitPrecompiledModules/os_object-3KLCCI03OX6OQTLJ92KQH2KIO.pcm
SwiftExplicitDependencyGeneratePcm arm64 /Users/admin/builder/spi-builder-workspace/.derivedData/SDKExplicitPrecompiledModules/os_workgroup-10SJ5M8R2OB4BG1TPFL9SZMKV.pcm
SwiftExplicitDependencyGeneratePcm arm64 /Users/admin/builder/spi-builder-workspace/.derivedData/SDKExplicitPrecompiledModules/Dispatch-NAMWF9KN29KC7Z5OS3TTTAE8.pcm
SwiftExplicitDependencyGeneratePcm arm64 /Users/admin/builder/spi-builder-workspace/.derivedData/SDKExplicitPrecompiledModules/CoreFoundation-4ZIITQ30SOGUQE8KJAB99ZV0Q.pcm
SwiftExplicitDependencyGeneratePcm arm64 /Users/admin/builder/spi-builder-workspace/.derivedData/SDKExplicitPrecompiledModules/XPC-E1MSAZG4ZNL24S2WK6K6Y7GWW.pcm
SwiftExplicitDependencyGeneratePcm arm64 /Users/admin/builder/spi-builder-workspace/.derivedData/SDKExplicitPrecompiledModules/os-BYOEVK2GEMB4Q8WWHGZGREA00.pcm
SwiftExplicitDependencyGeneratePcm arm64 /Users/admin/builder/spi-builder-workspace/.derivedData/SDKExplicitPrecompiledModules/CoreAudioTypes-EEH2XZ47XX4YM3FOOISUYVRQE.pcm
SwiftExplicitDependencyGeneratePcm arm64 /Users/admin/builder/spi-builder-workspace/.derivedData/SDKExplicitPrecompiledModules/ColorSync-BBCIZDDQ6O3QECFAWJQ6RU4ZJ.pcm
SwiftExplicitDependencyGeneratePcm arm64 /Users/admin/builder/spi-builder-workspace/.derivedData/SDKExplicitPrecompiledModules/IOKit-6H3X691EDBH124EYTC2PEOP5T.pcm
SwiftExplicitDependencyGeneratePcm arm64 /Users/admin/builder/spi-builder-workspace/.derivedData/SDKExplicitPrecompiledModules/CFNetwork-CVHS5CT20191MFYXQIEDWSRGJ.pcm
SwiftExplicitDependencyGeneratePcm arm64 /Users/admin/builder/spi-builder-workspace/.derivedData/SDKExplicitPrecompiledModules/Security-ESPJ7FP0YAY1EL3VXBGY9MCZ8.pcm
SwiftExplicitDependencyGeneratePcm arm64 /Users/admin/builder/spi-builder-workspace/.derivedData/SDKExplicitPrecompiledModules/DiskArbitration-ZNZZU7T0SYELB0DAR56WQF0R.pcm
SwiftExplicitDependencyGeneratePcm arm64 /Users/admin/builder/spi-builder-workspace/.derivedData/SDKExplicitPrecompiledModules/CoreGraphics-5TRMNDB7ZP6FFMRNSZCWEOZMD.pcm
SwiftExplicitDependencyGeneratePcm arm64 /Users/admin/builder/spi-builder-workspace/.derivedData/SDKExplicitPrecompiledModules/CoreServices-CGCGY0FOMEQGSNMO3HQSC09XU.pcm
SwiftExplicitDependencyGeneratePcm arm64 /Users/admin/builder/spi-builder-workspace/.derivedData/SDKExplicitPrecompiledModules/ImageIO-88YNP2EU498GB5YXIFJ9ANNYW.pcm
SwiftExplicitDependencyGeneratePcm arm64 /Users/admin/builder/spi-builder-workspace/.derivedData/SDKExplicitPrecompiledModules/CoreText-C1WSF2HWGIKVJ2XHWBKXQBSEY.pcm
SwiftExplicitDependencyGeneratePcm arm64 /Users/admin/builder/spi-builder-workspace/.derivedData/SDKExplicitPrecompiledModules/Foundation-44WR0NU86C67CV5BW8W1MGKNG.pcm
SwiftExplicitDependencyGeneratePcm arm64 /Users/admin/builder/spi-builder-workspace/.derivedData/SDKExplicitPrecompiledModules/LocalAuthentication-8T1JVW9JOJ0KH24ATQIF5OCZU.pcm
SwiftExplicitDependencyGeneratePcm arm64 /Users/admin/builder/spi-builder-workspace/.derivedData/SDKExplicitPrecompiledModules/IOSurface-1TUG4NQVIPJF59WSUNATZ447F.pcm
SwiftExplicitDependencyGeneratePcm arm64 /Users/admin/builder/spi-builder-workspace/.derivedData/SDKExplicitPrecompiledModules/ApplicationServices-ALXSS633FQY42UMJSLR6MNLSK.pcm
SwiftExplicitDependencyGeneratePcm arm64 /Users/admin/builder/spi-builder-workspace/.derivedData/SDKExplicitPrecompiledModules/UserNotifications-8MAUY5HI3PFEU9R86PQL4OKBM.pcm
SwiftExplicitDependencyGeneratePcm arm64 /Users/admin/builder/spi-builder-workspace/.derivedData/SDKExplicitPrecompiledModules/CoreTransferable-2HJ1Z8HJBPECRD89AVJ0X7S63.pcm
SwiftExplicitDependencyGeneratePcm arm64 /Users/admin/builder/spi-builder-workspace/.derivedData/SDKExplicitPrecompiledModules/OSLog-1GSRGGGEESVJH9OULZA91RAA3.pcm
SwiftExplicitDependencyGeneratePcm arm64 /Users/admin/builder/spi-builder-workspace/.derivedData/SDKExplicitPrecompiledModules/CoreAudio-8XPVZMQXZVBU162UQPW77JTL1.pcm
SwiftExplicitDependencyGeneratePcm arm64 /Users/admin/builder/spi-builder-workspace/.derivedData/SDKExplicitPrecompiledModules/CoreData-4EPJ39F9L3QQ9486B5AMG5G6J.pcm
SwiftExplicitDependencyGeneratePcm arm64 /Users/admin/builder/spi-builder-workspace/.derivedData/SDKExplicitPrecompiledModules/DataDetection-5GDUUWT6YIA10PE5D9A8SXWZ9.pcm
SwiftExplicitDependencyGeneratePcm arm64 /Users/admin/builder/spi-builder-workspace/.derivedData/SDKExplicitPrecompiledModules/Symbols-2NFSQR6R0R96WH1KKGBXW1J.pcm
SwiftExplicitDependencyGeneratePcm arm64 /Users/admin/builder/spi-builder-workspace/.derivedData/SDKExplicitPrecompiledModules/UniformTypeIdentifiers-5LG8RE3Q01MBLZVRR3FFHHL5H.pcm
SwiftExplicitDependencyGeneratePcm arm64 /Users/admin/builder/spi-builder-workspace/.derivedData/SDKExplicitPrecompiledModules/Accessibility-6F38G4T85MOHD9AA2EH4U2PJS.pcm
SwiftExplicitDependencyGeneratePcm arm64 /Users/admin/builder/spi-builder-workspace/.derivedData/SDKExplicitPrecompiledModules/OpenGL-FXV81CD8YS42YTVJKJH1VLGA.pcm
SwiftExplicitDependencyGeneratePcm arm64 /Users/admin/builder/spi-builder-workspace/.derivedData/SDKExplicitPrecompiledModules/Metal-KM8CI04R5X5OUWMGRMNZE4KP.pcm
SwiftExplicitDependencyGeneratePcm arm64 /Users/admin/builder/spi-builder-workspace/.derivedData/SDKExplicitPrecompiledModules/CoreVideo-11TKSDKW0L2K02H4B9ZHWLM3B.pcm
SwiftExplicitDependencyGeneratePcm arm64 /Users/admin/builder/spi-builder-workspace/.derivedData/SDKExplicitPrecompiledModules/CoreImage-AKYY8VSFWQ6KIIXG3EQJ7PW5T.pcm
SwiftExplicitDependencyGeneratePcm arm64 /Users/admin/builder/spi-builder-workspace/.derivedData/SDKExplicitPrecompiledModules/CoreMedia-699WGYGEEF2LGFEEGSCM9Y1UF.pcm
SwiftExplicitDependencyGeneratePcm arm64 /Users/admin/builder/spi-builder-workspace/.derivedData/SDKExplicitPrecompiledModules/QuartzCore-AP21NXF3BYPWOG416U3DI6QME.pcm
SwiftExplicitDependencyGeneratePcm arm64 /Users/admin/builder/spi-builder-workspace/.derivedData/SDKExplicitPrecompiledModules/SwiftUICore-ESLJM4CVIQEQNCRTK6KPAF1I7.pcm
SwiftExplicitDependencyGeneratePcm arm64 /Users/admin/builder/spi-builder-workspace/.derivedData/SDKExplicitPrecompiledModules/AppKit-C2WRQ26QXORUMMNQB0M8H4QYD.pcm
SwiftExplicitDependencyGeneratePcm arm64 /Users/admin/builder/spi-builder-workspace/.derivedData/SDKExplicitPrecompiledModules/Cocoa-C4EM04F55Q09X00LN45U96140.pcm
SwiftExplicitDependencyGeneratePcm arm64 /Users/admin/builder/spi-builder-workspace/.derivedData/SDKExplicitPrecompiledModules/SwiftUI-5IEOINZEJ69OCDVRMHPS5W4XI.pcm
SwiftExplicitDependencyGeneratePcm arm64 /Users/admin/builder/spi-builder-workspace/.derivedData/SDKExplicitPrecompiledModules/PDFKit-AWSEOF2QGVITRGFIK1WYUB7T5.pcm
SwiftCompile normal arm64 Compiling\ Cryptable.swift /Users/admin/builder/spi-builder-workspace/Sources/Ra9rCrypto/Protocols/Cryptable.swift (in target 'Ra9rCrypto' from project 'Ra9rKit')
SwiftCompile normal arm64 /Users/admin/builder/spi-builder-workspace/Sources/Ra9rCrypto/Protocols/Cryptable.swift (in target 'Ra9rCrypto' from project 'Ra9rKit')
cd /Users/admin/builder/spi-builder-workspace/.swiftpm/xcode
builtin-SwiftPerFileCompile Cryptable.swift
SwiftEmitModule normal arm64 Emitting\ module\ for\ Ra9rCrypto (in target 'Ra9rCrypto' from project 'Ra9rKit')
SwiftCompile normal arm64 (in target 'Ra9rCrypto' from project 'Ra9rKit')
cd /Users/admin/builder/spi-builder-workspace/.swiftpm/xcode
SwiftCompile normal arm64 Compiling\ KeychainManager.swift /Users/admin/builder/spi-builder-workspace/Sources/Ra9rCrypto/Keychain/KeychainManager.swift (in target 'Ra9rCrypto' from project 'Ra9rKit')
SwiftCompile normal arm64 /Users/admin/builder/spi-builder-workspace/Sources/Ra9rCrypto/Keychain/KeychainManager.swift (in target 'Ra9rCrypto' from project 'Ra9rKit')
cd /Users/admin/builder/spi-builder-workspace/.swiftpm/xcode
builtin-SwiftPerFileCompile KeychainManager.swift
SwiftCompile normal arm64 Compiling\ Float+Encryptable.swift,\ Int+Encryptable.swift /Users/admin/builder/spi-builder-workspace/Sources/Ra9rCrypto/Extensions/Float+Encryptable.swift /Users/admin/builder/spi-builder-workspace/Sources/Ra9rCrypto/Extensions/Int+Encryptable.swift (in target 'Ra9rCrypto' from project 'Ra9rKit')
SwiftCompile normal arm64 /Users/admin/builder/spi-builder-workspace/Sources/Ra9rCrypto/Extensions/Float+Encryptable.swift (in target 'Ra9rCrypto' from project 'Ra9rKit')
cd /Users/admin/builder/spi-builder-workspace/.swiftpm/xcode
builtin-SwiftPerFileCompile Float+Encryptable.swift
SwiftCompile normal arm64 /Users/admin/builder/spi-builder-workspace/Sources/Ra9rCrypto/Extensions/Int+Encryptable.swift (in target 'Ra9rCrypto' from project 'Ra9rKit')
cd /Users/admin/builder/spi-builder-workspace/.swiftpm/xcode
builtin-SwiftPerFileCompile Int+Encryptable.swift
SwiftCompile normal arm64 Compiling\ SecureProperty.swift /Users/admin/builder/spi-builder-workspace/Sources/Ra9rCrypto/PropertyWrappers/SecureProperty.swift (in target 'Ra9rCrypto' from project 'Ra9rKit')
SwiftCompile normal arm64 /Users/admin/builder/spi-builder-workspace/Sources/Ra9rCrypto/PropertyWrappers/SecureProperty.swift (in target 'Ra9rCrypto' from project 'Ra9rKit')
cd /Users/admin/builder/spi-builder-workspace/.swiftpm/xcode
builtin-SwiftPerFileCompile SecureProperty.swift
SwiftCompile normal arm64 Compiling\ String+Encryptable.swift,\ UInt+Encryptable.swift /Users/admin/builder/spi-builder-workspace/Sources/Ra9rCrypto/Extensions/String+Encryptable.swift /Users/admin/builder/spi-builder-workspace/Sources/Ra9rCrypto/Extensions/UInt+Encryptable.swift (in target 'Ra9rCrypto' from project 'Ra9rKit')
SwiftCompile normal arm64 /Users/admin/builder/spi-builder-workspace/Sources/Ra9rCrypto/Extensions/String+Encryptable.swift (in target 'Ra9rCrypto' from project 'Ra9rKit')
cd /Users/admin/builder/spi-builder-workspace/.swiftpm/xcode
builtin-SwiftPerFileCompile String+Encryptable.swift
SwiftCompile normal arm64 /Users/admin/builder/spi-builder-workspace/Sources/Ra9rCrypto/Extensions/UInt+Encryptable.swift (in target 'Ra9rCrypto' from project 'Ra9rKit')
cd /Users/admin/builder/spi-builder-workspace/.swiftpm/xcode
builtin-SwiftPerFileCompile UInt+Encryptable.swift
SwiftCompile normal arm64 Compiling\ KeychainError.swift /Users/admin/builder/spi-builder-workspace/Sources/Ra9rCrypto/Keychain/KeychainError.swift (in target 'Ra9rCrypto' from project 'Ra9rKit')
SwiftCompile normal arm64 /Users/admin/builder/spi-builder-workspace/Sources/Ra9rCrypto/Keychain/KeychainError.swift (in target 'Ra9rCrypto' from project 'Ra9rKit')
cd /Users/admin/builder/spi-builder-workspace/.swiftpm/xcode
builtin-SwiftPerFileCompile KeychainError.swift
SwiftCompile normal arm64 Compiling\ Decryptable.swift /Users/admin/builder/spi-builder-workspace/Sources/Ra9rCrypto/Protocols/Decryptable.swift (in target 'Ra9rCrypto' from project 'Ra9rKit')
SwiftCompile normal arm64 /Users/admin/builder/spi-builder-workspace/Sources/Ra9rCrypto/Protocols/Decryptable.swift (in target 'Ra9rCrypto' from project 'Ra9rKit')
cd /Users/admin/builder/spi-builder-workspace/.swiftpm/xcode
builtin-SwiftPerFileCompile Decryptable.swift
SwiftEmitModule normal arm64 Emitting\ module\ for\ Ra9rNotification (in target 'Ra9rNotification' from project 'Ra9rKit')
/Users/admin/builder/spi-builder-workspace/Sources/Ra9rNotification/LocalNotificationAction.swift:73:23: error: cannot find type 'UNNotificationAction' in scope
71 | }
72 |
73 | func convert() -> UNNotificationAction {
| `- error: cannot find type 'UNNotificationAction' in scope
74 | if let systemImage {
75 | if let options {
/Users/admin/builder/spi-builder-workspace/Sources/Ra9rNotification/LocalNotificationAction.swift:113:18: error: cannot find type 'UNNotificationActionOptions' in scope
111 | }
112 |
113 | var options: UNNotificationActionOptions? {
| `- error: cannot find type 'UNNotificationActionOptions' in scope
114 | if let option {
115 | switch option {
/Users/admin/builder/spi-builder-workspace/Sources/Ra9rNotification/LocalNotificationCategory.swift:54:23: error: cannot find type 'UNNotificationCategory' in scope
52 | }
53 |
54 | func convert() -> UNNotificationCategory {
| `- error: cannot find type 'UNNotificationCategory' in scope
55 | var navtiveActions: [UNNotificationAction] = []
56 | for action in actions {
Failed frontend command:
/Applications/Xcode-27.0.0-Release.Candidate.app/Contents/Developer/Toolchains/XcodeDefault.xctoolchain/usr/bin/swift-frontend -frontend -emit-module -experimental-skip-non-inlinable-function-bodies-without-types /Users/admin/builder/spi-builder-workspace/Sources/Ra9rNotification/LocalNotification.swift /Users/admin/builder/spi-builder-workspace/Sources/Ra9rNotification/LocalNotificationAction.swift /Users/admin/builder/spi-builder-workspace/Sources/Ra9rNotification/LocalNotificationActionEvent.swift /Users/admin/builder/spi-builder-workspace/Sources/Ra9rNotification/LocalNotificationActionOption.swift /Users/admin/builder/spi-builder-workspace/Sources/Ra9rNotification/LocalNotificationCategory.swift /Users/admin/builder/spi-builder-workspace/Sources/Ra9rNotification/LocalNotificationServices.swift -target arm64-apple-macos12.0 -disable-cross-import-overlay-search -swift-module-cross-import UserNotifications /Applications/Xcode-27.0.0-Release.Candidate.app/Contents/Developer/Platforms/MacOSX.platform/Developer/SDKs/MacOSX.sdk/System/Library/Frameworks/UserNotifications.framework/Modules/UserNotifications.swiftcrossimport/AppIntents.swiftoverlay -load-resolved-plugin /Applications/Xcode-27.0.0-Release.Candidate.app/Contents/Developer/Platforms/MacOSX.platform/Developer/usr/lib/swift/host/plugins/libFoundationMacros.dylib\#/Applications/Xcode-27.0.0-Release.Candidate.app/Contents/Developer/Platforms/MacOSX.platform/Developer/usr/bin/swift-plugin-server\#FoundationMacros -load-resolved-plugin /Applications/Xcode-27.0.0-Release.Candidate.app/Contents/Developer/Platforms/MacOSX.platform/Developer/usr/lib/swift/host/plugins/libObservationMacros.dylib\#/Applications/Xcode-27.0.0-Release.Candidate.app/Contents/Developer/Platforms/MacOSX.platform/Developer/usr/bin/swift-plugin-server\#ObservationMacros -load-resolved-plugin /Applications/Xcode-27.0.0-Release.Candidate.app/Contents/Developer/Platforms/MacOSX.platform/Developer/usr/lib/swift/host/plugins/libPreviewsMacros.dylib\#/Applications/Xcode-27.0.0-Release.Candidate.app/Contents/Developer/Platforms/MacOSX.platform/Developer/usr/bin/swift-plugin-server\#PreviewsMacros -load-resolved-plugin /Applications/Xcode-27.0.0-Release.Candidate.app/Contents/Developer/Platforms/MacOSX.platform/Developer/usr/lib/swift/host/plugins/libSwiftMacros.dylib\#/Applications/Xcode-27.0.0-Release.Candidate.app/Contents/Developer/Platforms/MacOSX.platform/Developer/usr/bin/swift-plugin-server\#SwiftMacros -load-resolved-plugin /Applications/Xcode-27.0.0-Release.Candidate.app/Contents/Developer/Platforms/MacOSX.platform/Developer/usr/lib/swift/host/plugins/libSwiftUIMacros.dylib\#/Applications/Xcode-27.0.0-Release.Candidate.app/Contents/Developer/Platforms/MacOSX.platform/Developer/usr/bin/swift-plugin-server\#SwiftUIMacros -disable-implicit-swift-modules -Xcc -fno-implicit-modules -Xcc -fno-implicit-module-maps -explicit-swift-module-map-file /Users/admin/builder/spi-builder-workspace/.derivedData/Build/Intermediates.noindex/Ra9rKit.build/Debug/Ra9rNotification-t.build/Objects-normal/arm64/Ra9rNotification-dependencies-1.json -Xllvm -aarch64-use-tbi -enable-objc-interop -stack-check -sdk /Applications/Xcode-27.0.0-Release.Candidate.app/Contents/Developer/Platforms/MacOSX.platform/Developer/SDKs/MacOSX27.0.sdk -I /Users/admin/builder/spi-builder-workspace/.derivedData/Build/Products/Debug -Isystem /Applications/Xcode-27.0.0-Release.Candidate.app/Contents/Developer/Platforms/MacOSX.platform/Developer/usr/lib -F /Users/admin/builder/spi-builder-workspace/.derivedData/Build/Products/Debug -F /Applications/Xcode-27.0.0-Release.Candidate.app/Contents/Developer/Platforms/MacOSX.platform/Developer/Library/Frameworks -module-cache-path /Users/admin/builder/spi-builder-workspace/.derivedData/Build/Intermediates.noindex/SwiftExplicitPrecompiledModules -no-color-diagnostics -Xcc -fno-color-diagnostics -enable-testing -g -debug-info-format\=dwarf -dwarf-version\=4 -profile-generate -profile-coverage-mapping -swift-version 5 -Onone -D SWIFT_PACKAGE -D DEBUG -D SWIFT_MODULE_RESOURCE_BUNDLE_UNAVAILABLE -D Xcode -serialize-debugging-options -enable-experimental-feature DebugDescriptionMacro -empty-abi-descriptor -validate-clang-modules-once -clang-build-session-file /Users/admin/builder/spi-builder-workspace/.derivedData/ModuleCache.noindex/Session.modulevalidation -Xcc -working-directory -Xcc /Users/admin/builder/spi-builder-workspace/.swiftpm/xcode -enable-anonymous-context-mangled-names -file-compilation-dir /Users/admin/builder/spi-builder-workspace/.swiftpm/xcode -Xcc -D_LIBCPP_HARDENING_MODE\=_LIBCPP_HARDENING_MODE_DEBUG -Xcc -ivfsstatcache -Xcc /Users/admin/builder/spi-builder-workspace/.derivedData/SDKStatCaches.noindex/macosx27.0-26A425-e829b21a6f8c9b70876ba0858053c0446a22442a12e9d48fe1a705f55a1adfc4.sdkstatcache -Xcc -fmodules-prune-interval\=86400 -Xcc -fmodules-prune-after\=345600 -Xcc -I/Users/admin/builder/spi-builder-workspace/.derivedData/Build/Products/Debug/include -Xcc -I/Users/admin/builder/spi-builder-workspace/.derivedData/Build/Intermediates.noindex/Ra9rKit.build/Debug/Ra9rNotification-t.build/DerivedSources-normal/arm64 -Xcc -I/Users/admin/builder/spi-builder-workspace/.derivedData/Build/Intermediates.noindex/Ra9rKit.build/Debug/Ra9rNotification-t.build/DerivedSources/arm64 -Xcc -I/Users/admin/builder/spi-builder-workspace/.derivedData/Build/Intermediates.noindex/Ra9rKit.build/Debug/Ra9rNotification-t.build/DerivedSources -Xcc -DSWIFT_PACKAGE -Xcc -DDEBUG\=1 -no-auto-bridging-header-chaining -module-name Ra9rNotification -package-name spi_builder_workspace -const-gather-protocols-file /Users/admin/builder/spi-builder-workspace/.derivedData/Build/Intermediates.noindex/Ra9rKit.build/Debug/Ra9rNotification-t.build/Objects-normal/arm64/Ra9rNotification_const_extract_protocols.json -disable-clang-spi -clang-target arm64-apple-macos27.0 -target-sdk-version 27.0 -target-sdk-name macosx27.0 -in-process-plugin-server-path /Applications/Xcode-27.0.0-Release.Candidate.app/Contents/Developer/Toolchains/XcodeDefault.xctoolchain/usr/lib/swift/host/libSwiftInProcPluginServer.dylib -emit-module-doc-path /Users/admin/builder/spi-builder-workspace/.derivedData/Build/Intermediates.noindex/Ra9rKit.build/Debug/Ra9rNotification-t.build/Objects-normal/arm64/Ra9rNotification.swiftdoc -emit-module-source-info-path /Users/admin/builder/spi-builder-workspace/.derivedData/Build/Intermediates.noindex/Ra9rKit.build/Debug/Ra9rNotification-t.build/Objects-normal/arm64/Ra9rNotification.swiftsourceinfo -emit-objc-header-path /Users/admin/builder/spi-builder-workspace/.derivedData/Build/Intermediates.noindex/Ra9rKit.build/Debug/Ra9rNotification-t.build/Objects-normal/arm64/Ra9rNotification-Swift.h -serialize-diagnostics-path /Users/admin/builder/spi-builder-workspace/.derivedData/Build/Intermediates.noindex/Ra9rKit.build/Debug/Ra9rNotification-t.build/Objects-normal/arm64/Ra9rNotification-primary-emit-module.dia -emit-dependencies-path /Users/admin/builder/spi-builder-workspace/.derivedData/Build/Intermediates.noindex/Ra9rKit.build/Debug/Ra9rNotification-t.build/Objects-normal/arm64/Ra9rNotification-primary-emit-module.d -parse-as-library -o /Users/admin/builder/spi-builder-workspace/.derivedData/Build/Intermediates.noindex/Ra9rKit.build/Debug/Ra9rNotification-t.build/Objects-normal/arm64/Ra9rNotification.swiftmodule -emit-abi-descriptor-path /Users/admin/builder/spi-builder-workspace/.derivedData/Build/Intermediates.noindex/Ra9rKit.build/Debug/Ra9rNotification-t.build/Objects-normal/arm64/Ra9rNotification.abi.json
SwiftCompile normal arm64 (in target 'Ra9rNotification' from project 'Ra9rKit')
cd /Users/admin/builder/spi-builder-workspace/.swiftpm/xcode
SwiftEmitModule normal arm64 Emitting\ module\ for\ Ra9rCore (in target 'Ra9rCore' from project 'Ra9rKit')
SwiftCompile normal arm64 (in target 'Ra9rCore' from project 'Ra9rKit')
cd /Users/admin/builder/spi-builder-workspace/.swiftpm/xcode
SwiftEmitModule normal arm64 Emitting\ module\ for\ Ra9rPDF (in target 'Ra9rPDF' from project 'Ra9rKit')
SwiftCompile normal arm64 (in target 'Ra9rPDF' from project 'Ra9rKit')
cd /Users/admin/builder/spi-builder-workspace/.swiftpm/xcode
PruneExplicitPrecompiledModules /Users/admin/builder/spi-builder-workspace/.derivedData/Build/Intermediates.noindex/ExplicitPrecompiledModules
PruneExplicitPrecompiledModules /Users/admin/builder/spi-builder-workspace/.derivedData/Build/Intermediates.noindex/SwiftExplicitPrecompiledModules
PruneExplicitPrecompiledModules /Users/admin/builder/spi-builder-workspace/.derivedData/SDKExplicitPrecompiledModules
2026-09-20 14:45:34.034 xcodebuild[623:3822] [MT] IDERunDestination: Supported platforms for the buildables in the current scheme is empty.
--- xcodebuild: WARNING: Using the first of multiple matching destinations:
{ platform:macOS, arch:arm64, id:5c683a5ac61970a8392f5b7008c9fb0c3928e5eb, name:My Mac }
{ platform:macOS, arch:arm64, variant:Mac Catalyst, id:5c683a5ac61970a8392f5b7008c9fb0c3928e5eb, name:My Mac }
{ platform:macOS, arch:arm64, variant:DriverKit, id:5c683a5ac61970a8392f5b7008c9fb0c3928e5eb, name:My Mac }
{ platform:macOS, arch:arm64, variant:Designed for [iPad,iPhone], id:5c683a5ac61970a8392f5b7008c9fb0c3928e5eb, name:My Mac }
** BUILD FAILED **
The following build commands failed:
SwiftEmitModule normal arm64 Emitting\ module\ for\ Ra9rNotification (in target 'Ra9rNotification' from project 'Ra9rKit')
SwiftCompile normal arm64 (in target 'Ra9rNotification' from project 'Ra9rKit')
Building workspace Ra9rKit with scheme Ra9rKit-Package
(3 failures)
Command line invocation:
/Applications/Xcode-27.0.0-Release.Candidate.app/Contents/Developer/usr/bin/xcodebuild -IDEClonedSourcePackagesDirPathOverride=/Users/admin/builder/spi-builder-workspace/.dependencies -resolvePackageDependencies
Resolve Package Graph
Resolved source packages:
Ra9rKit: /Users/admin/builder/spi-builder-workspace
resolved source packages: Ra9rKit
2026-09-20 14:45:43.649 xcodebuild[741:4614] [MT] IDERunDestination: Supported platforms for the buildables in the current scheme is empty.
{
"dependencies" : [
],
"manifest_display_name" : "Ra9rKit",
"name" : "Ra9rKit",
"path" : "/Users/admin/builder/spi-builder-workspace",
"platforms" : [
{
"name" : "ios",
"version" : "17.0"
}
],
"products" : [
{
"name" : "Ra9rCore",
"targets" : [
"Ra9rCore"
],
"type" : {
"library" : [
"automatic"
]
}
},
{
"name" : "Ra9rUI",
"targets" : [
"Ra9rUI"
],
"type" : {
"library" : [
"automatic"
]
}
},
{
"name" : "Ra9rCrypto",
"targets" : [
"Ra9rCrypto"
],
"type" : {
"library" : [
"automatic"
]
}
},
{
"name" : "Ra9rNotification",
"targets" : [
"Ra9rNotification"
],
"type" : {
"library" : [
"automatic"
]
}
},
{
"name" : "Ra9rPDF",
"targets" : [
"Ra9rPDF"
],
"type" : {
"library" : [
"automatic"
]
}
}
],
"targets" : [
{
"c99name" : "Ra9rUI",
"module_type" : "SwiftTarget",
"name" : "Ra9rUI",
"path" : "Sources/Ra9rUI",
"product_memberships" : [
"Ra9rUI"
],
"sources" : [
"Components/AnimatedSideBar.swift",
"Components/CapsuleGuage.swift",
"Components/DecimalPicker.swift",
"Components/FormFieldStyle.swift",
"Components/MenuPicker.swift",
"Components/QRCode.swift",
"Components/RoundedCorders.swift",
"Components/RulerPicker.swift",
"Components/SVGImage.swift",
"Components/SequencePicker.swift",
"Components/SpinText.swift",
"Components/ThickProgressBarStyle.swift",
"Components/WebView.swift",
"Extensions/Alert+Extension.swift",
"Extensions/Binding+Extension.swift",
"Extensions/Image+Extension.swift",
"Managers/ErrorManager.swift"
],
"target_dependencies" : [
"Ra9rCore"
],
"type" : "library"
},
{
"c99name" : "Ra9rPDF",
"module_type" : "SwiftTarget",
"name" : "Ra9rPDF",
"path" : "Sources/Ra9rPDF",
"product_memberships" : [
"Ra9rPDF"
],
"sources" : [
"PDFPreview.swift",
"PDFRenderer.swift"
],
"type" : "library"
},
{
"c99name" : "Ra9rNotification",
"module_type" : "SwiftTarget",
"name" : "Ra9rNotification",
"path" : "Sources/Ra9rNotification",
"product_memberships" : [
"Ra9rNotification"
],
"sources" : [
"LocalNotification.swift",
"LocalNotificationAction.swift",
"LocalNotificationActionEvent.swift",
"LocalNotificationActionOption.swift",
"LocalNotificationCategory.swift",
"LocalNotificationServices.swift"
],
"type" : "library"
},
{
"c99name" : "Ra9rCryptoTests",
"module_type" : "SwiftTarget",
"name" : "Ra9rCryptoTests",
"path" : "Tests/Ra9rCryptoTests",
"sources" : [
"CryptableTests.swift"
],
"target_dependencies" : [
"Ra9rCrypto"
],
"type" : "test"
},
{
"c99name" : "Ra9rCrypto",
"module_type" : "SwiftTarget",
"name" : "Ra9rCrypto",
"path" : "Sources/Ra9rCrypto",
"product_memberships" : [
"Ra9rCrypto"
],
"sources" : [
"Extensions/Bool+Encryptable.swift",
"Extensions/Character+Encryptable.swift",
"Extensions/Data+Cryptable.swift",
"Extensions/Double+Encryptable.swift",
"Extensions/Float+Encryptable.swift",
"Extensions/Int+Encryptable.swift",
"Extensions/String+Encryptable.swift",
"Extensions/UInt+Encryptable.swift",
"Keychain/KeychainError.swift",
"Keychain/KeychainManager.swift",
"PropertyWrappers/SecureProperty.swift",
"Protocols/Cryptable.swift",
"Protocols/Decryptable.swift",
"Protocols/Encryptable.swift"
],
"type" : "library"
},
{
"c99name" : "Ra9rCoreTests",
"module_type" : "SwiftTarget",
"name" : "Ra9rCoreTests",
"path" : "Tests/Ra9rCoreTests",
"sources" : [
"CalendarExtentionTests.swift",
"DateExtensionTests.swift",
"DoubleExtensionTests.swift",
"FloatExtensionTests.swift",
"RelativeMonthFormatterTests.swift"
],
"target_dependencies" : [
"Ra9rCore"
],
"type" : "test"
},
{
"c99name" : "Ra9rCore",
"module_type" : "SwiftTarget",
"name" : "Ra9rCore",
"path" : "Sources/Ra9rCore",
"product_memberships" : [
"Ra9rCore",
"Ra9rUI"
],
"sources" : [
"Extensions/Bundle+Extension.swift",
"Extensions/Calendar+Extension.swift",
"Extensions/Date+Extension.swift",
"Extensions/Double+Extenstion.swift",
"Extensions/Float+Extension.swift",
"Extensions/String+Extension.swift",
"Extensions/URLSession+Extension.swift",
"Formatters/RelativeMonthFormatter.swift",
"PropertyWrappers/UserDefault.swift",
"Protocols/Uncombinable.swift"
],
"type" : "library"
}
],
"tools_version" : "5.9"
}
{
"workspace" : {
"name" : "Ra9rKit",
"schemes" : [
"Ra9rCore",
"Ra9rCrypto",
"Ra9rKit-Package",
"Ra9rNotification",
"Ra9rPDF",
"Ra9rUI"
]
}
}
2026-09-20 14:45:44.866 xcodebuild[749:4698] [MT] IDERunDestination: Supported platforms for the buildables in the current scheme is empty.
Running build ...
env DEVELOPER_DIR=/Applications/Xcode-27.0.0-Release.Candidate.app xcrun xcodebuild -IDEClonedSourcePackagesDirPathOverride=$PWD/.dependencies -skipMacroValidation -skipPackagePluginValidation -derivedDataPath $PWD/.derivedData build -scheme Ra9rKit-Package -destination platform=macOS,arch=arm64
Command line invocation:
/Applications/Xcode-27.0.0-Release.Candidate.app/Contents/Developer/usr/bin/xcodebuild -IDEClonedSourcePackagesDirPathOverride=/Users/admin/builder/spi-builder-workspace/.dependencies -skipMacroValidation -skipPackagePluginValidation -derivedDataPath /Users/admin/builder/spi-builder-workspace/.derivedData build -scheme Ra9rKit-Package -destination platform=macOS,arch=arm64
Resolve Package Graph
Resolved source packages:
Ra9rKit: /Users/admin/builder/spi-builder-workspace
ComputePackagePrebuildTargetDependencyGraph
Prepare packages
CreateBuildRequest
SendProjectDescription
CreateBuildOperation
ComputeTargetDependencyGraph
note: Building targets in dependency order
note: Target dependency graph (10 targets)
Target 'Ra9rPDF-product' in project 'Ra9rKit'
➜ Explicit dependency on target 'Ra9rPDF' in project 'Ra9rKit'
Target 'Ra9rPDF' in project 'Ra9rKit' (no dependencies)
Target 'Ra9rNotification-product' in project 'Ra9rKit'
➜ Explicit dependency on target 'Ra9rNotification' in project 'Ra9rKit'
Target 'Ra9rNotification' in project 'Ra9rKit' (no dependencies)
Target 'Ra9rCrypto-product' in project 'Ra9rKit'
➜ Explicit dependency on target 'Ra9rCrypto' in project 'Ra9rKit'
Target 'Ra9rCrypto' in project 'Ra9rKit' (no dependencies)
Target 'Ra9rUI-product' in project 'Ra9rKit'
➜ Explicit dependency on target 'Ra9rUI' in project 'Ra9rKit'
➜ Explicit dependency on target 'Ra9rCore' in project 'Ra9rKit'
Target 'Ra9rUI' in project 'Ra9rKit'
➜ Explicit dependency on target 'Ra9rCore' in project 'Ra9rKit'
Target 'Ra9rCore-product' in project 'Ra9rKit'
➜ Explicit dependency on target 'Ra9rCore' in project 'Ra9rKit'
Target 'Ra9rCore' in project 'Ra9rKit' (no dependencies)
GatherProvisioningInputs
CreateBuildDescription
ClangStatCache /Applications/Xcode-27.0.0-Release.Candidate.app/Contents/Developer/Toolchains/XcodeDefault.xctoolchain/usr/bin/clang-stat-cache /Applications/Xcode-27.0.0-Release.Candidate.app/Contents/Developer/Platforms/MacOSX.platform/Developer/SDKs/MacOSX27.0.sdk /Users/admin/builder/spi-builder-workspace/.derivedData/SDKStatCaches.noindex/macosx27.0-26A425-e829b21a6f8c9b70876ba0858053c0446a22442a12e9d48fe1a705f55a1adfc4.sdkstatcache
cd /Users/admin/builder/spi-builder-workspace/.swiftpm/xcode
/Applications/Xcode-27.0.0-Release.Candidate.app/Contents/Developer/Toolchains/XcodeDefault.xctoolchain/usr/bin/clang-stat-cache /Applications/Xcode-27.0.0-Release.Candidate.app/Contents/Developer/Platforms/MacOSX.platform/Developer/SDKs/MacOSX27.0.sdk -o /Users/admin/builder/spi-builder-workspace/.derivedData/SDKStatCaches.noindex/macosx27.0-26A425-e829b21a6f8c9b70876ba0858053c0446a22442a12e9d48fe1a705f55a1adfc4.sdkstatcache
SwiftDriver Ra9rPDF normal arm64 com.apple.xcode.tools.swift.compiler (in target 'Ra9rPDF' from project 'Ra9rKit')
cd /Users/admin/builder/spi-builder-workspace/.swiftpm/xcode
builtin-SwiftDriver -- /Applications/Xcode-27.0.0-Release.Candidate.app/Contents/Developer/Toolchains/XcodeDefault.xctoolchain/usr/bin/swiftc -parse-as-library -module-name Ra9rPDF -Onone @/Users/admin/builder/spi-builder-workspace/.derivedData/Build/Intermediates.noindex/Ra9rKit.build/Debug/Ra9rPDF-t.build/Objects-normal/arm64/Ra9rPDF.SwiftFileList -DSWIFT_PACKAGE -DDEBUG -DSWIFT_MODULE_RESOURCE_BUNDLE_UNAVAILABLE -DXcode -plugin-path /Applications/Xcode-27.0.0-Release.Candidate.app/Contents/Developer/Toolchains/XcodeDefault.xctoolchain/usr/lib/swift/host/plugins/testing -enable-experimental-feature DebugDescriptionMacro -sdk /Applications/Xcode-27.0.0-Release.Candidate.app/Contents/Developer/Platforms/MacOSX.platform/Developer/SDKs/MacOSX27.0.sdk -target arm64-apple-macos12.0 -g -module-cache-path /Users/admin/builder/spi-builder-workspace/.derivedData/ModuleCache.noindex -Xfrontend -serialize-debugging-options -profile-coverage-mapping -profile-generate -enable-testing -index-store-path /Users/admin/builder/spi-builder-workspace/.derivedData/Index.noindex/DataStore -Xcc -D_LIBCPP_HARDENING_MODE\=_LIBCPP_HARDENING_MODE_DEBUG -swift-version 5 -I /Users/admin/builder/spi-builder-workspace/.derivedData/Build/Products/Debug -Isystem /Applications/Xcode-27.0.0-Release.Candidate.app/Contents/Developer/Platforms/MacOSX.platform/Developer/usr/lib -F /Users/admin/builder/spi-builder-workspace/.derivedData/Build/Products/Debug -F /Applications/Xcode-27.0.0-Release.Candidate.app/Contents/Developer/Platforms/MacOSX.platform/Developer/Library/Frameworks -c -j10 -enable-batch-mode -incremental -Xcc -ivfsstatcache -Xcc /Users/admin/builder/spi-builder-workspace/.derivedData/SDKStatCaches.noindex/macosx27.0-26A425-e829b21a6f8c9b70876ba0858053c0446a22442a12e9d48fe1a705f55a1adfc4.sdkstatcache -output-file-map /Users/admin/builder/spi-builder-workspace/.derivedData/Build/Intermediates.noindex/Ra9rKit.build/Debug/Ra9rPDF-t.build/Objects-normal/arm64/Ra9rPDF-OutputFileMap.json -save-temps -no-color-diagnostics -explicit-module-build -module-cache-path /Users/admin/builder/spi-builder-workspace/.derivedData/Build/Intermediates.noindex/SwiftExplicitPrecompiledModules -clang-scanner-module-cache-path /Users/admin/builder/spi-builder-workspace/.derivedData/ModuleCache.noindex -sdk-module-cache-path /Users/admin/builder/spi-builder-workspace/.derivedData/SDKExplicitPrecompiledModules -emit-dependencies -emit-module -emit-module-path /Users/admin/builder/spi-builder-workspace/.derivedData/Build/Intermediates.noindex/Ra9rKit.build/Debug/Ra9rPDF-t.build/Objects-normal/arm64/Ra9rPDF.swiftmodule -serialize-diagnostics -dependency-scan-serialize-diagnostics-path /Users/admin/builder/spi-builder-workspace/.derivedData/Build/Intermediates.noindex/Ra9rKit.build/Debug/Ra9rPDF-t.build/Objects-normal/arm64/Ra9rPDF-dependency-scan.dia -validate-clang-modules-once -clang-build-session-file /Users/admin/builder/spi-builder-workspace/.derivedData/ModuleCache.noindex/Session.modulevalidation -Xcc -fmodules-prune-interval\=86400 -Xcc -fmodules-prune-after\=345600 -package-name spi_builder_workspace -emit-const-values -const-gather-protocols-list /Users/admin/builder/spi-builder-workspace/.derivedData/Build/Intermediates.noindex/Ra9rKit.build/Debug/Ra9rPDF-t.build/Objects-normal/arm64/Ra9rPDF_const_extract_protocols.json -Xcc -I/Users/admin/builder/spi-builder-workspace/.derivedData/Build/Products/Debug/include -Xcc -I/Users/admin/builder/spi-builder-workspace/.derivedData/Build/Intermediates.noindex/Ra9rKit.build/Debug/Ra9rPDF-t.build/DerivedSources-normal/arm64 -Xcc -I/Users/admin/builder/spi-builder-workspace/.derivedData/Build/Intermediates.noindex/Ra9rKit.build/Debug/Ra9rPDF-t.build/DerivedSources/arm64 -Xcc -I/Users/admin/builder/spi-builder-workspace/.derivedData/Build/Intermediates.noindex/Ra9rKit.build/Debug/Ra9rPDF-t.build/DerivedSources -Xcc -DSWIFT_PACKAGE -Xcc -DDEBUG\=1 -emit-objc-header -emit-objc-header-path /Users/admin/builder/spi-builder-workspace/.derivedData/Build/Intermediates.noindex/Ra9rKit.build/Debug/Ra9rPDF-t.build/Objects-normal/arm64/Ra9rPDF-Swift.h -working-directory /Users/admin/builder/spi-builder-workspace/.swiftpm/xcode -experimental-emit-module-separately -disable-cmo
SwiftDriver Ra9rNotification normal arm64 com.apple.xcode.tools.swift.compiler (in target 'Ra9rNotification' from project 'Ra9rKit')
cd /Users/admin/builder/spi-builder-workspace/.swiftpm/xcode
builtin-SwiftDriver -- /Applications/Xcode-27.0.0-Release.Candidate.app/Contents/Developer/Toolchains/XcodeDefault.xctoolchain/usr/bin/swiftc -parse-as-library -module-name Ra9rNotification -Onone @/Users/admin/builder/spi-builder-workspace/.derivedData/Build/Intermediates.noindex/Ra9rKit.build/Debug/Ra9rNotification-t.build/Objects-normal/arm64/Ra9rNotification.SwiftFileList -DSWIFT_PACKAGE -DDEBUG -DSWIFT_MODULE_RESOURCE_BUNDLE_UNAVAILABLE -DXcode -plugin-path /Applications/Xcode-27.0.0-Release.Candidate.app/Contents/Developer/Toolchains/XcodeDefault.xctoolchain/usr/lib/swift/host/plugins/testing -enable-experimental-feature DebugDescriptionMacro -sdk /Applications/Xcode-27.0.0-Release.Candidate.app/Contents/Developer/Platforms/MacOSX.platform/Developer/SDKs/MacOSX27.0.sdk -target arm64-apple-macos12.0 -g -module-cache-path /Users/admin/builder/spi-builder-workspace/.derivedData/ModuleCache.noindex -Xfrontend -serialize-debugging-options -profile-coverage-mapping -profile-generate -enable-testing -index-store-path /Users/admin/builder/spi-builder-workspace/.derivedData/Index.noindex/DataStore -Xcc -D_LIBCPP_HARDENING_MODE\=_LIBCPP_HARDENING_MODE_DEBUG -swift-version 5 -I /Users/admin/builder/spi-builder-workspace/.derivedData/Build/Products/Debug -Isystem /Applications/Xcode-27.0.0-Release.Candidate.app/Contents/Developer/Platforms/MacOSX.platform/Developer/usr/lib -F /Users/admin/builder/spi-builder-workspace/.derivedData/Build/Products/Debug -F /Applications/Xcode-27.0.0-Release.Candidate.app/Contents/Developer/Platforms/MacOSX.platform/Developer/Library/Frameworks -c -j10 -enable-batch-mode -incremental -Xcc -ivfsstatcache -Xcc /Users/admin/builder/spi-builder-workspace/.derivedData/SDKStatCaches.noindex/macosx27.0-26A425-e829b21a6f8c9b70876ba0858053c0446a22442a12e9d48fe1a705f55a1adfc4.sdkstatcache -output-file-map /Users/admin/builder/spi-builder-workspace/.derivedData/Build/Intermediates.noindex/Ra9rKit.build/Debug/Ra9rNotification-t.build/Objects-normal/arm64/Ra9rNotification-OutputFileMap.json -save-temps -no-color-diagnostics -explicit-module-build -module-cache-path /Users/admin/builder/spi-builder-workspace/.derivedData/Build/Intermediates.noindex/SwiftExplicitPrecompiledModules -clang-scanner-module-cache-path /Users/admin/builder/spi-builder-workspace/.derivedData/ModuleCache.noindex -sdk-module-cache-path /Users/admin/builder/spi-builder-workspace/.derivedData/SDKExplicitPrecompiledModules -emit-dependencies -emit-module -emit-module-path /Users/admin/builder/spi-builder-workspace/.derivedData/Build/Intermediates.noindex/Ra9rKit.build/Debug/Ra9rNotification-t.build/Objects-normal/arm64/Ra9rNotification.swiftmodule -serialize-diagnostics -dependency-scan-serialize-diagnostics-path /Users/admin/builder/spi-builder-workspace/.derivedData/Build/Intermediates.noindex/Ra9rKit.build/Debug/Ra9rNotification-t.build/Objects-normal/arm64/Ra9rNotification-dependency-scan.dia -validate-clang-modules-once -clang-build-session-file /Users/admin/builder/spi-builder-workspace/.derivedData/ModuleCache.noindex/Session.modulevalidation -Xcc -fmodules-prune-interval\=86400 -Xcc -fmodules-prune-after\=345600 -package-name spi_builder_workspace -emit-const-values -const-gather-protocols-list /Users/admin/builder/spi-builder-workspace/.derivedData/Build/Intermediates.noindex/Ra9rKit.build/Debug/Ra9rNotification-t.build/Objects-normal/arm64/Ra9rNotification_const_extract_protocols.json -Xcc -I/Users/admin/builder/spi-builder-workspace/.derivedData/Build/Products/Debug/include -Xcc -I/Users/admin/builder/spi-builder-workspace/.derivedData/Build/Intermediates.noindex/Ra9rKit.build/Debug/Ra9rNotification-t.build/DerivedSources-normal/arm64 -Xcc -I/Users/admin/builder/spi-builder-workspace/.derivedData/Build/Intermediates.noindex/Ra9rKit.build/Debug/Ra9rNotification-t.build/DerivedSources/arm64 -Xcc -I/Users/admin/builder/spi-builder-workspace/.derivedData/Build/Intermediates.noindex/Ra9rKit.build/Debug/Ra9rNotification-t.build/DerivedSources -Xcc -DSWIFT_PACKAGE -Xcc -DDEBUG\=1 -emit-objc-header -emit-objc-header-path /Users/admin/builder/spi-builder-workspace/.derivedData/Build/Intermediates.noindex/Ra9rKit.build/Debug/Ra9rNotification-t.build/Objects-normal/arm64/Ra9rNotification-Swift.h -working-directory /Users/admin/builder/spi-builder-workspace/.swiftpm/xcode -experimental-emit-module-separately -disable-cmo
SwiftDriver Ra9rCrypto normal arm64 com.apple.xcode.tools.swift.compiler (in target 'Ra9rCrypto' from project 'Ra9rKit')
cd /Users/admin/builder/spi-builder-workspace/.swiftpm/xcode
builtin-SwiftDriver -- /Applications/Xcode-27.0.0-Release.Candidate.app/Contents/Developer/Toolchains/XcodeDefault.xctoolchain/usr/bin/swiftc -parse-as-library -module-name Ra9rCrypto -Onone @/Users/admin/builder/spi-builder-workspace/.derivedData/Build/Intermediates.noindex/Ra9rKit.build/Debug/Ra9rCrypto-t.build/Objects-normal/arm64/Ra9rCrypto.SwiftFileList -DSWIFT_PACKAGE -DDEBUG -DSWIFT_MODULE_RESOURCE_BUNDLE_UNAVAILABLE -DXcode -plugin-path /Applications/Xcode-27.0.0-Release.Candidate.app/Contents/Developer/Toolchains/XcodeDefault.xctoolchain/usr/lib/swift/host/plugins/testing -enable-experimental-feature DebugDescriptionMacro -sdk /Applications/Xcode-27.0.0-Release.Candidate.app/Contents/Developer/Platforms/MacOSX.platform/Developer/SDKs/MacOSX27.0.sdk -target arm64-apple-macos12.0 -g -module-cache-path /Users/admin/builder/spi-builder-workspace/.derivedData/ModuleCache.noindex -Xfrontend -serialize-debugging-options -profile-coverage-mapping -profile-generate -enable-testing -index-store-path /Users/admin/builder/spi-builder-workspace/.derivedData/Index.noindex/DataStore -Xcc -D_LIBCPP_HARDENING_MODE\=_LIBCPP_HARDENING_MODE_DEBUG -swift-version 5 -I /Users/admin/builder/spi-builder-workspace/.derivedData/Build/Products/Debug -Isystem /Applications/Xcode-27.0.0-Release.Candidate.app/Contents/Developer/Platforms/MacOSX.platform/Developer/usr/lib -F /Users/admin/builder/spi-builder-workspace/.derivedData/Build/Products/Debug -F /Applications/Xcode-27.0.0-Release.Candidate.app/Contents/Developer/Platforms/MacOSX.platform/Developer/Library/Frameworks -c -j10 -enable-batch-mode -incremental -Xcc -ivfsstatcache -Xcc /Users/admin/builder/spi-builder-workspace/.derivedData/SDKStatCaches.noindex/macosx27.0-26A425-e829b21a6f8c9b70876ba0858053c0446a22442a12e9d48fe1a705f55a1adfc4.sdkstatcache -output-file-map /Users/admin/builder/spi-builder-workspace/.derivedData/Build/Intermediates.noindex/Ra9rKit.build/Debug/Ra9rCrypto-t.build/Objects-normal/arm64/Ra9rCrypto-OutputFileMap.json -save-temps -no-color-diagnostics -explicit-module-build -module-cache-path /Users/admin/builder/spi-builder-workspace/.derivedData/Build/Intermediates.noindex/SwiftExplicitPrecompiledModules -clang-scanner-module-cache-path /Users/admin/builder/spi-builder-workspace/.derivedData/ModuleCache.noindex -sdk-module-cache-path /Users/admin/builder/spi-builder-workspace/.derivedData/SDKExplicitPrecompiledModules -emit-dependencies -emit-module -emit-module-path /Users/admin/builder/spi-builder-workspace/.derivedData/Build/Intermediates.noindex/Ra9rKit.build/Debug/Ra9rCrypto-t.build/Objects-normal/arm64/Ra9rCrypto.swiftmodule -serialize-diagnostics -dependency-scan-serialize-diagnostics-path /Users/admin/builder/spi-builder-workspace/.derivedData/Build/Intermediates.noindex/Ra9rKit.build/Debug/Ra9rCrypto-t.build/Objects-normal/arm64/Ra9rCrypto-dependency-scan.dia -validate-clang-modules-once -clang-build-session-file /Users/admin/builder/spi-builder-workspace/.derivedData/ModuleCache.noindex/Session.modulevalidation -Xcc -fmodules-prune-interval\=86400 -Xcc -fmodules-prune-after\=345600 -package-name spi_builder_workspace -emit-const-values -const-gather-protocols-list /Users/admin/builder/spi-builder-workspace/.derivedData/Build/Intermediates.noindex/Ra9rKit.build/Debug/Ra9rCrypto-t.build/Objects-normal/arm64/Ra9rCrypto_const_extract_protocols.json -Xcc -I/Users/admin/builder/spi-builder-workspace/.derivedData/Build/Products/Debug/include -Xcc -I/Users/admin/builder/spi-builder-workspace/.derivedData/Build/Intermediates.noindex/Ra9rKit.build/Debug/Ra9rCrypto-t.build/DerivedSources-normal/arm64 -Xcc -I/Users/admin/builder/spi-builder-workspace/.derivedData/Build/Intermediates.noindex/Ra9rKit.build/Debug/Ra9rCrypto-t.build/DerivedSources/arm64 -Xcc -I/Users/admin/builder/spi-builder-workspace/.derivedData/Build/Intermediates.noindex/Ra9rKit.build/Debug/Ra9rCrypto-t.build/DerivedSources -Xcc -DSWIFT_PACKAGE -Xcc -DDEBUG\=1 -emit-objc-header -emit-objc-header-path /Users/admin/builder/spi-builder-workspace/.derivedData/Build/Intermediates.noindex/Ra9rKit.build/Debug/Ra9rCrypto-t.build/Objects-normal/arm64/Ra9rCrypto-Swift.h -working-directory /Users/admin/builder/spi-builder-workspace/.swiftpm/xcode -experimental-emit-module-separately -disable-cmo
SwiftDriver Ra9rCore normal arm64 com.apple.xcode.tools.swift.compiler (in target 'Ra9rCore' from project 'Ra9rKit')
cd /Users/admin/builder/spi-builder-workspace/.swiftpm/xcode
builtin-SwiftDriver -- /Applications/Xcode-27.0.0-Release.Candidate.app/Contents/Developer/Toolchains/XcodeDefault.xctoolchain/usr/bin/swiftc -parse-as-library -module-name Ra9rCore -Onone @/Users/admin/builder/spi-builder-workspace/.derivedData/Build/Intermediates.noindex/Ra9rKit.build/Debug/Ra9rCore-t.build/Objects-normal/arm64/Ra9rCore.SwiftFileList -DSWIFT_PACKAGE -DDEBUG -DSWIFT_MODULE_RESOURCE_BUNDLE_UNAVAILABLE -DXcode -plugin-path /Applications/Xcode-27.0.0-Release.Candidate.app/Contents/Developer/Toolchains/XcodeDefault.xctoolchain/usr/lib/swift/host/plugins/testing -enable-experimental-feature DebugDescriptionMacro -sdk /Applications/Xcode-27.0.0-Release.Candidate.app/Contents/Developer/Platforms/MacOSX.platform/Developer/SDKs/MacOSX27.0.sdk -target arm64-apple-macos12.0 -g -module-cache-path /Users/admin/builder/spi-builder-workspace/.derivedData/ModuleCache.noindex -Xfrontend -serialize-debugging-options -profile-coverage-mapping -profile-generate -enable-testing -index-store-path /Users/admin/builder/spi-builder-workspace/.derivedData/Index.noindex/DataStore -Xcc -D_LIBCPP_HARDENING_MODE\=_LIBCPP_HARDENING_MODE_DEBUG -swift-version 5 -I /Users/admin/builder/spi-builder-workspace/.derivedData/Build/Products/Debug -Isystem /Applications/Xcode-27.0.0-Release.Candidate.app/Contents/Developer/Platforms/MacOSX.platform/Developer/usr/lib -F /Users/admin/builder/spi-builder-workspace/.derivedData/Build/Products/Debug -F /Applications/Xcode-27.0.0-Release.Candidate.app/Contents/Developer/Platforms/MacOSX.platform/Developer/Library/Frameworks -c -j10 -enable-batch-mode -incremental -Xcc -ivfsstatcache -Xcc /Users/admin/builder/spi-builder-workspace/.derivedData/SDKStatCaches.noindex/macosx27.0-26A425-e829b21a6f8c9b70876ba0858053c0446a22442a12e9d48fe1a705f55a1adfc4.sdkstatcache -output-file-map /Users/admin/builder/spi-builder-workspace/.derivedData/Build/Intermediates.noindex/Ra9rKit.build/Debug/Ra9rCore-t.build/Objects-normal/arm64/Ra9rCore-OutputFileMap.json -save-temps -no-color-diagnostics -explicit-module-build -module-cache-path /Users/admin/builder/spi-builder-workspace/.derivedData/Build/Intermediates.noindex/SwiftExplicitPrecompiledModules -clang-scanner-module-cache-path /Users/admin/builder/spi-builder-workspace/.derivedData/ModuleCache.noindex -sdk-module-cache-path /Users/admin/builder/spi-builder-workspace/.derivedData/SDKExplicitPrecompiledModules -emit-dependencies -emit-module -emit-module-path /Users/admin/builder/spi-builder-workspace/.derivedData/Build/Intermediates.noindex/Ra9rKit.build/Debug/Ra9rCore-t.build/Objects-normal/arm64/Ra9rCore.swiftmodule -serialize-diagnostics -dependency-scan-serialize-diagnostics-path /Users/admin/builder/spi-builder-workspace/.derivedData/Build/Intermediates.noindex/Ra9rKit.build/Debug/Ra9rCore-t.build/Objects-normal/arm64/Ra9rCore-dependency-scan.dia -validate-clang-modules-once -clang-build-session-file /Users/admin/builder/spi-builder-workspace/.derivedData/ModuleCache.noindex/Session.modulevalidation -Xcc -fmodules-prune-interval\=86400 -Xcc -fmodules-prune-after\=345600 -package-name spi_builder_workspace -emit-const-values -const-gather-protocols-list /Users/admin/builder/spi-builder-workspace/.derivedData/Build/Intermediates.noindex/Ra9rKit.build/Debug/Ra9rCore-t.build/Objects-normal/arm64/Ra9rCore_const_extract_protocols.json -Xcc -I/Users/admin/builder/spi-builder-workspace/.derivedData/Build/Products/Debug/include -Xcc -I/Users/admin/builder/spi-builder-workspace/.derivedData/Build/Intermediates.noindex/Ra9rKit.build/Debug/Ra9rCore-t.build/DerivedSources-normal/arm64 -Xcc -I/Users/admin/builder/spi-builder-workspace/.derivedData/Build/Intermediates.noindex/Ra9rKit.build/Debug/Ra9rCore-t.build/DerivedSources/arm64 -Xcc -I/Users/admin/builder/spi-builder-workspace/.derivedData/Build/Intermediates.noindex/Ra9rKit.build/Debug/Ra9rCore-t.build/DerivedSources -Xcc -DSWIFT_PACKAGE -Xcc -DDEBUG\=1 -emit-objc-header -emit-objc-header-path /Users/admin/builder/spi-builder-workspace/.derivedData/Build/Intermediates.noindex/Ra9rKit.build/Debug/Ra9rCore-t.build/Objects-normal/arm64/Ra9rCore-Swift.h -working-directory /Users/admin/builder/spi-builder-workspace/.swiftpm/xcode -experimental-emit-module-separately -disable-cmo
SwiftCompile normal arm64 Compiling\ LocalNotificationAction.swift /Users/admin/builder/spi-builder-workspace/Sources/Ra9rNotification/LocalNotificationAction.swift (in target 'Ra9rNotification' from project 'Ra9rKit')
SwiftCompile normal arm64 /Users/admin/builder/spi-builder-workspace/Sources/Ra9rNotification/LocalNotificationAction.swift (in target 'Ra9rNotification' from project 'Ra9rKit')
cd /Users/admin/builder/spi-builder-workspace/.swiftpm/xcode
builtin-SwiftPerFileCompile LocalNotificationAction.swift
/Users/admin/builder/spi-builder-workspace/Sources/Ra9rNotification/LocalNotificationAction.swift:73:23: error: cannot find type 'UNNotificationAction' in scope
71 | }
72 |
73 | func convert() -> UNNotificationAction {
| `- error: cannot find type 'UNNotificationAction' in scope
74 | if let systemImage {
75 | if let options {
/Users/admin/builder/spi-builder-workspace/Sources/Ra9rNotification/LocalNotificationAction.swift:113:18: error: cannot find type 'UNNotificationActionOptions' in scope
111 | }
112 |
113 | var options: UNNotificationActionOptions? {
| `- error: cannot find type 'UNNotificationActionOptions' in scope
114 | if let option {
115 | switch option {
/Users/admin/builder/spi-builder-workspace/Sources/Ra9rNotification/LocalNotificationAction.swift:76:24: error: cannot find 'UNNotificationAction' in scope
74 | if let systemImage {
75 | if let options {
76 | return UNNotificationAction(
| `- error: cannot find 'UNNotificationAction' in scope
77 | identifier: identifier,
78 | title: label,
/Users/admin/builder/spi-builder-workspace/Sources/Ra9rNotification/LocalNotificationAction.swift:80:27: error: cannot find 'UNNotificationActionIcon' in scope
78 | title: label,
79 | options: options,
80 | icon: UNNotificationActionIcon(systemImageName: systemImage))
| `- error: cannot find 'UNNotificationActionIcon' in scope
81 | }
82 | return UNNotificationAction(
/Users/admin/builder/spi-builder-workspace/Sources/Ra9rNotification/LocalNotificationAction.swift:82:20: error: cannot find 'UNNotificationAction' in scope
80 | icon: UNNotificationActionIcon(systemImageName: systemImage))
81 | }
82 | return UNNotificationAction(
| `- error: cannot find 'UNNotificationAction' in scope
83 | identifier: identifier,
84 | title: label,
/Users/admin/builder/spi-builder-workspace/Sources/Ra9rNotification/LocalNotificationAction.swift:85:23: error: cannot find 'UNNotificationActionIcon' in scope
83 | identifier: identifier,
84 | title: label,
85 | icon: UNNotificationActionIcon(systemImageName: systemImage)
| `- error: cannot find 'UNNotificationActionIcon' in scope
86 | )
87 |
/Users/admin/builder/spi-builder-workspace/Sources/Ra9rNotification/LocalNotificationAction.swift:90:24: error: cannot find 'UNNotificationAction' in scope
88 | } else if let templateImage {
89 | if let options {
90 | return UNNotificationAction(
| `- error: cannot find 'UNNotificationAction' in scope
91 | identifier: identifier,
92 | title: label,
/Users/admin/builder/spi-builder-workspace/Sources/Ra9rNotification/LocalNotificationAction.swift:94:27: error: cannot find 'UNNotificationActionIcon' in scope
92 | title: label,
93 | options: options,
94 | icon: UNNotificationActionIcon(templateImageName: templateImage))
| `- error: cannot find 'UNNotificationActionIcon' in scope
95 | }
96 | return UNNotificationAction(
/Users/admin/builder/spi-builder-workspace/Sources/Ra9rNotification/LocalNotificationAction.swift:96:20: error: cannot find 'UNNotificationAction' in scope
94 | icon: UNNotificationActionIcon(templateImageName: templateImage))
95 | }
96 | return UNNotificationAction(
| `- error: cannot find 'UNNotificationAction' in scope
97 | identifier: identifier,
98 | title: label,
/Users/admin/builder/spi-builder-workspace/Sources/Ra9rNotification/LocalNotificationAction.swift:99:23: error: cannot find 'UNNotificationActionIcon' in scope
97 | identifier: identifier,
98 | title: label,
99 | icon: UNNotificationActionIcon(templateImageName: templateImage))
| `- error: cannot find 'UNNotificationActionIcon' in scope
100 | } else {
101 | if let options {
/Users/admin/builder/spi-builder-workspace/Sources/Ra9rNotification/LocalNotificationAction.swift:102:24: error: cannot find 'UNNotificationAction' in scope
100 | } else {
101 | if let options {
102 | return UNNotificationAction(
| `- error: cannot find 'UNNotificationAction' in scope
103 | identifier: identifier,
104 | title: label,
SwiftCompile normal arm64 Compiling\ LocalNotificationActionEvent.swift /Users/admin/builder/spi-builder-workspace/Sources/Ra9rNotification/LocalNotificationActionEvent.swift (in target 'Ra9rNotification' from project 'Ra9rKit')
SwiftCompile normal arm64 /Users/admin/builder/spi-builder-workspace/Sources/Ra9rNotification/LocalNotificationActionEvent.swift (in target 'Ra9rNotification' from project 'Ra9rKit')
cd /Users/admin/builder/spi-builder-workspace/.swiftpm/xcode
builtin-SwiftPerFileCompile LocalNotificationActionEvent.swift
SwiftCompile normal arm64 Compiling\ LocalNotification.swift /Users/admin/builder/spi-builder-workspace/Sources/Ra9rNotification/LocalNotification.swift (in target 'Ra9rNotification' from project 'Ra9rKit')
SwiftCompile normal arm64 /Users/admin/builder/spi-builder-workspace/Sources/Ra9rNotification/LocalNotification.swift (in target 'Ra9rNotification' from project 'Ra9rKit')
cd /Users/admin/builder/spi-builder-workspace/.swiftpm/xcode
builtin-SwiftPerFileCompile LocalNotification.swift
SwiftEmitModule normal arm64 Emitting\ module\ for\ Ra9rNotification (in target 'Ra9rNotification' from project 'Ra9rKit')
SwiftCompile normal arm64 (in target 'Ra9rNotification' from project 'Ra9rKit')
cd /Users/admin/builder/spi-builder-workspace/.swiftpm/xcode
SwiftCompile normal arm64 Compiling\ LocalNotificationActionOption.swift /Users/admin/builder/spi-builder-workspace/Sources/Ra9rNotification/LocalNotificationActionOption.swift (in target 'Ra9rNotification' from project 'Ra9rKit')
SwiftCompile normal arm64 /Users/admin/builder/spi-builder-workspace/Sources/Ra9rNotification/LocalNotificationActionOption.swift (in target 'Ra9rNotification' from project 'Ra9rKit')
cd /Users/admin/builder/spi-builder-workspace/.swiftpm/xcode
builtin-SwiftPerFileCompile LocalNotificationActionOption.swift
SwiftCompile normal arm64 Compiling\ LocalNotificationCategory.swift /Users/admin/builder/spi-builder-workspace/Sources/Ra9rNotification/LocalNotificationCategory.swift (in target 'Ra9rNotification' from project 'Ra9rKit')
/Users/admin/builder/spi-builder-workspace/Sources/Ra9rNotification/LocalNotificationCategory.swift:54:23: error: cannot find type 'UNNotificationCategory' in scope
52 | }
53 |
54 | func convert() -> UNNotificationCategory {
| `- error: cannot find type 'UNNotificationCategory' in scope
55 | var navtiveActions: [UNNotificationAction] = []
56 | for action in actions {
/Users/admin/builder/spi-builder-workspace/Sources/Ra9rNotification/LocalNotificationCategory.swift:55:30: error: cannot find type 'UNNotificationAction' in scope
53 |
54 | func convert() -> UNNotificationCategory {
55 | var navtiveActions: [UNNotificationAction] = []
| `- error: cannot find type 'UNNotificationAction' in scope
56 | for action in actions {
57 | navtiveActions.append(action.convert())
/Users/admin/builder/spi-builder-workspace/Sources/Ra9rNotification/LocalNotificationAction.swift:73:23: error: cannot find type 'UNNotificationAction' in scope
71 | }
72 |
73 | func convert() -> UNNotificationAction {
| `- error: cannot find type 'UNNotificationAction' in scope
74 | if let systemImage {
75 | if let options {
SwiftCompile normal arm64 /Users/admin/builder/spi-builder-workspace/Sources/Ra9rNotification/LocalNotificationCategory.swift (in target 'Ra9rNotification' from project 'Ra9rKit')
cd /Users/admin/builder/spi-builder-workspace/.swiftpm/xcode
builtin-SwiftPerFileCompile LocalNotificationCategory.swift
SwiftCompile normal arm64 Compiling\ LocalNotificationServices.swift /Users/admin/builder/spi-builder-workspace/Sources/Ra9rNotification/LocalNotificationServices.swift (in target 'Ra9rNotification' from project 'Ra9rKit')
SwiftCompile normal arm64 /Users/admin/builder/spi-builder-workspace/Sources/Ra9rNotification/LocalNotificationServices.swift (in target 'Ra9rNotification' from project 'Ra9rKit')
cd /Users/admin/builder/spi-builder-workspace/.swiftpm/xcode
builtin-SwiftPerFileCompile LocalNotificationServices.swift
SwiftEmitModule normal arm64 Emitting\ module\ for\ Ra9rPDF (in target 'Ra9rPDF' from project 'Ra9rKit')
/Users/admin/builder/spi-builder-workspace/Sources/Ra9rPDF/PDFPreview.swift:20:37: error: cannot find type 'Context' in scope
18 | }
19 |
20 | public func makeUIView(context: Context) -> PDFView {
| `- error: cannot find type 'Context' in scope
21 | let pdfView = PDFView()
22 | pdfView.autoScales = true
/Users/admin/builder/spi-builder-workspace/Sources/Ra9rPDF/PDFPreview.swift:26:59: error: cannot find type 'Context' in scope
24 | }
25 |
26 | public func updateUIView(_ pdfView: PDFView, context: Context) {
| `- error: cannot find type 'Context' in scope
27 | pdfView.document = PDFDocument(url: url)
28 | }
/Users/admin/builder/spi-builder-workspace/Sources/Ra9rPDF/PDFPreview.swift:13:27: error: cannot find type 'UIViewRepresentable' in scope
11 | import PDFKit
12 |
13 | public struct PDFPreview: UIViewRepresentable {
| `- error: cannot find type 'UIViewRepresentable' in scope
14 | var url: URL
15 |
Failed frontend command:
/Applications/Xcode-27.0.0-Release.Candidate.app/Contents/Developer/Toolchains/XcodeDefault.xctoolchain/usr/bin/swift-frontend -frontend -emit-module -experimental-skip-non-inlinable-function-bodies-without-types /Users/admin/builder/spi-builder-workspace/Sources/Ra9rPDF/PDFPreview.swift /Users/admin/builder/spi-builder-workspace/Sources/Ra9rPDF/PDFRenderer.swift -target arm64-apple-macos12.0 -disable-cross-import-overlay-search -load-resolved-plugin /Applications/Xcode-27.0.0-Release.Candidate.app/Contents/Developer/Platforms/MacOSX.platform/Developer/usr/lib/swift/host/plugins/libFoundationMacros.dylib\#/Applications/Xcode-27.0.0-Release.Candidate.app/Contents/Developer/Platforms/MacOSX.platform/Developer/usr/bin/swift-plugin-server\#FoundationMacros -load-resolved-plugin /Applications/Xcode-27.0.0-Release.Candidate.app/Contents/Developer/Platforms/MacOSX.platform/Developer/usr/lib/swift/host/plugins/libObservationMacros.dylib\#/Applications/Xcode-27.0.0-Release.Candidate.app/Contents/Developer/Platforms/MacOSX.platform/Developer/usr/bin/swift-plugin-server\#ObservationMacros -load-resolved-plugin /Applications/Xcode-27.0.0-Release.Candidate.app/Contents/Developer/Platforms/MacOSX.platform/Developer/usr/lib/swift/host/plugins/libPreviewsMacros.dylib\#/Applications/Xcode-27.0.0-Release.Candidate.app/Contents/Developer/Platforms/MacOSX.platform/Developer/usr/bin/swift-plugin-server\#PreviewsMacros -load-resolved-plugin /Applications/Xcode-27.0.0-Release.Candidate.app/Contents/Developer/Platforms/MacOSX.platform/Developer/usr/lib/swift/host/plugins/libSwiftMacros.dylib\#/Applications/Xcode-27.0.0-Release.Candidate.app/Contents/Developer/Platforms/MacOSX.platform/Developer/usr/bin/swift-plugin-server\#SwiftMacros -load-resolved-plugin /Applications/Xcode-27.0.0-Release.Candidate.app/Contents/Developer/Platforms/MacOSX.platform/Developer/usr/lib/swift/host/plugins/libSwiftUIMacros.dylib\#/Applications/Xcode-27.0.0-Release.Candidate.app/Contents/Developer/Platforms/MacOSX.platform/Developer/usr/bin/swift-plugin-server\#SwiftUIMacros -disable-implicit-swift-modules -Xcc -fno-implicit-modules -Xcc -fno-implicit-module-maps -explicit-swift-module-map-file /Users/admin/builder/spi-builder-workspace/.derivedData/Build/Intermediates.noindex/Ra9rKit.build/Debug/Ra9rPDF-t.build/Objects-normal/arm64/Ra9rPDF-dependencies-1.json -Xllvm -aarch64-use-tbi -enable-objc-interop -stack-check -sdk /Applications/Xcode-27.0.0-Release.Candidate.app/Contents/Developer/Platforms/MacOSX.platform/Developer/SDKs/MacOSX27.0.sdk -I /Users/admin/builder/spi-builder-workspace/.derivedData/Build/Products/Debug -Isystem /Applications/Xcode-27.0.0-Release.Candidate.app/Contents/Developer/Platforms/MacOSX.platform/Developer/usr/lib -F /Users/admin/builder/spi-builder-workspace/.derivedData/Build/Products/Debug -F /Applications/Xcode-27.0.0-Release.Candidate.app/Contents/Developer/Platforms/MacOSX.platform/Developer/Library/Frameworks -module-cache-path /Users/admin/builder/spi-builder-workspace/.derivedData/Build/Intermediates.noindex/SwiftExplicitPrecompiledModules -no-color-diagnostics -Xcc -fno-color-diagnostics -enable-testing -g -debug-info-format\=dwarf -dwarf-version\=4 -profile-generate -profile-coverage-mapping -swift-version 5 -Onone -D SWIFT_PACKAGE -D DEBUG -D SWIFT_MODULE_RESOURCE_BUNDLE_UNAVAILABLE -D Xcode -serialize-debugging-options -enable-experimental-feature DebugDescriptionMacro -empty-abi-descriptor -validate-clang-modules-once -clang-build-session-file /Users/admin/builder/spi-builder-workspace/.derivedData/ModuleCache.noindex/Session.modulevalidation -Xcc -working-directory -Xcc /Users/admin/builder/spi-builder-workspace/.swiftpm/xcode -enable-anonymous-context-mangled-names -file-compilation-dir /Users/admin/builder/spi-builder-workspace/.swiftpm/xcode -Xcc -D_LIBCPP_HARDENING_MODE\=_LIBCPP_HARDENING_MODE_DEBUG -Xcc -ivfsstatcache -Xcc /Users/admin/builder/spi-builder-workspace/.derivedData/SDKStatCaches.noindex/macosx27.0-26A425-e829b21a6f8c9b70876ba0858053c0446a22442a12e9d48fe1a705f55a1adfc4.sdkstatcache -Xcc -fmodules-prune-interval\=86400 -Xcc -fmodules-prune-after\=345600 -Xcc -I/Users/admin/builder/spi-builder-workspace/.derivedData/Build/Products/Debug/include -Xcc -I/Users/admin/builder/spi-builder-workspace/.derivedData/Build/Intermediates.noindex/Ra9rKit.build/Debug/Ra9rPDF-t.build/DerivedSources-normal/arm64 -Xcc -I/Users/admin/builder/spi-builder-workspace/.derivedData/Build/Intermediates.noindex/Ra9rKit.build/Debug/Ra9rPDF-t.build/DerivedSources/arm64 -Xcc -I/Users/admin/builder/spi-builder-workspace/.derivedData/Build/Intermediates.noindex/Ra9rKit.build/Debug/Ra9rPDF-t.build/DerivedSources -Xcc -DSWIFT_PACKAGE -Xcc -DDEBUG\=1 -no-auto-bridging-header-chaining -module-name Ra9rPDF -package-name spi_builder_workspace -const-gather-protocols-file /Users/admin/builder/spi-builder-workspace/.derivedData/Build/Intermediates.noindex/Ra9rKit.build/Debug/Ra9rPDF-t.build/Objects-normal/arm64/Ra9rPDF_const_extract_protocols.json -disable-clang-spi -clang-target arm64-apple-macos27.0 -target-sdk-version 27.0 -target-sdk-name macosx27.0 -in-process-plugin-server-path /Applications/Xcode-27.0.0-Release.Candidate.app/Contents/Developer/Toolchains/XcodeDefault.xctoolchain/usr/lib/swift/host/libSwiftInProcPluginServer.dylib -emit-module-doc-path /Users/admin/builder/spi-builder-workspace/.derivedData/Build/Intermediates.noindex/Ra9rKit.build/Debug/Ra9rPDF-t.build/Objects-normal/arm64/Ra9rPDF.swiftdoc -emit-module-source-info-path /Users/admin/builder/spi-builder-workspace/.derivedData/Build/Intermediates.noindex/Ra9rKit.build/Debug/Ra9rPDF-t.build/Objects-normal/arm64/Ra9rPDF.swiftsourceinfo -emit-objc-header-path /Users/admin/builder/spi-builder-workspace/.derivedData/Build/Intermediates.noindex/Ra9rKit.build/Debug/Ra9rPDF-t.build/Objects-normal/arm64/Ra9rPDF-Swift.h -serialize-diagnostics-path /Users/admin/builder/spi-builder-workspace/.derivedData/Build/Intermediates.noindex/Ra9rKit.build/Debug/Ra9rPDF-t.build/Objects-normal/arm64/Ra9rPDF-primary-emit-module.dia -emit-dependencies-path /Users/admin/builder/spi-builder-workspace/.derivedData/Build/Intermediates.noindex/Ra9rKit.build/Debug/Ra9rPDF-t.build/Objects-normal/arm64/Ra9rPDF-primary-emit-module.d -parse-as-library -o /Users/admin/builder/spi-builder-workspace/.derivedData/Build/Intermediates.noindex/Ra9rKit.build/Debug/Ra9rPDF-t.build/Objects-normal/arm64/Ra9rPDF.swiftmodule -emit-abi-descriptor-path /Users/admin/builder/spi-builder-workspace/.derivedData/Build/Intermediates.noindex/Ra9rKit.build/Debug/Ra9rPDF-t.build/Objects-normal/arm64/Ra9rPDF.abi.json
SwiftCompile normal arm64 (in target 'Ra9rPDF' from project 'Ra9rKit')
cd /Users/admin/builder/spi-builder-workspace/.swiftpm/xcode
SwiftCompile normal arm64 Compiling\ PDFPreview.swift /Users/admin/builder/spi-builder-workspace/Sources/Ra9rPDF/PDFPreview.swift (in target 'Ra9rPDF' from project 'Ra9rKit')
/Users/admin/builder/spi-builder-workspace/Sources/Ra9rPDF/PDFPreview.swift:20:37: error: cannot find type 'Context' in scope
18 | }
19 |
20 | public func makeUIView(context: Context) -> PDFView {
| `- error: cannot find type 'Context' in scope
21 | let pdfView = PDFView()
22 | pdfView.autoScales = true
/Users/admin/builder/spi-builder-workspace/Sources/Ra9rPDF/PDFPreview.swift:26:59: error: cannot find type 'Context' in scope
24 | }
25 |
26 | public func updateUIView(_ pdfView: PDFView, context: Context) {
| `- error: cannot find type 'Context' in scope
27 | pdfView.document = PDFDocument(url: url)
28 | }
SwiftCompile normal arm64 /Users/admin/builder/spi-builder-workspace/Sources/Ra9rPDF/PDFPreview.swift (in target 'Ra9rPDF' from project 'Ra9rKit')
cd /Users/admin/builder/spi-builder-workspace/.swiftpm/xcode
builtin-SwiftPerFileCompile PDFPreview.swift
SwiftCompile normal arm64 Compiling\ PDFRenderer.swift /Users/admin/builder/spi-builder-workspace/Sources/Ra9rPDF/PDFRenderer.swift (in target 'Ra9rPDF' from project 'Ra9rKit')
SwiftCompile normal arm64 /Users/admin/builder/spi-builder-workspace/Sources/Ra9rPDF/PDFRenderer.swift (in target 'Ra9rPDF' from project 'Ra9rKit')
cd /Users/admin/builder/spi-builder-workspace/.swiftpm/xcode
builtin-SwiftPerFileCompile PDFRenderer.swift
SwiftEmitModule normal arm64 Emitting\ module\ for\ Ra9rCrypto (in target 'Ra9rCrypto' from project 'Ra9rKit')
SwiftCompile normal arm64 (in target 'Ra9rCrypto' from project 'Ra9rKit')
cd /Users/admin/builder/spi-builder-workspace/.swiftpm/xcode
PruneExplicitPrecompiledModules /Users/admin/builder/spi-builder-workspace/.derivedData/SDKExplicitPrecompiledModules
PruneExplicitPrecompiledModules /Users/admin/builder/spi-builder-workspace/.derivedData/Build/Intermediates.noindex/SwiftExplicitPrecompiledModules
PruneExplicitPrecompiledModules /Users/admin/builder/spi-builder-workspace/.derivedData/Build/Intermediates.noindex/ExplicitPrecompiledModules
2026-09-20 14:45:45.873 xcodebuild[750:4725] [MT] IDERunDestination: Supported platforms for the buildables in the current scheme is empty.
--- xcodebuild: WARNING: Using the first of multiple matching destinations:
{ platform:macOS, arch:arm64, id:5c683a5ac61970a8392f5b7008c9fb0c3928e5eb, name:My Mac }
{ platform:macOS, arch:arm64, variant:Mac Catalyst, id:5c683a5ac61970a8392f5b7008c9fb0c3928e5eb, name:My Mac }
{ platform:macOS, arch:arm64, variant:DriverKit, id:5c683a5ac61970a8392f5b7008c9fb0c3928e5eb, name:My Mac }
{ platform:macOS, arch:arm64, variant:Designed for [iPad,iPhone], id:5c683a5ac61970a8392f5b7008c9fb0c3928e5eb, name:My Mac }
** BUILD FAILED **
The following build commands failed:
SwiftEmitModule normal arm64 Emitting\ module\ for\ Ra9rPDF (in target 'Ra9rPDF' from project 'Ra9rKit')
SwiftCompile normal arm64 (in target 'Ra9rPDF' from project 'Ra9rKit')
Building workspace Ra9rKit with scheme Ra9rKit-Package
(3 failures)
BUILD FAILURE 6.4 macosXcodebuild