The Swift Package Index logo.Swift Package Index

Build Information

Failed to build FinanceKit, reference 0.7.1 (b776f2), with Swift 6.4 for macOS (Xcode) using Xcode 27.0 on 18 Sep 2026 07:29:34 UTC.

Build Command

env DEVELOPER_DIR=/Applications/Xcode-27.0.0-Release.Candidate.app xcrun xcodebuild -IDEClonedSourcePackagesDirPathOverride=$PWD/.dependencies -skipMacroValidation -skipPackagePluginValidation -derivedDataPath $PWD/.derivedData build -scheme FinanceKit-Package -destination platform=macOS,arch=arm64

Build Log

========================================
RunAll
========================================
Builder version: 5.1.0
Interrupt handler set up.
========================================
Checkout
========================================
Clone URL: https://github.com/christiankm/FinanceKit.git
Reference: 0.7.1
Initialized empty Git repository in /Users/admin/builder/spi-builder-workspace/.git/
From https://github.com/christiankm/FinanceKit
 * tag               0.7.1      -> FETCH_HEAD
HEAD is now at b776f2e Fix bug where only holdings with splits in the portfolio was returned
Cloned https://github.com/christiankm/FinanceKit.git
Revision (git rev-parse @):
b776f2e0d040c578c0b60aae5b778ffaac60834e
SUCCESS checkout https://github.com/christiankm/FinanceKit.git at 0.7.1
========================================
Build
========================================
Selected platform:         macosXcodebuild
Swift version:             6.4
Building package at path:  $PWD
https://github.com/christiankm/FinanceKit.git
Command line invocation:
    /Applications/Xcode-27.0.0-Release.Candidate.app/Contents/Developer/usr/bin/xcodebuild -IDEClonedSourcePackagesDirPathOverride=/Users/admin/builder/spi-builder-workspace/.dependencies -resolvePackageDependencies
resolved source packages:
{
  "dependencies" : [
  ],
  "manifest_display_name" : "FinanceKit",
  "name" : "FinanceKit",
  "path" : "/Users/admin/builder/spi-builder-workspace",
  "platforms" : [
  ],
  "products" : [
    {
      "name" : "FinanceKit",
      "targets" : [
        "FinanceKit"
      ],
      "type" : {
        "library" : [
          "automatic"
        ]
      }
    }
  ],
  "swift_languages_versions" : [
    "5"
  ],
  "targets" : [
    {
      "c99name" : "FinanceKitTests",
      "module_type" : "SwiftTarget",
      "name" : "FinanceKitTests",
      "path" : "Tests/FinanceKitTests",
      "sources" : [
        "AssetAllocationTests.swift",
        "ChangeTests.swift",
        "CompanyTests.swift",
        "CurrencyConverterTests.swift",
        "CurrencyFormatterTests.swift",
        "CurrencyPairTests.swift",
        "CurrencyTests.swift",
        "Date+ComparisonTests.swift",
        "DecimalDoubleValueTests.swift",
        "DividendTests.swift",
        "ExchangeTests.swift",
        "HoldingTests.swift",
        "MoneyTests.swift",
        "Number+LegacyTypeTests.swift",
        "NumberFormatter+CurrencyTests.swift",
        "Numerics+Total+AverageTests.swift",
        "PercentageFormatterTests.swift",
        "PercentageTests.swift",
        "PerformanceCalculatorTests.swift",
        "PortfolioTests.swift",
        "PriceTargetTests.swift",
        "SplitTests.swift",
        "StockTests.swift",
        "SymbolTests.swift",
        "TestData.swift",
        "TransactionTests.swift"
      ],
      "target_dependencies" : [
        "FinanceKit"
      ],
      "type" : "test"
    },
    {
      "c99name" : "FinanceKit",
      "module_type" : "SwiftTarget",
      "name" : "FinanceKit",
      "path" : "Sources/FinanceKit",
      "product_memberships" : [
        "FinanceKit"
      ],
      "sources" : [
        "Amount.swift",
        "Array+Holding.swift",
        "Asset.swift",
        "AssetAllocation.swift",
        "Change.swift",
        "ChangePeriod.swift",
        "Company.swift",
        "ComparableToZero.swift",
        "Currency.swift",
        "CurrencyCode.swift",
        "CurrencyConverter.swift",
        "CurrencyFormatter.swift",
        "CurrencyPair.swift",
        "Date+Comparison.swift",
        "Date+Ranges.swift",
        "Decimal+DoubleValue.swift",
        "Decimal+Rounded.swift",
        "Dividend.swift",
        "Exchange.swift",
        "ExchangeRate.swift",
        "HistoricalPrice.swift",
        "Holding.swift",
        "Money.swift",
        "Number+LegacyType.swift",
        "NumberFormatter+Currency.swift",
        "Numerics+Total+Average.swift",
        "Percentage.swift",
        "PercentageFormatter.swift",
        "PerformanceCalculator.swift",
        "Portfolio.swift",
        "Price.swift",
        "PriceTarget.swift",
        "Quantity.swift",
        "Split.swift",
        "Stock.swift",
        "Symbol.swift",
        "Transaction.swift"
      ],
      "type" : "library"
    }
  ],
  "tools_version" : "5.0"
}
{
  "project" : {
    "configurations" : [
      "Debug",
      "Release"
    ],
    "name" : "FinanceKit",
    "schemes" : [
      "FinanceKit-Package"
    ],
    "targets" : [
      "FinanceKit",
      "FinanceKitPackageDescription",
      "FinanceKitPackageTests",
      "FinanceKitTests"
    ]
  }
}
Running build ...
env DEVELOPER_DIR=/Applications/Xcode-27.0.0-Release.Candidate.app xcrun xcodebuild -IDEClonedSourcePackagesDirPathOverride=$PWD/.dependencies -skipMacroValidation -skipPackagePluginValidation -derivedDataPath $PWD/.derivedData build -scheme FinanceKit-Package -destination platform=macOS,arch=arm64
Command line invocation:
    /Applications/Xcode-27.0.0-Release.Candidate.app/Contents/Developer/usr/bin/xcodebuild -IDEClonedSourcePackagesDirPathOverride=/Users/admin/builder/spi-builder-workspace/.dependencies -skipMacroValidation -skipPackagePluginValidation -derivedDataPath /Users/admin/builder/spi-builder-workspace/.derivedData build -scheme FinanceKit-Package -destination platform=macOS,arch=arm64
ComputePackagePrebuildTargetDependencyGraph
Prepare packages
CreateBuildRequest
SendProjectDescription
CreateBuildOperation
ComputeTargetDependencyGraph
note: Building targets in dependency order
note: Target dependency graph (1 target)
    Target 'FinanceKit' in project 'FinanceKit' (no dependencies)
GatherProvisioningInputs
CreateBuildDescription
ExecuteExternalTool /Applications/Xcode-27.0.0-Release.Candidate.app/Contents/Developer/Toolchains/XcodeDefault.xctoolchain/usr/bin/clang -v -E -dM -isysroot /Applications/Xcode-27.0.0-Release.Candidate.app/Contents/Developer/Platforms/MacOSX.platform/Developer/SDKs/MacOSX27.0.sdk -x c -c /dev/null
ExecuteExternalTool /Applications/Xcode-27.0.0-Release.Candidate.app/Contents/Developer/Toolchains/XcodeDefault.xctoolchain/usr/bin/swiftc --version
ExecuteExternalTool /Applications/Xcode-27.0.0-Release.Candidate.app/Contents/Developer/Toolchains/XcodeDefault.xctoolchain/usr/bin/ld -version_details
Build description signature: f426e6a7df4227586ddf47d5d5d377a5
Build description path: /Users/admin/builder/spi-builder-workspace/.derivedData/Build/Intermediates.noindex/XCBuildData/f426e6a7df4227586ddf47d5d5d377a5.xcbuilddata
/Users/admin/builder/spi-builder-workspace/FinanceKit.xcodeproj: error: The macOS deployment target 'MACOSX_DEPLOYMENT_TARGET' is set to 10.10, but the range of supported deployment target versions is 12.0 to 27.0.x. (in target 'FinanceKit' from project 'FinanceKit')
warning: Run script build phase 'Run SwiftFormat' will be run during every build because it does not specify any outputs. To address this issue, either add output dependencies to the script phase, or configure it to run in every build by unchecking "Based on dependency analysis" in the script phase. (in target 'FinanceKit' from project 'FinanceKit')
warning: Run script build phase 'Run SwiftLint' will be run during every build because it does not specify any outputs. To address this issue, either add output dependencies to the script phase, or configure it to run in every build by unchecking "Based on dependency analysis" in the script phase. (in target 'FinanceKit' from project 'FinanceKit')
** BUILD FAILED **
The following build commands failed:
	Building project FinanceKit with scheme FinanceKit-Package
(1 failure)
Command line invocation:
    /Applications/Xcode-27.0.0-Release.Candidate.app/Contents/Developer/usr/bin/xcodebuild -IDEClonedSourcePackagesDirPathOverride=/Users/admin/builder/spi-builder-workspace/.dependencies -resolvePackageDependencies
resolved source packages:
{
  "dependencies" : [
  ],
  "manifest_display_name" : "FinanceKit",
  "name" : "FinanceKit",
  "path" : "/Users/admin/builder/spi-builder-workspace",
  "platforms" : [
  ],
  "products" : [
    {
      "name" : "FinanceKit",
      "targets" : [
        "FinanceKit"
      ],
      "type" : {
        "library" : [
          "automatic"
        ]
      }
    }
  ],
  "swift_languages_versions" : [
    "5"
  ],
  "targets" : [
    {
      "c99name" : "FinanceKitTests",
      "module_type" : "SwiftTarget",
      "name" : "FinanceKitTests",
      "path" : "Tests/FinanceKitTests",
      "sources" : [
        "AssetAllocationTests.swift",
        "ChangeTests.swift",
        "CompanyTests.swift",
        "CurrencyConverterTests.swift",
        "CurrencyFormatterTests.swift",
        "CurrencyPairTests.swift",
        "CurrencyTests.swift",
        "Date+ComparisonTests.swift",
        "DecimalDoubleValueTests.swift",
        "DividendTests.swift",
        "ExchangeTests.swift",
        "HoldingTests.swift",
        "MoneyTests.swift",
        "Number+LegacyTypeTests.swift",
        "NumberFormatter+CurrencyTests.swift",
        "Numerics+Total+AverageTests.swift",
        "PercentageFormatterTests.swift",
        "PercentageTests.swift",
        "PerformanceCalculatorTests.swift",
        "PortfolioTests.swift",
        "PriceTargetTests.swift",
        "SplitTests.swift",
        "StockTests.swift",
        "SymbolTests.swift",
        "TestData.swift",
        "TransactionTests.swift"
      ],
      "target_dependencies" : [
        "FinanceKit"
      ],
      "type" : "test"
    },
    {
      "c99name" : "FinanceKit",
      "module_type" : "SwiftTarget",
      "name" : "FinanceKit",
      "path" : "Sources/FinanceKit",
      "product_memberships" : [
        "FinanceKit"
      ],
      "sources" : [
        "Amount.swift",
        "Array+Holding.swift",
        "Asset.swift",
        "AssetAllocation.swift",
        "Change.swift",
        "ChangePeriod.swift",
        "Company.swift",
        "ComparableToZero.swift",
        "Currency.swift",
        "CurrencyCode.swift",
        "CurrencyConverter.swift",
        "CurrencyFormatter.swift",
        "CurrencyPair.swift",
        "Date+Comparison.swift",
        "Date+Ranges.swift",
        "Decimal+DoubleValue.swift",
        "Decimal+Rounded.swift",
        "Dividend.swift",
        "Exchange.swift",
        "ExchangeRate.swift",
        "HistoricalPrice.swift",
        "Holding.swift",
        "Money.swift",
        "Number+LegacyType.swift",
        "NumberFormatter+Currency.swift",
        "Numerics+Total+Average.swift",
        "Percentage.swift",
        "PercentageFormatter.swift",
        "PerformanceCalculator.swift",
        "Portfolio.swift",
        "Price.swift",
        "PriceTarget.swift",
        "Quantity.swift",
        "Split.swift",
        "Stock.swift",
        "Symbol.swift",
        "Transaction.swift"
      ],
      "type" : "library"
    }
  ],
  "tools_version" : "5.0"
}
{
  "project" : {
    "configurations" : [
      "Debug",
      "Release"
    ],
    "name" : "FinanceKit",
    "schemes" : [
      "FinanceKit-Package"
    ],
    "targets" : [
      "FinanceKit",
      "FinanceKitPackageDescription",
      "FinanceKitPackageTests",
      "FinanceKitTests"
    ]
  }
}
Running build ...
env DEVELOPER_DIR=/Applications/Xcode-27.0.0-Release.Candidate.app xcrun xcodebuild -IDEClonedSourcePackagesDirPathOverride=$PWD/.dependencies -skipMacroValidation -skipPackagePluginValidation -derivedDataPath $PWD/.derivedData build -scheme FinanceKit-Package -destination platform=macOS,arch=arm64
Command line invocation:
    /Applications/Xcode-27.0.0-Release.Candidate.app/Contents/Developer/usr/bin/xcodebuild -IDEClonedSourcePackagesDirPathOverride=/Users/admin/builder/spi-builder-workspace/.dependencies -skipMacroValidation -skipPackagePluginValidation -derivedDataPath /Users/admin/builder/spi-builder-workspace/.derivedData build -scheme FinanceKit-Package -destination platform=macOS,arch=arm64
ComputePackagePrebuildTargetDependencyGraph
Prepare packages
CreateBuildRequest
SendProjectDescription
CreateBuildOperation
ComputeTargetDependencyGraph
note: Building targets in dependency order
note: Target dependency graph (1 target)
    Target 'FinanceKit' in project 'FinanceKit' (no dependencies)
GatherProvisioningInputs
CreateBuildDescription
/Users/admin/builder/spi-builder-workspace/FinanceKit.xcodeproj: error: The macOS deployment target 'MACOSX_DEPLOYMENT_TARGET' is set to 10.10, but the range of supported deployment target versions is 12.0 to 27.0.x. (in target 'FinanceKit' from project 'FinanceKit')
warning: Run script build phase 'Run SwiftFormat' will be run during every build because it does not specify any outputs. To address this issue, either add output dependencies to the script phase, or configure it to run in every build by unchecking "Based on dependency analysis" in the script phase. (in target 'FinanceKit' from project 'FinanceKit')
warning: Run script build phase 'Run SwiftLint' will be run during every build because it does not specify any outputs. To address this issue, either add output dependencies to the script phase, or configure it to run in every build by unchecking "Based on dependency analysis" in the script phase. (in target 'FinanceKit' from project 'FinanceKit')
** BUILD FAILED **
The following build commands failed:
	Building project FinanceKit with scheme FinanceKit-Package
(1 failure)
BUILD FAILURE 6.4 macosXcodebuild