Build Information
Failed to build Squirrel, reference 1.0.2 (80ab4f), with Swift 6.4 for iOS using Xcode 27.0 on 16 Sep 2026 00:18:04 UTC.
Build Command
No build command. This typically means the build failed at an early stage where we determine the build command.Build Log
========================================
RunAll
========================================
Builder version: 5.1.0
Interrupt handler set up.
========================================
Checkout
========================================
Clone URL: https://github.com/swift-squirrel/squirrel.git
Reference: 1.0.2
Initialized empty Git repository in /Users/admin/builder/spi-builder-workspace/.git/
From https://github.com/swift-squirrel/squirrel
* tag 1.0.2 -> FETCH_HEAD
HEAD is now at 80ab4f7 add body decodable
Cloned https://github.com/swift-squirrel/squirrel.git
Revision (git rev-parse @):
80ab4f71ec459829fd99e76ae9eca1099abeda58
SUCCESS checkout https://github.com/swift-squirrel/squirrel.git at 1.0.2
========================================
Build
========================================
Selected platform: iOS
Swift version: 6.4
Building package at path: $PWD
https://github.com/swift-squirrel/squirrel.git
Command line invocation:
/Applications/Xcode-27.0.0-Release.Candidate.app/Contents/Developer/usr/bin/xcodebuild -IDEClonedSourcePackagesDirPathOverride=/Users/admin/builder/spi-builder-workspace/.dependencies -resolvePackageDependencies
Resolve Package Graph
Fetching from https://github.com/Swift-Squirrel/Squirrel-Core.git
Fetching from https://github.com/SwiftyBeaver/SwiftyBeaver.git
Fetching from https://github.com/Swift-Squirrel/SquirrelJSON.git
Fetching from https://github.com/IBM-Swift/BlueSocket
Fetching from https://github.com/jpsim/Yams.git
Fetching from https://github.com/vapor/crypto.git
Fetching from https://github.com/tris-foundation/test.git
skipping cache due to an error: Failed to clone repository https://github.com/tris-foundation/test.git:
Cloning into bare repository '/Users/admin/Library/Caches/org.swift.swiftpm/repositories/test-d913d0ca'...
fatal: could not read Username for 'https://github.com': terminal prompts disabled
Fetching from https://github.com/kylef/PathKit.git
Fetching from https://github.com/tris-foundation/test.git
skipping cache due to an error: Failed to clone repository https://github.com/tris-foundation/test.git:
Cloning into bare repository '/Users/admin/Library/Caches/org.swift.swiftpm/repositories/test-d913d0ca'...
fatal: could not read Username for 'https://github.com': terminal prompts disabled
Resolve Package Graph
Updating from https://github.com/SwiftyBeaver/SwiftyBeaver.git
Updating from https://github.com/vapor/crypto.git
Updating from https://github.com/jpsim/Yams.git
Updating from https://github.com/IBM-Swift/BlueSocket
Updating from https://github.com/Swift-Squirrel/SquirrelJSON.git
Fetching from https://github.com/tris-foundation/test.git
skipping cache due to an error: Failed to clone repository https://github.com/tris-foundation/test.git:
Cloning into bare repository '/Users/admin/Library/Caches/org.swift.swiftpm/repositories/test-d913d0ca'...
fatal: could not read Username for 'https://github.com': terminal prompts disabled
Updating from https://github.com/Swift-Squirrel/Squirrel-Core.git
Updating from https://github.com/kylef/PathKit.git
Fetching from https://github.com/tris-foundation/test.git
skipping cache due to an error: Failed to clone repository https://github.com/tris-foundation/test.git:
Cloning into bare repository '/Users/admin/Library/Caches/org.swift.swiftpm/repositories/test-d913d0ca'...
fatal: could not read Username for 'https://github.com': terminal prompts disabled
Resolve Package Graph
Updating from https://github.com/kylef/PathKit.git
Updating from https://github.com/jpsim/Yams.git
Updating from https://github.com/IBM-Swift/BlueSocket
Updating from https://github.com/SwiftyBeaver/SwiftyBeaver.git
Fetching from https://github.com/tris-foundation/test.git
skipping cache due to an error: Failed to clone repository https://github.com/tris-foundation/test.git:
Cloning into bare repository '/Users/admin/Library/Caches/org.swift.swiftpm/repositories/test-d913d0ca'...
fatal: could not read Username for 'https://github.com': terminal prompts disabled
Updating from https://github.com/Swift-Squirrel/Squirrel-Core.git
Updating from https://github.com/vapor/crypto.git
Updating from https://github.com/Swift-Squirrel/SquirrelJSON.git
Fetching from https://github.com/tris-foundation/test.git
skipping cache due to an error: Failed to clone repository https://github.com/tris-foundation/test.git:
Cloning into bare repository '/Users/admin/Library/Caches/org.swift.swiftpm/repositories/test-d913d0ca'...
fatal: could not read Username for 'https://github.com': terminal prompts disabled
Resolve Package Graph
Updating from https://github.com/Swift-Squirrel/SquirrelJSON.git
Updating from https://github.com/SwiftyBeaver/SwiftyBeaver.git
Updating from https://github.com/kylef/PathKit.git
Updating from https://github.com/Swift-Squirrel/Squirrel-Core.git
Fetching from https://github.com/tris-foundation/test.git
skipping cache due to an error: Failed to clone repository https://github.com/tris-foundation/test.git:
Cloning into bare repository '/Users/admin/Library/Caches/org.swift.swiftpm/repositories/test-d913d0ca'...
fatal: could not read Username for 'https://github.com': terminal prompts disabled
Updating from https://github.com/IBM-Swift/BlueSocket
Updating from https://github.com/vapor/crypto.git
Updating from https://github.com/jpsim/Yams.git
Fetching from https://github.com/tris-foundation/test.git
skipping cache due to an error: Failed to clone repository https://github.com/tris-foundation/test.git:
Cloning into bare repository '/Users/admin/Library/Caches/org.swift.swiftpm/repositories/test-d913d0ca'...
fatal: could not read Username for 'https://github.com': terminal prompts disabled
Resolve Package Graph
Fetching from https://github.com/tris-foundation/test.git
skipping cache due to an error: Failed to clone repository https://github.com/tris-foundation/test.git:
Cloning into bare repository '/Users/admin/Library/Caches/org.swift.swiftpm/repositories/test-d913d0ca'...
fatal: could not read Username for 'https://github.com': terminal prompts disabled
Updating from https://github.com/SwiftyBeaver/SwiftyBeaver.git
Updating from https://github.com/IBM-Swift/BlueSocket
Updating from https://github.com/jpsim/Yams.git
Updating from https://github.com/Swift-Squirrel/Squirrel-Core.git
Updating from https://github.com/vapor/crypto.git
Updating from https://github.com/Swift-Squirrel/SquirrelJSON.git
Updating from https://github.com/kylef/PathKit.git
Fetching from https://github.com/tris-foundation/test.git
skipping cache due to an error: Failed to clone repository https://github.com/tris-foundation/test.git:
Cloning into bare repository '/Users/admin/Library/Caches/org.swift.swiftpm/repositories/test-d913d0ca'...
fatal: could not read Username for 'https://github.com': terminal prompts disabled
Resolve Package Graph
Fetching from https://github.com/tris-foundation/test.git
skipping cache due to an error: Failed to clone repository https://github.com/tris-foundation/test.git:
Cloning into bare repository '/Users/admin/Library/Caches/org.swift.swiftpm/repositories/test-d913d0ca'...
fatal: could not read Username for 'https://github.com': terminal prompts disabled
Updating from https://github.com/SwiftyBeaver/SwiftyBeaver.git
Updating from https://github.com/vapor/crypto.git
Updating from https://github.com/jpsim/Yams.git
Updating from https://github.com/IBM-Swift/BlueSocket
Updating from https://github.com/Swift-Squirrel/Squirrel-Core.git
Updating from https://github.com/Swift-Squirrel/SquirrelJSON.git
Updating from https://github.com/kylef/PathKit.git
Fetching from https://github.com/tris-foundation/test.git
skipping cache due to an error: Failed to clone repository https://github.com/tris-foundation/test.git:
Cloning into bare repository '/Users/admin/Library/Caches/org.swift.swiftpm/repositories/test-d913d0ca'...
fatal: could not read Username for 'https://github.com': terminal prompts disabled
Resolve Package Graph
Updating from https://github.com/SwiftyBeaver/SwiftyBeaver.git
Fetching from https://github.com/tris-foundation/test.git
skipping cache due to an error: Failed to clone repository https://github.com/tris-foundation/test.git:
Cloning into bare repository '/Users/admin/Library/Caches/org.swift.swiftpm/repositories/test-d913d0ca'...
fatal: could not read Username for 'https://github.com': terminal prompts disabled
Updating from https://github.com/jpsim/Yams.git
Updating from https://github.com/Swift-Squirrel/Squirrel-Core.git
Updating from https://github.com/vapor/crypto.git
Updating from https://github.com/Swift-Squirrel/SquirrelJSON.git
Updating from https://github.com/IBM-Swift/BlueSocket
Updating from https://github.com/kylef/PathKit.git
Fetching from https://github.com/tris-foundation/test.git
skipping cache due to an error: Failed to clone repository https://github.com/tris-foundation/test.git:
Cloning into bare repository '/Users/admin/Library/Caches/org.swift.swiftpm/repositories/test-d913d0ca'...
fatal: could not read Username for 'https://github.com': terminal prompts disabled
Resolve Package Graph
Updating from https://github.com/kylef/PathKit.git
Updating from https://github.com/Swift-Squirrel/SquirrelJSON.git
Updating from https://github.com/vapor/crypto.git
Updating from https://github.com/jpsim/Yams.git
Updating from https://github.com/SwiftyBeaver/SwiftyBeaver.git
Fetching from https://github.com/tris-foundation/test.git
skipping cache due to an error: Failed to clone repository https://github.com/tris-foundation/test.git:
Cloning into bare repository '/Users/admin/Library/Caches/org.swift.swiftpm/repositories/test-d913d0ca'...
fatal: could not read Username for 'https://github.com': terminal prompts disabled
Updating from https://github.com/Swift-Squirrel/Squirrel-Core.git
Updating from https://github.com/IBM-Swift/BlueSocket
Fetching from https://github.com/tris-foundation/test.git
skipping cache due to an error: Failed to clone repository https://github.com/tris-foundation/test.git:
Cloning into bare repository '/Users/admin/Library/Caches/org.swift.swiftpm/repositories/test-d913d0ca'...
fatal: could not read Username for 'https://github.com': terminal prompts disabled
Resolved source packages:
spi-builder-workspace: (null)
2026-09-15 20:17:58.773 xcodebuild[529:3036] Writing error result bundle to /var/folders/xq/y_g06wb113726d38xsyx71_h0000gn/T/ResultBundle_2026-15-09_20-17-0058.xcresult
xcodebuild: error: Could not resolve package dependencies:
Failed to clone repository https://github.com/tris-foundation/test.git:
Cloning into bare repository '/Users/admin/builder/spi-builder-workspace/.dependencies/repositories/test-d913d0ca'...
fatal: could not read Username for 'https://github.com': terminal prompts disabled
Command line invocation:
/Applications/Xcode-27.0.0-Release.Candidate.app/Contents/Developer/usr/bin/xcodebuild -IDEClonedSourcePackagesDirPathOverride=/Users/admin/builder/spi-builder-workspace/.dependencies -resolvePackageDependencies
Resolve Package Graph
Updating from https://github.com/Swift-Squirrel/Squirrel-Core.git
Fetching from https://github.com/tris-foundation/test.git
skipping cache due to an error: Failed to clone repository https://github.com/tris-foundation/test.git:
Cloning into bare repository '/Users/admin/Library/Caches/org.swift.swiftpm/repositories/test-d913d0ca'...
fatal: could not read Username for 'https://github.com': terminal prompts disabled
Updating from https://github.com/SwiftyBeaver/SwiftyBeaver.git
Updating from https://github.com/vapor/crypto.git
Updating from https://github.com/Swift-Squirrel/SquirrelJSON.git
Updating from https://github.com/jpsim/Yams.git
Updating from https://github.com/IBM-Swift/BlueSocket
Updating from https://github.com/kylef/PathKit.git
Fetching from https://github.com/tris-foundation/test.git
skipping cache due to an error: Failed to clone repository https://github.com/tris-foundation/test.git:
Cloning into bare repository '/Users/admin/Library/Caches/org.swift.swiftpm/repositories/test-d913d0ca'...
fatal: could not read Username for 'https://github.com': terminal prompts disabled
Resolve Package Graph
Fetching from https://github.com/tris-foundation/test.git
skipping cache due to an error: Failed to clone repository https://github.com/tris-foundation/test.git:
Cloning into bare repository '/Users/admin/Library/Caches/org.swift.swiftpm/repositories/test-d913d0ca'...
fatal: could not read Username for 'https://github.com': terminal prompts disabled
Updating from https://github.com/Swift-Squirrel/Squirrel-Core.git
Updating from https://github.com/Swift-Squirrel/SquirrelJSON.git
Updating from https://github.com/SwiftyBeaver/SwiftyBeaver.git
Updating from https://github.com/jpsim/Yams.git
Updating from https://github.com/kylef/PathKit.git
Updating from https://github.com/vapor/crypto.git
Updating from https://github.com/IBM-Swift/BlueSocket
Fetching from https://github.com/tris-foundation/test.git
skipping cache due to an error: Failed to clone repository https://github.com/tris-foundation/test.git:
Cloning into bare repository '/Users/admin/Library/Caches/org.swift.swiftpm/repositories/test-d913d0ca'...
fatal: could not read Username for 'https://github.com': terminal prompts disabled
Resolve Package Graph
Updating from https://github.com/IBM-Swift/BlueSocket
Updating from https://github.com/kylef/PathKit.git
Updating from https://github.com/jpsim/Yams.git
Fetching from https://github.com/tris-foundation/test.git
skipping cache due to an error: Failed to clone repository https://github.com/tris-foundation/test.git:
Cloning into bare repository '/Users/admin/Library/Caches/org.swift.swiftpm/repositories/test-d913d0ca'...
fatal: could not read Username for 'https://github.com': terminal prompts disabled
Updating from https://github.com/Swift-Squirrel/SquirrelJSON.git
Updating from https://github.com/SwiftyBeaver/SwiftyBeaver.git
Updating from https://github.com/Swift-Squirrel/Squirrel-Core.git
Updating from https://github.com/vapor/crypto.git
Fetching from https://github.com/tris-foundation/test.git
skipping cache due to an error: Failed to clone repository https://github.com/tris-foundation/test.git:
Cloning into bare repository '/Users/admin/Library/Caches/org.swift.swiftpm/repositories/test-d913d0ca'...
fatal: could not read Username for 'https://github.com': terminal prompts disabled
Resolved source packages:
spi-builder-workspace: (null)
2026-09-15 20:18:04.543 xcodebuild[1398:6026] Writing error result bundle to /var/folders/xq/y_g06wb113726d38xsyx71_h0000gn/T/ResultBundle_2026-15-09_20-18-0004.xcresult
xcodebuild: error: Could not resolve package dependencies:
Failed to clone repository https://github.com/tris-foundation/test.git:
Cloning into bare repository '/Users/admin/builder/spi-builder-workspace/.dependencies/repositories/test-d913d0ca'...
fatal: could not read Username for 'https://github.com': terminal prompts disabled
BUILD FAILURE 6.4 iOS